Jun 14 19:46:06.251741 dv-cinder-845806-1-iscsi devstack@placement-api.service[110957]: [pid: 110957|app: 0|req: 50/98] 10.222.0.44 () {60 vars in 1506 bytes} [Tue Jun 14 19:46:06 2022] GET /placement/allocation_candidates?limit=1000&resources=DISK_GB%3A1%2CMEMORY_MB%3A1024%2CVCPU%3A1&root_required=%21COMPUTE_STATUS_DISABLED => generated 767 bytes in 62 msecs (HTTP/1.1 200) 8 headers in 296 bytes (1 switches on core 0)
Jun 14 19:46:06.288486 dv-cinder-845806-1-iscsi devstack@placement-api.service[110956]: DEBUG placement.requestlog [req-f1a48570-98c1-4282-9488-ab591906da97 req-bd2672c7-ff3c-4fc5-a23c-579340bbcb5a None None] Starting request: 10.222.0.44 "GET /placement/allocations/574d3163-12b7-4f68-9f90-445a0d1b0b8e" {{(pid=110956) __call__ /opt/stack/placement/placement/requestlog.py:55}}
Jun 14 19:46:06.299224 dv-cinder-845806-1-iscsi devstack@placement-api.service[110956]: INFO placement.requestlog [req-f1a48570-98c1-4282-9488-ab591906da97 req-bd2672c7-ff3c-4fc5-a23c-579340bbcb5a service placement] 10.222.0.44 "GET /placement/allocations/574d3163-12b7-4f68-9f90-445a0d1b0b8e" status: 200 len: 19 microversion: 1.28
Jun 14 19:46:06.299554 dv-cinder-845806-1-iscsi devstack@placement-api.service[110956]: [pid: 110956|app: 0|req: 49/99] 10.222.0.44 () {60 vars in 1380 bytes} [Tue Jun 14 19:46:06 2022] GET /placement/allocations/574d3163-12b7-4f68-9f90-445a0d1b0b8e => generated 19 bytes in 11 msecs (HTTP/1.1 200) 8 headers in 295 bytes (1 switches on core 0)
Jun 14 19:46:06.305007 dv-cinder-845806-1-iscsi devstack@placement-api.service[110957]: DEBUG placement.requestlog [req-f1a48570-98c1-4282-9488-ab591906da97 req-37aa80c3-b375-43ee-83ff-42b6107b8b0d None None] Starting request: 10.222.0.44 "PUT /placement/allocations/574d3163-12b7-4f68-9f90-445a0d1b0b8e" {{(pid=110957) __call__ /opt/stack/placement/placement/requestlog.py:55}}
Jun 14 19:46:06.352247 dv-cinder-845806-1-iscsi devstack@placement-api.service[110957]: DEBUG placement.handlers.allocation [req-f1a48570-98c1-4282-9488-ab591906da97 req-37aa80c3-b375-43ee-83ff-42b6107b8b0d service placement] Successfully wrote allocations [, , ] {{(pid=110957) _update_consumers_and_create_allocations /opt/stack/placement/placement/handlers/allocation.py:462}}
Jun 14 19:46:06.355078 dv-cinder-845806-1-iscsi devstack@placement-api.service[110957]: INFO placement.requestlog [req-f1a48570-98c1-4282-9488-ab591906da97 req-37aa80c3-b375-43ee-83ff-42b6107b8b0d service placement] 10.222.0.44 "PUT /placement/allocations/574d3163-12b7-4f68-9f90-445a0d1b0b8e" status: 204 len: 0 microversion: 1.36
Jun 14 19:46:06.355405 dv-cinder-845806-1-iscsi devstack@placement-api.service[110957]: [pid: 110957|app: 0|req: 51/100] 10.222.0.44 () {64 vars in 1433 bytes} [Tue Jun 14 19:46:06 2022] PUT /placement/allocations/574d3163-12b7-4f68-9f90-445a0d1b0b8e => generated 0 bytes in 51 msecs (HTTP/1.1 204) 5 headers in 199 bytes (1 switches on core 0)
Jun 14 19:46:06.623475 dv-cinder-845806-1-iscsi devstack@placement-api.service[110956]: DEBUG placement.requestlog [req-f1a48570-98c1-4282-9488-ab591906da97 req-539c3b87-7359-4b37-a919-fad266422301 None None] Starting request: 10.222.0.46 "GET /placement/allocations/574d3163-12b7-4f68-9f90-445a0d1b0b8e" {{(pid=110956) __call__ /opt/stack/placement/placement/requestlog.py:55}}
Jun 14 19:46:06.641906 dv-cinder-845806-1-iscsi devstack@placement-api.service[110956]: INFO placement.requestlog [req-f1a48570-98c1-4282-9488-ab591906da97 req-539c3b87-7359-4b37-a919-fad266422301 service placement] 10.222.0.46 "GET /placement/allocations/574d3163-12b7-4f68-9f90-445a0d1b0b8e" status: 200 len: 259 microversion: 1.28
Jun 14 19:46:06.642436 dv-cinder-845806-1-iscsi devstack@placement-api.service[110956]: [pid: 110956|app: 0|req: 50/101] 10.222.0.46 () {60 vars in 1377 bytes} [Tue Jun 14 19:46:06 2022] GET /placement/allocations/574d3163-12b7-4f68-9f90-445a0d1b0b8e => generated 259 bytes in 19 msecs (HTTP/1.1 200) 8 headers in 296 bytes (1 switches on core 0)
Jun 14 19:46:16.352662 dv-cinder-845806-1-iscsi devstack@placement-api.service[110957]: DEBUG dbcounter [-] [110957] Writing DB stats placement:SELECT=32,placement:DELETE=4,placement:INSERT=4,placement:UPDATE=2 {{(pid=110957) stat_writer /usr/local/lib/python3.8/dist-packages/dbcounter.py:114}}
Jun 14 19:46:16.639719 dv-cinder-845806-1-iscsi devstack@placement-api.service[110956]: DEBUG dbcounter [-] [110956] Writing DB stats placement:SELECT=12 {{(pid=110956) stat_writer /usr/local/lib/python3.8/dist-packages/dbcounter.py:114}}
Jun 14 19:46:43.751637 dv-cinder-845806-1-iscsi devstack@placement-api.service[110957]: DEBUG placement.requestlog [req-7332162a-45c1-4c58-99e8-d8853f497a1a req-d2daf5bb-31c0-457b-9b03-856990b4921c None None] Starting request: 10.222.0.46 "DELETE /placement/allocations/c5bae0a1-ab48-4943-95c1-bf124010357a" {{(pid=110957) __call__ /opt/stack/placement/placement/requestlog.py:55}}
Jun 14 19:46:43.784801 dv-cinder-845806-1-iscsi devstack@placement-api.service[110957]: DEBUG placement.handlers.allocation [req-7332162a-45c1-4c58-99e8-d8853f497a1a req-d2daf5bb-31c0-457b-9b03-856990b4921c service placement] Successfully deleted allocations [, , ] {{(pid=110957) delete_allocations /opt/stack/placement/placement/handlers/allocation.py:627}}
Jun 14 19:46:43.785339 dv-cinder-845806-1-iscsi devstack@placement-api.service[110957]: INFO placement.requestlog [req-7332162a-45c1-4c58-99e8-d8853f497a1a req-d2daf5bb-31c0-457b-9b03-856990b4921c service placement] 10.222.0.46 "DELETE /placement/allocations/c5bae0a1-ab48-4943-95c1-bf124010357a" status: 204 len: 0 microversion: 1.0
Jun 14 19:46:43.786662 dv-cinder-845806-1-iscsi devstack@placement-api.service[110957]: [pid: 110957|app: 0|req: 52/102] 10.222.0.46 () {60 vars in 1355 bytes} [Tue Jun 14 19:46:43 2022] DELETE /placement/allocations/c5bae0a1-ab48-4943-95c1-bf124010357a => generated 0 bytes in 36 msecs (HTTP/1.1 204) 5 headers in 198 bytes (1 switches on core 0)
Jun 14 19:46:44.024454 dv-cinder-845806-1-iscsi devstack@placement-api.service[110956]: DEBUG placement.requestlog [req-6c99b3f1-3741-4e4a-a060-68c97d15a773 req-2aabfd7d-9ddd-4fd0-ad91-ab37d5232258 None None] Starting request: 10.222.0.46 "DELETE /placement/allocations/519d4f97-34a0-4df8-85fe-98149ad589a8" {{(pid=110956) __call__ /opt/stack/placement/placement/requestlog.py:55}}
Jun 14 19:46:44.064714 dv-cinder-845806-1-iscsi devstack@placement-api.service[110956]: DEBUG placement.handlers.allocation [req-6c99b3f1-3741-4e4a-a060-68c97d15a773 req-2aabfd7d-9ddd-4fd0-ad91-ab37d5232258 service placement] Successfully deleted allocations [, , ] {{(pid=110956) delete_allocations /opt/stack/placement/placement/handlers/allocation.py:627}}
Jun 14 19:46:44.065805 dv-cinder-845806-1-iscsi devstack@placement-api.service[110956]: INFO placement.requestlog [req-6c99b3f1-3741-4e4a-a060-68c97d15a773 req-2aabfd7d-9ddd-4fd0-ad91-ab37d5232258 service placement] 10.222.0.46 "DELETE /placement/allocations/519d4f97-34a0-4df8-85fe-98149ad589a8" status: 204 len: 0 microversion: 1.0
Jun 14 19:46:44.066926 dv-cinder-845806-1-iscsi devstack@placement-api.service[110956]: [pid: 110956|app: 0|req: 51/103] 10.222.0.46 () {60 vars in 1355 bytes} [Tue Jun 14 19:46:44 2022] DELETE /placement/allocations/519d4f97-34a0-4df8-85fe-98149ad589a8 => generated 0 bytes in 43 msecs (HTTP/1.1 204) 5 headers in 198 bytes (1 switches on core 0)
Jun 14 19:46:47.477284 dv-cinder-845806-1-iscsi devstack@placement-api.service[110957]: DEBUG placement.requestlog [req-9fecf9a4-271c-470c-8652-cb29bca8c101 req-268b8ac0-d84c-4051-a705-ddb652807da3 None None] Starting request: 10.222.0.44 "GET /placement/allocation_candidates?limit=1000&resources=DISK_GB%3A1%2CMEMORY_MB%3A1024%2CVCPU%3A1&root_required=%21COMPUTE_STATUS_DISABLED" {{(pid=110957) __call__ /opt/stack/placement/placement/requestlog.py:55}}
Jun 14 19:46:47.514223 dv-cinder-845806-1-iscsi devstack@placement-api.service[110957]: DEBUG placement.objects.research_context [req-9fecf9a4-271c-470c-8652-cb29bca8c101 req-268b8ac0-d84c-4051-a705-ddb652807da3 service placement] getting providers with 1 DISK_GB {{(pid=110957) __init__ /opt/stack/placement/placement/objects/research_context.py:136}}
Jun 14 19:46:47.519974 dv-cinder-845806-1-iscsi devstack@placement-api.service[110957]: DEBUG placement.objects.research_context [req-9fecf9a4-271c-470c-8652-cb29bca8c101 req-268b8ac0-d84c-4051-a705-ddb652807da3 service placement] getting providers with 1024 MEMORY_MB {{(pid=110957) __init__ /opt/stack/placement/placement/objects/research_context.py:136}}
Jun 14 19:46:47.525546 dv-cinder-845806-1-iscsi devstack@placement-api.service[110957]: DEBUG placement.objects.research_context [req-9fecf9a4-271c-470c-8652-cb29bca8c101 req-268b8ac0-d84c-4051-a705-ddb652807da3 service placement] getting providers with 1 VCPU {{(pid=110957) __init__ /opt/stack/placement/placement/objects/research_context.py:136}}
Jun 14 19:46:47.531934 dv-cinder-845806-1-iscsi devstack@placement-api.service[110957]: DEBUG placement.objects.research_context [req-9fecf9a4-271c-470c-8652-cb29bca8c101 req-268b8ac0-d84c-4051-a705-ddb652807da3 service placement] found 1 providers with available 1 DISK_GB {{(pid=110957) get_provider_ids_matching /opt/stack/placement/placement/objects/research_context.py:563}}
Jun 14 19:46:47.532226 dv-cinder-845806-1-iscsi devstack@placement-api.service[110957]: DEBUG placement.objects.research_context [req-9fecf9a4-271c-470c-8652-cb29bca8c101 req-268b8ac0-d84c-4051-a705-ddb652807da3 service placement] found 1 providers with available 1024 MEMORY_MB {{(pid=110957) get_provider_ids_matching /opt/stack/placement/placement/objects/research_context.py:563}}
Jun 14 19:46:47.532501 dv-cinder-845806-1-iscsi devstack@placement-api.service[110957]: DEBUG placement.objects.research_context [req-9fecf9a4-271c-470c-8652-cb29bca8c101 req-268b8ac0-d84c-4051-a705-ddb652807da3 service placement] found 1 providers after filtering by previous result {{(pid=110957) get_provider_ids_matching /opt/stack/placement/placement/objects/research_context.py:594}}
Jun 14 19:46:47.532760 dv-cinder-845806-1-iscsi devstack@placement-api.service[110957]: DEBUG placement.objects.research_context [req-9fecf9a4-271c-470c-8652-cb29bca8c101 req-268b8ac0-d84c-4051-a705-ddb652807da3 service placement] found 1 providers with available 1 VCPU {{(pid=110957) get_provider_ids_matching /opt/stack/placement/placement/objects/research_context.py:563}}
Jun 14 19:46:47.533023 dv-cinder-845806-1-iscsi devstack@placement-api.service[110957]: DEBUG placement.objects.research_context [req-9fecf9a4-271c-470c-8652-cb29bca8c101 req-268b8ac0-d84c-4051-a705-ddb652807da3 service placement] found 1 providers after filtering by previous result {{(pid=110957) get_provider_ids_matching /opt/stack/placement/placement/objects/research_context.py:594}}
Jun 14 19:46:47.543474 dv-cinder-845806-1-iscsi devstack@placement-api.service[110957]: DEBUG placement.objects.allocation_candidate [req-9fecf9a4-271c-470c-8652-cb29bca8c101 req-268b8ac0-d84c-4051-a705-ddb652807da3 service placement] RequestGroup(use_same_provider=False, resources={DISK_GB:1, MEMORY_MB:1024, VCPU:1}, traits=(), aggregates=[]) (suffix '') returned 1 matches {{(pid=110957) _get_by_requests /opt/stack/placement/placement/objects/allocation_candidate.py:156}}
Jun 14 19:46:47.543810 dv-cinder-845806-1-iscsi devstack@placement-api.service[110957]: DEBUG placement.objects.allocation_candidate [req-9fecf9a4-271c-470c-8652-cb29bca8c101 req-268b8ac0-d84c-4051-a705-ddb652807da3 service placement] Merging candidates yields 1 allocation requests and 1 provider summaries {{(pid=110957) _merge_candidates /opt/stack/placement/placement/objects/allocation_candidate.py:809}}
Jun 14 19:46:47.545251 dv-cinder-845806-1-iscsi devstack@placement-api.service[110957]: INFO placement.requestlog [req-9fecf9a4-271c-470c-8652-cb29bca8c101 req-268b8ac0-d84c-4051-a705-ddb652807da3 service placement] 10.222.0.44 "GET /placement/allocation_candidates?limit=1000&resources=DISK_GB%3A1%2CMEMORY_MB%3A1024%2CVCPU%3A1&root_required=%21COMPUTE_STATUS_DISABLED" status: 200 len: 767 microversion: 1.36
Jun 14 19:46:47.545684 dv-cinder-845806-1-iscsi devstack@placement-api.service[110957]: [pid: 110957|app: 0|req: 53/104] 10.222.0.44 () {60 vars in 1506 bytes} [Tue Jun 14 19:46:47 2022] GET /placement/allocation_candidates?limit=1000&resources=DISK_GB%3A1%2CMEMORY_MB%3A1024%2CVCPU%3A1&root_required=%21COMPUTE_STATUS_DISABLED => generated 767 bytes in 69 msecs (HTTP/1.1 200) 8 headers in 296 bytes (1 switches on core 0)
Jun 14 19:46:47.581192 dv-cinder-845806-1-iscsi devstack@placement-api.service[110956]: DEBUG placement.requestlog [req-9fecf9a4-271c-470c-8652-cb29bca8c101 req-f9602eef-ef1e-4fa0-9d48-2e7660b8341f None None] Starting request: 10.222.0.44 "GET /placement/allocations/906a717b-f3cc-4340-b6b6-7c47ef2ac058" {{(pid=110956) __call__ /opt/stack/placement/placement/requestlog.py:55}}
Jun 14 19:46:47.592742 dv-cinder-845806-1-iscsi devstack@placement-api.service[110956]: INFO placement.requestlog [req-9fecf9a4-271c-470c-8652-cb29bca8c101 req-f9602eef-ef1e-4fa0-9d48-2e7660b8341f service placement] 10.222.0.44 "GET /placement/allocations/906a717b-f3cc-4340-b6b6-7c47ef2ac058" status: 200 len: 19 microversion: 1.28
Jun 14 19:46:47.593102 dv-cinder-845806-1-iscsi devstack@placement-api.service[110956]: [pid: 110956|app: 0|req: 52/105] 10.222.0.44 () {60 vars in 1380 bytes} [Tue Jun 14 19:46:47 2022] GET /placement/allocations/906a717b-f3cc-4340-b6b6-7c47ef2ac058 => generated 19 bytes in 12 msecs (HTTP/1.1 200) 8 headers in 295 bytes (1 switches on core 0)
Jun 14 19:46:47.599945 dv-cinder-845806-1-iscsi devstack@placement-api.service[110957]: DEBUG placement.requestlog [req-9fecf9a4-271c-470c-8652-cb29bca8c101 req-36e3db2f-3d08-4898-b0da-6c89a6933b7c None None] Starting request: 10.222.0.44 "PUT /placement/allocations/906a717b-f3cc-4340-b6b6-7c47ef2ac058" {{(pid=110957) __call__ /opt/stack/placement/placement/requestlog.py:55}}
Jun 14 19:46:47.654532 dv-cinder-845806-1-iscsi devstack@placement-api.service[110957]: DEBUG placement.handlers.allocation [req-9fecf9a4-271c-470c-8652-cb29bca8c101 req-36e3db2f-3d08-4898-b0da-6c89a6933b7c service placement] Successfully wrote allocations [, , ] {{(pid=110957) _update_consumers_and_create_allocations /opt/stack/placement/placement/handlers/allocation.py:462}}
Jun 14 19:46:47.658502 dv-cinder-845806-1-iscsi devstack@placement-api.service[110957]: INFO placement.requestlog [req-9fecf9a4-271c-470c-8652-cb29bca8c101 req-36e3db2f-3d08-4898-b0da-6c89a6933b7c service placement] 10.222.0.44 "PUT /placement/allocations/906a717b-f3cc-4340-b6b6-7c47ef2ac058" status: 204 len: 0 microversion: 1.36
Jun 14 19:46:47.658994 dv-cinder-845806-1-iscsi devstack@placement-api.service[110957]: [pid: 110957|app: 0|req: 54/106] 10.222.0.44 () {64 vars in 1433 bytes} [Tue Jun 14 19:46:47 2022] PUT /placement/allocations/906a717b-f3cc-4340-b6b6-7c47ef2ac058 => generated 0 bytes in 59 msecs (HTTP/1.1 204) 5 headers in 199 bytes (1 switches on core 0)
Jun 14 19:46:47.748363 dv-cinder-845806-1-iscsi devstack@placement-api.service[110956]: DEBUG placement.requestlog [req-eec906e4-2aad-45b2-9528-6c23b402405a req-796b96c5-f2dd-4c10-9f8c-0c5330deac7a None None] Starting request: 10.222.0.44 "GET /placement/allocation_candidates?limit=1000&resources=DISK_GB%3A1%2CMEMORY_MB%3A1024%2CVCPU%3A1&root_required=%21COMPUTE_STATUS_DISABLED" {{(pid=110956) __call__ /opt/stack/placement/placement/requestlog.py:55}}
Jun 14 19:46:47.781629 dv-cinder-845806-1-iscsi devstack@placement-api.service[110956]: DEBUG placement.objects.research_context [req-eec906e4-2aad-45b2-9528-6c23b402405a req-796b96c5-f2dd-4c10-9f8c-0c5330deac7a service placement] getting providers with 1 DISK_GB {{(pid=110956) __init__ /opt/stack/placement/placement/objects/research_context.py:136}}
Jun 14 19:46:47.788182 dv-cinder-845806-1-iscsi devstack@placement-api.service[110956]: DEBUG placement.objects.research_context [req-eec906e4-2aad-45b2-9528-6c23b402405a req-796b96c5-f2dd-4c10-9f8c-0c5330deac7a service placement] getting providers with 1024 MEMORY_MB {{(pid=110956) __init__ /opt/stack/placement/placement/objects/research_context.py:136}}
Jun 14 19:46:47.795528 dv-cinder-845806-1-iscsi devstack@placement-api.service[110956]: DEBUG placement.objects.research_context [req-eec906e4-2aad-45b2-9528-6c23b402405a req-796b96c5-f2dd-4c10-9f8c-0c5330deac7a service placement] getting providers with 1 VCPU {{(pid=110956) __init__ /opt/stack/placement/placement/objects/research_context.py:136}}
Jun 14 19:46:47.800906 dv-cinder-845806-1-iscsi devstack@placement-api.service[110956]: DEBUG placement.objects.research_context [req-eec906e4-2aad-45b2-9528-6c23b402405a req-796b96c5-f2dd-4c10-9f8c-0c5330deac7a service placement] found 1 providers with available 1 DISK_GB {{(pid=110956) get_provider_ids_matching /opt/stack/placement/placement/objects/research_context.py:563}}
Jun 14 19:46:47.801176 dv-cinder-845806-1-iscsi devstack@placement-api.service[110956]: DEBUG placement.objects.research_context [req-eec906e4-2aad-45b2-9528-6c23b402405a req-796b96c5-f2dd-4c10-9f8c-0c5330deac7a service placement] found 1 providers with available 1024 MEMORY_MB {{(pid=110956) get_provider_ids_matching /opt/stack/placement/placement/objects/research_context.py:563}}
Jun 14 19:46:47.802240 dv-cinder-845806-1-iscsi devstack@placement-api.service[110956]: DEBUG placement.objects.research_context [req-eec906e4-2aad-45b2-9528-6c23b402405a req-796b96c5-f2dd-4c10-9f8c-0c5330deac7a service placement] found 1 providers after filtering by previous result {{(pid=110956) get_provider_ids_matching /opt/stack/placement/placement/objects/research_context.py:594}}
Jun 14 19:46:47.803115 dv-cinder-845806-1-iscsi devstack@placement-api.service[110956]: DEBUG placement.objects.research_context [req-eec906e4-2aad-45b2-9528-6c23b402405a req-796b96c5-f2dd-4c10-9f8c-0c5330deac7a service placement] found 1 providers with available 1 VCPU {{(pid=110956) get_provider_ids_matching /opt/stack/placement/placement/objects/research_context.py:563}}
Jun 14 19:46:47.803429 dv-cinder-845806-1-iscsi devstack@placement-api.service[110956]: DEBUG placement.objects.research_context [req-eec906e4-2aad-45b2-9528-6c23b402405a req-796b96c5-f2dd-4c10-9f8c-0c5330deac7a service placement] found 1 providers after filtering by previous result {{(pid=110956) get_provider_ids_matching /opt/stack/placement/placement/objects/research_context.py:594}}
Jun 14 19:46:47.814852 dv-cinder-845806-1-iscsi devstack@placement-api.service[110956]: DEBUG placement.objects.allocation_candidate [req-eec906e4-2aad-45b2-9528-6c23b402405a req-796b96c5-f2dd-4c10-9f8c-0c5330deac7a service placement] RequestGroup(use_same_provider=False, resources={DISK_GB:1, MEMORY_MB:1024, VCPU:1}, traits=(), aggregates=[]) (suffix '') returned 1 matches {{(pid=110956) _get_by_requests /opt/stack/placement/placement/objects/allocation_candidate.py:156}}
Jun 14 19:46:47.815329 dv-cinder-845806-1-iscsi devstack@placement-api.service[110956]: DEBUG placement.objects.allocation_candidate [req-eec906e4-2aad-45b2-9528-6c23b402405a req-796b96c5-f2dd-4c10-9f8c-0c5330deac7a service placement] Merging candidates yields 1 allocation requests and 1 provider summaries {{(pid=110956) _merge_candidates /opt/stack/placement/placement/objects/allocation_candidate.py:809}}
Jun 14 19:46:47.817151 dv-cinder-845806-1-iscsi devstack@placement-api.service[110956]: INFO placement.requestlog [req-eec906e4-2aad-45b2-9528-6c23b402405a req-796b96c5-f2dd-4c10-9f8c-0c5330deac7a service placement] 10.222.0.44 "GET /placement/allocation_candidates?limit=1000&resources=DISK_GB%3A1%2CMEMORY_MB%3A1024%2CVCPU%3A1&root_required=%21COMPUTE_STATUS_DISABLED" status: 200 len: 767 microversion: 1.36
Jun 14 19:46:47.821765 dv-cinder-845806-1-iscsi devstack@placement-api.service[110956]: [pid: 110956|app: 0|req: 53/107] 10.222.0.44 () {60 vars in 1506 bytes} [Tue Jun 14 19:46:47 2022] GET /placement/allocation_candidates?limit=1000&resources=DISK_GB%3A1%2CMEMORY_MB%3A1024%2CVCPU%3A1&root_required=%21COMPUTE_STATUS_DISABLED => generated 767 bytes in 73 msecs (HTTP/1.1 200) 8 headers in 296 bytes (1 switches on core 0)
Jun 14 19:46:47.854655 dv-cinder-845806-1-iscsi devstack@placement-api.service[110957]: DEBUG placement.requestlog [req-eec906e4-2aad-45b2-9528-6c23b402405a req-653c5053-f718-4143-884d-8b36f7ed82f9 None None] Starting request: 10.222.0.44 "GET /placement/allocations/55328760-5eb8-4c2b-bed1-b75b972100a7" {{(pid=110957) __call__ /opt/stack/placement/placement/requestlog.py:55}}
Jun 14 19:46:47.865869 dv-cinder-845806-1-iscsi devstack@placement-api.service[110957]: INFO placement.requestlog [req-eec906e4-2aad-45b2-9528-6c23b402405a req-653c5053-f718-4143-884d-8b36f7ed82f9 service placement] 10.222.0.44 "GET /placement/allocations/55328760-5eb8-4c2b-bed1-b75b972100a7" status: 200 len: 19 microversion: 1.28
Jun 14 19:46:47.866565 dv-cinder-845806-1-iscsi devstack@placement-api.service[110957]: [pid: 110957|app: 0|req: 55/108] 10.222.0.44 () {60 vars in 1380 bytes} [Tue Jun 14 19:46:47 2022] GET /placement/allocations/55328760-5eb8-4c2b-bed1-b75b972100a7 => generated 19 bytes in 12 msecs (HTTP/1.1 200) 8 headers in 295 bytes (1 switches on core 0)
Jun 14 19:46:47.872112 dv-cinder-845806-1-iscsi devstack@placement-api.service[110956]: DEBUG placement.requestlog [req-eec906e4-2aad-45b2-9528-6c23b402405a req-777662d7-1f4d-43ec-aae2-d65556110def None None] Starting request: 10.222.0.44 "PUT /placement/allocations/55328760-5eb8-4c2b-bed1-b75b972100a7" {{(pid=110956) __call__ /opt/stack/placement/placement/requestlog.py:55}}
Jun 14 19:46:47.921571 dv-cinder-845806-1-iscsi devstack@placement-api.service[110956]: DEBUG placement.handlers.allocation [req-eec906e4-2aad-45b2-9528-6c23b402405a req-777662d7-1f4d-43ec-aae2-d65556110def service placement] Successfully wrote allocations [, , ] {{(pid=110956) _update_consumers_and_create_allocations /opt/stack/placement/placement/handlers/allocation.py:462}}
Jun 14 19:46:47.927059 dv-cinder-845806-1-iscsi devstack@placement-api.service[110956]: INFO placement.requestlog [req-eec906e4-2aad-45b2-9528-6c23b402405a req-777662d7-1f4d-43ec-aae2-d65556110def service placement] 10.222.0.44 "PUT /placement/allocations/55328760-5eb8-4c2b-bed1-b75b972100a7" status: 204 len: 0 microversion: 1.36
Jun 14 19:46:47.927934 dv-cinder-845806-1-iscsi devstack@placement-api.service[110956]: [pid: 110956|app: 0|req: 54/109] 10.222.0.44 () {64 vars in 1433 bytes} [Tue Jun 14 19:46:47 2022] PUT /placement/allocations/55328760-5eb8-4c2b-bed1-b75b972100a7 => generated 0 bytes in 56 msecs (HTTP/1.1 204) 5 headers in 199 bytes (1 switches on core 0)
Jun 14 19:46:47.958707 dv-cinder-845806-1-iscsi devstack@placement-api.service[110957]: DEBUG placement.requestlog [req-9fecf9a4-271c-470c-8652-cb29bca8c101 req-91579991-2fce-4325-a4fa-360b6ad9bf6d None None] Starting request: 10.222.0.46 "GET /placement/allocations/906a717b-f3cc-4340-b6b6-7c47ef2ac058" {{(pid=110957) __call__ /opt/stack/placement/placement/requestlog.py:55}}
Jun 14 19:46:47.973305 dv-cinder-845806-1-iscsi devstack@placement-api.service[110957]: INFO placement.requestlog [req-9fecf9a4-271c-470c-8652-cb29bca8c101 req-91579991-2fce-4325-a4fa-360b6ad9bf6d service placement] 10.222.0.46 "GET /placement/allocations/906a717b-f3cc-4340-b6b6-7c47ef2ac058" status: 200 len: 259 microversion: 1.28
Jun 14 19:46:47.973707 dv-cinder-845806-1-iscsi devstack@placement-api.service[110957]: [pid: 110957|app: 0|req: 56/110] 10.222.0.46 () {60 vars in 1377 bytes} [Tue Jun 14 19:46:47 2022] GET /placement/allocations/906a717b-f3cc-4340-b6b6-7c47ef2ac058 => generated 259 bytes in 16 msecs (HTTP/1.1 200) 8 headers in 296 bytes (1 switches on core 0)
Jun 14 19:46:48.436605 dv-cinder-845806-1-iscsi devstack@placement-api.service[110956]: DEBUG placement.requestlog [req-eec906e4-2aad-45b2-9528-6c23b402405a req-ca23d645-e01d-480a-904d-2c6ec96f1485 None None] Starting request: 10.222.0.46 "GET /placement/allocations/55328760-5eb8-4c2b-bed1-b75b972100a7" {{(pid=110956) __call__ /opt/stack/placement/placement/requestlog.py:55}}
Jun 14 19:46:48.452566 dv-cinder-845806-1-iscsi devstack@placement-api.service[110956]: INFO placement.requestlog [req-eec906e4-2aad-45b2-9528-6c23b402405a req-ca23d645-e01d-480a-904d-2c6ec96f1485 service placement] 10.222.0.46 "GET /placement/allocations/55328760-5eb8-4c2b-bed1-b75b972100a7" status: 200 len: 259 microversion: 1.28
Jun 14 19:46:48.453068 dv-cinder-845806-1-iscsi devstack@placement-api.service[110956]: [pid: 110956|app: 0|req: 55/111] 10.222.0.46 () {60 vars in 1377 bytes} [Tue Jun 14 19:46:48 2022] GET /placement/allocations/55328760-5eb8-4c2b-bed1-b75b972100a7 => generated 259 bytes in 17 msecs (HTTP/1.1 200) 8 headers in 296 bytes (2 switches on core 0)
Jun 14 19:46:57.971037 dv-cinder-845806-1-iscsi devstack@placement-api.service[110957]: DEBUG dbcounter [-] [110957] Writing DB stats placement:SELECT=38,placement:DELETE=4,placement:INSERT=4,placement:UPDATE=2 {{(pid=110957) stat_writer /usr/local/lib/python3.8/dist-packages/dbcounter.py:114}}
Jun 14 19:46:58.450400 dv-cinder-845806-1-iscsi devstack@placement-api.service[110956]: DEBUG dbcounter [-] [110956] Writing DB stats placement:SELECT=38,placement:DELETE=4,placement:INSERT=4,placement:UPDATE=2 {{(pid=110956) stat_writer /usr/local/lib/python3.8/dist-packages/dbcounter.py:114}}
Jun 14 19:47:00.298607 dv-cinder-845806-1-iscsi devstack@placement-api.service[110957]: DEBUG placement.requestlog [req-592710ad-0bc2-4440-92a4-b28e6894e910 req-605a6151-c0a1-4ede-ae89-9033800c867e None None] Starting request: 10.222.0.46 "GET /placement/resource_providers/bb6496ad-5c14-40c8-855c-2fd70c236d3a/allocations" {{(pid=110957) __call__ /opt/stack/placement/placement/requestlog.py:55}}
Jun 14 19:47:00.320765 dv-cinder-845806-1-iscsi devstack@placement-api.service[110957]: INFO placement.requestlog [req-592710ad-0bc2-4440-92a4-b28e6894e910 req-605a6151-c0a1-4ede-ae89-9033800c867e service placement] 10.222.0.46 "GET /placement/resource_providers/bb6496ad-5c14-40c8-855c-2fd70c236d3a/allocations" status: 200 len: 746 microversion: 1.0
Jun 14 19:47:00.321145 dv-cinder-845806-1-iscsi devstack@placement-api.service[110957]: [pid: 110957|app: 0|req: 57/112] 10.222.0.46 () {58 vars in 1390 bytes} [Tue Jun 14 19:47:00 2022] GET /placement/resource_providers/bb6496ad-5c14-40c8-855c-2fd70c236d3a/allocations => generated 746 bytes in 25 msecs (HTTP/1.1 200) 6 headers in 224 bytes (1 switches on core 0)
Jun 14 19:47:01.863940 dv-cinder-845806-1-iscsi devstack@placement-api.service[110956]: DEBUG placement.requestlog [req-f33a8aa6-5b8e-48b9-80b3-00a811077152 req-db6d9872-92bc-4ad2-9929-896097f92e03 None None] Starting request: 10.222.0.46 "DELETE /placement/allocations/e845044c-b4e8-462f-abf8-0301476ec285" {{(pid=110956) __call__ /opt/stack/placement/placement/requestlog.py:55}}
Jun 14 19:47:01.916552 dv-cinder-845806-1-iscsi devstack@placement-api.service[110956]: DEBUG placement.handlers.allocation [req-f33a8aa6-5b8e-48b9-80b3-00a811077152 req-db6d9872-92bc-4ad2-9929-896097f92e03 service placement] Successfully deleted allocations [, , ] {{(pid=110956) delete_allocations /opt/stack/placement/placement/handlers/allocation.py:627}}
Jun 14 19:47:01.917254 dv-cinder-845806-1-iscsi devstack@placement-api.service[110956]: INFO placement.requestlog [req-f33a8aa6-5b8e-48b9-80b3-00a811077152 req-db6d9872-92bc-4ad2-9929-896097f92e03 service placement] 10.222.0.46 "DELETE /placement/allocations/e845044c-b4e8-462f-abf8-0301476ec285" status: 204 len: 0 microversion: 1.0
Jun 14 19:47:01.917861 dv-cinder-845806-1-iscsi devstack@placement-api.service[110956]: [pid: 110956|app: 0|req: 56/113] 10.222.0.46 () {60 vars in 1355 bytes} [Tue Jun 14 19:47:01 2022] DELETE /placement/allocations/e845044c-b4e8-462f-abf8-0301476ec285 => generated 0 bytes in 54 msecs (HTTP/1.1 204) 5 headers in 198 bytes (2 switches on core 0)
Jun 14 19:47:09.266351 dv-cinder-845806-1-iscsi devstack@placement-api.service[110957]: DEBUG placement.requestlog [req-2af1233d-dbb3-49a3-ba95-ffccce7faa11 req-4085639e-4a82-4ee0-ae79-bc5e40063c77 None None] Starting request: 10.222.0.46 "DELETE /placement/allocations/bc5647b9-307a-4287-be2e-34a8aa3703ba" {{(pid=110957) __call__ /opt/stack/placement/placement/requestlog.py:55}}
Jun 14 19:47:09.294084 dv-cinder-845806-1-iscsi devstack@placement-api.service[110957]: DEBUG placement.handlers.allocation [req-2af1233d-dbb3-49a3-ba95-ffccce7faa11 req-4085639e-4a82-4ee0-ae79-bc5e40063c77 service placement] Successfully deleted allocations [, , ] {{(pid=110957) delete_allocations /opt/stack/placement/placement/handlers/allocation.py:627}}
Jun 14 19:47:09.294546 dv-cinder-845806-1-iscsi devstack@placement-api.service[110957]: INFO placement.requestlog [req-2af1233d-dbb3-49a3-ba95-ffccce7faa11 req-4085639e-4a82-4ee0-ae79-bc5e40063c77 service placement] 10.222.0.46 "DELETE /placement/allocations/bc5647b9-307a-4287-be2e-34a8aa3703ba" status: 204 len: 0 microversion: 1.0
Jun 14 19:47:09.294896 dv-cinder-845806-1-iscsi devstack@placement-api.service[110957]: [pid: 110957|app: 0|req: 58/114] 10.222.0.46 () {60 vars in 1355 bytes} [Tue Jun 14 19:47:09 2022] DELETE /placement/allocations/bc5647b9-307a-4287-be2e-34a8aa3703ba => generated 0 bytes in 29 msecs (HTTP/1.1 204) 5 headers in 198 bytes (1 switches on core 0)
Jun 14 19:47:11.911252 dv-cinder-845806-1-iscsi devstack@placement-api.service[110956]: DEBUG dbcounter [-] [110956] Writing DB stats placement:SELECT=7,placement:DELETE=2 {{(pid=110956) stat_writer /usr/local/lib/python3.8/dist-packages/dbcounter.py:114}}
Jun 14 19:47:14.002400 dv-cinder-845806-1-iscsi devstack@placement-api.service[110956]: DEBUG placement.requestlog [req-8e361649-84cd-447f-bf8c-9fdf02af4689 req-6e4c7ce2-b138-4e28-9eec-5de736cb6bce None None] Starting request: 10.222.0.46 "DELETE /placement/allocations/26a2c03a-7157-4585-b388-ae3fbf9913cb" {{(pid=110956) __call__ /opt/stack/placement/placement/requestlog.py:55}}
Jun 14 19:47:14.031078 dv-cinder-845806-1-iscsi devstack@placement-api.service[110956]: DEBUG placement.handlers.allocation [req-8e361649-84cd-447f-bf8c-9fdf02af4689 req-6e4c7ce2-b138-4e28-9eec-5de736cb6bce service placement] Successfully deleted allocations [, , ] {{(pid=110956) delete_allocations /opt/stack/placement/placement/handlers/allocation.py:627}}
Jun 14 19:47:14.031565 dv-cinder-845806-1-iscsi devstack@placement-api.service[110956]: INFO placement.requestlog [req-8e361649-84cd-447f-bf8c-9fdf02af4689 req-6e4c7ce2-b138-4e28-9eec-5de736cb6bce service placement] 10.222.0.46 "DELETE /placement/allocations/26a2c03a-7157-4585-b388-ae3fbf9913cb" status: 204 len: 0 microversion: 1.0
Jun 14 19:47:14.031944 dv-cinder-845806-1-iscsi devstack@placement-api.service[110956]: [pid: 110956|app: 0|req: 57/115] 10.222.0.46 () {60 vars in 1355 bytes} [Tue Jun 14 19:47:14 2022] DELETE /placement/allocations/26a2c03a-7157-4585-b388-ae3fbf9913cb => generated 0 bytes in 30 msecs (HTTP/1.1 204) 5 headers in 198 bytes (1 switches on core 0)
Jun 14 19:47:17.865353 dv-cinder-845806-1-iscsi devstack@placement-api.service[110957]: DEBUG placement.requestlog [None req-aabf0a98-50cd-41d4-a7b2-f126897a1bd7 None None] Starting request: 10.222.0.44 "GET /placement/resource_providers/d914b28b-3c1d-4b9f-a2ed-bb36a7946094/aggregates" {{(pid=110957) __call__ /opt/stack/placement/placement/requestlog.py:55}}
Jun 14 19:47:17.940743 dv-cinder-845806-1-iscsi devstack@placement-api.service[110957]: INFO placement.requestlog [None req-aabf0a98-50cd-41d4-a7b2-f126897a1bd7 service placement] 10.222.0.44 "GET /placement/resource_providers/d914b28b-3c1d-4b9f-a2ed-bb36a7946094/aggregates" status: 404 len: 235 microversion: 1.1
Jun 14 19:47:17.941744 dv-cinder-845806-1-iscsi devstack@placement-api.service[110957]: [pid: 110957|app: 0|req: 59/116] 10.222.0.44 () {58 vars in 1362 bytes} [Tue Jun 14 19:47:17 2022] GET /placement/resource_providers/d914b28b-3c1d-4b9f-a2ed-bb36a7946094/aggregates => generated 235 bytes in 77 msecs (HTTP/1.1 404) 5 headers in 202 bytes (1 switches on core 0)
Jun 14 19:47:17.952093 dv-cinder-845806-1-iscsi devstack@placement-api.service[110956]: DEBUG placement.requestlog [None req-8af235b8-be15-4631-9d96-ad4d0ca7c7a1 None None] Starting request: 10.222.0.44 "DELETE /placement/resource_providers/d914b28b-3c1d-4b9f-a2ed-bb36a7946094" {{(pid=110956) __call__ /opt/stack/placement/placement/requestlog.py:55}}
Jun 14 19:47:17.969859 dv-cinder-845806-1-iscsi devstack@placement-api.service[110956]: DEBUG placement.wsgi_wrapper [None req-8af235b8-be15-4631-9d96-ad4d0ca7c7a1 service placement] Placement API returning an error response: No resource provider with uuid d914b28b-3c1d-4b9f-a2ed-bb36a7946094 found for delete {{(pid=110956) call_func /opt/stack/placement/placement/wsgi_wrapper.py:31}}
Jun 14 19:47:17.970790 dv-cinder-845806-1-iscsi devstack@placement-api.service[110956]: INFO placement.requestlog [None req-8af235b8-be15-4631-9d96-ad4d0ca7c7a1 service placement] 10.222.0.44 "DELETE /placement/resource_providers/d914b28b-3c1d-4b9f-a2ed-bb36a7946094" status: 404 len: 246 microversion: 1.1
Jun 14 19:47:17.971309 dv-cinder-845806-1-iscsi devstack@placement-api.service[110956]: [pid: 110956|app: 0|req: 58/117] 10.222.0.44 () {60 vars in 1351 bytes} [Tue Jun 14 19:47:17 2022] DELETE /placement/resource_providers/d914b28b-3c1d-4b9f-a2ed-bb36a7946094 => generated 246 bytes in 20 msecs (HTTP/1.1 404) 6 headers in 231 bytes (1 switches on core 0)
Jun 14 19:47:27.937764 dv-cinder-845806-1-iscsi devstack@placement-api.service[110957]: DEBUG dbcounter [-] [110957] Writing DB stats placement:SELECT=15,placement:DELETE=2 {{(pid=110957) stat_writer /usr/local/lib/python3.8/dist-packages/dbcounter.py:114}}
Jun 14 19:47:27.966856 dv-cinder-845806-1-iscsi devstack@placement-api.service[110956]: DEBUG dbcounter [-] [110956] Writing DB stats placement:SELECT=9,placement:DELETE=2 {{(pid=110956) stat_writer /usr/local/lib/python3.8/dist-packages/dbcounter.py:114}}
Jun 14 19:47:38.060376 dv-cinder-845806-1-iscsi devstack@placement-api.service[110957]: DEBUG placement.requestlog [req-6d6f20a1-ecc4-40a2-8e52-06177d9009d0 req-e3700ab5-3bcf-4e0c-8bac-22e4c4736149 None None] Starting request: 10.222.0.46 "DELETE /placement/allocations/574d3163-12b7-4f68-9f90-445a0d1b0b8e" {{(pid=110957) __call__ /opt/stack/placement/placement/requestlog.py:55}}
Jun 14 19:47:38.086931 dv-cinder-845806-1-iscsi devstack@placement-api.service[110957]: DEBUG placement.handlers.allocation [req-6d6f20a1-ecc4-40a2-8e52-06177d9009d0 req-e3700ab5-3bcf-4e0c-8bac-22e4c4736149 service placement] Successfully deleted allocations [, , ] {{(pid=110957) delete_allocations /opt/stack/placement/placement/handlers/allocation.py:627}}
Jun 14 19:47:38.087354 dv-cinder-845806-1-iscsi devstack@placement-api.service[110957]: INFO placement.requestlog [req-6d6f20a1-ecc4-40a2-8e52-06177d9009d0 req-e3700ab5-3bcf-4e0c-8bac-22e4c4736149 service placement] 10.222.0.46 "DELETE /placement/allocations/574d3163-12b7-4f68-9f90-445a0d1b0b8e" status: 204 len: 0 microversion: 1.0
Jun 14 19:47:38.087693 dv-cinder-845806-1-iscsi devstack@placement-api.service[110957]: [pid: 110957|app: 0|req: 60/118] 10.222.0.46 () {60 vars in 1355 bytes} [Tue Jun 14 19:47:38 2022] DELETE /placement/allocations/574d3163-12b7-4f68-9f90-445a0d1b0b8e => generated 0 bytes in 28 msecs (HTTP/1.1 204) 5 headers in 198 bytes (1 switches on core 0)
Jun 14 19:47:39.574820 dv-cinder-845806-1-iscsi devstack@placement-api.service[110956]: DEBUG placement.requestlog [req-e4f9a4cf-610b-43ff-8eba-22da53ba2bde req-35501e44-38ed-4a88-bb72-66eba245759d None None] Starting request: 10.222.0.44 "GET /placement/allocation_candidates?limit=1000&resources=DISK_GB%3A1%2CMEMORY_MB%3A1024%2CVCPU%3A1&root_required=%21COMPUTE_STATUS_DISABLED" {{(pid=110956) __call__ /opt/stack/placement/placement/requestlog.py:55}}
Jun 14 19:47:39.730512 dv-cinder-845806-1-iscsi devstack@placement-api.service[110956]: DEBUG placement.objects.research_context [req-e4f9a4cf-610b-43ff-8eba-22da53ba2bde req-35501e44-38ed-4a88-bb72-66eba245759d service placement] getting providers with 1 DISK_GB {{(pid=110956) __init__ /opt/stack/placement/placement/objects/research_context.py:136}}
Jun 14 19:47:39.736193 dv-cinder-845806-1-iscsi devstack@placement-api.service[110956]: DEBUG placement.objects.research_context [req-e4f9a4cf-610b-43ff-8eba-22da53ba2bde req-35501e44-38ed-4a88-bb72-66eba245759d service placement] getting providers with 1024 MEMORY_MB {{(pid=110956) __init__ /opt/stack/placement/placement/objects/research_context.py:136}}
Jun 14 19:47:39.743649 dv-cinder-845806-1-iscsi devstack@placement-api.service[110956]: DEBUG placement.objects.research_context [req-e4f9a4cf-610b-43ff-8eba-22da53ba2bde req-35501e44-38ed-4a88-bb72-66eba245759d service placement] getting providers with 1 VCPU {{(pid=110956) __init__ /opt/stack/placement/placement/objects/research_context.py:136}}
Jun 14 19:47:39.750345 dv-cinder-845806-1-iscsi devstack@placement-api.service[110956]: DEBUG placement.objects.research_context [req-e4f9a4cf-610b-43ff-8eba-22da53ba2bde req-35501e44-38ed-4a88-bb72-66eba245759d service placement] found 1 providers with available 1 DISK_GB {{(pid=110956) get_provider_ids_matching /opt/stack/placement/placement/objects/research_context.py:563}}
Jun 14 19:47:39.751112 dv-cinder-845806-1-iscsi devstack@placement-api.service[110956]: DEBUG placement.objects.research_context [req-e4f9a4cf-610b-43ff-8eba-22da53ba2bde req-35501e44-38ed-4a88-bb72-66eba245759d service placement] found 1 providers with available 1024 MEMORY_MB {{(pid=110956) get_provider_ids_matching /opt/stack/placement/placement/objects/research_context.py:563}}
Jun 14 19:47:39.752437 dv-cinder-845806-1-iscsi devstack@placement-api.service[110956]: DEBUG placement.objects.research_context [req-e4f9a4cf-610b-43ff-8eba-22da53ba2bde req-35501e44-38ed-4a88-bb72-66eba245759d service placement] found 1 providers after filtering by previous result {{(pid=110956) get_provider_ids_matching /opt/stack/placement/placement/objects/research_context.py:594}}
Jun 14 19:47:39.752719 dv-cinder-845806-1-iscsi devstack@placement-api.service[110956]: DEBUG placement.objects.research_context [req-e4f9a4cf-610b-43ff-8eba-22da53ba2bde req-35501e44-38ed-4a88-bb72-66eba245759d service placement] found 1 providers with available 1 VCPU {{(pid=110956) get_provider_ids_matching /opt/stack/placement/placement/objects/research_context.py:563}}
Jun 14 19:47:39.753402 dv-cinder-845806-1-iscsi devstack@placement-api.service[110956]: DEBUG placement.objects.research_context [req-e4f9a4cf-610b-43ff-8eba-22da53ba2bde req-35501e44-38ed-4a88-bb72-66eba245759d service placement] found 1 providers after filtering by previous result {{(pid=110956) get_provider_ids_matching /opt/stack/placement/placement/objects/research_context.py:594}}
Jun 14 19:47:39.768675 dv-cinder-845806-1-iscsi devstack@placement-api.service[110956]: DEBUG placement.objects.allocation_candidate [req-e4f9a4cf-610b-43ff-8eba-22da53ba2bde req-35501e44-38ed-4a88-bb72-66eba245759d service placement] RequestGroup(use_same_provider=False, resources={DISK_GB:1, MEMORY_MB:1024, VCPU:1}, traits=(), aggregates=[]) (suffix '') returned 1 matches {{(pid=110956) _get_by_requests /opt/stack/placement/placement/objects/allocation_candidate.py:156}}
Jun 14 19:47:39.768785 dv-cinder-845806-1-iscsi devstack@placement-api.service[110956]: DEBUG placement.objects.allocation_candidate [req-e4f9a4cf-610b-43ff-8eba-22da53ba2bde req-35501e44-38ed-4a88-bb72-66eba245759d service placement] Merging candidates yields 1 allocation requests and 1 provider summaries {{(pid=110956) _merge_candidates /opt/stack/placement/placement/objects/allocation_candidate.py:809}}
Jun 14 19:47:39.770485 dv-cinder-845806-1-iscsi devstack@placement-api.service[110956]: INFO placement.requestlog [req-e4f9a4cf-610b-43ff-8eba-22da53ba2bde req-35501e44-38ed-4a88-bb72-66eba245759d service placement] 10.222.0.44 "GET /placement/allocation_candidates?limit=1000&resources=DISK_GB%3A1%2CMEMORY_MB%3A1024%2CVCPU%3A1&root_required=%21COMPUTE_STATUS_DISABLED" status: 200 len: 767 microversion: 1.36
Jun 14 19:47:39.781553 dv-cinder-845806-1-iscsi devstack@placement-api.service[110956]: [pid: 110956|app: 0|req: 59/119] 10.222.0.44 () {60 vars in 1506 bytes} [Tue Jun 14 19:47:39 2022] GET /placement/allocation_candidates?limit=1000&resources=DISK_GB%3A1%2CMEMORY_MB%3A1024%2CVCPU%3A1&root_required=%21COMPUTE_STATUS_DISABLED => generated 767 bytes in 207 msecs (HTTP/1.1 200) 8 headers in 296 bytes (1 switches on core 0)
Jun 14 19:47:39.802673 dv-cinder-845806-1-iscsi devstack@placement-api.service[110957]: DEBUG placement.requestlog [req-ea934e9c-8af0-4c6c-b07f-2e375133da0d req-65671f64-1c6f-4649-9175-c1c3485c688a None None] Starting request: 10.222.0.44 "GET /placement/allocation_candidates?limit=1000&resources=DISK_GB%3A1%2CMEMORY_MB%3A1024%2CVCPU%3A1&root_required=%21COMPUTE_STATUS_DISABLED" {{(pid=110957) __call__ /opt/stack/placement/placement/requestlog.py:55}}
Jun 14 19:47:39.831543 dv-cinder-845806-1-iscsi devstack@placement-api.service[110956]: DEBUG placement.requestlog [req-e4f9a4cf-610b-43ff-8eba-22da53ba2bde req-35c779a5-c42d-494e-89dc-cf177f69e550 None None] Starting request: 10.222.0.44 "GET /placement/allocations/574d3163-12b7-4f68-9f90-445a0d1b0b8e" {{(pid=110956) __call__ /opt/stack/placement/placement/requestlog.py:55}}
Jun 14 19:47:39.843602 dv-cinder-845806-1-iscsi devstack@placement-api.service[110956]: INFO placement.requestlog [req-e4f9a4cf-610b-43ff-8eba-22da53ba2bde req-35c779a5-c42d-494e-89dc-cf177f69e550 service placement] 10.222.0.44 "GET /placement/allocations/574d3163-12b7-4f68-9f90-445a0d1b0b8e" status: 200 len: 19 microversion: 1.28
Jun 14 19:47:39.848670 dv-cinder-845806-1-iscsi devstack@placement-api.service[110957]: DEBUG placement.objects.research_context [req-ea934e9c-8af0-4c6c-b07f-2e375133da0d req-65671f64-1c6f-4649-9175-c1c3485c688a service placement] getting providers with 1 DISK_GB {{(pid=110957) __init__ /opt/stack/placement/placement/objects/research_context.py:136}}
Jun 14 19:47:39.853203 dv-cinder-845806-1-iscsi devstack@placement-api.service[110956]: [pid: 110956|app: 0|req: 60/120] 10.222.0.44 () {60 vars in 1380 bytes} [Tue Jun 14 19:47:39 2022] GET /placement/allocations/574d3163-12b7-4f68-9f90-445a0d1b0b8e => generated 19 bytes in 22 msecs (HTTP/1.1 200) 8 headers in 295 bytes (2 switches on core 0)
Jun 14 19:47:39.854150 dv-cinder-845806-1-iscsi devstack@placement-api.service[110956]: DEBUG placement.requestlog [req-e4f9a4cf-610b-43ff-8eba-22da53ba2bde req-f98245e1-56c3-4176-9980-a29954569824 None None] Starting request: 10.222.0.44 "PUT /placement/allocations/574d3163-12b7-4f68-9f90-445a0d1b0b8e" {{(pid=110956) __call__ /opt/stack/placement/placement/requestlog.py:55}}
Jun 14 19:47:39.855505 dv-cinder-845806-1-iscsi devstack@placement-api.service[110957]: DEBUG placement.objects.research_context [req-ea934e9c-8af0-4c6c-b07f-2e375133da0d req-65671f64-1c6f-4649-9175-c1c3485c688a service placement] getting providers with 1024 MEMORY_MB {{(pid=110957) __init__ /opt/stack/placement/placement/objects/research_context.py:136}}
Jun 14 19:47:39.863306 dv-cinder-845806-1-iscsi devstack@placement-api.service[110957]: DEBUG placement.objects.research_context [req-ea934e9c-8af0-4c6c-b07f-2e375133da0d req-65671f64-1c6f-4649-9175-c1c3485c688a service placement] getting providers with 1 VCPU {{(pid=110957) __init__ /opt/stack/placement/placement/objects/research_context.py:136}}
Jun 14 19:47:39.872214 dv-cinder-845806-1-iscsi devstack@placement-api.service[110957]: DEBUG placement.objects.research_context [req-ea934e9c-8af0-4c6c-b07f-2e375133da0d req-65671f64-1c6f-4649-9175-c1c3485c688a service placement] found 1 providers with available 1 DISK_GB {{(pid=110957) get_provider_ids_matching /opt/stack/placement/placement/objects/research_context.py:563}}
Jun 14 19:47:39.872832 dv-cinder-845806-1-iscsi devstack@placement-api.service[110957]: DEBUG placement.objects.research_context [req-ea934e9c-8af0-4c6c-b07f-2e375133da0d req-65671f64-1c6f-4649-9175-c1c3485c688a service placement] found 1 providers with available 1024 MEMORY_MB {{(pid=110957) get_provider_ids_matching /opt/stack/placement/placement/objects/research_context.py:563}}
Jun 14 19:47:39.873312 dv-cinder-845806-1-iscsi devstack@placement-api.service[110957]: DEBUG placement.objects.research_context [req-ea934e9c-8af0-4c6c-b07f-2e375133da0d req-65671f64-1c6f-4649-9175-c1c3485c688a service placement] found 1 providers after filtering by previous result {{(pid=110957) get_provider_ids_matching /opt/stack/placement/placement/objects/research_context.py:594}}
Jun 14 19:47:39.874217 dv-cinder-845806-1-iscsi devstack@placement-api.service[110957]: DEBUG placement.objects.research_context [req-ea934e9c-8af0-4c6c-b07f-2e375133da0d req-65671f64-1c6f-4649-9175-c1c3485c688a service placement] found 1 providers with available 1 VCPU {{(pid=110957) get_provider_ids_matching /opt/stack/placement/placement/objects/research_context.py:563}}
Jun 14 19:47:39.874913 dv-cinder-845806-1-iscsi devstack@placement-api.service[110957]: DEBUG placement.objects.research_context [req-ea934e9c-8af0-4c6c-b07f-2e375133da0d req-65671f64-1c6f-4649-9175-c1c3485c688a service placement] found 1 providers after filtering by previous result {{(pid=110957) get_provider_ids_matching /opt/stack/placement/placement/objects/research_context.py:594}}
Jun 14 19:47:39.889300 dv-cinder-845806-1-iscsi devstack@placement-api.service[110957]: DEBUG placement.objects.allocation_candidate [req-ea934e9c-8af0-4c6c-b07f-2e375133da0d req-65671f64-1c6f-4649-9175-c1c3485c688a service placement] RequestGroup(use_same_provider=False, resources={DISK_GB:1, MEMORY_MB:1024, VCPU:1}, traits=(), aggregates=[]) (suffix '') returned 1 matches {{(pid=110957) _get_by_requests /opt/stack/placement/placement/objects/allocation_candidate.py:156}}
Jun 14 19:47:39.889728 dv-cinder-845806-1-iscsi devstack@placement-api.service[110957]: DEBUG placement.objects.allocation_candidate [req-ea934e9c-8af0-4c6c-b07f-2e375133da0d req-65671f64-1c6f-4649-9175-c1c3485c688a service placement] Merging candidates yields 1 allocation requests and 1 provider summaries {{(pid=110957) _merge_candidates /opt/stack/placement/placement/objects/allocation_candidate.py:809}}
Jun 14 19:47:39.891765 dv-cinder-845806-1-iscsi devstack@placement-api.service[110957]: INFO placement.requestlog [req-ea934e9c-8af0-4c6c-b07f-2e375133da0d req-65671f64-1c6f-4649-9175-c1c3485c688a service placement] 10.222.0.44 "GET /placement/allocation_candidates?limit=1000&resources=DISK_GB%3A1%2CMEMORY_MB%3A1024%2CVCPU%3A1&root_required=%21COMPUTE_STATUS_DISABLED" status: 200 len: 767 microversion: 1.36
Jun 14 19:47:39.892442 dv-cinder-845806-1-iscsi devstack@placement-api.service[110957]: [pid: 110957|app: 0|req: 61/121] 10.222.0.44 () {60 vars in 1506 bytes} [Tue Jun 14 19:47:39 2022] GET /placement/allocation_candidates?limit=1000&resources=DISK_GB%3A1%2CMEMORY_MB%3A1024%2CVCPU%3A1&root_required=%21COMPUTE_STATUS_DISABLED => generated 767 bytes in 90 msecs (HTTP/1.1 200) 8 headers in 296 bytes (2 switches on core 0)
Jun 14 19:47:39.931139 dv-cinder-845806-1-iscsi devstack@placement-api.service[110956]: DEBUG placement.handlers.allocation [req-e4f9a4cf-610b-43ff-8eba-22da53ba2bde req-f98245e1-56c3-4176-9980-a29954569824 service placement] Successfully wrote allocations [, , ] {{(pid=110956) _update_consumers_and_create_allocations /opt/stack/placement/placement/handlers/allocation.py:462}}
Jun 14 19:47:39.937299 dv-cinder-845806-1-iscsi devstack@placement-api.service[110956]: INFO placement.requestlog [req-e4f9a4cf-610b-43ff-8eba-22da53ba2bde req-f98245e1-56c3-4176-9980-a29954569824 service placement] 10.222.0.44 "PUT /placement/allocations/574d3163-12b7-4f68-9f90-445a0d1b0b8e" status: 204 len: 0 microversion: 1.36
Jun 14 19:47:39.938494 dv-cinder-845806-1-iscsi devstack@placement-api.service[110956]: [pid: 110956|app: 0|req: 61/122] 10.222.0.44 () {64 vars in 1433 bytes} [Tue Jun 14 19:47:39 2022] PUT /placement/allocations/574d3163-12b7-4f68-9f90-445a0d1b0b8e => generated 0 bytes in 84 msecs (HTTP/1.1 204) 5 headers in 199 bytes (1 switches on core 0)
Jun 14 19:47:39.949155 dv-cinder-845806-1-iscsi devstack@placement-api.service[110957]: DEBUG placement.requestlog [req-ea934e9c-8af0-4c6c-b07f-2e375133da0d req-9a505518-cbb5-4b78-a5dd-33cfb96885c2 None None] Starting request: 10.222.0.44 "GET /placement/allocations/5d5b449e-0612-4e56-963b-5841afefea1c" {{(pid=110957) __call__ /opt/stack/placement/placement/requestlog.py:55}}
Jun 14 19:47:39.961285 dv-cinder-845806-1-iscsi devstack@placement-api.service[110957]: INFO placement.requestlog [req-ea934e9c-8af0-4c6c-b07f-2e375133da0d req-9a505518-cbb5-4b78-a5dd-33cfb96885c2 service placement] 10.222.0.44 "GET /placement/allocations/5d5b449e-0612-4e56-963b-5841afefea1c" status: 200 len: 19 microversion: 1.28
Jun 14 19:47:39.961974 dv-cinder-845806-1-iscsi devstack@placement-api.service[110957]: [pid: 110957|app: 0|req: 62/123] 10.222.0.44 () {60 vars in 1380 bytes} [Tue Jun 14 19:47:39 2022] GET /placement/allocations/5d5b449e-0612-4e56-963b-5841afefea1c => generated 19 bytes in 13 msecs (HTTP/1.1 200) 8 headers in 295 bytes (1 switches on core 0)
Jun 14 19:47:39.968715 dv-cinder-845806-1-iscsi devstack@placement-api.service[110956]: DEBUG placement.requestlog [req-ea934e9c-8af0-4c6c-b07f-2e375133da0d req-d99bec95-8407-46a3-8dea-a5d2376fc536 None None] Starting request: 10.222.0.44 "PUT /placement/allocations/5d5b449e-0612-4e56-963b-5841afefea1c" {{(pid=110956) __call__ /opt/stack/placement/placement/requestlog.py:55}}
