Jun 24 08:34:34.097230 dv-cinder-845178-9-iscsi devstack@c-api.service[117506]: /usr/local/lib/python3.8/dist-packages/oslo_policy/policy.py:809: UserWarning: Policy "volume_extension:default_set_or_update":"rule:system_or_domain_or_project_admin" was deprecated in X in favor of "volume_extension:default_set_or_update":"rule:admin_api". Reason: Default policies now support the three Keystone default roles, namely 'admin', 'member', and 'reader' to implement three Cinder "personas". See "Policy Personas and Permissions" in the "Cinder Service Configuration" documentation (Xena release) for details.. Either ensure your deployment is ready for the new default or copy/paste the deprecated policy into your policy file and maintain it manually.
Jun 24 08:34:34.097230 dv-cinder-845178-9-iscsi devstack@c-api.service[117506]: warnings.warn(deprecated_msg)
Jun 24 08:34:34.097230 dv-cinder-845178-9-iscsi devstack@c-api.service[117506]: /usr/local/lib/python3.8/dist-packages/oslo_policy/policy.py:809: UserWarning: Policy "volume_extension:default_get":"rule:system_or_domain_or_project_admin" was deprecated in X in favor of "volume_extension:default_get":"rule:admin_api". Reason: Default policies now support the three Keystone default roles, namely 'admin', 'member', and 'reader' to implement three Cinder "personas". See "Policy Personas and Permissions" in the "Cinder Service Configuration" documentation (Xena release) for details.. Either ensure your deployment is ready for the new default or copy/paste the deprecated policy into your policy file and maintain it manually.
Jun 24 08:34:34.097230 dv-cinder-845178-9-iscsi devstack@c-api.service[117506]: warnings.warn(deprecated_msg)
Jun 24 08:34:34.097230 dv-cinder-845178-9-iscsi devstack@c-api.service[117506]: /usr/local/lib/python3.8/dist-packages/oslo_policy/policy.py:809: UserWarning: Policy "volume_extension:default_get_all":"role:admin and system_scope:all" was deprecated in X in favor of "volume_extension:default_get_all":"rule:admin_api". Reason: Default policies now support the three Keystone default roles, namely 'admin', 'member', and 'reader' to implement three Cinder "personas". See "Policy Personas and Permissions" in the "Cinder Service Configuration" documentation (Xena release) for details.. Either ensure your deployment is ready for the new default or copy/paste the deprecated policy into your policy file and maintain it manually.
Jun 24 08:34:34.098115 dv-cinder-845178-9-iscsi devstack@c-api.service[117506]: warnings.warn(deprecated_msg)
Jun 24 08:34:34.098115 dv-cinder-845178-9-iscsi devstack@c-api.service[117506]: /usr/local/lib/python3.8/dist-packages/oslo_policy/policy.py:809: UserWarning: Policy "volume_extension:default_unset":"rule:system_or_domain_or_project_admin" was deprecated in X in favor of "volume_extension:default_unset":"rule:admin_api". Reason: Default policies now support the three Keystone default roles, namely 'admin', 'member', and 'reader' to implement three Cinder "personas". See "Policy Personas and Permissions" in the "Cinder Service Configuration" documentation (Xena release) for details.. Either ensure your deployment is ready for the new default or copy/paste the deprecated policy into your policy file and maintain it manually.
Jun 24 08:34:34.098115 dv-cinder-845178-9-iscsi devstack@c-api.service[117506]: warnings.warn(deprecated_msg)
Jun 24 08:34:34.098115 dv-cinder-845178-9-iscsi devstack@c-api.service[117506]: DEBUG cinder.api.middleware.request_id [None req-a5ef0fe7-ca52-47b6-96d7-45c0cf8fd5bd None None] RequestId filter calling following filter/app {{(pid=117506) _context_setter /opt/stack/cinder/cinder/api/middleware/request_id.py:62}}
Jun 24 08:34:34.959501 dv-cinder-845178-9-iscsi devstack@c-api.service[117506]: INFO cinder.api.openstack.wsgi [None req-a5ef0fe7-ca52-47b6-96d7-45c0cf8fd5bd admin admin] POST http://10.222.0.43/volume/v3/ffa0e0eb99bd42cebd2bc5b9d635fa5d/types
Jun 24 08:34:34.961150 dv-cinder-845178-9-iscsi devstack@c-api.service[117506]: DEBUG cinder.api.openstack.wsgi [None req-a5ef0fe7-ca52-47b6-96d7-45c0cf8fd5bd admin admin] Action: 'create', calling method: _create, body: {"volume_type": {"name": "lvmdriver-1", "description": null, "os-volume-type-access:is_public": true}} {{(pid=117506) _process_stack /opt/stack/cinder/cinder/api/openstack/wsgi.py:866}}
Jun 24 08:34:34.963751 dv-cinder-845178-9-iscsi devstack@c-api.service[117506]: /usr/local/lib/python3.8/dist-packages/oslo_context/context.py:100: DeprecationWarning: Policy enforcement is depending on the value of is_admin. This key is deprecated. Please update your policy file to use the standard policy values.
Jun 24 08:34:34.963751 dv-cinder-845178-9-iscsi devstack@c-api.service[117506]: warnings.warn('Policy enforcement is depending on the value of '
Jun 24 08:34:34.973311 dv-cinder-845178-9-iscsi devstack@c-api.service[117506]: DEBUG oslo_db.sqlalchemy.engines [None req-a5ef0fe7-ca52-47b6-96d7-45c0cf8fd5bd admin admin] MySQL server mode set to STRICT_TRANS_TABLES,STRICT_ALL_TABLES,NO_ZERO_IN_DATE,NO_ZERO_DATE,ERROR_FOR_DIVISION_BY_ZERO,TRADITIONAL,NO_ENGINE_SUBSTITUTION {{(pid=117506) _check_effective_sql_mode /usr/local/lib/python3.8/dist-packages/oslo_db/sqlalchemy/engines.py:314}}
Jun 24 08:34:35.024079 dv-cinder-845178-9-iscsi devstack@c-api.service[117506]: INFO cinder.api.openstack.wsgi [None req-a5ef0fe7-ca52-47b6-96d7-45c0cf8fd5bd admin admin] http://10.222.0.43/volume/v3/ffa0e0eb99bd42cebd2bc5b9d635fa5d/types returned with HTTP 200
Jun 24 08:34:35.025495 dv-cinder-845178-9-iscsi devstack@c-api.service[117506]: [pid: 117506|app: 0|req: 1/2] 10.222.0.43 () {60 vars in 1237 bytes} [Fri Jun 24 08:34:34 2022] POST /volume/v3/ffa0e0eb99bd42cebd2bc5b9d635fa5d/types => generated 186 bytes in 974 msecs (HTTP/1.1 200) 7 headers in 285 bytes (1 switches on core 0)
Jun 24 08:34:35.032174 dv-cinder-845178-9-iscsi devstack@c-api.service[117507]: DEBUG cinder.api.middleware.request_id [req-a5ef0fe7-ca52-47b6-96d7-45c0cf8fd5bd req-edf7a325-3ba3-48ec-8b09-733ce33c3320 None None] RequestId filter calling following filter/app {{(pid=117507) _context_setter /opt/stack/cinder/cinder/api/middleware/request_id.py:62}}
Jun 24 08:34:35.687688 dv-cinder-845178-9-iscsi devstack@c-api.service[117507]: INFO cinder.api.openstack.wsgi [req-a5ef0fe7-ca52-47b6-96d7-45c0cf8fd5bd req-edf7a325-3ba3-48ec-8b09-733ce33c3320 admin admin] POST http://10.222.0.43/volume/v3/ffa0e0eb99bd42cebd2bc5b9d635fa5d/types/5056c7a9-0a9f-49ff-b737-a34121bc4aed/extra_specs
Jun 24 08:34:35.688855 dv-cinder-845178-9-iscsi devstack@c-api.service[117507]: DEBUG cinder.api.openstack.wsgi [req-a5ef0fe7-ca52-47b6-96d7-45c0cf8fd5bd req-edf7a325-3ba3-48ec-8b09-733ce33c3320 admin admin] Action: 'create', calling method: create, body: {"extra_specs": {"volume_backend_name": "lvmdriver-1"}} {{(pid=117507) _process_stack /opt/stack/cinder/cinder/api/openstack/wsgi.py:866}}
Jun 24 08:34:35.690885 dv-cinder-845178-9-iscsi devstack@c-api.service[117507]: /usr/local/lib/python3.8/dist-packages/oslo_context/context.py:100: DeprecationWarning: Policy enforcement is depending on the value of is_admin. This key is deprecated. Please update your policy file to use the standard policy values.
Jun 24 08:34:35.690885 dv-cinder-845178-9-iscsi devstack@c-api.service[117507]: warnings.warn('Policy enforcement is depending on the value of '
Jun 24 08:34:35.698124 dv-cinder-845178-9-iscsi devstack@c-api.service[117507]: DEBUG oslo_db.sqlalchemy.engines [req-a5ef0fe7-ca52-47b6-96d7-45c0cf8fd5bd req-edf7a325-3ba3-48ec-8b09-733ce33c3320 admin admin] MySQL server mode set to STRICT_TRANS_TABLES,STRICT_ALL_TABLES,NO_ZERO_IN_DATE,NO_ZERO_DATE,ERROR_FOR_DIVISION_BY_ZERO,TRADITIONAL,NO_ENGINE_SUBSTITUTION {{(pid=117507) _check_effective_sql_mode /usr/local/lib/python3.8/dist-packages/oslo_db/sqlalchemy/engines.py:314}}
Jun 24 08:34:35.813838 dv-cinder-845178-9-iscsi devstack@c-api.service[117507]: INFO cinder.api.openstack.wsgi [req-a5ef0fe7-ca52-47b6-96d7-45c0cf8fd5bd req-edf7a325-3ba3-48ec-8b09-733ce33c3320 admin admin] http://10.222.0.43/volume/v3/ffa0e0eb99bd42cebd2bc5b9d635fa5d/types/5056c7a9-0a9f-49ff-b737-a34121bc4aed/extra_specs returned with HTTP 200
Jun 24 08:34:35.814628 dv-cinder-845178-9-iscsi devstack@c-api.service[117507]: [pid: 117507|app: 0|req: 2/3] 10.222.0.43 () {62 vars in 1454 bytes} [Fri Jun 24 08:34:35 2022] POST /volume/v3/ffa0e0eb99bd42cebd2bc5b9d635fa5d/types/5056c7a9-0a9f-49ff-b737-a34121bc4aed/extra_specs => generated 55 bytes in 783 msecs (HTTP/1.1 200) 7 headers in 284 bytes (1 switches on core 0)
Jun 24 08:34:45.018249 dv-cinder-845178-9-iscsi devstack@c-api.service[117506]: DEBUG dbcounter [-] [117506] Writing DB stats cinder:SELECT=18,cinder:INSERT=1 {{(pid=117506) stat_writer /usr/local/lib/python3.8/dist-packages/dbcounter.py:114}}
Jun 24 08:34:45.811400 dv-cinder-845178-9-iscsi devstack@c-api.service[117507]: DEBUG dbcounter [-] [117507] Writing DB stats cinder:SELECT=25,cinder:INSERT=1 {{(pid=117507) stat_writer /usr/local/lib/python3.8/dist-packages/dbcounter.py:114}}
Jun 24 08:35:13.600430 dv-cinder-845178-9-iscsi devstack@c-api.service[117506]: DEBUG cinder.api.middleware.request_id [None req-4b8debfa-f4dc-4cb1-a880-c20ec27327c8 None None] RequestId filter calling following filter/app {{(pid=117506) _context_setter /opt/stack/cinder/cinder/api/middleware/request_id.py:62}}
Jun 24 08:35:13.601651 dv-cinder-845178-9-iscsi devstack@c-api.service[117506]: INFO cinder.api.openstack.wsgi [None req-4b8debfa-f4dc-4cb1-a880-c20ec27327c8 None None] GET http://10.222.0.43/volume//
Jun 24 08:35:13.602052 dv-cinder-845178-9-iscsi devstack@c-api.service[117506]: DEBUG cinder.api.openstack.wsgi [None req-4b8debfa-f4dc-4cb1-a880-c20ec27327c8 None None] Empty body provided in request {{(pid=117506) get_body /opt/stack/cinder/cinder/api/openstack/wsgi.py:715}}
Jun 24 08:35:13.602509 dv-cinder-845178-9-iscsi devstack@c-api.service[117506]: DEBUG cinder.api.openstack.wsgi [None req-4b8debfa-f4dc-4cb1-a880-c20ec27327c8 None None] Calling method 'all' {{(pid=117506) _process_stack /opt/stack/cinder/cinder/api/openstack/wsgi.py:868}}
Jun 24 08:35:13.603608 dv-cinder-845178-9-iscsi devstack@c-api.service[117506]: INFO cinder.api.openstack.wsgi [None req-4b8debfa-f4dc-4cb1-a880-c20ec27327c8 None None] http://10.222.0.43/volume// returned with HTTP 300
Jun 24 08:35:13.604174 dv-cinder-845178-9-iscsi devstack@c-api.service[117506]: [pid: 117506|app: 0|req: 2/4] 10.222.0.43 () {56 vars in 1098 bytes} [Fri Jun 24 08:35:13 2022] GET /volume/ => generated 386 bytes in 5 msecs (HTTP/1.1 300) 7 headers in 299 bytes (1 switches on core 0)
Jun 24 08:37:44.118740 dv-cinder-845178-9-iscsi devstack@c-api.service[117507]: DEBUG cinder.api.middleware.request_id [None req-919f118b-04ad-49a1-a3d4-473c28ea2de8 None None] RequestId filter calling following filter/app {{(pid=117507) _context_setter /opt/stack/cinder/cinder/api/middleware/request_id.py:62}}
Jun 24 08:37:44.250253 dv-cinder-845178-9-iscsi devstack@c-api.service[117507]: INFO cinder.api.openstack.wsgi [None req-919f118b-04ad-49a1-a3d4-473c28ea2de8 tempest-verify_tempest_config-2107167484 tempest-verify_tempest_config-2107167484-project] GET http://10.222.0.43/volume/v3/50c466debf83435086ab12409f2819bc/extensions
Jun 24 08:37:44.250702 dv-cinder-845178-9-iscsi devstack@c-api.service[117507]: DEBUG cinder.api.openstack.wsgi [None req-919f118b-04ad-49a1-a3d4-473c28ea2de8 tempest-verify_tempest_config-2107167484 tempest-verify_tempest_config-2107167484-project] Empty body provided in request {{(pid=117507) get_body /opt/stack/cinder/cinder/api/openstack/wsgi.py:715}}
Jun 24 08:37:44.251146 dv-cinder-845178-9-iscsi devstack@c-api.service[117507]: DEBUG cinder.api.openstack.wsgi [None req-919f118b-04ad-49a1-a3d4-473c28ea2de8 tempest-verify_tempest_config-2107167484 tempest-verify_tempest_config-2107167484-project] Calling method 'index' {{(pid=117507) _process_stack /opt/stack/cinder/cinder/api/openstack/wsgi.py:868}}
Jun 24 08:37:44.252418 dv-cinder-845178-9-iscsi devstack@c-api.service[117507]: INFO cinder.api.openstack.wsgi [None req-919f118b-04ad-49a1-a3d4-473c28ea2de8 tempest-verify_tempest_config-2107167484 tempest-verify_tempest_config-2107167484-project] http://10.222.0.43/volume/v3/50c466debf83435086ab12409f2819bc/extensions returned with HTTP 200
Jun 24 08:37:44.253114 dv-cinder-845178-9-iscsi devstack@c-api.service[117507]: [pid: 117507|app: 0|req: 3/5] 10.222.0.43 () {58 vars in 1222 bytes} [Fri Jun 24 08:37:44 2022] GET /volume/v3/50c466debf83435086ab12409f2819bc/extensions => generated 5245 bytes in 136 msecs (HTTP/1.1 200) 7 headers in 286 bytes (1 switches on core 0)
Jun 24 08:39:53.425989 dv-cinder-845178-9-iscsi devstack@c-api.service[117506]: DEBUG cinder.api.middleware.request_id [None req-d6aad896-692f-41ec-a21b-a7bdf2fc4b37 None None] RequestId filter calling following filter/app {{(pid=117506) _context_setter /opt/stack/cinder/cinder/api/middleware/request_id.py:62}}
Jun 24 08:39:53.522237 dv-cinder-845178-9-iscsi devstack@c-api.service[117506]: INFO cinder.api.openstack.wsgi [None req-d6aad896-692f-41ec-a21b-a7bdf2fc4b37 admin admin] GET http://10.222.0.43/volume/v3/ffa0e0eb99bd42cebd2bc5b9d635fa5d/os-services
Jun 24 08:39:53.522685 dv-cinder-845178-9-iscsi devstack@c-api.service[117506]: DEBUG cinder.api.openstack.wsgi [None req-d6aad896-692f-41ec-a21b-a7bdf2fc4b37 admin admin] Empty body provided in request {{(pid=117506) get_body /opt/stack/cinder/cinder/api/openstack/wsgi.py:715}}
Jun 24 08:39:53.523152 dv-cinder-845178-9-iscsi devstack@c-api.service[117506]: DEBUG cinder.api.openstack.wsgi [None req-d6aad896-692f-41ec-a21b-a7bdf2fc4b37 admin admin] Calling method 'index' {{(pid=117506) _process_stack /opt/stack/cinder/cinder/api/openstack/wsgi.py:868}}
Jun 24 08:39:53.531960 dv-cinder-845178-9-iscsi devstack@c-api.service[117506]: INFO cinder.api.openstack.wsgi [None req-d6aad896-692f-41ec-a21b-a7bdf2fc4b37 admin admin] http://10.222.0.43/volume/v3/ffa0e0eb99bd42cebd2bc5b9d635fa5d/os-services returned with HTTP 200
Jun 24 08:39:53.532673 dv-cinder-845178-9-iscsi devstack@c-api.service[117506]: [pid: 117506|app: 0|req: 3/6] 10.222.0.43 () {56 vars in 1201 bytes} [Fri Jun 24 08:39:53 2022] GET /volume/v3/ffa0e0eb99bd42cebd2bc5b9d635fa5d/os-services => generated 642 bytes in 108 msecs (HTTP/1.1 200) 7 headers in 285 bytes (1 switches on core 0)
Jun 24 08:39:55.881875 dv-cinder-845178-9-iscsi devstack@c-api.service[117507]: DEBUG cinder.api.middleware.request_id [None req-04f8cb66-fca9-4b37-bd72-4205ee108ccd None None] RequestId filter calling following filter/app {{(pid=117507) _context_setter /opt/stack/cinder/cinder/api/middleware/request_id.py:62}}
Jun 24 08:39:55.935550 dv-cinder-845178-9-iscsi devstack@c-api.service[117507]: INFO cinder.api.openstack.wsgi [None req-04f8cb66-fca9-4b37-bd72-4205ee108ccd admin admin] GET http://10.222.0.43/volume/v3/ffa0e0eb99bd42cebd2bc5b9d635fa5d/os-services
Jun 24 08:39:55.936004 dv-cinder-845178-9-iscsi devstack@c-api.service[117507]: DEBUG cinder.api.openstack.wsgi [None req-04f8cb66-fca9-4b37-bd72-4205ee108ccd admin admin] Empty body provided in request {{(pid=117507) get_body /opt/stack/cinder/cinder/api/openstack/wsgi.py:715}}
Jun 24 08:39:55.936465 dv-cinder-845178-9-iscsi devstack@c-api.service[117507]: DEBUG cinder.api.openstack.wsgi [None req-04f8cb66-fca9-4b37-bd72-4205ee108ccd admin admin] Calling method 'index' {{(pid=117507) _process_stack /opt/stack/cinder/cinder/api/openstack/wsgi.py:868}}
Jun 24 08:39:55.946147 dv-cinder-845178-9-iscsi devstack@c-api.service[117507]: INFO cinder.api.openstack.wsgi [None req-04f8cb66-fca9-4b37-bd72-4205ee108ccd admin admin] http://10.222.0.43/volume/v3/ffa0e0eb99bd42cebd2bc5b9d635fa5d/os-services returned with HTTP 200
Jun 24 08:39:55.946833 dv-cinder-845178-9-iscsi devstack@c-api.service[117507]: [pid: 117507|app: 0|req: 4/7] 10.222.0.43 () {56 vars in 1201 bytes} [Fri Jun 24 08:39:55 2022] GET /volume/v3/ffa0e0eb99bd42cebd2bc5b9d635fa5d/os-services => generated 642 bytes in 69 msecs (HTTP/1.1 200) 7 headers in 285 bytes (1 switches on core 0)
Jun 24 08:40:03.528138 dv-cinder-845178-9-iscsi devstack@c-api.service[117506]: DEBUG dbcounter [-] [117506] Writing DB stats cinder:SELECT=2 {{(pid=117506) stat_writer /usr/local/lib/python3.8/dist-packages/dbcounter.py:114}}
Jun 24 08:40:05.941365 dv-cinder-845178-9-iscsi devstack@c-api.service[117507]: DEBUG dbcounter [-] [117507] Writing DB stats cinder:SELECT=2 {{(pid=117507) stat_writer /usr/local/lib/python3.8/dist-packages/dbcounter.py:114}}
Jun 24 08:41:32.194927 dv-cinder-845178-9-iscsi devstack@c-api.service[117506]: DEBUG cinder.api.middleware.request_id [None req-0694e18d-c457-456f-86c1-d43c479ad6b1 None None] RequestId filter calling following filter/app {{(pid=117506) _context_setter /opt/stack/cinder/cinder/api/middleware/request_id.py:62}}
Jun 24 08:41:32.420517 dv-cinder-845178-9-iscsi devstack@c-api.service[117507]: DEBUG cinder.api.middleware.request_id [None req-6b8848fb-6360-4117-b3a5-c11812774a61 None None] RequestId filter calling following filter/app {{(pid=117507) _context_setter /opt/stack/cinder/cinder/api/middleware/request_id.py:62}}
Jun 24 08:41:32.663358 dv-cinder-845178-9-iscsi devstack@c-api.service[117506]: INFO cinder.api.openstack.wsgi [None req-0694e18d-c457-456f-86c1-d43c479ad6b1 tempest-VolumePoolsAdminTestsJSON-526820242 tempest-VolumePoolsAdminTestsJSON-526820242-project-admin] GET http://10.222.0.43/volume/v3/0863eba7b6434b73b6f6868a86d4c6f0/scheduler-stats/get_pools?detail=True
Jun 24 08:41:32.664122 dv-cinder-845178-9-iscsi devstack@c-api.service[117506]: DEBUG cinder.api.openstack.wsgi [None req-0694e18d-c457-456f-86c1-d43c479ad6b1 tempest-VolumePoolsAdminTestsJSON-526820242 tempest-VolumePoolsAdminTestsJSON-526820242-project-admin] Empty body provided in request {{(pid=117506) get_body /opt/stack/cinder/cinder/api/openstack/wsgi.py:715}}
Jun 24 08:41:32.665025 dv-cinder-845178-9-iscsi devstack@c-api.service[117506]: DEBUG cinder.api.openstack.wsgi [None req-0694e18d-c457-456f-86c1-d43c479ad6b1 tempest-VolumePoolsAdminTestsJSON-526820242 tempest-VolumePoolsAdminTestsJSON-526820242-project-admin] Calling method 'get_pools' {{(pid=117506) _process_stack /opt/stack/cinder/cinder/api/openstack/wsgi.py:868}}
Jun 24 08:41:32.766609 dv-cinder-845178-9-iscsi devstack@c-api.service[117506]: INFO cinder.api.openstack.wsgi [None req-0694e18d-c457-456f-86c1-d43c479ad6b1 tempest-VolumePoolsAdminTestsJSON-526820242 tempest-VolumePoolsAdminTestsJSON-526820242-project-admin] http://10.222.0.43/volume/v3/0863eba7b6434b73b6f6868a86d4c6f0/scheduler-stats/get_pools?detail=True returned with HTTP 200
Jun 24 08:41:32.767518 dv-cinder-845178-9-iscsi devstack@c-api.service[117506]: [pid: 117506|app: 0|req: 4/8] 10.222.0.43 () {58 vars in 1290 bytes} [Fri Jun 24 08:41:32 2022] GET /volume/v3/0863eba7b6434b73b6f6868a86d4c6f0/scheduler-stats/get_pools?detail=True => generated 482 bytes in 575 msecs (HTTP/1.1 200) 7 headers in 285 bytes (1 switches on core 0)
Jun 24 08:41:32.777306 dv-cinder-845178-9-iscsi devstack@c-api.service[117506]: DEBUG cinder.api.middleware.request_id [req-21cb0f56-557a-4198-bcc4-8020a0a836e5 req-31a50350-747f-4e20-8f09-19f8d888a61b None None] RequestId filter calling following filter/app {{(pid=117506) _context_setter /opt/stack/cinder/cinder/api/middleware/request_id.py:62}}
Jun 24 08:41:32.830686 dv-cinder-845178-9-iscsi devstack@c-api.service[117507]: INFO cinder.api.openstack.wsgi [None req-6b8848fb-6360-4117-b3a5-c11812774a61 tempest-VolumeServicesNegativeTest-1471135163 tempest-VolumeServicesNegativeTest-1471135163-project-admin] GET http://10.222.0.43/volume/v3/f1e8799d479c4cfcbe463be004486689/os-services
Jun 24 08:41:32.831437 dv-cinder-845178-9-iscsi devstack@c-api.service[117507]: DEBUG cinder.api.openstack.wsgi [None req-6b8848fb-6360-4117-b3a5-c11812774a61 tempest-VolumeServicesNegativeTest-1471135163 tempest-VolumeServicesNegativeTest-1471135163-project-admin] Empty body provided in request {{(pid=117507) get_body /opt/stack/cinder/cinder/api/openstack/wsgi.py:715}}
Jun 24 08:41:32.832092 dv-cinder-845178-9-iscsi devstack@c-api.service[117507]: DEBUG cinder.api.openstack.wsgi [None req-6b8848fb-6360-4117-b3a5-c11812774a61 tempest-VolumeServicesNegativeTest-1471135163 tempest-VolumeServicesNegativeTest-1471135163-project-admin] Calling method 'index' {{(pid=117507) _process_stack /opt/stack/cinder/cinder/api/openstack/wsgi.py:868}}
Jun 24 08:41:32.851715 dv-cinder-845178-9-iscsi devstack@c-api.service[117507]: INFO cinder.api.openstack.wsgi [None req-6b8848fb-6360-4117-b3a5-c11812774a61 tempest-VolumeServicesNegativeTest-1471135163 tempest-VolumeServicesNegativeTest-1471135163-project-admin] http://10.222.0.43/volume/v3/f1e8799d479c4cfcbe463be004486689/os-services returned with HTTP 200
Jun 24 08:41:32.854260 dv-cinder-845178-9-iscsi devstack@c-api.service[117507]: [pid: 117507|app: 0|req: 5/9] 10.222.0.43 () {58 vars in 1225 bytes} [Fri Jun 24 08:41:32 2022] GET /volume/v3/f1e8799d479c4cfcbe463be004486689/os-services => generated 642 bytes in 435 msecs (HTTP/1.1 200) 7 headers in 285 bytes (2 switches on core 0)
Jun 24 08:41:32.863318 dv-cinder-845178-9-iscsi devstack@c-api.service[117507]: DEBUG cinder.api.middleware.request_id [req-d3d40769-aca3-4307-9919-f4427686e47a req-56b1f871-0935-4e5b-9c9e-e590fad1bdb1 None None] RequestId filter calling following filter/app {{(pid=117507) _context_setter /opt/stack/cinder/cinder/api/middleware/request_id.py:62}}
Jun 24 08:41:33.015469 dv-cinder-845178-9-iscsi devstack@c-api.service[117506]: WARNING keystonemiddleware.auth_token [req-21cb0f56-557a-4198-bcc4-8020a0a836e5 req-31a50350-747f-4e20-8f09-19f8d888a61b None None] A valid token was submitted as a service token, but it was not a valid service token. This is incorrect but backwards compatible behaviour. This will be removed in future releases.
Jun 24 08:41:33.018667 dv-cinder-845178-9-iscsi devstack@c-api.service[117506]: INFO cinder.api.openstack.wsgi [req-21cb0f56-557a-4198-bcc4-8020a0a836e5 req-31a50350-747f-4e20-8f09-19f8d888a61b tempest-VolumesNegativeTest-777821456 tempest-VolumesNegativeTest-777821456-project] DELETE http://10.222.0.43/volume/v3/720fe6eaea524e23b60da4aa4a4973e3/volumes/tempest-invalid-49352961
Jun 24 08:41:33.019065 dv-cinder-845178-9-iscsi devstack@c-api.service[117506]: DEBUG cinder.api.openstack.wsgi [req-21cb0f56-557a-4198-bcc4-8020a0a836e5 req-31a50350-747f-4e20-8f09-19f8d888a61b tempest-VolumesNegativeTest-777821456 tempest-VolumesNegativeTest-777821456-project] Empty body provided in request {{(pid=117506) get_body /opt/stack/cinder/cinder/api/openstack/wsgi.py:715}}
Jun 24 08:41:33.019566 dv-cinder-845178-9-iscsi devstack@c-api.service[117506]: DEBUG cinder.api.openstack.wsgi [req-21cb0f56-557a-4198-bcc4-8020a0a836e5 req-31a50350-747f-4e20-8f09-19f8d888a61b tempest-VolumesNegativeTest-777821456 tempest-VolumesNegativeTest-777821456-project] Calling method 'delete' {{(pid=117506) _process_stack /opt/stack/cinder/cinder/api/openstack/wsgi.py:868}}
Jun 24 08:41:33.020234 dv-cinder-845178-9-iscsi devstack@c-api.service[117506]: INFO cinder.api.v3.volumes [req-21cb0f56-557a-4198-bcc4-8020a0a836e5 req-31a50350-747f-4e20-8f09-19f8d888a61b tempest-VolumesNegativeTest-777821456 tempest-VolumesNegativeTest-777821456-project] Delete volume with id: tempest-invalid-49352961
Jun 24 08:41:33.030173 dv-cinder-845178-9-iscsi devstack@c-api.service[117507]: WARNING keystonemiddleware.auth_token [req-d3d40769-aca3-4307-9919-f4427686e47a req-56b1f871-0935-4e5b-9c9e-e590fad1bdb1 None None] A valid token was submitted as a service token, but it was not a valid service token. This is incorrect but backwards compatible behaviour. This will be removed in future releases.
Jun 24 08:41:33.033578 dv-cinder-845178-9-iscsi devstack@c-api.service[117507]: INFO cinder.api.openstack.wsgi [req-d3d40769-aca3-4307-9919-f4427686e47a req-56b1f871-0935-4e5b-9c9e-e590fad1bdb1 tempest-VolumesSnapshotsTestJSON-927841216 tempest-VolumesSnapshotsTestJSON-927841216-project] POST http://10.222.0.43/volume/v3/0586fe42a68745ec86eaca054e20ffea/volumes
Jun 24 08:41:33.034312 dv-cinder-845178-9-iscsi devstack@c-api.service[117507]: DEBUG cinder.api.openstack.wsgi [req-d3d40769-aca3-4307-9919-f4427686e47a req-56b1f871-0935-4e5b-9c9e-e590fad1bdb1 tempest-VolumesSnapshotsTestJSON-927841216 tempest-VolumesSnapshotsTestJSON-927841216-project] Action: 'create', calling method: create, body: {"volume": {"size": 1, "consistencygroup_id": null, "snapshot_id": null, "name": "tempest-VolumesSnapshotsTestJSON-volume-1334760253", "description": null, "volume_type": null, "availability_zone": null, "metadata": {}, "imageRef": null, "source_volid": null, "backup_id": null}} {{(pid=117507) _process_stack /opt/stack/cinder/cinder/api/openstack/wsgi.py:866}}
Jun 24 08:41:33.038534 dv-cinder-845178-9-iscsi devstack@c-api.service[117507]: DEBUG cinder.api.v3.volumes [req-d3d40769-aca3-4307-9919-f4427686e47a req-56b1f871-0935-4e5b-9c9e-e590fad1bdb1 tempest-VolumesSnapshotsTestJSON-927841216 tempest-VolumesSnapshotsTestJSON-927841216-project] Create volume request body: {'volume': {'size': 1, 'consistencygroup_id': None, 'snapshot_id': None, 'name': 'tempest-VolumesSnapshotsTestJSON-volume-1334760253', 'description': None, 'volume_type': None, 'availability_zone': None, 'metadata': {}, 'imageRef': None, 'source_volid': None, 'backup_id': None}} {{(pid=117507) create /opt/stack/cinder/cinder/api/v3/volumes.py:298}}
Jun 24 08:41:33.039151 dv-cinder-845178-9-iscsi devstack@c-api.service[117507]: INFO cinder.api.v3.volumes [req-d3d40769-aca3-4307-9919-f4427686e47a req-56b1f871-0935-4e5b-9c9e-e590fad1bdb1 tempest-VolumesSnapshotsTestJSON-927841216 tempest-VolumesSnapshotsTestJSON-927841216-project] Create volume of 1 GB
Jun 24 08:41:33.077278 dv-cinder-845178-9-iscsi devstack@c-api.service[117507]: DEBUG cinder.volume.api [req-d3d40769-aca3-4307-9919-f4427686e47a req-56b1f871-0935-4e5b-9c9e-e590fad1bdb1 tempest-VolumesSnapshotsTestJSON-927841216 tempest-VolumesSnapshotsTestJSON-927841216-project] Availability zone cache updated, next update will occur around 2022-06-24 09:41:33.076334. {{(pid=117507) list_availability_zones /opt/stack/cinder/cinder/volume/api.py:153}}
Jun 24 08:41:33.077977 dv-cinder-845178-9-iscsi devstack@c-api.service[117507]: INFO cinder.volume.api [req-d3d40769-aca3-4307-9919-f4427686e47a req-56b1f871-0935-4e5b-9c9e-e590fad1bdb1 tempest-VolumesSnapshotsTestJSON-927841216 tempest-VolumesSnapshotsTestJSON-927841216-project] Availability Zones retrieved successfully.
Jun 24 08:41:33.157602 dv-cinder-845178-9-iscsi devstack@c-api.service[117507]: DEBUG cinder.volume.api [req-d3d40769-aca3-4307-9919-f4427686e47a req-56b1f871-0935-4e5b-9c9e-e590fad1bdb1 tempest-VolumesSnapshotsTestJSON-927841216 tempest-VolumesSnapshotsTestJSON-927841216-project] Flow 'volume_create_api' (1414bebf-41b0-4baf-af28-a55985fc63ee) transitioned into state 'RUNNING' from state 'PENDING' {{(pid=117507) _flow_receiver /usr/local/lib/python3.8/dist-packages/taskflow/listeners/logging.py:141}}
Jun 24 08:41:33.161385 dv-cinder-845178-9-iscsi devstack@c-api.service[117507]: DEBUG cinder.volume.api [req-d3d40769-aca3-4307-9919-f4427686e47a req-56b1f871-0935-4e5b-9c9e-e590fad1bdb1 tempest-VolumesSnapshotsTestJSON-927841216 tempest-VolumesSnapshotsTestJSON-927841216-project] Task 'cinder.volume.flows.api.create_volume.ExtractVolumeRequestTask;volume:create' (d8063019-2675-4408-bdc9-5419e60b317e) transitioned into state 'RUNNING' from state 'PENDING' {{(pid=117507) _task_receiver /usr/local/lib/python3.8/dist-packages/taskflow/listeners/logging.py:190}}
Jun 24 08:41:33.165418 dv-cinder-845178-9-iscsi devstack@c-api.service[117507]: DEBUG cinder.volume.flows.api.create_volume [req-d3d40769-aca3-4307-9919-f4427686e47a req-56b1f871-0935-4e5b-9c9e-e590fad1bdb1 tempest-VolumesSnapshotsTestJSON-927841216 tempest-VolumesSnapshotsTestJSON-927841216-project] Validating volume size '1' using validate_int {{(pid=117507) _extract_size /opt/stack/cinder/cinder/volume/flows/api/create_volume.py:228}}
Jun 24 08:41:33.171263 dv-cinder-845178-9-iscsi devstack@c-api.service[117506]: INFO cinder.api.openstack.wsgi [req-21cb0f56-557a-4198-bcc4-8020a0a836e5 req-31a50350-747f-4e20-8f09-19f8d888a61b tempest-VolumesNegativeTest-777821456 tempest-VolumesNegativeTest-777821456-project] http://10.222.0.43/volume/v3/720fe6eaea524e23b60da4aa4a4973e3/volumes/tempest-invalid-49352961 returned with HTTP 404
Jun 24 08:41:33.172273 dv-cinder-845178-9-iscsi devstack@c-api.service[117506]: [pid: 117506|app: 0|req: 5/10] 10.222.0.43 () {62 vars in 1564 bytes} [Fri Jun 24 08:41:32 2022] DELETE /volume/v3/720fe6eaea524e23b60da4aa4a4973e3/volumes/tempest-invalid-49352961 => generated 97 bytes in 404 msecs (HTTP/1.1 404) 7 headers in 291 bytes (1 switches on core 0)
Jun 24 08:41:33.173773 dv-cinder-845178-9-iscsi devstack@c-api.service[117506]: DEBUG cinder.api.middleware.request_id [None req-4557c3c6-af98-49e8-a9f6-5758c408f2ce None None] RequestId filter calling following filter/app {{(pid=117506) _context_setter /opt/stack/cinder/cinder/api/middleware/request_id.py:62}}
Jun 24 08:41:33.188361 dv-cinder-845178-9-iscsi devstack@c-api.service[117506]: INFO cinder.api.openstack.wsgi [None req-4557c3c6-af98-49e8-a9f6-5758c408f2ce tempest-VolumePoolsAdminTestsJSON-526820242 tempest-VolumePoolsAdminTestsJSON-526820242-project-admin] GET http://10.222.0.43/volume/v3/0863eba7b6434b73b6f6868a86d4c6f0/scheduler-stats/get_pools
Jun 24 08:41:33.188361 dv-cinder-845178-9-iscsi devstack@c-api.service[117506]: DEBUG cinder.api.openstack.wsgi [None req-4557c3c6-af98-49e8-a9f6-5758c408f2ce tempest-VolumePoolsAdminTestsJSON-526820242 tempest-VolumePoolsAdminTestsJSON-526820242-project-admin] Empty body provided in request {{(pid=117506) get_body /opt/stack/cinder/cinder/api/openstack/wsgi.py:715}}
Jun 24 08:41:33.188361 dv-cinder-845178-9-iscsi devstack@c-api.service[117506]: DEBUG cinder.api.openstack.wsgi [None req-4557c3c6-af98-49e8-a9f6-5758c408f2ce tempest-VolumePoolsAdminTestsJSON-526820242 tempest-VolumePoolsAdminTestsJSON-526820242-project-admin] Calling method 'get_pools' {{(pid=117506) _process_stack /opt/stack/cinder/cinder/api/openstack/wsgi.py:868}}
Jun 24 08:41:33.248020 dv-cinder-845178-9-iscsi devstack@c-api.service[117506]: INFO cinder.api.openstack.wsgi [None req-4557c3c6-af98-49e8-a9f6-5758c408f2ce tempest-VolumePoolsAdminTestsJSON-526820242 tempest-VolumePoolsAdminTestsJSON-526820242-project-admin] http://10.222.0.43/volume/v3/0863eba7b6434b73b6f6868a86d4c6f0/scheduler-stats/get_pools returned with HTTP 200
Jun 24 08:41:33.250163 dv-cinder-845178-9-iscsi devstack@c-api.service[117506]: [pid: 117506|app: 0|req: 6/11] 10.222.0.43 () {58 vars in 1267 bytes} [Fri Jun 24 08:41:33 2022] GET /volume/v3/0863eba7b6434b73b6f6868a86d4c6f0/scheduler-stats/get_pools => generated 66 bytes in 77 msecs (HTTP/1.1 200) 7 headers in 284 bytes (1 switches on core 0)
Jun 24 08:41:33.252318 dv-cinder-845178-9-iscsi devstack@c-api.service[117506]: DEBUG cinder.api.middleware.request_id [None req-388c1b3d-7a9b-4b5e-b3ec-3f8919250cba None None] RequestId filter calling following filter/app {{(pid=117506) _context_setter /opt/stack/cinder/cinder/api/middleware/request_id.py:62}}
Jun 24 08:41:33.274085 dv-cinder-845178-9-iscsi devstack@c-api.service[117506]: INFO cinder.api.openstack.wsgi [None req-388c1b3d-7a9b-4b5e-b3ec-3f8919250cba tempest-VolumeServicesNegativeTest-1471135163 tempest-VolumeServicesNegativeTest-1471135163-project-admin] PUT http://10.222.0.43/volume/v3/f1e8799d479c4cfcbe463be004486689/os-services/disable-log-reason
Jun 24 08:41:33.278208 dv-cinder-845178-9-iscsi devstack@c-api.service[117506]: DEBUG cinder.api.openstack.wsgi [None req-388c1b3d-7a9b-4b5e-b3ec-3f8919250cba tempest-VolumeServicesNegativeTest-1471135163 tempest-VolumeServicesNegativeTest-1471135163-project-admin] Action: 'update', calling method: update, body: {"host": "dv-cinder-845178-9-iscsi", "binary": "cinder-scheduler", "disabled_reason": null} {{(pid=117506) _process_stack /opt/stack/cinder/cinder/api/openstack/wsgi.py:866}}
Jun 24 08:41:33.284077 dv-cinder-845178-9-iscsi devstack@c-api.service[117506]: INFO cinder.api.openstack.wsgi [None req-388c1b3d-7a9b-4b5e-b3ec-3f8919250cba tempest-VolumeServicesNegativeTest-1471135163 tempest-VolumeServicesNegativeTest-1471135163-project-admin] http://10.222.0.43/volume/v3/f1e8799d479c4cfcbe463be004486689/os-services/disable-log-reason returned with HTTP 400
Jun 24 08:41:33.298104 dv-cinder-845178-9-iscsi devstack@c-api.service[117506]: [pid: 117506|app: 0|req: 7/12] 10.222.0.43 () {60 vars in 1302 bytes} [Fri Jun 24 08:41:33 2022] PUT /volume/v3/f1e8799d479c4cfcbe463be004486689/os-services/disable-log-reason => generated 136 bytes in 47 msecs (HTTP/1.1 400) 7 headers in 294 bytes (1 switches on core 0)
Jun 24 08:41:33.300460 dv-cinder-845178-9-iscsi devstack@c-api.service[117506]: DEBUG cinder.api.middleware.request_id [None req-6fb4059f-c029-4f50-b0ea-dd6c08056565 None None] RequestId filter calling following filter/app {{(pid=117506) _context_setter /opt/stack/cinder/cinder/api/middleware/request_id.py:62}}
Jun 24 08:41:33.321098 dv-cinder-845178-9-iscsi devstack@c-api.service[117507]: DEBUG cinder.volume.api [req-d3d40769-aca3-4307-9919-f4427686e47a req-56b1f871-0935-4e5b-9c9e-e590fad1bdb1 tempest-VolumesSnapshotsTestJSON-927841216 tempest-VolumesSnapshotsTestJSON-927841216-project] Task 'cinder.volume.flows.api.create_volume.ExtractVolumeRequestTask;volume:create' (d8063019-2675-4408-bdc9-5419e60b317e) transitioned into state 'SUCCESS' from state 'RUNNING' with result '{'size': 1, 'snapshot_id': None, 'source_volid': None, 'volume_type': VolumeType(created_at=2022-06-24T08:31:54Z,deleted=False,deleted_at=None,description='Default Volume Type',extra_specs={},id=d6c04b00-bca9-4330-9333-90a01a3524c5,is_public=True,name='__DEFAULT__',projects=[],qos_specs=,qos_specs_id=None,updated_at=2022-06-24T08:31:54Z), 'volume_type_id': 'd6c04b00-bca9-4330-9333-90a01a3524c5', 'encryption_key_id': None, 'qos_specs': None, 'consistencygroup_id': None, 'cgsnapshot_id': None, 'group_id': None, 'replication_status': 'disabled', 'refresh_az': False, 'backup_id': None, 'multiattach': False, 'availability_zones': ['nova']}' {{(pid=117507) _task_receiver /usr/local/lib/python3.8/dist-packages/taskflow/listeners/logging.py:178}}
Jun 24 08:41:33.324604 dv-cinder-845178-9-iscsi devstack@c-api.service[117507]: DEBUG cinder.volume.api [req-d3d40769-aca3-4307-9919-f4427686e47a req-56b1f871-0935-4e5b-9c9e-e590fad1bdb1 tempest-VolumesSnapshotsTestJSON-927841216 tempest-VolumesSnapshotsTestJSON-927841216-project] Task 'cinder.volume.flows.api.create_volume.QuotaReserveTask;volume:create' (54ff6c4c-262c-4d89-8e58-5cb89867ad7d) transitioned into state 'RUNNING' from state 'PENDING' {{(pid=117507) _task_receiver /usr/local/lib/python3.8/dist-packages/taskflow/listeners/logging.py:190}}
Jun 24 08:41:33.399575 dv-cinder-845178-9-iscsi devstack@c-api.service[117506]: INFO cinder.api.openstack.wsgi [None req-6fb4059f-c029-4f50-b0ea-dd6c08056565 tempest-BackendsCapabilitiesAdminTestsJSON-42177141 tempest-BackendsCapabilitiesAdminTestsJSON-42177141-project-admin] GET http://10.222.0.43/volume/v3/9d415ae4f57a459d97507abd7584d88a/scheduler-stats/get_pools
Jun 24 08:41:33.400841 dv-cinder-845178-9-iscsi devstack@c-api.service[117506]: DEBUG cinder.api.openstack.wsgi [None req-6fb4059f-c029-4f50-b0ea-dd6c08056565 tempest-BackendsCapabilitiesAdminTestsJSON-42177141 tempest-BackendsCapabilitiesAdminTestsJSON-42177141-project-admin] Empty body provided in request {{(pid=117506) get_body /opt/stack/cinder/cinder/api/openstack/wsgi.py:715}}
Jun 24 08:41:33.401955 dv-cinder-845178-9-iscsi devstack@c-api.service[117506]: DEBUG cinder.api.openstack.wsgi [None req-6fb4059f-c029-4f50-b0ea-dd6c08056565 tempest-BackendsCapabilitiesAdminTestsJSON-42177141 tempest-BackendsCapabilitiesAdminTestsJSON-42177141-project-admin] Calling method 'get_pools' {{(pid=117506) _process_stack /opt/stack/cinder/cinder/api/openstack/wsgi.py:868}}
Jun 24 08:41:33.405811 dv-cinder-845178-9-iscsi devstack@c-api.service[117507]: WARNING cinder.quota [req-d3d40769-aca3-4307-9919-f4427686e47a req-56b1f871-0935-4e5b-9c9e-e590fad1bdb1 tempest-VolumesSnapshotsTestJSON-927841216 tempest-VolumesSnapshotsTestJSON-927841216-project] Deprecated: Default quota for resource: volumes___DEFAULT__ is set by the default quota flag: quota_volumes___DEFAULT__, it is now deprecated. Please use the default quota class for default quota.
Jun 24 08:41:33.406616 dv-cinder-845178-9-iscsi devstack@c-api.service[117507]: WARNING cinder.quota [req-d3d40769-aca3-4307-9919-f4427686e47a req-56b1f871-0935-4e5b-9c9e-e590fad1bdb1 tempest-VolumesSnapshotsTestJSON-927841216 tempest-VolumesSnapshotsTestJSON-927841216-project] Deprecated: Default quota for resource: gigabytes___DEFAULT__ is set by the default quota flag: quota_gigabytes___DEFAULT__, it is now deprecated. Please use the default quota class for default quota.
Jun 24 08:41:33.436017 dv-cinder-845178-9-iscsi devstack@c-api.service[117506]: INFO cinder.api.openstack.wsgi [None req-6fb4059f-c029-4f50-b0ea-dd6c08056565 tempest-BackendsCapabilitiesAdminTestsJSON-42177141 tempest-BackendsCapabilitiesAdminTestsJSON-42177141-project-admin] http://10.222.0.43/volume/v3/9d415ae4f57a459d97507abd7584d88a/scheduler-stats/get_pools returned with HTTP 200
Jun 24 08:41:33.437239 dv-cinder-845178-9-iscsi devstack@c-api.service[117506]: [pid: 117506|app: 0|req: 8/13] 10.222.0.43 () {58 vars in 1267 bytes} [Fri Jun 24 08:41:33 2022] GET /volume/v3/9d415ae4f57a459d97507abd7584d88a/scheduler-stats/get_pools => generated 66 bytes in 138 msecs (HTTP/1.1 200) 7 headers in 284 bytes (1 switches on core 0)
Jun 24 08:41:33.438868 dv-cinder-845178-9-iscsi devstack@c-api.service[117506]: DEBUG cinder.api.middleware.request_id [req-b0964a08-efa8-4c4f-9360-3c9a389dfa16 req-0e49e80c-6fe8-4758-a5d7-2148c66f12b4 None None] RequestId filter calling following filter/app {{(pid=117506) _context_setter /opt/stack/cinder/cinder/api/middleware/request_id.py:62}}
Jun 24 08:41:33.445737 dv-cinder-845178-9-iscsi devstack@c-api.service[117506]: INFO cinder.api.openstack.wsgi [req-b0964a08-efa8-4c4f-9360-3c9a389dfa16 req-0e49e80c-6fe8-4758-a5d7-2148c66f12b4 tempest-VolumesNegativeTest-777821456 tempest-VolumesNegativeTest-777821456-project] DELETE http://10.222.0.43/volume/v3/720fe6eaea524e23b60da4aa4a4973e3/volumes/a19a2ee9-6a94-46e4-84d5-4f23edbd3286
Jun 24 08:41:33.446151 dv-cinder-845178-9-iscsi devstack@c-api.service[117506]: DEBUG cinder.api.openstack.wsgi [req-b0964a08-efa8-4c4f-9360-3c9a389dfa16 req-0e49e80c-6fe8-4758-a5d7-2148c66f12b4 tempest-VolumesNegativeTest-777821456 tempest-VolumesNegativeTest-777821456-project] Empty body provided in request {{(pid=117506) get_body /opt/stack/cinder/cinder/api/openstack/wsgi.py:715}}
Jun 24 08:41:33.446663 dv-cinder-845178-9-iscsi devstack@c-api.service[117506]: DEBUG cinder.api.openstack.wsgi [req-b0964a08-efa8-4c4f-9360-3c9a389dfa16 req-0e49e80c-6fe8-4758-a5d7-2148c66f12b4 tempest-VolumesNegativeTest-777821456 tempest-VolumesNegativeTest-777821456-project] Calling method 'delete' {{(pid=117506) _process_stack /opt/stack/cinder/cinder/api/openstack/wsgi.py:868}}
Jun 24 08:41:33.447060 dv-cinder-845178-9-iscsi devstack@c-api.service[117506]: INFO cinder.api.v3.volumes [req-b0964a08-efa8-4c4f-9360-3c9a389dfa16 req-0e49e80c-6fe8-4758-a5d7-2148c66f12b4 tempest-VolumesNegativeTest-777821456 tempest-VolumesNegativeTest-777821456-project] Delete volume with id: a19a2ee9-6a94-46e4-84d5-4f23edbd3286
Jun 24 08:41:33.477790 dv-cinder-845178-9-iscsi devstack@c-api.service[117506]: INFO cinder.api.openstack.wsgi [req-b0964a08-efa8-4c4f-9360-3c9a389dfa16 req-0e49e80c-6fe8-4758-a5d7-2148c66f12b4 tempest-VolumesNegativeTest-777821456 tempest-VolumesNegativeTest-777821456-project] http://10.222.0.43/volume/v3/720fe6eaea524e23b60da4aa4a4973e3/volumes/a19a2ee9-6a94-46e4-84d5-4f23edbd3286 returned with HTTP 404
Jun 24 08:41:33.479413 dv-cinder-845178-9-iscsi devstack@c-api.service[117506]: [pid: 117506|app: 0|req: 9/14] 10.222.0.43 () {62 vars in 1600 bytes} [Fri Jun 24 08:41:33 2022] DELETE /volume/v3/720fe6eaea524e23b60da4aa4a4973e3/volumes/a19a2ee9-6a94-46e4-84d5-4f23edbd3286 => generated 109 bytes in 42 msecs (HTTP/1.1 404) 7 headers in 292 bytes (1 switches on core 0)
Jun 24 08:41:33.484026 dv-cinder-845178-9-iscsi devstack@c-api.service[117506]: DEBUG cinder.api.middleware.request_id [None req-2d2c117f-68dc-4790-83fc-890350d9a08e None None] RequestId filter calling following filter/app {{(pid=117506) _context_setter /opt/stack/cinder/cinder/api/middleware/request_id.py:62}}
Jun 24 08:41:33.501227 dv-cinder-845178-9-iscsi devstack@c-api.service[117506]: INFO cinder.api.openstack.wsgi [None req-2d2c117f-68dc-4790-83fc-890350d9a08e tempest-VolumeServicesNegativeTest-1471135163 tempest-VolumeServicesNegativeTest-1471135163-project-admin] PUT http://10.222.0.43/volume/v3/f1e8799d479c4cfcbe463be004486689/os-services/disable
Jun 24 08:41:33.512457 dv-cinder-845178-9-iscsi devstack@c-api.service[117506]: DEBUG cinder.api.openstack.wsgi [None req-2d2c117f-68dc-4790-83fc-890350d9a08e tempest-VolumeServicesNegativeTest-1471135163 tempest-VolumeServicesNegativeTest-1471135163-project-admin] Action: 'update', calling method: update, body: {"host": "dv-cinder-845178-9-iscsi", "binary": "invalid_binary"} {{(pid=117506) _process_stack /opt/stack/cinder/cinder/api/openstack/wsgi.py:866}}
Jun 24 08:41:33.538314 dv-cinder-845178-9-iscsi devstack@c-api.service[117506]: INFO cinder.api.openstack.wsgi [None req-2d2c117f-68dc-4790-83fc-890350d9a08e tempest-VolumeServicesNegativeTest-1471135163 tempest-VolumeServicesNegativeTest-1471135163-project-admin] http://10.222.0.43/volume/v3/f1e8799d479c4cfcbe463be004486689/os-services/disable returned with HTTP 404
Jun 24 08:41:33.544483 dv-cinder-845178-9-iscsi devstack@c-api.service[117506]: [pid: 117506|app: 0|req: 10/15] 10.222.0.43 () {60 vars in 1269 bytes} [Fri Jun 24 08:41:33 2022] PUT /volume/v3/f1e8799d479c4cfcbe463be004486689/os-services/disable => generated 121 bytes in 64 msecs (HTTP/1.1 404) 7 headers in 292 bytes (1 switches on core 0)
Jun 24 08:41:33.546258 dv-cinder-845178-9-iscsi devstack@c-api.service[117506]: DEBUG cinder.api.middleware.request_id [None req-54e6036f-28c8-4d62-9900-015a35c9f7aa None None] RequestId filter calling following filter/app {{(pid=117506) _context_setter /opt/stack/cinder/cinder/api/middleware/request_id.py:62}}
Jun 24 08:41:33.565730 dv-cinder-845178-9-iscsi devstack@c-api.service[117506]: INFO cinder.api.openstack.wsgi [None req-54e6036f-28c8-4d62-9900-015a35c9f7aa tempest-BackendsCapabilitiesAdminTestsJSON-42177141 tempest-BackendsCapabilitiesAdminTestsJSON-42177141-project-admin] GET http://10.222.0.43/volume/v3/9d415ae4f57a459d97507abd7584d88a/scheduler-stats/get_pools?detail=True
Jun 24 08:41:33.566524 dv-cinder-845178-9-iscsi devstack@c-api.service[117506]: DEBUG cinder.api.openstack.wsgi [None req-54e6036f-28c8-4d62-9900-015a35c9f7aa tempest-BackendsCapabilitiesAdminTestsJSON-42177141 tempest-BackendsCapabilitiesAdminTestsJSON-42177141-project-admin] Empty body provided in request {{(pid=117506) get_body /opt/stack/cinder/cinder/api/openstack/wsgi.py:715}}
Jun 24 08:41:33.566990 dv-cinder-845178-9-iscsi devstack@c-api.service[117506]: DEBUG cinder.api.openstack.wsgi [None req-54e6036f-28c8-4d62-9900-015a35c9f7aa tempest-BackendsCapabilitiesAdminTestsJSON-42177141 tempest-BackendsCapabilitiesAdminTestsJSON-42177141-project-admin] Calling method 'get_pools' {{(pid=117506) _process_stack /opt/stack/cinder/cinder/api/openstack/wsgi.py:868}}
Jun 24 08:41:33.591907 dv-cinder-845178-9-iscsi devstack@c-api.service[117507]: DEBUG cinder.quota [req-d3d40769-aca3-4307-9919-f4427686e47a req-56b1f871-0935-4e5b-9c9e-e590fad1bdb1 tempest-VolumesSnapshotsTestJSON-927841216 tempest-VolumesSnapshotsTestJSON-927841216-project] Created reservations ['9df6fd6a-5f14-4a8c-9ca3-ad26e40f16e0', '3cf95531-a87e-4644-9c70-7b0a58b6333d', '8d68b838-1a9e-4b04-978d-0e282ede2be8', '294dc6f5-0020-4171-bd07-a9e5ebe96211'] {{(pid=117507) reserve /opt/stack/cinder/cinder/quota.py:755}}
Jun 24 08:41:33.597530 dv-cinder-845178-9-iscsi devstack@c-api.service[117507]: DEBUG cinder.volume.api [req-d3d40769-aca3-4307-9919-f4427686e47a req-56b1f871-0935-4e5b-9c9e-e590fad1bdb1 tempest-VolumesSnapshotsTestJSON-927841216 tempest-VolumesSnapshotsTestJSON-927841216-project] Task 'cinder.volume.flows.api.create_volume.QuotaReserveTask;volume:create' (54ff6c4c-262c-4d89-8e58-5cb89867ad7d) transitioned into state 'SUCCESS' from state 'RUNNING' with result '{'reservations': ['9df6fd6a-5f14-4a8c-9ca3-ad26e40f16e0', '3cf95531-a87e-4644-9c70-7b0a58b6333d', '8d68b838-1a9e-4b04-978d-0e282ede2be8', '294dc6f5-0020-4171-bd07-a9e5ebe96211']}' {{(pid=117507) _task_receiver /usr/local/lib/python3.8/dist-packages/taskflow/listeners/logging.py:178}}
Jun 24 08:41:33.599978 dv-cinder-845178-9-iscsi devstack@c-api.service[117506]: INFO cinder.api.openstack.wsgi [None req-54e6036f-28c8-4d62-9900-015a35c9f7aa tempest-BackendsCapabilitiesAdminTestsJSON-42177141 tempest-BackendsCapabilitiesAdminTestsJSON-42177141-project-admin] http://10.222.0.43/volume/v3/9d415ae4f57a459d97507abd7584d88a/scheduler-stats/get_pools?detail=True returned with HTTP 200
Jun 24 08:41:33.601488 dv-cinder-845178-9-iscsi devstack@c-api.service[117506]: [pid: 117506|app: 0|req: 11/16] 10.222.0.43 () {58 vars in 1290 bytes} [Fri Jun 24 08:41:33 2022] GET /volume/v3/9d415ae4f57a459d97507abd7584d88a/scheduler-stats/get_pools?detail=True => generated 482 bytes in 56 msecs (HTTP/1.1 200) 7 headers in 285 bytes (1 switches on core 0)
Jun 24 08:41:33.602796 dv-cinder-845178-9-iscsi devstack@c-api.service[117506]: DEBUG cinder.api.middleware.request_id [req-e6d3475d-f636-4be4-85dc-4e266c432475 req-fe3977d6-2939-4dc2-9cc1-806aa351d3d1 None None] RequestId filter calling following filter/app {{(pid=117506) _context_setter /opt/stack/cinder/cinder/api/middleware/request_id.py:62}}
Jun 24 08:41:33.603927 dv-cinder-845178-9-iscsi devstack@c-api.service[117507]: DEBUG cinder.volume.api [req-d3d40769-aca3-4307-9919-f4427686e47a req-56b1f871-0935-4e5b-9c9e-e590fad1bdb1 tempest-VolumesSnapshotsTestJSON-927841216 tempest-VolumesSnapshotsTestJSON-927841216-project] Task 'cinder.volume.flows.api.create_volume.EntryCreateTask;volume:create' (88671c50-14a0-45a3-968a-3cc061beeef7) transitioned into state 'RUNNING' from state 'PENDING' {{(pid=117507) _task_receiver /usr/local/lib/python3.8/dist-packages/taskflow/listeners/logging.py:190}}
Jun 24 08:41:33.607473 dv-cinder-845178-9-iscsi devstack@c-api.service[117506]: INFO cinder.api.openstack.wsgi [req-e6d3475d-f636-4be4-85dc-4e266c432475 req-fe3977d6-2939-4dc2-9cc1-806aa351d3d1 tempest-VolumesNegativeTest-777821456 tempest-VolumesNegativeTest-777821456-project] GET http://10.222.0.43/volume/v3/720fe6eaea524e23b60da4aa4a4973e3/volumes/e1c19a64-1b1d-4fe4-93ac-12aa3080adc8
Jun 24 08:41:33.607919 dv-cinder-845178-9-iscsi devstack@c-api.service[117506]: DEBUG cinder.api.openstack.wsgi [req-e6d3475d-f636-4be4-85dc-4e266c432475 req-fe3977d6-2939-4dc2-9cc1-806aa351d3d1 tempest-VolumesNegativeTest-777821456 tempest-VolumesNegativeTest-777821456-project] Empty body provided in request {{(pid=117506) get_body /opt/stack/cinder/cinder/api/openstack/wsgi.py:715}}
Jun 24 08:41:33.608728 dv-cinder-845178-9-iscsi devstack@c-api.service[117506]: DEBUG cinder.api.openstack.wsgi [req-e6d3475d-f636-4be4-85dc-4e266c432475 req-fe3977d6-2939-4dc2-9cc1-806aa351d3d1 tempest-VolumesNegativeTest-777821456 tempest-VolumesNegativeTest-777821456-project] Calling method 'show' {{(pid=117506) _process_stack /opt/stack/cinder/cinder/api/openstack/wsgi.py:868}}
Jun 24 08:41:33.632047 dv-cinder-845178-9-iscsi devstack@c-api.service[117506]: INFO cinder.api.openstack.wsgi [req-e6d3475d-f636-4be4-85dc-4e266c432475 req-fe3977d6-2939-4dc2-9cc1-806aa351d3d1 tempest-VolumesNegativeTest-777821456 tempest-VolumesNegativeTest-777821456-project] http://10.222.0.43/volume/v3/720fe6eaea524e23b60da4aa4a4973e3/volumes/e1c19a64-1b1d-4fe4-93ac-12aa3080adc8 returned with HTTP 404
Jun 24 08:41:33.633757 dv-cinder-845178-9-iscsi devstack@c-api.service[117506]: [pid: 117506|app: 0|req: 12/17] 10.222.0.43 () {60 vars in 1578 bytes} [Fri Jun 24 08:41:33 2022] GET /volume/v3/720fe6eaea524e23b60da4aa4a4973e3/volumes/e1c19a64-1b1d-4fe4-93ac-12aa3080adc8 => generated 109 bytes in 31 msecs (HTTP/1.1 404) 7 headers in 292 bytes (1 switches on core 0)
Jun 24 08:41:33.635149 dv-cinder-845178-9-iscsi devstack@c-api.service[117506]: DEBUG cinder.api.middleware.request_id [None req-a381e2be-45a4-4e1c-a0ec-e67f57920b7c None None] RequestId filter calling following filter/app {{(pid=117506) _context_setter /opt/stack/cinder/cinder/api/middleware/request_id.py:62}}
Jun 24 08:41:33.648735 dv-cinder-845178-9-iscsi devstack@c-api.service[117506]: INFO cinder.api.openstack.wsgi [None req-a381e2be-45a4-4e1c-a0ec-e67f57920b7c tempest-VolumeServicesNegativeTest-1471135163 tempest-VolumeServicesNegativeTest-1471135163-project-admin] PUT http://10.222.0.43/volume/v3/f1e8799d479c4cfcbe463be004486689/os-services/enable
Jun 24 08:41:33.648735 dv-cinder-845178-9-iscsi devstack@c-api.service[117506]: DEBUG cinder.api.openstack.wsgi [None req-a381e2be-45a4-4e1c-a0ec-e67f57920b7c tempest-VolumeServicesNegativeTest-1471135163 tempest-VolumeServicesNegativeTest-1471135163-project-admin] Action: 'update', calling method: update, body: {"host": "invalid_host", "binary": "cinder-scheduler"} {{(pid=117506) _process_stack /opt/stack/cinder/cinder/api/openstack/wsgi.py:866}}
