Jun 24 08:42:17.303030 dv-cinder-845178-9-iscsi devstack@c-api.service[117507]: DEBUG cinder.api.openstack.wsgi [None req-87ef3a9e-0f2a-4762-a23c-d2ff8ed7c7d7 tempest-SnapshotMetadataTestJSON-1660868382 tempest-SnapshotMetadataTestJSON-1660868382-project] Empty body provided in request {{(pid=117507) get_body /opt/stack/cinder/cinder/api/openstack/wsgi.py:715}}
Jun 24 08:42:17.303910 dv-cinder-845178-9-iscsi devstack@c-api.service[117507]: DEBUG cinder.api.openstack.wsgi [None req-87ef3a9e-0f2a-4762-a23c-d2ff8ed7c7d7 tempest-SnapshotMetadataTestJSON-1660868382 tempest-SnapshotMetadataTestJSON-1660868382-project] Calling method 'show' {{(pid=117507) _process_stack /opt/stack/cinder/cinder/api/openstack/wsgi.py:868}}
Jun 24 08:42:17.321124 dv-cinder-845178-9-iscsi devstack@c-api.service[117507]: /usr/local/lib/python3.8/dist-packages/oslo_context/context.py:100: DeprecationWarning: Policy enforcement is depending on the value of is_admin. This key is deprecated. Please update your policy file to use the standard policy values.
Jun 24 08:42:17.321124 dv-cinder-845178-9-iscsi devstack@c-api.service[117507]: warnings.warn('Policy enforcement is depending on the value of '
Jun 24 08:42:17.328555 dv-cinder-845178-9-iscsi devstack@c-api.service[117507]: INFO cinder.volume.api [None req-87ef3a9e-0f2a-4762-a23c-d2ff8ed7c7d7 tempest-SnapshotMetadataTestJSON-1660868382 tempest-SnapshotMetadataTestJSON-1660868382-project] Volume info retrieved successfully.
Jun 24 08:42:17.340309 dv-cinder-845178-9-iscsi devstack@c-api.service[117507]: INFO cinder.api.openstack.wsgi [None req-87ef3a9e-0f2a-4762-a23c-d2ff8ed7c7d7 tempest-SnapshotMetadataTestJSON-1660868382 tempest-SnapshotMetadataTestJSON-1660868382-project] http://10.222.0.43/volume/v3/58680c3a82c74c43ac42b62014f98e57/volumes/f89abf1c-25cb-4007-88b0-7126f5ce6e03 returned with HTTP 200
Jun 24 08:42:17.341070 dv-cinder-845178-9-iscsi devstack@c-api.service[117507]: [pid: 117507|app: 0|req: 144/283] 10.222.0.43 () {58 vars in 1324 bytes} [Fri Jun 24 08:42:17 2022] GET /volume/v3/58680c3a82c74c43ac42b62014f98e57/volumes/f89abf1c-25cb-4007-88b0-7126f5ce6e03 => generated 915 bytes in 46 msecs (HTTP/1.1 200) 7 headers in 285 bytes (1 switches on core 0)
Jun 24 08:42:17.933037 dv-cinder-845178-9-iscsi devstack@c-api.service[117506]: DEBUG cinder.api.middleware.request_id [None req-af349e12-d105-4d5e-b144-304bac322ca9 None None] RequestId filter calling following filter/app {{(pid=117506) _context_setter /opt/stack/cinder/cinder/api/middleware/request_id.py:62}}
Jun 24 08:42:17.938598 dv-cinder-845178-9-iscsi devstack@c-api.service[117506]: INFO cinder.api.openstack.wsgi [None req-af349e12-d105-4d5e-b144-304bac322ca9 tempest-VolumesActionsTest-1978318296 tempest-VolumesActionsTest-1978318296-project] GET http://10.222.0.43/volume/v3/5e6d51dece9847669e9a666633ce634d/volumes/d917a907-48cc-4a91-a1d2-27e4825bee59
Jun 24 08:42:17.939374 dv-cinder-845178-9-iscsi devstack@c-api.service[117506]: DEBUG cinder.api.openstack.wsgi [None req-af349e12-d105-4d5e-b144-304bac322ca9 tempest-VolumesActionsTest-1978318296 tempest-VolumesActionsTest-1978318296-project] Empty body provided in request {{(pid=117506) get_body /opt/stack/cinder/cinder/api/openstack/wsgi.py:715}}
Jun 24 08:42:17.939853 dv-cinder-845178-9-iscsi devstack@c-api.service[117506]: DEBUG cinder.api.openstack.wsgi [None req-af349e12-d105-4d5e-b144-304bac322ca9 tempest-VolumesActionsTest-1978318296 tempest-VolumesActionsTest-1978318296-project] Calling method 'show' {{(pid=117506) _process_stack /opt/stack/cinder/cinder/api/openstack/wsgi.py:868}}
Jun 24 08:42:17.956788 dv-cinder-845178-9-iscsi devstack@c-api.service[117506]: /usr/local/lib/python3.8/dist-packages/oslo_context/context.py:100: DeprecationWarning: Policy enforcement is depending on the value of is_admin. This key is deprecated. Please update your policy file to use the standard policy values.
Jun 24 08:42:17.956788 dv-cinder-845178-9-iscsi devstack@c-api.service[117506]: warnings.warn('Policy enforcement is depending on the value of '
Jun 24 08:42:17.964929 dv-cinder-845178-9-iscsi devstack@c-api.service[117506]: INFO cinder.volume.api [None req-af349e12-d105-4d5e-b144-304bac322ca9 tempest-VolumesActionsTest-1978318296 tempest-VolumesActionsTest-1978318296-project] Volume info retrieved successfully.
Jun 24 08:42:17.970372 dv-cinder-845178-9-iscsi devstack@c-api.service[117507]: DEBUG cinder.api.middleware.request_id [None req-d6125e06-a915-4835-896c-c4d33d6cdef7 None None] RequestId filter calling following filter/app {{(pid=117507) _context_setter /opt/stack/cinder/cinder/api/middleware/request_id.py:62}}
Jun 24 08:42:17.974048 dv-cinder-845178-9-iscsi devstack@c-api.service[117507]: INFO cinder.api.openstack.wsgi [None req-d6125e06-a915-4835-896c-c4d33d6cdef7 tempest-VolumesActionsTest-278570228 tempest-VolumesActionsTest-278570228-project] GET http://10.222.0.43/volume/v3/3fd1e42945794a1096d0269bb1656482/volumes/0fff05f9-8606-48cb-ac5f-49752868ecae
Jun 24 08:42:17.974514 dv-cinder-845178-9-iscsi devstack@c-api.service[117507]: DEBUG cinder.api.openstack.wsgi [None req-d6125e06-a915-4835-896c-c4d33d6cdef7 tempest-VolumesActionsTest-278570228 tempest-VolumesActionsTest-278570228-project] Empty body provided in request {{(pid=117507) get_body /opt/stack/cinder/cinder/api/openstack/wsgi.py:715}}
Jun 24 08:42:17.974962 dv-cinder-845178-9-iscsi devstack@c-api.service[117507]: DEBUG cinder.api.openstack.wsgi [None req-d6125e06-a915-4835-896c-c4d33d6cdef7 tempest-VolumesActionsTest-278570228 tempest-VolumesActionsTest-278570228-project] Calling method 'show' {{(pid=117507) _process_stack /opt/stack/cinder/cinder/api/openstack/wsgi.py:868}}
Jun 24 08:42:17.986264 dv-cinder-845178-9-iscsi devstack@c-api.service[117507]: INFO cinder.api.openstack.wsgi [None req-d6125e06-a915-4835-896c-c4d33d6cdef7 tempest-VolumesActionsTest-278570228 tempest-VolumesActionsTest-278570228-project] http://10.222.0.43/volume/v3/3fd1e42945794a1096d0269bb1656482/volumes/0fff05f9-8606-48cb-ac5f-49752868ecae returned with HTTP 404
Jun 24 08:42:17.987175 dv-cinder-845178-9-iscsi devstack@c-api.service[117507]: [pid: 117507|app: 0|req: 145/284] 10.222.0.43 () {58 vars in 1324 bytes} [Fri Jun 24 08:42:17 2022] GET /volume/v3/3fd1e42945794a1096d0269bb1656482/volumes/0fff05f9-8606-48cb-ac5f-49752868ecae => generated 109 bytes in 18 msecs (HTTP/1.1 404) 7 headers in 292 bytes (2 switches on core 0)
Jun 24 08:42:17.995277 dv-cinder-845178-9-iscsi devstack@c-api.service[117506]: INFO cinder.api.openstack.wsgi [None req-af349e12-d105-4d5e-b144-304bac322ca9 tempest-VolumesActionsTest-1978318296 tempest-VolumesActionsTest-1978318296-project] http://10.222.0.43/volume/v3/5e6d51dece9847669e9a666633ce634d/volumes/d917a907-48cc-4a91-a1d2-27e4825bee59 returned with HTTP 200
Jun 24 08:42:17.995277 dv-cinder-845178-9-iscsi devstack@c-api.service[117506]: [pid: 117506|app: 0|req: 140/285] 10.222.0.43 () {58 vars in 1324 bytes} [Fri Jun 24 08:42:17 2022] GET /volume/v3/5e6d51dece9847669e9a666633ce634d/volumes/d917a907-48cc-4a91-a1d2-27e4825bee59 => generated 911 bytes in 61 msecs (HTTP/1.1 200) 7 headers in 285 bytes (1 switches on core 0)
Jun 24 08:42:17.995554 dv-cinder-845178-9-iscsi devstack@c-api.service[117507]: DEBUG cinder.api.middleware.request_id [None req-0bed97a4-7c26-4fb1-a62c-43e00aa2385b None None] RequestId filter calling following filter/app {{(pid=117507) _context_setter /opt/stack/cinder/cinder/api/middleware/request_id.py:62}}
Jun 24 08:42:18.001660 dv-cinder-845178-9-iscsi devstack@c-api.service[117507]: INFO cinder.api.openstack.wsgi [None req-0bed97a4-7c26-4fb1-a62c-43e00aa2385b tempest-VolumesActionsTest-278570228 tempest-VolumesActionsTest-278570228-project] POST http://10.222.0.43/volume/v3/3fd1e42945794a1096d0269bb1656482/volumes
Jun 24 08:42:18.001818 dv-cinder-845178-9-iscsi devstack@c-api.service[117507]: DEBUG cinder.api.openstack.wsgi [None req-0bed97a4-7c26-4fb1-a62c-43e00aa2385b tempest-VolumesActionsTest-278570228 tempest-VolumesActionsTest-278570228-project] Action: 'create', calling method: create, body: {"volume": {"size": 1, "name": "tempest-VolumesActionsTest-Volume-1049356502"}} {{(pid=117507) _process_stack /opt/stack/cinder/cinder/api/openstack/wsgi.py:866}}
Jun 24 08:42:18.002746 dv-cinder-845178-9-iscsi devstack@c-api.service[117507]: DEBUG cinder.api.v3.volumes [None req-0bed97a4-7c26-4fb1-a62c-43e00aa2385b tempest-VolumesActionsTest-278570228 tempest-VolumesActionsTest-278570228-project] Create volume request body: {'volume': {'size': 1, 'name': 'tempest-VolumesActionsTest-Volume-1049356502'}} {{(pid=117507) create /opt/stack/cinder/cinder/api/v3/volumes.py:298}}
Jun 24 08:42:18.003053 dv-cinder-845178-9-iscsi devstack@c-api.service[117507]: INFO cinder.api.v3.volumes [None req-0bed97a4-7c26-4fb1-a62c-43e00aa2385b tempest-VolumesActionsTest-278570228 tempest-VolumesActionsTest-278570228-project] Create volume of 1 GB
Jun 24 08:42:18.015100 dv-cinder-845178-9-iscsi devstack@c-api.service[117507]: INFO cinder.volume.api [None req-0bed97a4-7c26-4fb1-a62c-43e00aa2385b tempest-VolumesActionsTest-278570228 tempest-VolumesActionsTest-278570228-project] Availability Zones retrieved successfully.
Jun 24 08:42:18.047256 dv-cinder-845178-9-iscsi devstack@c-api.service[117507]: DEBUG cinder.volume.api [None req-0bed97a4-7c26-4fb1-a62c-43e00aa2385b tempest-VolumesActionsTest-278570228 tempest-VolumesActionsTest-278570228-project] Flow 'volume_create_api' (c89b6353-9541-4bb2-aa59-d61245321c97) transitioned into state 'RUNNING' from state 'PENDING' {{(pid=117507) _flow_receiver /usr/local/lib/python3.8/dist-packages/taskflow/listeners/logging.py:141}}
Jun 24 08:42:18.049749 dv-cinder-845178-9-iscsi devstack@c-api.service[117507]: DEBUG cinder.volume.api [None req-0bed97a4-7c26-4fb1-a62c-43e00aa2385b tempest-VolumesActionsTest-278570228 tempest-VolumesActionsTest-278570228-project] Task 'cinder.volume.flows.api.create_volume.ExtractVolumeRequestTask;volume:create' (8dd8b7b1-2c85-498e-8c36-751c81bcb4b2) transitioned into state 'RUNNING' from state 'PENDING' {{(pid=117507) _task_receiver /usr/local/lib/python3.8/dist-packages/taskflow/listeners/logging.py:190}}
Jun 24 08:42:18.053007 dv-cinder-845178-9-iscsi devstack@c-api.service[117507]: DEBUG cinder.volume.flows.api.create_volume [None req-0bed97a4-7c26-4fb1-a62c-43e00aa2385b tempest-VolumesActionsTest-278570228 tempest-VolumesActionsTest-278570228-project] Validating volume size '1' using validate_int {{(pid=117507) _extract_size /opt/stack/cinder/cinder/volume/flows/api/create_volume.py:228}}
Jun 24 08:42:18.101566 dv-cinder-845178-9-iscsi devstack@c-api.service[117507]: DEBUG cinder.volume.api [None req-0bed97a4-7c26-4fb1-a62c-43e00aa2385b tempest-VolumesActionsTest-278570228 tempest-VolumesActionsTest-278570228-project] Task 'cinder.volume.flows.api.create_volume.ExtractVolumeRequestTask;volume:create' (8dd8b7b1-2c85-498e-8c36-751c81bcb4b2) transitioned into state 'SUCCESS' from state 'RUNNING' with result '{'size': 1, 'snapshot_id': None, 'source_volid': None, 'volume_type': VolumeType(created_at=2022-06-24T08:31:54Z,deleted=False,deleted_at=None,description='Default Volume Type',extra_specs={},id=d6c04b00-bca9-4330-9333-90a01a3524c5,is_public=True,name='__DEFAULT__',projects=[],qos_specs=,qos_specs_id=None,updated_at=2022-06-24T08:31:54Z), 'volume_type_id': 'd6c04b00-bca9-4330-9333-90a01a3524c5', 'encryption_key_id': None, 'qos_specs': None, 'consistencygroup_id': None, 'cgsnapshot_id': None, 'group_id': None, 'replication_status': 'disabled', 'refresh_az': False, 'backup_id': None, 'multiattach': False, 'availability_zones': ['nova']}' {{(pid=117507) _task_receiver /usr/local/lib/python3.8/dist-packages/taskflow/listeners/logging.py:178}}
Jun 24 08:42:18.103529 dv-cinder-845178-9-iscsi devstack@c-api.service[117507]: DEBUG cinder.volume.api [None req-0bed97a4-7c26-4fb1-a62c-43e00aa2385b tempest-VolumesActionsTest-278570228 tempest-VolumesActionsTest-278570228-project] Task 'cinder.volume.flows.api.create_volume.QuotaReserveTask;volume:create' (2a9c068a-2498-4cdc-9e5a-f988692e6be8) transitioned into state 'RUNNING' from state 'PENDING' {{(pid=117507) _task_receiver /usr/local/lib/python3.8/dist-packages/taskflow/listeners/logging.py:190}}
Jun 24 08:42:18.116163 dv-cinder-845178-9-iscsi devstack@c-api.service[117507]: DEBUG dbcounter [-] [117507] Writing DB stats cinder:SELECT=80,cinder:INSERT=8,cinder:UPDATE=12 {{(pid=117507) stat_writer /usr/local/lib/python3.8/dist-packages/dbcounter.py:114}}
Jun 24 08:42:18.163222 dv-cinder-845178-9-iscsi devstack@c-api.service[117507]: DEBUG cinder.quota [None req-0bed97a4-7c26-4fb1-a62c-43e00aa2385b tempest-VolumesActionsTest-278570228 tempest-VolumesActionsTest-278570228-project] Created reservations ['7f747294-6b0e-47cc-997a-746126b55e34', '4117c1aa-a7c6-47b6-b50a-0154a504c7ed', '8c814a5f-07fc-4c00-9b74-59acb52e9d4b', '9bc7b5a6-02c7-43a6-a159-cc7cf700aea3'] {{(pid=117507) reserve /opt/stack/cinder/cinder/quota.py:755}}
Jun 24 08:42:18.164912 dv-cinder-845178-9-iscsi devstack@c-api.service[117507]: DEBUG cinder.volume.api [None req-0bed97a4-7c26-4fb1-a62c-43e00aa2385b tempest-VolumesActionsTest-278570228 tempest-VolumesActionsTest-278570228-project] Task 'cinder.volume.flows.api.create_volume.QuotaReserveTask;volume:create' (2a9c068a-2498-4cdc-9e5a-f988692e6be8) transitioned into state 'SUCCESS' from state 'RUNNING' with result '{'reservations': ['7f747294-6b0e-47cc-997a-746126b55e34', '4117c1aa-a7c6-47b6-b50a-0154a504c7ed', '8c814a5f-07fc-4c00-9b74-59acb52e9d4b', '9bc7b5a6-02c7-43a6-a159-cc7cf700aea3']}' {{(pid=117507) _task_receiver /usr/local/lib/python3.8/dist-packages/taskflow/listeners/logging.py:178}}
Jun 24 08:42:18.167184 dv-cinder-845178-9-iscsi devstack@c-api.service[117507]: DEBUG cinder.volume.api [None req-0bed97a4-7c26-4fb1-a62c-43e00aa2385b tempest-VolumesActionsTest-278570228 tempest-VolumesActionsTest-278570228-project] Task 'cinder.volume.flows.api.create_volume.EntryCreateTask;volume:create' (d42e4a88-accd-41cc-90f3-2a995e9a1931) transitioned into state 'RUNNING' from state 'PENDING' {{(pid=117507) _task_receiver /usr/local/lib/python3.8/dist-packages/taskflow/listeners/logging.py:190}}
Jun 24 08:42:18.177854 dv-cinder-845178-9-iscsi devstack@c-api.service[117506]: DEBUG cinder.api.middleware.request_id [None req-8f917aa8-7f36-4e28-9f04-f7a01ec14682 None None] RequestId filter calling following filter/app {{(pid=117506) _context_setter /opt/stack/cinder/cinder/api/middleware/request_id.py:62}}
Jun 24 08:42:18.182717 dv-cinder-845178-9-iscsi devstack@c-api.service[117506]: INFO cinder.api.openstack.wsgi [None req-8f917aa8-7f36-4e28-9f04-f7a01ec14682 tempest-VolumesTestJSON-564820828 tempest-VolumesTestJSON-564820828-project] GET http://10.222.0.43/volume/v3/36fd432b4335442990c31d60931f1b8b/volumes/3bec6e8e-504f-4511-9b25-8c68ecd8d877
Jun 24 08:42:18.183709 dv-cinder-845178-9-iscsi devstack@c-api.service[117506]: DEBUG cinder.api.openstack.wsgi [None req-8f917aa8-7f36-4e28-9f04-f7a01ec14682 tempest-VolumesTestJSON-564820828 tempest-VolumesTestJSON-564820828-project] Empty body provided in request {{(pid=117506) get_body /opt/stack/cinder/cinder/api/openstack/wsgi.py:715}}
Jun 24 08:42:18.184363 dv-cinder-845178-9-iscsi devstack@c-api.service[117506]: DEBUG cinder.api.openstack.wsgi [None req-8f917aa8-7f36-4e28-9f04-f7a01ec14682 tempest-VolumesTestJSON-564820828 tempest-VolumesTestJSON-564820828-project] Calling method 'show' {{(pid=117506) _process_stack /opt/stack/cinder/cinder/api/openstack/wsgi.py:868}}
Jun 24 08:42:18.192249 dv-cinder-845178-9-iscsi devstack@c-api.service[117507]: DEBUG cinder.volume.api [None req-0bed97a4-7c26-4fb1-a62c-43e00aa2385b tempest-VolumesActionsTest-278570228 tempest-VolumesActionsTest-278570228-project] Task 'cinder.volume.flows.api.create_volume.EntryCreateTask;volume:create' (d42e4a88-accd-41cc-90f3-2a995e9a1931) transitioned into state 'SUCCESS' from state 'RUNNING' with result '{'volume_id': '8b0c988f-f190-485d-be14-ded250393b61', 'volume_properties': VolumeProperties(attach_status='detached',availability_zone='nova',cgsnapshot_id=None,consistencygroup_id=None,display_description=None,display_name='tempest-VolumesActionsTest-Volume-1049356502',encryption_key_id=None,group_id=None,group_type_id=,metadata={},multiattach=False,project_id='3fd1e42945794a1096d0269bb1656482',qos_specs=None,replication_status=,reservations=['7f747294-6b0e-47cc-997a-746126b55e34','4117c1aa-a7c6-47b6-b50a-0154a504c7ed','8c814a5f-07fc-4c00-9b74-59acb52e9d4b','9bc7b5a6-02c7-43a6-a159-cc7cf700aea3'],size=1,snapshot_id=None,source_replicaid=,source_volid=None,status='creating',user_id='40dac9dfb79d45d2a84d581698e5f663',volume_type_id=d6c04b00-bca9-4330-9333-90a01a3524c5), 'volume': Volume(_name_id=None,admin_metadata=,attach_status='detached',availability_zone='nova',bootable=False,cluster=,cluster_name=None,consistencygroup=,consistencygroup_id=None,created_at=2022-06-24T08:42:18Z,deleted=False,deleted_at=None,display_description=None,display_name='tempest-VolumesActionsTest-Volume-1049356502',ec2_id=None,encryption_key_id=None,glance_metadata=,group=,group_id=None,host=None,id=8b0c988f-f190-485d-be14-ded250393b61,launched_at=None,metadata={},migration_status=None,multiattach=False,previous_status=None,project_id='3fd1e42945794a1096d0269bb1656482',provider_auth=None,provider_geometry=None,provider_id=None,provider_location=None,replication_driver_data=None,replication_extended_status=None,replication_status=None,scheduled_at=None,service_uuid=None,shared_targets=True,size=1,snapshot_id=None,snapshots=,source_volid=None,status='creating',terminated_at=None,updated_at=None,use_quota=True,user_id='40dac9dfb79d45d2a84d581698e5f663',volume_attachment=VolumeAttachmentList,volume_type=VolumeType(d6c04b00-bca9-4330-9333-90a01a3524c5),volume_type_id=d6c04b00-bca9-4330-9333-90a01a3524c5)}' {{(pid=117507) _task_receiver /usr/local/lib/python3.8/dist-packages/taskflow/listeners/logging.py:178}}
Jun 24 08:42:18.194664 dv-cinder-845178-9-iscsi devstack@c-api.service[117507]: DEBUG cinder.volume.api [None req-0bed97a4-7c26-4fb1-a62c-43e00aa2385b tempest-VolumesActionsTest-278570228 tempest-VolumesActionsTest-278570228-project] Task 'cinder.volume.flows.api.create_volume.QuotaCommitTask;volume:create' (ccc3dea0-24d8-4a84-b06e-b77d838e689b) transitioned into state 'RUNNING' from state 'PENDING' {{(pid=117507) _task_receiver /usr/local/lib/python3.8/dist-packages/taskflow/listeners/logging.py:190}}
Jun 24 08:42:18.200011 dv-cinder-845178-9-iscsi devstack@c-api.service[117506]: INFO cinder.api.openstack.wsgi [None req-8f917aa8-7f36-4e28-9f04-f7a01ec14682 tempest-VolumesTestJSON-564820828 tempest-VolumesTestJSON-564820828-project] http://10.222.0.43/volume/v3/36fd432b4335442990c31d60931f1b8b/volumes/3bec6e8e-504f-4511-9b25-8c68ecd8d877 returned with HTTP 404
Jun 24 08:42:18.201030 dv-cinder-845178-9-iscsi devstack@c-api.service[117506]: [pid: 117506|app: 0|req: 141/286] 10.222.0.43 () {58 vars in 1324 bytes} [Fri Jun 24 08:42:18 2022] GET /volume/v3/36fd432b4335442990c31d60931f1b8b/volumes/3bec6e8e-504f-4511-9b25-8c68ecd8d877 => generated 109 bytes in 26 msecs (HTTP/1.1 404) 7 headers in 292 bytes (1 switches on core 0)
Jun 24 08:42:18.219795 dv-cinder-845178-9-iscsi devstack@c-api.service[117506]: DEBUG cinder.api.middleware.request_id [None req-1d373559-e1c7-4987-b817-9c80263901d7 None None] RequestId filter calling following filter/app {{(pid=117506) _context_setter /opt/stack/cinder/cinder/api/middleware/request_id.py:62}}
Jun 24 08:42:18.225558 dv-cinder-845178-9-iscsi devstack@c-api.service[117506]: INFO cinder.api.openstack.wsgi [None req-1d373559-e1c7-4987-b817-9c80263901d7 tempest-GroupSnapshotsTest-957910617 tempest-GroupSnapshotsTest-957910617-project] GET http://10.222.0.43/volume/v3/095b1d6ba4e448a7ac328185abbb784f/volumes/7adfafb7-ebd5-48ea-b20d-d6489cdb04f3
Jun 24 08:42:18.226236 dv-cinder-845178-9-iscsi devstack@c-api.service[117506]: DEBUG cinder.api.openstack.wsgi [None req-1d373559-e1c7-4987-b817-9c80263901d7 tempest-GroupSnapshotsTest-957910617 tempest-GroupSnapshotsTest-957910617-project] Empty body provided in request {{(pid=117506) get_body /opt/stack/cinder/cinder/api/openstack/wsgi.py:715}}
Jun 24 08:42:18.226566 dv-cinder-845178-9-iscsi devstack@c-api.service[117506]: DEBUG cinder.api.openstack.wsgi [None req-1d373559-e1c7-4987-b817-9c80263901d7 tempest-GroupSnapshotsTest-957910617 tempest-GroupSnapshotsTest-957910617-project] Calling method 'show' {{(pid=117506) _process_stack /opt/stack/cinder/cinder/api/openstack/wsgi.py:868}}
Jun 24 08:42:18.227598 dv-cinder-845178-9-iscsi devstack@c-api.service[117507]: DEBUG cinder.volume.api [None req-0bed97a4-7c26-4fb1-a62c-43e00aa2385b tempest-VolumesActionsTest-278570228 tempest-VolumesActionsTest-278570228-project] Task 'cinder.volume.flows.api.create_volume.QuotaCommitTask;volume:create' (ccc3dea0-24d8-4a84-b06e-b77d838e689b) transitioned into state 'SUCCESS' from state 'RUNNING' with result '{'volume_properties': VolumeProperties(attach_status='detached',availability_zone='nova',cgsnapshot_id=None,consistencygroup_id=None,display_description=None,display_name='tempest-VolumesActionsTest-Volume-1049356502',encryption_key_id=None,group_id=None,group_type_id=,metadata={},multiattach=False,project_id='3fd1e42945794a1096d0269bb1656482',qos_specs=None,replication_status=,reservations=['7f747294-6b0e-47cc-997a-746126b55e34','4117c1aa-a7c6-47b6-b50a-0154a504c7ed','8c814a5f-07fc-4c00-9b74-59acb52e9d4b','9bc7b5a6-02c7-43a6-a159-cc7cf700aea3'],size=1,snapshot_id=None,source_replicaid=,source_volid=None,status='creating',user_id='40dac9dfb79d45d2a84d581698e5f663',volume_type_id=d6c04b00-bca9-4330-9333-90a01a3524c5)}' {{(pid=117507) _task_receiver /usr/local/lib/python3.8/dist-packages/taskflow/listeners/logging.py:178}}
Jun 24 08:42:18.229431 dv-cinder-845178-9-iscsi devstack@c-api.service[117507]: DEBUG cinder.volume.api [None req-0bed97a4-7c26-4fb1-a62c-43e00aa2385b tempest-VolumesActionsTest-278570228 tempest-VolumesActionsTest-278570228-project] Task 'cinder.volume.flows.api.create_volume.VolumeCastTask;volume:create' (27312cb8-9036-4f42-bbba-91f92f665803) transitioned into state 'RUNNING' from state 'PENDING' {{(pid=117507) _task_receiver /usr/local/lib/python3.8/dist-packages/taskflow/listeners/logging.py:190}}
Jun 24 08:42:18.247360 dv-cinder-845178-9-iscsi devstack@c-api.service[117507]: DEBUG cinder.volume.api [None req-0bed97a4-7c26-4fb1-a62c-43e00aa2385b tempest-VolumesActionsTest-278570228 tempest-VolumesActionsTest-278570228-project] Task 'cinder.volume.flows.api.create_volume.VolumeCastTask;volume:create' (27312cb8-9036-4f42-bbba-91f92f665803) transitioned into state 'SUCCESS' from state 'RUNNING' with result 'None' {{(pid=117507) _task_receiver /usr/local/lib/python3.8/dist-packages/taskflow/listeners/logging.py:178}}
Jun 24 08:42:18.249867 dv-cinder-845178-9-iscsi devstack@c-api.service[117507]: DEBUG cinder.volume.api [None req-0bed97a4-7c26-4fb1-a62c-43e00aa2385b tempest-VolumesActionsTest-278570228 tempest-VolumesActionsTest-278570228-project] Flow 'volume_create_api' (c89b6353-9541-4bb2-aa59-d61245321c97) transitioned into state 'SUCCESS' from state 'RUNNING' {{(pid=117507) _flow_receiver /usr/local/lib/python3.8/dist-packages/taskflow/listeners/logging.py:141}}
Jun 24 08:42:18.250542 dv-cinder-845178-9-iscsi devstack@c-api.service[117507]: INFO cinder.volume.api [None req-0bed97a4-7c26-4fb1-a62c-43e00aa2385b tempest-VolumesActionsTest-278570228 tempest-VolumesActionsTest-278570228-project] Create volume request issued successfully.
Jun 24 08:42:18.251839 dv-cinder-845178-9-iscsi devstack@c-api.service[117507]: INFO cinder.api.openstack.wsgi [None req-0bed97a4-7c26-4fb1-a62c-43e00aa2385b tempest-VolumesActionsTest-278570228 tempest-VolumesActionsTest-278570228-project] http://10.222.0.43/volume/v3/3fd1e42945794a1096d0269bb1656482/volumes returned with HTTP 202
Jun 24 08:42:18.261863 dv-cinder-845178-9-iscsi devstack@c-api.service[117507]: [pid: 117507|app: 0|req: 146/287] 10.222.0.43 () {60 vars in 1234 bytes} [Fri Jun 24 08:42:17 2022] POST /volume/v3/3fd1e42945794a1096d0269bb1656482/volumes => generated 818 bytes in 270 msecs (HTTP/1.1 202) 7 headers in 291 bytes (1 switches on core 0)
Jun 24 08:42:18.263543 dv-cinder-845178-9-iscsi devstack@c-api.service[117507]: DEBUG cinder.api.middleware.request_id [None req-760caeb0-e9ca-4c93-97bd-43f84942debb None None] RequestId filter calling following filter/app {{(pid=117507) _context_setter /opt/stack/cinder/cinder/api/middleware/request_id.py:62}}
Jun 24 08:42:18.267988 dv-cinder-845178-9-iscsi devstack@c-api.service[117507]: INFO cinder.api.openstack.wsgi [None req-760caeb0-e9ca-4c93-97bd-43f84942debb tempest-VolumesActionsTest-278570228 tempest-VolumesActionsTest-278570228-project] GET http://10.222.0.43/volume/v3/3fd1e42945794a1096d0269bb1656482/volumes/8b0c988f-f190-485d-be14-ded250393b61
Jun 24 08:42:18.268210 dv-cinder-845178-9-iscsi devstack@c-api.service[117507]: DEBUG cinder.api.openstack.wsgi [None req-760caeb0-e9ca-4c93-97bd-43f84942debb tempest-VolumesActionsTest-278570228 tempest-VolumesActionsTest-278570228-project] Empty body provided in request {{(pid=117507) get_body /opt/stack/cinder/cinder/api/openstack/wsgi.py:715}}
Jun 24 08:42:18.268660 dv-cinder-845178-9-iscsi devstack@c-api.service[117507]: DEBUG cinder.api.openstack.wsgi [None req-760caeb0-e9ca-4c93-97bd-43f84942debb tempest-VolumesActionsTest-278570228 tempest-VolumesActionsTest-278570228-project] Calling method 'show' {{(pid=117507) _process_stack /opt/stack/cinder/cinder/api/openstack/wsgi.py:868}}
Jun 24 08:42:18.277505 dv-cinder-845178-9-iscsi devstack@c-api.service[117506]: /usr/local/lib/python3.8/dist-packages/oslo_context/context.py:100: DeprecationWarning: Policy enforcement is depending on the value of is_admin. This key is deprecated. Please update your policy file to use the standard policy values.
Jun 24 08:42:18.277505 dv-cinder-845178-9-iscsi devstack@c-api.service[117506]: warnings.warn('Policy enforcement is depending on the value of '
Jun 24 08:42:18.287448 dv-cinder-845178-9-iscsi devstack@c-api.service[117507]: /usr/local/lib/python3.8/dist-packages/oslo_context/context.py:100: DeprecationWarning: Policy enforcement is depending on the value of is_admin. This key is deprecated. Please update your policy file to use the standard policy values.
Jun 24 08:42:18.287448 dv-cinder-845178-9-iscsi devstack@c-api.service[117507]: warnings.warn('Policy enforcement is depending on the value of '
Jun 24 08:42:18.289628 dv-cinder-845178-9-iscsi devstack@c-api.service[117506]: INFO cinder.volume.api [None req-1d373559-e1c7-4987-b817-9c80263901d7 tempest-GroupSnapshotsTest-957910617 tempest-GroupSnapshotsTest-957910617-project] Volume info retrieved successfully.
Jun 24 08:42:18.293895 dv-cinder-845178-9-iscsi devstack@c-api.service[117506]: WARNING stevedore.named [None req-1d373559-e1c7-4987-b817-9c80263901d7 tempest-GroupSnapshotsTest-957910617 tempest-GroupSnapshotsTest-957910617-project] Could not load cinder.keymgr.conf_key_mgr.ConfKeyManager
Jun 24 08:42:18.294707 dv-cinder-845178-9-iscsi devstack@c-api.service[117506]: WARNING castellan.key_manager [None req-1d373559-e1c7-4987-b817-9c80263901d7 tempest-GroupSnapshotsTest-957910617 tempest-GroupSnapshotsTest-957910617-project] Deprecation Warning : cinder.keymgr.conf_key_mgr.ConfKeyManager is not a stevedore based driver, trying to load it as a class: stevedore.exception.NoMatches: No 'castellan.drivers' driver found, looking for 'cinder.keymgr.conf_key_mgr.ConfKeyManager'
Jun 24 08:42:18.299687 dv-cinder-845178-9-iscsi devstack@c-api.service[117507]: INFO cinder.volume.api [None req-760caeb0-e9ca-4c93-97bd-43f84942debb tempest-VolumesActionsTest-278570228 tempest-VolumesActionsTest-278570228-project] Volume info retrieved successfully.
Jun 24 08:42:18.306972 dv-cinder-845178-9-iscsi devstack@c-api.service[117506]: DEBUG oslo_db.sqlalchemy.engines [None req-1d373559-e1c7-4987-b817-9c80263901d7 tempest-GroupSnapshotsTest-957910617 tempest-GroupSnapshotsTest-957910617-project] MySQL server mode set to STRICT_TRANS_TABLES,STRICT_ALL_TABLES,NO_ZERO_IN_DATE,NO_ZERO_DATE,ERROR_FOR_DIVISION_BY_ZERO,TRADITIONAL,NO_ENGINE_SUBSTITUTION {{(pid=117506) _check_effective_sql_mode /usr/local/lib/python3.8/dist-packages/oslo_db/sqlalchemy/engines.py:314}}
Jun 24 08:42:18.316740 dv-cinder-845178-9-iscsi devstack@c-api.service[117506]: /usr/local/lib/python3.8/dist-packages/oslo_context/context.py:100: DeprecationWarning: Policy enforcement is depending on the value of is_admin. This key is deprecated. Please update your policy file to use the standard policy values.
Jun 24 08:42:18.316740 dv-cinder-845178-9-iscsi devstack@c-api.service[117506]: warnings.warn('Policy enforcement is depending on the value of '
Jun 24 08:42:18.317626 dv-cinder-845178-9-iscsi devstack@c-api.service[117507]: INFO cinder.api.openstack.wsgi [None req-760caeb0-e9ca-4c93-97bd-43f84942debb tempest-VolumesActionsTest-278570228 tempest-VolumesActionsTest-278570228-project] http://10.222.0.43/volume/v3/3fd1e42945794a1096d0269bb1656482/volumes/8b0c988f-f190-485d-be14-ded250393b61 returned with HTTP 200
Jun 24 08:42:18.318541 dv-cinder-845178-9-iscsi devstack@c-api.service[117507]: [pid: 117507|app: 0|req: 147/288] 10.222.0.43 () {58 vars in 1324 bytes} [Fri Jun 24 08:42:18 2022] GET /volume/v3/3fd1e42945794a1096d0269bb1656482/volumes/8b0c988f-f190-485d-be14-ded250393b61 => generated 886 bytes in 56 msecs (HTTP/1.1 200) 7 headers in 285 bytes (1 switches on core 0)
Jun 24 08:42:18.338743 dv-cinder-845178-9-iscsi devstack@c-api.service[117506]: INFO cinder.api.openstack.wsgi [None req-1d373559-e1c7-4987-b817-9c80263901d7 tempest-GroupSnapshotsTest-957910617 tempest-GroupSnapshotsTest-957910617-project] http://10.222.0.43/volume/v3/095b1d6ba4e448a7ac328185abbb784f/volumes/7adfafb7-ebd5-48ea-b20d-d6489cdb04f3 returned with HTTP 200
Jun 24 08:42:18.340432 dv-cinder-845178-9-iscsi devstack@c-api.service[117506]: [pid: 117506|app: 0|req: 142/289] 10.222.0.43 () {60 vars in 1365 bytes} [Fri Jun 24 08:42:18 2022] GET /volume/v3/095b1d6ba4e448a7ac328185abbb784f/volumes/7adfafb7-ebd5-48ea-b20d-d6489cdb04f3 => generated 1000 bytes in 121 msecs (HTTP/1.1 200) 7 headers in 287 bytes (1 switches on core 0)
Jun 24 08:42:18.352353 dv-cinder-845178-9-iscsi devstack@c-api.service[117507]: DEBUG cinder.api.middleware.request_id [None req-96d7f7ec-2456-407c-a2e0-1e565a7ec0a7 None None] RequestId filter calling following filter/app {{(pid=117507) _context_setter /opt/stack/cinder/cinder/api/middleware/request_id.py:62}}
Jun 24 08:42:18.354237 dv-cinder-845178-9-iscsi devstack@c-api.service[117506]: DEBUG cinder.api.middleware.request_id [None req-288f6caf-cdf2-42dc-bf68-e031c8c570b1 None None] RequestId filter calling following filter/app {{(pid=117506) _context_setter /opt/stack/cinder/cinder/api/middleware/request_id.py:62}}
Jun 24 08:42:18.356607 dv-cinder-845178-9-iscsi devstack@c-api.service[117507]: INFO cinder.api.openstack.wsgi [None req-96d7f7ec-2456-407c-a2e0-1e565a7ec0a7 tempest-GroupSnapshotsTest-957910617 tempest-GroupSnapshotsTest-957910617-project] POST http://10.222.0.43/volume/v3/095b1d6ba4e448a7ac328185abbb784f/volumes
Jun 24 08:42:18.357379 dv-cinder-845178-9-iscsi devstack@c-api.service[117507]: DEBUG cinder.api.openstack.wsgi [None req-96d7f7ec-2456-407c-a2e0-1e565a7ec0a7 tempest-GroupSnapshotsTest-957910617 tempest-GroupSnapshotsTest-957910617-project] Action: 'create', calling method: create, body: {"volume": {"volume_type": "c588b42a-f729-4d90-acbe-12afe434d9e7", "group_id": "473babcc-e755-451d-9667-580768e79ca7", "size": 1, "name": "tempest-GroupSnapshotsTest-Volume-1259305658"}} {{(pid=117507) _process_stack /opt/stack/cinder/cinder/api/openstack/wsgi.py:866}}
Jun 24 08:42:18.358524 dv-cinder-845178-9-iscsi devstack@c-api.service[117507]: DEBUG cinder.api.v3.volumes [None req-96d7f7ec-2456-407c-a2e0-1e565a7ec0a7 tempest-GroupSnapshotsTest-957910617 tempest-GroupSnapshotsTest-957910617-project] Create volume request body: {'volume': {'volume_type': 'c588b42a-f729-4d90-acbe-12afe434d9e7', 'group_id': '473babcc-e755-451d-9667-580768e79ca7', 'size': 1, 'name': 'tempest-GroupSnapshotsTest-Volume-1259305658'}} {{(pid=117507) create /opt/stack/cinder/cinder/api/v3/volumes.py:298}}
Jun 24 08:42:18.361207 dv-cinder-845178-9-iscsi devstack@c-api.service[117506]: INFO cinder.api.openstack.wsgi [None req-288f6caf-cdf2-42dc-bf68-e031c8c570b1 tempest-SnapshotMetadataTestJSON-1660868382 tempest-SnapshotMetadataTestJSON-1660868382-project] GET http://10.222.0.43/volume/v3/58680c3a82c74c43ac42b62014f98e57/volumes/f89abf1c-25cb-4007-88b0-7126f5ce6e03
Jun 24 08:42:18.361931 dv-cinder-845178-9-iscsi devstack@c-api.service[117506]: DEBUG cinder.api.openstack.wsgi [None req-288f6caf-cdf2-42dc-bf68-e031c8c570b1 tempest-SnapshotMetadataTestJSON-1660868382 tempest-SnapshotMetadataTestJSON-1660868382-project] Empty body provided in request {{(pid=117506) get_body /opt/stack/cinder/cinder/api/openstack/wsgi.py:715}}
Jun 24 08:42:18.367374 dv-cinder-845178-9-iscsi devstack@c-api.service[117506]: DEBUG cinder.api.openstack.wsgi [None req-288f6caf-cdf2-42dc-bf68-e031c8c570b1 tempest-SnapshotMetadataTestJSON-1660868382 tempest-SnapshotMetadataTestJSON-1660868382-project] Calling method 'show' {{(pid=117506) _process_stack /opt/stack/cinder/cinder/api/openstack/wsgi.py:868}}
Jun 24 08:42:18.379162 dv-cinder-845178-9-iscsi devstack@c-api.service[117507]: /usr/local/lib/python3.8/dist-packages/oslo_context/context.py:100: DeprecationWarning: Policy enforcement is depending on the value of is_admin. This key is deprecated. Please update your policy file to use the standard policy values.
Jun 24 08:42:18.379162 dv-cinder-845178-9-iscsi devstack@c-api.service[117507]: warnings.warn('Policy enforcement is depending on the value of '
Jun 24 08:42:18.381219 dv-cinder-845178-9-iscsi devstack@c-api.service[117507]: INFO cinder.api.v3.volumes [None req-96d7f7ec-2456-407c-a2e0-1e565a7ec0a7 tempest-GroupSnapshotsTest-957910617 tempest-GroupSnapshotsTest-957910617-project] Create volume of 1 GB
Jun 24 08:42:18.386365 dv-cinder-845178-9-iscsi devstack@c-api.service[117506]: INFO cinder.api.openstack.wsgi [None req-288f6caf-cdf2-42dc-bf68-e031c8c570b1 tempest-SnapshotMetadataTestJSON-1660868382 tempest-SnapshotMetadataTestJSON-1660868382-project] http://10.222.0.43/volume/v3/58680c3a82c74c43ac42b62014f98e57/volumes/f89abf1c-25cb-4007-88b0-7126f5ce6e03 returned with HTTP 404
Jun 24 08:42:18.388462 dv-cinder-845178-9-iscsi devstack@c-api.service[117506]: [pid: 117506|app: 0|req: 143/290] 10.222.0.43 () {58 vars in 1324 bytes} [Fri Jun 24 08:42:18 2022] GET /volume/v3/58680c3a82c74c43ac42b62014f98e57/volumes/f89abf1c-25cb-4007-88b0-7126f5ce6e03 => generated 109 bytes in 36 msecs (HTTP/1.1 404) 7 headers in 292 bytes (1 switches on core 0)
Jun 24 08:42:18.394317 dv-cinder-845178-9-iscsi devstack@c-api.service[117507]: INFO cinder.volume.api [None req-96d7f7ec-2456-407c-a2e0-1e565a7ec0a7 tempest-GroupSnapshotsTest-957910617 tempest-GroupSnapshotsTest-957910617-project] Availability Zones retrieved successfully.
Jun 24 08:42:18.414370 dv-cinder-845178-9-iscsi devstack@c-api.service[117507]: DEBUG cinder.volume.api [None req-96d7f7ec-2456-407c-a2e0-1e565a7ec0a7 tempest-GroupSnapshotsTest-957910617 tempest-GroupSnapshotsTest-957910617-project] Flow 'volume_create_api' (662b7471-0512-4aaa-a5fb-344d5ab7242d) transitioned into state 'RUNNING' from state 'PENDING' {{(pid=117507) _flow_receiver /usr/local/lib/python3.8/dist-packages/taskflow/listeners/logging.py:141}}
Jun 24 08:42:18.417635 dv-cinder-845178-9-iscsi devstack@c-api.service[117507]: DEBUG cinder.volume.api [None req-96d7f7ec-2456-407c-a2e0-1e565a7ec0a7 tempest-GroupSnapshotsTest-957910617 tempest-GroupSnapshotsTest-957910617-project] Task 'cinder.volume.flows.api.create_volume.ExtractVolumeRequestTask;volume:create' (9d6af698-d8ca-45c2-a6b2-9ccde5cd2a23) transitioned into state 'RUNNING' from state 'PENDING' {{(pid=117507) _task_receiver /usr/local/lib/python3.8/dist-packages/taskflow/listeners/logging.py:190}}
Jun 24 08:42:18.419633 dv-cinder-845178-9-iscsi devstack@c-api.service[117507]: /usr/local/lib/python3.8/dist-packages/oslo_context/context.py:100: DeprecationWarning: Policy enforcement is depending on the value of is_admin. This key is deprecated. Please update your policy file to use the standard policy values.
Jun 24 08:42:18.419633 dv-cinder-845178-9-iscsi devstack@c-api.service[117507]: warnings.warn('Policy enforcement is depending on the value of '
Jun 24 08:42:18.420590 dv-cinder-845178-9-iscsi devstack@c-api.service[117507]: DEBUG cinder.volume.flows.api.create_volume [None req-96d7f7ec-2456-407c-a2e0-1e565a7ec0a7 tempest-GroupSnapshotsTest-957910617 tempest-GroupSnapshotsTest-957910617-project] Validating volume size '1' using validate_int {{(pid=117507) _extract_size /opt/stack/cinder/cinder/volume/flows/api/create_volume.py:228}}
Jun 24 08:42:18.447647 dv-cinder-845178-9-iscsi devstack@c-api.service[117507]: DEBUG cinder.volume.api [None req-96d7f7ec-2456-407c-a2e0-1e565a7ec0a7 tempest-GroupSnapshotsTest-957910617 tempest-GroupSnapshotsTest-957910617-project] Task 'cinder.volume.flows.api.create_volume.ExtractVolumeRequestTask;volume:create' (9d6af698-d8ca-45c2-a6b2-9ccde5cd2a23) transitioned into state 'SUCCESS' from state 'RUNNING' with result '{'size': 1, 'snapshot_id': None, 'source_volid': None, 'volume_type': VolumeType(created_at=2022-06-24T08:42:15Z,deleted=False,deleted_at=None,description=None,extra_specs={},id=c588b42a-f729-4d90-acbe-12afe434d9e7,is_public=True,name='tempest-GroupSnapshotsTest-volume-type-486391775',projects=[],qos_specs=,qos_specs_id=None,updated_at=None), 'volume_type_id': 'c588b42a-f729-4d90-acbe-12afe434d9e7', 'encryption_key_id': None, 'qos_specs': None, 'consistencygroup_id': None, 'cgsnapshot_id': None, 'group_id': '473babcc-e755-451d-9667-580768e79ca7', 'replication_status': 'disabled', 'refresh_az': False, 'backup_id': None, 'multiattach': False, 'availability_zones': ['nova']}' {{(pid=117507) _task_receiver /usr/local/lib/python3.8/dist-packages/taskflow/listeners/logging.py:178}}
Jun 24 08:42:18.449703 dv-cinder-845178-9-iscsi devstack@c-api.service[117507]: DEBUG cinder.volume.api [None req-96d7f7ec-2456-407c-a2e0-1e565a7ec0a7 tempest-GroupSnapshotsTest-957910617 tempest-GroupSnapshotsTest-957910617-project] Task 'cinder.volume.flows.api.create_volume.QuotaReserveTask;volume:create' (24950981-d31a-46b5-a48c-b06a24ea5db6) transitioned into state 'RUNNING' from state 'PENDING' {{(pid=117507) _task_receiver /usr/local/lib/python3.8/dist-packages/taskflow/listeners/logging.py:190}}
Jun 24 08:42:18.527132 dv-cinder-845178-9-iscsi devstack@c-api.service[117507]: DEBUG cinder.quota [None req-96d7f7ec-2456-407c-a2e0-1e565a7ec0a7 tempest-GroupSnapshotsTest-957910617 tempest-GroupSnapshotsTest-957910617-project] Created reservations ['f277c4c1-35c2-4350-91d8-9c629c97dbab', '399f86f9-b126-4e50-9b44-384813b495dc', '3d08a90d-b0af-455e-aab5-dfdf435a68e0', 'a98e8df6-80d0-45c4-9ef1-2ddef48dcbc1'] {{(pid=117507) reserve /opt/stack/cinder/cinder/quota.py:755}}
Jun 24 08:42:18.529270 dv-cinder-845178-9-iscsi devstack@c-api.service[117507]: DEBUG cinder.volume.api [None req-96d7f7ec-2456-407c-a2e0-1e565a7ec0a7 tempest-GroupSnapshotsTest-957910617 tempest-GroupSnapshotsTest-957910617-project] Task 'cinder.volume.flows.api.create_volume.QuotaReserveTask;volume:create' (24950981-d31a-46b5-a48c-b06a24ea5db6) transitioned into state 'SUCCESS' from state 'RUNNING' with result '{'reservations': ['f277c4c1-35c2-4350-91d8-9c629c97dbab', '399f86f9-b126-4e50-9b44-384813b495dc', '3d08a90d-b0af-455e-aab5-dfdf435a68e0', 'a98e8df6-80d0-45c4-9ef1-2ddef48dcbc1']}' {{(pid=117507) _task_receiver /usr/local/lib/python3.8/dist-packages/taskflow/listeners/logging.py:178}}
Jun 24 08:42:18.531356 dv-cinder-845178-9-iscsi devstack@c-api.service[117507]: DEBUG cinder.volume.api [None req-96d7f7ec-2456-407c-a2e0-1e565a7ec0a7 tempest-GroupSnapshotsTest-957910617 tempest-GroupSnapshotsTest-957910617-project] Task 'cinder.volume.flows.api.create_volume.EntryCreateTask;volume:create' (6b09c333-abec-4ac5-9381-8aa44369f71b) transitioned into state 'RUNNING' from state 'PENDING' {{(pid=117507) _task_receiver /usr/local/lib/python3.8/dist-packages/taskflow/listeners/logging.py:190}}
Jun 24 08:42:18.556205 dv-cinder-845178-9-iscsi devstack@c-api.service[117507]: DEBUG cinder.volume.api [None req-96d7f7ec-2456-407c-a2e0-1e565a7ec0a7 tempest-GroupSnapshotsTest-957910617 tempest-GroupSnapshotsTest-957910617-project] Task 'cinder.volume.flows.api.create_volume.EntryCreateTask;volume:create' (6b09c333-abec-4ac5-9381-8aa44369f71b) transitioned into state 'SUCCESS' from state 'RUNNING' with result '{'volume_id': '69dcca61-aece-4bef-a654-fe2e1be0d034', 'volume_properties': VolumeProperties(attach_status='detached',availability_zone='nova',cgsnapshot_id=None,consistencygroup_id=None,display_description=None,display_name='tempest-GroupSnapshotsTest-Volume-1259305658',encryption_key_id=None,group_id=473babcc-e755-451d-9667-580768e79ca7,group_type_id=,metadata={},multiattach=False,project_id='095b1d6ba4e448a7ac328185abbb784f',qos_specs=None,replication_status=,reservations=['f277c4c1-35c2-4350-91d8-9c629c97dbab','399f86f9-b126-4e50-9b44-384813b495dc','3d08a90d-b0af-455e-aab5-dfdf435a68e0','a98e8df6-80d0-45c4-9ef1-2ddef48dcbc1'],size=1,snapshot_id=None,source_replicaid=,source_volid=None,status='creating',user_id='af57181073784691ba5562c83b65beea',volume_type_id=c588b42a-f729-4d90-acbe-12afe434d9e7), 'volume': Volume(_name_id=None,admin_metadata=,attach_status='detached',availability_zone='nova',bootable=False,cluster=,cluster_name=None,consistencygroup=,consistencygroup_id=None,created_at=2022-06-24T08:42:18Z,deleted=False,deleted_at=None,display_description=None,display_name='tempest-GroupSnapshotsTest-Volume-1259305658',ec2_id=None,encryption_key_id=None,glance_metadata=,group=,group_id=473babcc-e755-451d-9667-580768e79ca7,host=None,id=69dcca61-aece-4bef-a654-fe2e1be0d034,launched_at=None,metadata={},migration_status=None,multiattach=False,previous_status=None,project_id='095b1d6ba4e448a7ac328185abbb784f',provider_auth=None,provider_geometry=None,provider_id=None,provider_location=None,replication_driver_data=None,replication_extended_status=None,replication_status=None,scheduled_at=None,service_uuid=None,shared_targets=True,size=1,snapshot_id=None,snapshots=,source_volid=None,status='creating',terminated_at=None,updated_at=None,use_quota=True,user_id='af57181073784691ba5562c83b65beea',volume_attachment=VolumeAttachmentList,volume_type=VolumeType(c588b42a-f729-4d90-acbe-12afe434d9e7),volume_type_id=c588b42a-f729-4d90-acbe-12afe434d9e7)}' {{(pid=117507) _task_receiver /usr/local/lib/python3.8/dist-packages/taskflow/listeners/logging.py:178}}
Jun 24 08:42:18.558192 dv-cinder-845178-9-iscsi devstack@c-api.service[117507]: DEBUG cinder.volume.api [None req-96d7f7ec-2456-407c-a2e0-1e565a7ec0a7 tempest-GroupSnapshotsTest-957910617 tempest-GroupSnapshotsTest-957910617-project] Task 'cinder.volume.flows.api.create_volume.QuotaCommitTask;volume:create' (216a0274-0964-46f5-8eed-2140f9f5dc29) transitioned into state 'RUNNING' from state 'PENDING' {{(pid=117507) _task_receiver /usr/local/lib/python3.8/dist-packages/taskflow/listeners/logging.py:190}}
Jun 24 08:42:18.595299 dv-cinder-845178-9-iscsi devstack@c-api.service[117507]: DEBUG cinder.volume.api [None req-96d7f7ec-2456-407c-a2e0-1e565a7ec0a7 tempest-GroupSnapshotsTest-957910617 tempest-GroupSnapshotsTest-957910617-project] Task 'cinder.volume.flows.api.create_volume.QuotaCommitTask;volume:create' (216a0274-0964-46f5-8eed-2140f9f5dc29) transitioned into state 'SUCCESS' from state 'RUNNING' with result '{'volume_properties': VolumeProperties(attach_status='detached',availability_zone='nova',cgsnapshot_id=None,consistencygroup_id=None,display_description=None,display_name='tempest-GroupSnapshotsTest-Volume-1259305658',encryption_key_id=None,group_id=473babcc-e755-451d-9667-580768e79ca7,group_type_id=,metadata={},multiattach=False,project_id='095b1d6ba4e448a7ac328185abbb784f',qos_specs=None,replication_status=,reservations=['f277c4c1-35c2-4350-91d8-9c629c97dbab','399f86f9-b126-4e50-9b44-384813b495dc','3d08a90d-b0af-455e-aab5-dfdf435a68e0','a98e8df6-80d0-45c4-9ef1-2ddef48dcbc1'],size=1,snapshot_id=None,source_replicaid=,source_volid=None,status='creating',user_id='af57181073784691ba5562c83b65beea',volume_type_id=c588b42a-f729-4d90-acbe-12afe434d9e7)}' {{(pid=117507) _task_receiver /usr/local/lib/python3.8/dist-packages/taskflow/listeners/logging.py:178}}
Jun 24 08:42:18.599753 dv-cinder-845178-9-iscsi devstack@c-api.service[117507]: DEBUG cinder.volume.api [None req-96d7f7ec-2456-407c-a2e0-1e565a7ec0a7 tempest-GroupSnapshotsTest-957910617 tempest-GroupSnapshotsTest-957910617-project] Task 'cinder.volume.flows.api.create_volume.VolumeCastTask;volume:create' (460f3b9a-3a39-4c74-9696-2cba6d06b0c7) transitioned into state 'RUNNING' from state 'PENDING' {{(pid=117507) _task_receiver /usr/local/lib/python3.8/dist-packages/taskflow/listeners/logging.py:190}}
Jun 24 08:42:18.605103 dv-cinder-845178-9-iscsi devstack@c-api.service[117507]: DEBUG dbcounter [-] [117507] Writing DB stats cinder:SELECT=65,cinder:INSERT=11,cinder:UPDATE=24 {{(pid=117507) stat_writer /usr/local/lib/python3.8/dist-packages/dbcounter.py:114}}
Jun 24 08:42:18.632453 dv-cinder-845178-9-iscsi devstack@c-api.service[117507]: DEBUG cinder.volume.api [None req-96d7f7ec-2456-407c-a2e0-1e565a7ec0a7 tempest-GroupSnapshotsTest-957910617 tempest-GroupSnapshotsTest-957910617-project] Task 'cinder.volume.flows.api.create_volume.VolumeCastTask;volume:create' (460f3b9a-3a39-4c74-9696-2cba6d06b0c7) transitioned into state 'SUCCESS' from state 'RUNNING' with result 'None' {{(pid=117507) _task_receiver /usr/local/lib/python3.8/dist-packages/taskflow/listeners/logging.py:178}}
Jun 24 08:42:18.636848 dv-cinder-845178-9-iscsi devstack@c-api.service[117507]: DEBUG cinder.volume.api [None req-96d7f7ec-2456-407c-a2e0-1e565a7ec0a7 tempest-GroupSnapshotsTest-957910617 tempest-GroupSnapshotsTest-957910617-project] Flow 'volume_create_api' (662b7471-0512-4aaa-a5fb-344d5ab7242d) transitioned into state 'SUCCESS' from state 'RUNNING' {{(pid=117507) _flow_receiver /usr/local/lib/python3.8/dist-packages/taskflow/listeners/logging.py:141}}
Jun 24 08:42:18.637834 dv-cinder-845178-9-iscsi devstack@c-api.service[117507]: INFO cinder.volume.api [None req-96d7f7ec-2456-407c-a2e0-1e565a7ec0a7 tempest-GroupSnapshotsTest-957910617 tempest-GroupSnapshotsTest-957910617-project] Create volume request issued successfully.
Jun 24 08:42:18.639618 dv-cinder-845178-9-iscsi devstack@c-api.service[117507]: WARNING stevedore.named [None req-96d7f7ec-2456-407c-a2e0-1e565a7ec0a7 tempest-GroupSnapshotsTest-957910617 tempest-GroupSnapshotsTest-957910617-project] Could not load cinder.keymgr.conf_key_mgr.ConfKeyManager
Jun 24 08:42:18.640188 dv-cinder-845178-9-iscsi devstack@c-api.service[117507]: WARNING castellan.key_manager [None req-96d7f7ec-2456-407c-a2e0-1e565a7ec0a7 tempest-GroupSnapshotsTest-957910617 tempest-GroupSnapshotsTest-957910617-project] Deprecation Warning : cinder.keymgr.conf_key_mgr.ConfKeyManager is not a stevedore based driver, trying to load it as a class: stevedore.exception.NoMatches: No 'castellan.drivers' driver found, looking for 'cinder.keymgr.conf_key_mgr.ConfKeyManager'
Jun 24 08:42:18.649242 dv-cinder-845178-9-iscsi devstack@c-api.service[117507]: DEBUG oslo_db.sqlalchemy.engines [None req-96d7f7ec-2456-407c-a2e0-1e565a7ec0a7 tempest-GroupSnapshotsTest-957910617 tempest-GroupSnapshotsTest-957910617-project] MySQL server mode set to STRICT_TRANS_TABLES,STRICT_ALL_TABLES,NO_ZERO_IN_DATE,NO_ZERO_DATE,ERROR_FOR_DIVISION_BY_ZERO,TRADITIONAL,NO_ENGINE_SUBSTITUTION {{(pid=117507) _check_effective_sql_mode /usr/local/lib/python3.8/dist-packages/oslo_db/sqlalchemy/engines.py:314}}
Jun 24 08:42:18.656722 dv-cinder-845178-9-iscsi devstack@c-api.service[117507]: /usr/local/lib/python3.8/dist-packages/oslo_context/context.py:100: DeprecationWarning: Policy enforcement is depending on the value of is_admin. This key is deprecated. Please update your policy file to use the standard policy values.
Jun 24 08:42:18.656722 dv-cinder-845178-9-iscsi devstack@c-api.service[117507]: warnings.warn('Policy enforcement is depending on the value of '
Jun 24 08:42:18.670064 dv-cinder-845178-9-iscsi devstack@c-api.service[117507]: INFO cinder.api.openstack.wsgi [None req-96d7f7ec-2456-407c-a2e0-1e565a7ec0a7 tempest-GroupSnapshotsTest-957910617 tempest-GroupSnapshotsTest-957910617-project] http://10.222.0.43/volume/v3/095b1d6ba4e448a7ac328185abbb784f/volumes returned with HTTP 202
Jun 24 08:42:18.675367 dv-cinder-845178-9-iscsi devstack@c-api.service[117507]: [pid: 117507|app: 0|req: 148/291] 10.222.0.43 () {62 vars in 1276 bytes} [Fri Jun 24 08:42:18 2022] POST /volume/v3/095b1d6ba4e448a7ac328185abbb784f/volumes => generated 907 bytes in 324 msecs (HTTP/1.1 202) 7 headers in 292 bytes (1 switches on core 0)
Jun 24 08:42:18.687634 dv-cinder-845178-9-iscsi devstack@c-api.service[117506]: DEBUG cinder.api.middleware.request_id [None req-610558e6-571c-443e-81e0-63cd7fcbd29c None None] RequestId filter calling following filter/app {{(pid=117506) _context_setter /opt/stack/cinder/cinder/api/middleware/request_id.py:62}}
Jun 24 08:42:18.691363 dv-cinder-845178-9-iscsi devstack@c-api.service[117506]: INFO cinder.api.openstack.wsgi [None req-610558e6-571c-443e-81e0-63cd7fcbd29c tempest-GroupSnapshotsTest-957910617 tempest-GroupSnapshotsTest-957910617-project] GET http://10.222.0.43/volume/v3/095b1d6ba4e448a7ac328185abbb784f/volumes/69dcca61-aece-4bef-a654-fe2e1be0d034
