Jun 22 08:51:24.488088 dv-cinder-845178-8-smb neutron-server[115493]: INFO neutron.wsgi [req-008f4e20-b50c-4ce1-9a9c-2f3d11f6289d req-6dd65198-0b37-4276-b61c-293480546a2e tempest-DeleteServersTestJSON-1376558241 tempest-DeleteServersTestJSON-1376558241-project] 10.222.0.23 "GET /v2.0/ports?device_id=0fe47e94-2448-4486-bd90-0b564edddb2e HTTP/1.1" status: 200 len: 931 time: 0.4507306
Jun 22 08:51:24.492591 dv-cinder-845178-8-smb neutron-server[115493]: DEBUG neutron_lib.callbacks.manager [req-b8b10e61-a47f-48fa-828d-193fd01d69df req-489f0f24-c3c3-4c18-bf45-a72b3959bec0 service neutron] Publish callbacks ['neutron.plugins.ml2.plugin.SecurityGroupServerNotifierRpcMixin._notify_sg_on_port_change-1976471', 'neutron.plugins.ml2.ovo_rpc._ObjectChangeHandler.handle_event-177492', 'neutron.api.rpc.agentnotifiers.dhcp_rpc_agent_api.DhcpAgentNotifyAPI._native_event_send_dhcp_notification-548594', 'neutron.db.l3_db.L3RpcNotifierMixin._notify_gateway_port_ip_changed-8775851957086', 'neutron.db.l3_dvrscheduler_db._notify_l3_agent_port_update-8775851567252', 'neutron.db.l3_hascheduler_db._notify_l3_agent_ha_port_update-8775851567270', 'neutron.services.segments.plugin.NovaSegmentNotifier._notify_port_updated-15660361'] for port (8a4a75fb-da15-4b8b-9979-db13b675bc3a), after_update {{(pid=115493) _notify_loop /usr/local/lib/python3.8/dist-packages/neutron_lib/callbacks/manager.py:176}}
Jun 22 08:51:24.496184 dv-cinder-845178-8-smb neutron-server[115492]: DEBUG neutron.db.provisioning_blocks [req-929c365c-1db0-44e0-95a5-c13779717e98 req-fe9efedf-6047-4ac4-8e5d-761a4b493368 service neutron] Transition to ACTIVE for port object 4a6b6d68-e4af-48c0-9d20-2adae37b1bc4 will not be triggered until provisioned by entity L2. {{(pid=115492) add_provisioning_component /opt/stack/neutron/neutron/db/provisioning_blocks.py:75}}
Jun 22 08:51:24.627500 dv-cinder-845178-8-smb neutron-server[115493]: DEBUG neutron.pecan_wsgi.hooks.policy_enforcement [req-b8b10e61-a47f-48fa-828d-193fd01d69df req-489f0f24-c3c3-4c18-bf45-a72b3959bec0 service neutron] Attributes excluded by policy engine: ['standard_attr_id'] {{(pid=115493) _exclude_attributes_by_policy /opt/stack/neutron/neutron/pecan_wsgi/hooks/policy_enforcement.py:259}}
Jun 22 08:51:24.628170 dv-cinder-845178-8-smb neutron-server[115493]: DEBUG neutron_lib.callbacks.manager [req-b8b10e61-a47f-48fa-828d-193fd01d69df req-489f0f24-c3c3-4c18-bf45-a72b3959bec0 service neutron] Publish callbacks ['neutron.notifiers.nova.Notifier._send_nova_notification-219513', 'neutron.api.rpc.agentnotifiers.dhcp_rpc_agent_api.DhcpAgentNotifyAPI._send_dhcp_notification-548580'] for port (None), before_response {{(pid=115493) _notify_loop /usr/local/lib/python3.8/dist-packages/neutron_lib/callbacks/manager.py:176}}
Jun 22 08:51:24.629912 dv-cinder-845178-8-smb neutron-server[115493]: INFO neutron.wsgi [req-b8b10e61-a47f-48fa-828d-193fd01d69df req-489f0f24-c3c3-4c18-bf45-a72b3959bec0 service neutron] 10.222.0.13 "PUT /v2.0/ports/8a4a75fb-da15-4b8b-9979-db13b675bc3a HTTP/1.1" status: 200 len: 1093 time: 2.7050686
Jun 22 08:51:24.632079 dv-cinder-845178-8-smb neutron-server[115493]: DEBUG neutron.api.rpc.handlers.resources_rpc [None req-489f0f24-c3c3-4c18-bf45-a72b3959bec0 service neutron] Pushing event updated for resources: {'Port': ['ID=8a4a75fb-da15-4b8b-9979-db13b675bc3a,revision_number=3']} {{(pid=115493) push /opt/stack/neutron/neutron/api/rpc/handlers/resources_rpc.py:237}}
Jun 22 08:51:24.648952 dv-cinder-845178-8-smb neutron-server[115492]: DEBUG neutron_lib.callbacks.manager [req-929c365c-1db0-44e0-95a5-c13779717e98 req-fe9efedf-6047-4ac4-8e5d-761a4b493368 service neutron] Publish callbacks ['neutron.plugins.ml2.plugin.SecurityGroupServerNotifierRpcMixin._notify_sg_on_port_change-1976471', 'neutron.plugins.ml2.ovo_rpc._ObjectChangeHandler.handle_event-177492', 'neutron.api.rpc.agentnotifiers.dhcp_rpc_agent_api.DhcpAgentNotifyAPI._native_event_send_dhcp_notification-548594', 'neutron.db.l3_db.L3RpcNotifierMixin._notify_gateway_port_ip_changed-8775851957086', 'neutron.db.l3_dvrscheduler_db._notify_l3_agent_port_update-8775851567252', 'neutron.db.l3_hascheduler_db._notify_l3_agent_ha_port_update-8775851567270', 'neutron.services.segments.plugin.NovaSegmentNotifier._notify_port_updated-14642146'] for port (4a6b6d68-e4af-48c0-9d20-2adae37b1bc4), after_update {{(pid=115492) _notify_loop /usr/local/lib/python3.8/dist-packages/neutron_lib/callbacks/manager.py:176}}
Jun 22 08:51:24.657318 dv-cinder-845178-8-smb neutron-server[115493]: DEBUG neutron.notifiers.nova [-] Sending events: [{'name': 'network-changed', 'server_uuid': '7e770316-5900-409d-9f85-7769dd82ab8d', 'tag': '8a4a75fb-da15-4b8b-9979-db13b675bc3a'}] {{(pid=115493) send_events /opt/stack/neutron/neutron/notifiers/nova.py:271}}
Jun 22 08:51:24.805578 dv-cinder-845178-8-smb neutron-server[115493]: INFO neutron.wsgi [req-008f4e20-b50c-4ce1-9a9c-2f3d11f6289d req-58c1331d-2bad-4be8-80e1-4a8f8d158505 tempest-DeleteServersTestJSON-1376558241 tempest-DeleteServersTestJSON-1376558241-project] 10.222.0.23 "GET /v2.0/security-groups?id=8baa3a47-8282-4314-a854-cc65d0534ccf&fields=id&fields=name HTTP/1.1" status: 200 len: 286 time: 0.2714355
Jun 22 08:51:25.027665 dv-cinder-845178-8-smb neutron-server[115492]: DEBUG dbcounter [-] [115492] Writing DB stats neutron:SELECT=92,neutron:INSERT=5,neutron:UPDATE=3 {{(pid=115492) stat_writer /usr/local/lib/python3.8/dist-packages/dbcounter.py:114}}
Jun 22 08:51:25.167323 dv-cinder-845178-8-smb neutron-server[115492]: DEBUG neutron_lib.callbacks.manager [None req-d72b942f-793a-47fa-8d3e-87c22263a053 admin admin] Publish callbacks [] for security_group (ce5ea0cd-8c9e-40f2-9287-59d740645e4a), before_delete {{(pid=115492) _notify_loop /usr/local/lib/python3.8/dist-packages/neutron_lib/callbacks/manager.py:176}}
Jun 22 08:51:25.191843 dv-cinder-845178-8-smb neutron-server[115492]: DEBUG neutron.api.rpc.handlers.resources_rpc [None req-fe9efedf-6047-4ac4-8e5d-761a4b493368 service neutron] Pushing event updated for resources: {'Port': ['ID=4a6b6d68-e4af-48c0-9d20-2adae37b1bc4,revision_number=2']} {{(pid=115492) push /opt/stack/neutron/neutron/api/rpc/handlers/resources_rpc.py:237}}
Jun 22 08:51:25.212903 dv-cinder-845178-8-smb neutron-server[115492]: DEBUG neutron.pecan_wsgi.hooks.policy_enforcement [req-e4553bef-fa49-45e5-8003-b68a350d3999 req-38e182ae-0469-4be3-a945-034ecd74ac90 tempest-AttachVolumeShelveTestJSON-922639606 tempest-AttachVolumeShelveTestJSON-922639606-project] Attributes excluded by policy engine: ['standard_attr_id', 'vlan_transparent', 'provider:network_type', 'provider:physical_network', 'provider:segmentation_id'] {{(pid=115492) _exclude_attributes_by_policy /opt/stack/neutron/neutron/pecan_wsgi/hooks/policy_enforcement.py:259}}
Jun 22 08:51:25.215270 dv-cinder-845178-8-smb neutron-server[115492]: INFO neutron.wsgi [req-e4553bef-fa49-45e5-8003-b68a350d3999 req-38e182ae-0469-4be3-a945-034ecd74ac90 tempest-AttachVolumeShelveTestJSON-922639606 tempest-AttachVolumeShelveTestJSON-922639606-project] 10.222.0.13 "GET /v2.0/networks?id=efaf78a4-b973-484b-8b3a-9296f79ea262 HTTP/1.1" status: 200 len: 816 time: 0.9624887
Jun 22 08:51:25.271965 dv-cinder-845178-8-smb neutron-server[115493]: DEBUG novaclient.v2.client [-] REQ: curl -g -i --cacert "/opt/stack/data/ca-bundle.pem" -X POST http://10.222.0.23/compute/v2.1/os-server-external-events -H "Accept: application/json" -H "Content-Type: application/json" -H "User-Agent: python-novaclient" -H "X-Auth-Token: {SHA256}11b2426bac769e121d026e5c8cde4f70b3bdfe1c2d3e961c5b4d0cadeabe4643" -H "X-OpenStack-Nova-API-Version: 2.1" -H "X-OpenStack-Request-ID: req-f08f1696-ba20-4241-b23b-338cc9e81831" -d '{"events": [{"name": "network-changed", "server_uuid": "7e770316-5900-409d-9f85-7769dd82ab8d", "tag": "8a4a75fb-da15-4b8b-9979-db13b675bc3a"}]}' {{(pid=115493) _http_log_request /usr/local/lib/python3.8/dist-packages/keystoneauth1/session.py:519}}
Jun 22 08:51:25.394066 dv-cinder-845178-8-smb neutron-server[115493]: INFO neutron.wsgi [req-425613b5-d8ff-4c6d-a6bc-a9f1a0fdafc5 req-24f64552-de9d-467c-a96c-aad8485758ae tempest-AttachVolumeShelveTestJSON-922639606 tempest-AttachVolumeShelveTestJSON-922639606-project] 10.222.0.23 "GET /v2.0/ports?device_id=c715c7eb-244d-415f-8d12-e162a7a8c062 HTTP/1.1" status: 200 len: 210 time: 0.0665388
Jun 22 08:51:25.397984 dv-cinder-845178-8-smb neutron-server[115493]: DEBUG neutron.pecan_wsgi.hooks.policy_enforcement [req-b8b10e61-a47f-48fa-828d-193fd01d69df req-47251b79-6c9b-4711-839c-9dd6be9f53cd service neutron] Attributes excluded by policy engine: ['standard_attr_id'] {{(pid=115493) _exclude_attributes_by_policy /opt/stack/neutron/neutron/pecan_wsgi/hooks/policy_enforcement.py:259}}
Jun 22 08:51:25.401340 dv-cinder-845178-8-smb neutron-server[115492]: DEBUG neutron.pecan_wsgi.hooks.policy_enforcement [req-26dfa6e5-389c-496d-83d2-b4b192ece5f6 req-5f1d05bc-e298-47bc-b7a0-2edf4eb433ef tempest-AttachVolumeTestJSON-1270867262 tempest-AttachVolumeTestJSON-1270867262-project] Attributes excluded by policy engine: ['standard_attr_id', 'binding:profile', 'binding:host_id', 'binding:vif_type', 'binding:vif_details'] {{(pid=115492) _exclude_attributes_by_policy /opt/stack/neutron/neutron/pecan_wsgi/hooks/policy_enforcement.py:259}}
Jun 22 08:51:25.402200 dv-cinder-845178-8-smb neutron-server[115493]: INFO neutron.wsgi [req-b8b10e61-a47f-48fa-828d-193fd01d69df req-47251b79-6c9b-4711-839c-9dd6be9f53cd service neutron] 10.222.0.13 "GET /v2.0/ports?tenant_id=e6ae584dfc7548fe9631663a84927754&device_id=7e770316-5900-409d-9f85-7769dd82ab8d HTTP/1.1" status: 200 len: 1127 time: 0.6223047
Jun 22 08:51:25.414448 dv-cinder-845178-8-smb neutron-server[115492]: INFO neutron.wsgi [req-26dfa6e5-389c-496d-83d2-b4b192ece5f6 req-5f1d05bc-e298-47bc-b7a0-2edf4eb433ef tempest-AttachVolumeTestJSON-1270867262 tempest-AttachVolumeTestJSON-1270867262-project] 10.222.0.23 "GET /v2.0/ports?device_id=7e770316-5900-409d-9f85-7769dd82ab8d HTTP/1.1" status: 200 len: 943 time: 0.4935019
Jun 22 08:51:25.556982 dv-cinder-845178-8-smb neutron-server[115492]: DEBUG neutron_lib.callbacks.manager [None req-d72b942f-793a-47fa-8d3e-87c22263a053 admin admin] Publish callbacks [] for security_group (ce5ea0cd-8c9e-40f2-9287-59d740645e4a), precommit_delete {{(pid=115492) _notify_loop /usr/local/lib/python3.8/dist-packages/neutron_lib/callbacks/manager.py:176}}
Jun 22 08:51:25.665728 dv-cinder-845178-8-smb neutron-server[115493]: INFO neutron.wsgi [req-b8b10e61-a47f-48fa-828d-193fd01d69df req-18f3d2f6-8924-4404-b82f-b23dd021f41f service neutron] 10.222.0.13 "GET /v2.0/floatingips?fixed_ip_address=172.20.0.9&port_id=8a4a75fb-da15-4b8b-9979-db13b675bc3a HTTP/1.1" status: 200 len: 217 time: 0.2520518
Jun 22 08:51:25.725391 dv-cinder-845178-8-smb neutron-server[115492]: INFO neutron.wsgi [req-26dfa6e5-389c-496d-83d2-b4b192ece5f6 req-29864ce6-8700-4a55-98fc-a259fcd90793 tempest-AttachVolumeTestJSON-1270867262 tempest-AttachVolumeTestJSON-1270867262-project] 10.222.0.23 "GET /v2.0/security-groups?id=c69715da-df53-416c-8248-db22373a8827&fields=id&fields=name HTTP/1.1" status: 200 len: 313 time: 0.3073874
Jun 22 08:51:25.763373 dv-cinder-845178-8-smb neutron-server[115492]: INFO neutron.wsgi [req-e4553bef-fa49-45e5-8003-b68a350d3999 req-b385ef0e-8c7e-455f-8115-bbb70f40443a tempest-AttachVolumeShelveTestJSON-922639606 tempest-AttachVolumeShelveTestJSON-922639606-project] 10.222.0.13 "GET /v2.0/security-groups?fields=id&fields=name&tenant_id=b0722d287f2d43eab001d8dceee1e6f9 HTTP/1.1" status: 200 len: 379 time: 0.5132208
Jun 22 08:51:25.776815 dv-cinder-845178-8-smb neutron-server[115492]: DEBUG neutron.api.v2.base [req-e4553bef-fa49-45e5-8003-b68a350d3999 req-0d6b0a0e-f291-48ee-829c-ffc9ca70cf31 tempest-AttachVolumeShelveTestJSON-922639606 tempest-AttachVolumeShelveTestJSON-922639606-project] Request body: {'port': {'device_id': 'c715c7eb-244d-415f-8d12-e162a7a8c062', 'network_id': 'efaf78a4-b973-484b-8b3a-9296f79ea262', 'admin_state_up': True, 'tenant_id': 'b0722d287f2d43eab001d8dceee1e6f9', 'security_groups': ['d8ce1bfb-c22b-4418-b101-9351ea4fa99e']}} {{(pid=115492) prepare_request_body /opt/stack/neutron/neutron/api/v2/base.py:730}}
Jun 22 08:51:25.785144 dv-cinder-845178-8-smb neutron-server[115492]: DEBUG neutron.plugins.ml2.managers [req-929c365c-1db0-44e0-95a5-c13779717e98 req-fe9efedf-6047-4ac4-8e5d-761a4b493368 service neutron] Attempting to bind port 4a6b6d68-e4af-48c0-9d20-2adae37b1bc4 on host hv-cinder-84517 for vnic_type normal with profile {{(pid=115492) bind_port /opt/stack/neutron/neutron/plugins/ml2/managers.py:811}}
Jun 22 08:51:25.785493 dv-cinder-845178-8-smb neutron-server[115492]: DEBUG neutron.plugins.ml2.managers [req-929c365c-1db0-44e0-95a5-c13779717e98 req-fe9efedf-6047-4ac4-8e5d-761a4b493368 service neutron] Attempting to bind port 4a6b6d68-e4af-48c0-9d20-2adae37b1bc4 by drivers openvswitch,hyperv on host hv-cinder-84517 at level 0 using segments [{'id': 'fe518384-0313-4528-aa4f-a8178116a369', 'network_type': 'vlan', 'physical_network': 'physnet1', 'segmentation_id': 187, 'network_id': '8ce7e73d-f452-45a2-ad92-164c37e96fde'}] {{(pid=115492) _bind_port_level /opt/stack/neutron/neutron/plugins/ml2/managers.py:836}}
Jun 22 08:51:25.785843 dv-cinder-845178-8-smb neutron-server[115492]: DEBUG neutron.plugins.ml2.drivers.mech_agent [req-929c365c-1db0-44e0-95a5-c13779717e98 req-fe9efedf-6047-4ac4-8e5d-761a4b493368 service neutron] Attempting to bind port 4a6b6d68-e4af-48c0-9d20-2adae37b1bc4 on network 8ce7e73d-f452-45a2-ad92-164c37e96fde {{(pid=115492) bind_port /opt/stack/neutron/neutron/plugins/ml2/drivers/mech_agent.py:91}}
Jun 22 08:51:25.791574 dv-cinder-845178-8-smb neutron-server[115493]: DEBUG novaclient.v2.client [-] RESP: [200] Connection: close Content-Length: 179 Content-Type: application/json Date: Wed, 22 Jun 2022 08:51:25 GMT OpenStack-API-Version: compute 2.1 Server: Apache/2.4.41 (Ubuntu) Vary: OpenStack-API-Version,X-OpenStack-Nova-API-Version X-OpenStack-Nova-API-Version: 2.1 x-compute-request-id: req-5ad963e1-fe7d-46a0-a77b-f8ea763630cf x-openstack-request-id: req-5ad963e1-fe7d-46a0-a77b-f8ea763630cf {{(pid=115493) _http_log_response /usr/local/lib/python3.8/dist-packages/keystoneauth1/session.py:550}}
Jun 22 08:51:25.791574 dv-cinder-845178-8-smb neutron-server[115493]: DEBUG novaclient.v2.client [-] RESP BODY: {"events": [{"name": "network-changed", "server_uuid": "7e770316-5900-409d-9f85-7769dd82ab8d", "tag": "8a4a75fb-da15-4b8b-9979-db13b675bc3a", "status": "completed", "code": 200}]} {{(pid=115493) _http_log_response /usr/local/lib/python3.8/dist-packages/keystoneauth1/session.py:582}}
Jun 22 08:51:25.792252 dv-cinder-845178-8-smb neutron-server[115493]: DEBUG novaclient.v2.client [-] POST call to compute for http://10.222.0.23/compute/v2.1/os-server-external-events used request id req-5ad963e1-fe7d-46a0-a77b-f8ea763630cf {{(pid=115493) request /usr/local/lib/python3.8/dist-packages/keystoneauth1/session.py:954}}
Jun 22 08:51:25.792747 dv-cinder-845178-8-smb neutron-server[115493]: INFO neutron.notifiers.nova [-] Nova event matching ['req-5ad963e1-fe7d-46a0-a77b-f8ea763630cf'] response: {'name': 'network-changed', 'server_uuid': '7e770316-5900-409d-9f85-7769dd82ab8d', 'tag': '8a4a75fb-da15-4b8b-9979-db13b675bc3a', 'status': 'completed', 'code': 200}
Jun 22 08:51:25.848946 dv-cinder-845178-8-smb neutron-server[115493]: DEBUG neutron.pecan_wsgi.hooks.policy_enforcement [req-b8b10e61-a47f-48fa-828d-193fd01d69df req-1eda64e3-2cf0-4d83-81fa-72477b80ecc4 service neutron] Attributes excluded by policy engine: ['standard_attr_id', 'shared', 'segment_id'] {{(pid=115493) _exclude_attributes_by_policy /opt/stack/neutron/neutron/pecan_wsgi/hooks/policy_enforcement.py:259}}
Jun 22 08:51:25.850539 dv-cinder-845178-8-smb neutron-server[115493]: INFO neutron.wsgi [req-b8b10e61-a47f-48fa-828d-193fd01d69df req-1eda64e3-2cf0-4d83-81fa-72477b80ecc4 service neutron] 10.222.0.13 "GET /v2.0/subnets?id=92bb6fe9-fea4-498c-bbd1-42d07f74dfdf HTTP/1.1" status: 200 len: 850 time: 0.1756983
Jun 22 08:51:25.859284 dv-cinder-845178-8-smb neutron-server[115492]: DEBUG neutron.plugins.ml2.drivers.mech_agent [req-929c365c-1db0-44e0-95a5-c13779717e98 req-fe9efedf-6047-4ac4-8e5d-761a4b493368 service neutron] Port 4a6b6d68-e4af-48c0-9d20-2adae37b1bc4 on network 8ce7e73d-f452-45a2-ad92-164c37e96fde not bound, no agent of type Open vSwitch agent registered on host hv-cinder-84517 {{(pid=115492) bind_port /opt/stack/neutron/neutron/plugins/ml2/drivers/mech_agent.py:103}}
Jun 22 08:51:25.859662 dv-cinder-845178-8-smb neutron-server[115492]: DEBUG neutron.plugins.ml2.drivers.mech_agent [req-929c365c-1db0-44e0-95a5-c13779717e98 req-fe9efedf-6047-4ac4-8e5d-761a4b493368 service neutron] Attempting to bind port 4a6b6d68-e4af-48c0-9d20-2adae37b1bc4 on network 8ce7e73d-f452-45a2-ad92-164c37e96fde {{(pid=115492) bind_port /opt/stack/neutron/neutron/plugins/ml2/drivers/mech_agent.py:91}}
Jun 22 08:51:25.899107 dv-cinder-845178-8-smb neutron-server[115492]: DEBUG neutron.plugins.ml2.drivers.mech_agent [req-929c365c-1db0-44e0-95a5-c13779717e98 req-fe9efedf-6047-4ac4-8e5d-761a4b493368 service neutron] Checking agent: {'id': 'daa6f33a-f643-4b5d-9a59-502373114fc1', 'agent_type': 'HyperV agent', 'binary': 'neutron-hyperv-agent', 'topic': 'N/A', 'host': 'hv-cinder-84517', 'admin_state_up': True, 'created_at': datetime.datetime(2022, 6, 22, 8, 48, 43), 'started_at': datetime.datetime(2022, 6, 22, 8, 48, 43), 'heartbeat_timestamp': datetime.datetime(2022, 6, 22, 8, 51, 13), 'description': None, 'resources_synced': None, 'availability_zone': None, 'alive': True, 'configurations': {'vswitch_mappings': {'physnet1$': 'br-data'}}, 'resource_versions': {}} {{(pid=115492) bind_port /opt/stack/neutron/neutron/plugins/ml2/drivers/mech_agent.py:110}}
Jun 22 08:51:25.906110 dv-cinder-845178-8-smb neutron-server[115492]: DEBUG neutron.plugins.ml2.drivers.mech_agent [req-929c365c-1db0-44e0-95a5-c13779717e98 req-fe9efedf-6047-4ac4-8e5d-761a4b493368 service neutron] Checking segment: {'id': 'fe518384-0313-4528-aa4f-a8178116a369', 'network_type': 'vlan', 'physical_network': 'physnet1', 'segmentation_id': 187, 'network_id': '8ce7e73d-f452-45a2-ad92-164c37e96fde'} for mappings: {'physnet1$': 'br-data'} with network types: ['local', 'flat', 'vlan'] {{(pid=115492) check_segment_for_agent /opt/stack/neutron/neutron/plugins/ml2/drivers/mech_agent.py:373}}
Jun 22 08:51:25.906887 dv-cinder-845178-8-smb neutron-server[115492]: DEBUG neutron.plugins.ml2.drivers.mech_agent [req-929c365c-1db0-44e0-95a5-c13779717e98 req-fe9efedf-6047-4ac4-8e5d-761a4b493368 service neutron] Bound using segment: {'id': 'fe518384-0313-4528-aa4f-a8178116a369', 'network_type': 'vlan', 'physical_network': 'physnet1', 'segmentation_id': 187, 'network_id': '8ce7e73d-f452-45a2-ad92-164c37e96fde'} {{(pid=115492) bind_port /opt/stack/neutron/neutron/plugins/ml2/drivers/mech_agent.py:120}}
Jun 22 08:51:25.908486 dv-cinder-845178-8-smb neutron-server[115492]: DEBUG neutron.plugins.ml2.managers [req-929c365c-1db0-44e0-95a5-c13779717e98 req-fe9efedf-6047-4ac4-8e5d-761a4b493368 service neutron] Bound port: 4a6b6d68-e4af-48c0-9d20-2adae37b1bc4, host: hv-cinder-84517, vif_type: hyperv, vif_details: {"connectivity": "legacy", "port_filter": false}, binding_levels: [{'bound_driver': 'hyperv', 'bound_segment': {'id': 'fe518384-0313-4528-aa4f-a8178116a369', 'network_type': 'vlan', 'physical_network': 'physnet1', 'segmentation_id': 187, 'network_id': '8ce7e73d-f452-45a2-ad92-164c37e96fde'}}] {{(pid=115492) _bind_port_level /opt/stack/neutron/neutron/plugins/ml2/managers.py:948}}
Jun 22 08:51:25.909027 dv-cinder-845178-8-smb neutron-server[115492]: DEBUG neutron_lib.callbacks.manager [req-929c365c-1db0-44e0-95a5-c13779717e98 req-fe9efedf-6047-4ac4-8e5d-761a4b493368 service neutron] Publish callbacks ['neutron.plugins.ml2.plugin.SecurityGroupDbMixin._ensure_default_security_group_handler-1976534'] for port (4a6b6d68-e4af-48c0-9d20-2adae37b1bc4), before_update {{(pid=115492) _notify_loop /usr/local/lib/python3.8/dist-packages/neutron_lib/callbacks/manager.py:176}}
Jun 22 08:51:26.098698 dv-cinder-845178-8-smb neutron-server[115493]: DEBUG neutron.pecan_wsgi.hooks.policy_enforcement [req-b8b10e61-a47f-48fa-828d-193fd01d69df req-eac1c6c6-4b97-4096-92c6-1450df9c31ab service neutron] Attributes excluded by policy engine: ['standard_attr_id'] {{(pid=115493) _exclude_attributes_by_policy /opt/stack/neutron/neutron/pecan_wsgi/hooks/policy_enforcement.py:259}}
Jun 22 08:51:26.100253 dv-cinder-845178-8-smb neutron-server[115493]: INFO neutron.wsgi [req-b8b10e61-a47f-48fa-828d-193fd01d69df req-eac1c6c6-4b97-4096-92c6-1450df9c31ab service neutron] 10.222.0.13 "GET /v2.0/ports?network_id=92a6987d-a716-4174-a7e8-f4b3e82bdc49&device_owner=network%3Adhcp HTTP/1.1" status: 200 len: 1210 time: 0.2297616
Jun 22 08:51:26.133096 dv-cinder-845178-8-smb neutron-server[115492]: DEBUG neutron_lib.callbacks.manager [None req-d72b942f-793a-47fa-8d3e-87c22263a053 admin admin] Publish callbacks ['neutron.plugins.ml2.ovo_rpc._ObjectChangeHandler.handle_event-790995'] for security_group (ce5ea0cd-8c9e-40f2-9287-59d740645e4a), after_delete {{(pid=115492) _notify_loop /usr/local/lib/python3.8/dist-packages/neutron_lib/callbacks/manager.py:176}}
Jun 22 08:51:26.137442 dv-cinder-845178-8-smb neutron-server[115492]: DEBUG neutron_lib.callbacks.manager [None req-d72b942f-793a-47fa-8d3e-87c22263a053 admin admin] Publish callbacks [] for security_group (None), before_response {{(pid=115492) _notify_loop /usr/local/lib/python3.8/dist-packages/neutron_lib/callbacks/manager.py:176}}
Jun 22 08:51:26.140231 dv-cinder-845178-8-smb neutron-server[115492]: INFO neutron.wsgi [None req-d72b942f-793a-47fa-8d3e-87c22263a053 admin admin] 10.222.0.23 "DELETE /v2.0/security-groups/ce5ea0cd-8c9e-40f2-9287-59d740645e4a HTTP/1.1" status: 204 len: 168 time: 1.6780355
Jun 22 08:51:26.195321 dv-cinder-845178-8-smb neutron-server[115493]: DEBUG dbcounter [-] [115493] Writing DB stats neutron:SELECT=96,neutron:UPDATE=4 {{(pid=115493) stat_writer /usr/local/lib/python3.8/dist-packages/dbcounter.py:114}}
Jun 22 08:51:26.240875 dv-cinder-845178-8-smb neutron-server[115493]: DEBUG neutron.pecan_wsgi.hooks.policy_enforcement [req-a1572ef9-f858-4688-957a-19111b6670df req-8e7a0259-a576-41c3-aff4-913fa53e3b12 tempest-DeleteServersTestJSON-1376558241 tempest-DeleteServersTestJSON-1376558241-project] Attributes excluded by policy engine: ['standard_attr_id', 'binding:profile', 'binding:host_id', 'binding:vif_type', 'binding:vif_details'] {{(pid=115493) _exclude_attributes_by_policy /opt/stack/neutron/neutron/pecan_wsgi/hooks/policy_enforcement.py:259}}
Jun 22 08:51:26.250804 dv-cinder-845178-8-smb neutron-server[115493]: INFO neutron.wsgi [req-a1572ef9-f858-4688-957a-19111b6670df req-8e7a0259-a576-41c3-aff4-913fa53e3b12 tempest-DeleteServersTestJSON-1376558241 tempest-DeleteServersTestJSON-1376558241-project] 10.222.0.23 "GET /v2.0/ports?device_id=0fe47e94-2448-4486-bd90-0b564edddb2e HTTP/1.1" status: 200 len: 943 time: 0.2261832
Jun 22 08:51:26.257851 dv-cinder-845178-8-smb neutron-server[115492]: DEBUG neutron.api.rpc.handlers.resources_rpc [None req-d72b942f-793a-47fa-8d3e-87c22263a053 admin admin] Pushing event deleted for resources: {'SecurityGroup': ['ID=ce5ea0cd-8c9e-40f2-9287-59d740645e4a,revision_number=None']} {{(pid=115492) push /opt/stack/neutron/neutron/api/rpc/handlers/resources_rpc.py:237}}
Jun 22 08:51:26.408816 dv-cinder-845178-8-smb neutron-server[115492]: DEBUG dbcounter [-] [115492] Writing DB stats neutron:SELECT=96,neutron:INSERT=1,neutron:DELETE=2,neutron:UPDATE=1 {{(pid=115492) stat_writer /usr/local/lib/python3.8/dist-packages/dbcounter.py:114}}
Jun 22 08:51:26.417108 dv-cinder-845178-8-smb neutron-server[115492]: DEBUG neutron.plugins.ml2.db [req-929c365c-1db0-44e0-95a5-c13779717e98 req-fe9efedf-6047-4ac4-8e5d-761a4b493368 service neutron] For port 4a6b6d68-e4af-48c0-9d20-2adae37b1bc4, host hv-cinder-84517, cleared binding levels {{(pid=115492) clear_binding_levels /opt/stack/neutron/neutron/plugins/ml2/db.py:87}}
Jun 22 08:51:26.434305 dv-cinder-845178-8-smb neutron-server[115492]: DEBUG neutron.plugins.ml2.db [req-929c365c-1db0-44e0-95a5-c13779717e98 req-fe9efedf-6047-4ac4-8e5d-761a4b493368 service neutron] For port 4a6b6d68-e4af-48c0-9d20-2adae37b1bc4, host hv-cinder-84517, set binding levels [PortBindingLevel(driver='hyperv',host='hv-cinder-84517',level=0,port_id=4a6b6d68-e4af-48c0-9d20-2adae37b1bc4,segment=NetworkSegment(fe518384-0313-4528-aa4f-a8178116a369),segment_id=fe518384-0313-4528-aa4f-a8178116a369)] {{(pid=115492) set_binding_levels /opt/stack/neutron/neutron/plugins/ml2/db.py:59}}
Jun 22 08:51:26.495748 dv-cinder-845178-8-smb neutron-server[115492]: DEBUG neutron_lib.callbacks.manager [req-929c365c-1db0-44e0-95a5-c13779717e98 req-fe9efedf-6047-4ac4-8e5d-761a4b493368 service neutron] Publish callbacks ['neutron.plugins.ml2.plugin.SecurityGroupServerNotifierRpcMixin._notify_sg_on_port_change-1976471', 'neutron.plugins.ml2.ovo_rpc._ObjectChangeHandler.handle_event-177492', 'neutron.api.rpc.agentnotifiers.dhcp_rpc_agent_api.DhcpAgentNotifyAPI._native_event_send_dhcp_notification-548594', 'neutron.db.l3_db.L3RpcNotifierMixin._notify_gateway_port_ip_changed-8775851957086', 'neutron.db.l3_dvrscheduler_db._notify_l3_agent_port_update-8775851567252', 'neutron.db.l3_hascheduler_db._notify_l3_agent_ha_port_update-8775851567270', 'neutron.services.segments.plugin.NovaSegmentNotifier._notify_port_updated-14642146'] for port (4a6b6d68-e4af-48c0-9d20-2adae37b1bc4), after_update {{(pid=115492) _notify_loop /usr/local/lib/python3.8/dist-packages/neutron_lib/callbacks/manager.py:176}}
Jun 22 08:51:26.620129 dv-cinder-845178-8-smb neutron-server[115493]: INFO neutron.wsgi [req-a1572ef9-f858-4688-957a-19111b6670df req-272b8122-a4e4-473e-9c70-8f78eabd95e6 tempest-DeleteServersTestJSON-1376558241 tempest-DeleteServersTestJSON-1376558241-project] 10.222.0.23 "GET /v2.0/security-groups?id=8baa3a47-8282-4314-a854-cc65d0534ccf&fields=id&fields=name HTTP/1.1" status: 200 len: 286 time: 0.3643117
Jun 22 08:51:26.639071 dv-cinder-845178-8-smb neutron-server[115492]: DEBUG neutron.pecan_wsgi.hooks.quota_enforcement [req-e4553bef-fa49-45e5-8003-b68a350d3999 req-0d6b0a0e-f291-48ee-829c-ffc9ca70cf31 tempest-AttachVolumeShelveTestJSON-922639606 tempest-AttachVolumeShelveTestJSON-922639606-project] Made reservation on behalf of b0722d287f2d43eab001d8dceee1e6f9 for: {'port': 1} {{(pid=115492) before /opt/stack/neutron/neutron/pecan_wsgi/hooks/quota_enforcement.py:53}}
Jun 22 08:51:26.643956 dv-cinder-845178-8-smb neutron-server[115492]: DEBUG neutron_lib.callbacks.manager [req-e4553bef-fa49-45e5-8003-b68a350d3999 req-0d6b0a0e-f291-48ee-829c-ffc9ca70cf31 tempest-AttachVolumeShelveTestJSON-922639606 tempest-AttachVolumeShelveTestJSON-922639606-project] Publish callbacks ['neutron.plugins.ml2.plugin.SecurityGroupDbMixin._ensure_default_security_group_handler-1976534'] for port (None), before_create {{(pid=115492) _notify_loop /usr/local/lib/python3.8/dist-packages/neutron_lib/callbacks/manager.py:176}}
Jun 22 08:51:26.662050 dv-cinder-845178-8-smb neutron-server[115492]: DEBUG neutron.pecan_wsgi.hooks.policy_enforcement [req-929c365c-1db0-44e0-95a5-c13779717e98 req-fe9efedf-6047-4ac4-8e5d-761a4b493368 service neutron] Attributes excluded by policy engine: ['standard_attr_id'] {{(pid=115492) _exclude_attributes_by_policy /opt/stack/neutron/neutron/pecan_wsgi/hooks/policy_enforcement.py:259}}
Jun 22 08:51:26.662783 dv-cinder-845178-8-smb neutron-server[115492]: DEBUG neutron_lib.callbacks.manager [req-929c365c-1db0-44e0-95a5-c13779717e98 req-fe9efedf-6047-4ac4-8e5d-761a4b493368 service neutron] Publish callbacks ['neutron.notifiers.nova.Notifier._send_nova_notification-219513', 'neutron.api.rpc.agentnotifiers.dhcp_rpc_agent_api.DhcpAgentNotifyAPI._send_dhcp_notification-548580'] for port (None), before_response {{(pid=115492) _notify_loop /usr/local/lib/python3.8/dist-packages/neutron_lib/callbacks/manager.py:176}}
Jun 22 08:51:26.664691 dv-cinder-845178-8-smb neutron-server[115492]: INFO neutron.wsgi [req-929c365c-1db0-44e0-95a5-c13779717e98 req-fe9efedf-6047-4ac4-8e5d-761a4b493368 service neutron] 10.222.0.13 "PUT /v2.0/ports/4a6b6d68-e4af-48c0-9d20-2adae37b1bc4 HTTP/1.1" status: 200 len: 1093 time: 5.7519698
Jun 22 08:51:26.665789 dv-cinder-845178-8-smb neutron-server[115492]: DEBUG neutron.notifiers.nova [-] Sending events: [{'name': 'network-changed', 'server_uuid': '0fe47e94-2448-4486-bd90-0b564edddb2e', 'tag': '4a6b6d68-e4af-48c0-9d20-2adae37b1bc4'}] {{(pid=115492) send_events /opt/stack/neutron/neutron/notifiers/nova.py:271}}
Jun 22 08:51:26.691467 dv-cinder-845178-8-smb neutron-server[115493]: INFO neutron.wsgi [req-b8b10e61-a47f-48fa-828d-193fd01d69df req-9e029844-2ffe-4ee2-9d5c-8e25b25cdaf2 service neutron] 10.222.0.13 "GET /v2.0/networks/92a6987d-a716-4174-a7e8-f4b3e82bdc49?fields=segments HTTP/1.1" status: 200 len: 212 time: 0.4377294
Jun 22 08:51:26.721728 dv-cinder-845178-8-smb neutron-server[115492]: INFO neutron.wsgi [req-ce57c120-c998-433c-9fdf-29de27c77b89 req-98fa4fbb-f71b-4189-9038-f678de3f0791 tempest-AttachVolumeShelveTestJSON-922639606 tempest-AttachVolumeShelveTestJSON-922639606-project] 10.222.0.23 "GET /v2.0/ports?device_id=c715c7eb-244d-415f-8d12-e162a7a8c062 HTTP/1.1" status: 200 len: 210 time: 0.1685507
Jun 22 08:51:27.089046 dv-cinder-845178-8-smb neutron-server[115492]: DEBUG neutron.api.rpc.handlers.resources_rpc [None req-fe9efedf-6047-4ac4-8e5d-761a4b493368 service neutron] Pushing event updated for resources: {'Port': ['ID=4a6b6d68-e4af-48c0-9d20-2adae37b1bc4,revision_number=3']} {{(pid=115492) push /opt/stack/neutron/neutron/api/rpc/handlers/resources_rpc.py:237}}
Jun 22 08:51:27.098399 dv-cinder-845178-8-smb neutron-server[115492]: DEBUG neutron.pecan_wsgi.hooks.policy_enforcement [req-929c365c-1db0-44e0-95a5-c13779717e98 req-5db99abe-25bd-4302-940b-518f3407e649 service neutron] Attributes excluded by policy engine: ['standard_attr_id'] {{(pid=115492) _exclude_attributes_by_policy /opt/stack/neutron/neutron/pecan_wsgi/hooks/policy_enforcement.py:259}}
Jun 22 08:51:27.101117 dv-cinder-845178-8-smb neutron-server[115492]: INFO neutron.wsgi [req-929c365c-1db0-44e0-95a5-c13779717e98 req-5db99abe-25bd-4302-940b-518f3407e649 service neutron] 10.222.0.13 "GET /v2.0/ports?tenant_id=c14f9742b5ae4a3cace3c6a91489e6b5&device_id=0fe47e94-2448-4486-bd90-0b564edddb2e HTTP/1.1" status: 200 len: 1127 time: 0.3668773
Jun 22 08:51:27.170535 dv-cinder-845178-8-smb neutron-server[115493]: INFO neutron.wsgi [req-b8b10e61-a47f-48fa-828d-193fd01d69df req-3b08bbda-d9fb-42dc-bbb6-6a3f9a269e1d service neutron] 10.222.0.13 "GET /v2.0/networks/92a6987d-a716-4174-a7e8-f4b3e82bdc49?fields=provider%3Aphysical_network&fields=provider%3Anetwork_type HTTP/1.1" status: 200 len: 281 time: 0.4606681
Jun 22 08:51:27.275019 dv-cinder-845178-8-smb neutron-server[115492]: INFO neutron.wsgi [req-929c365c-1db0-44e0-95a5-c13779717e98 req-e8d70a31-9f9f-4bbf-b66f-86d9e4bcd12b service neutron] 10.222.0.13 "GET /v2.0/floatingips?fixed_ip_address=172.20.0.6&port_id=4a6b6d68-e4af-48c0-9d20-2adae37b1bc4 HTTP/1.1" status: 200 len: 217 time: 0.1464283
Jun 22 08:51:27.278008 dv-cinder-845178-8-smb neutron-server[115493]: DEBUG neutron.pecan_wsgi.hooks.policy_enforcement [req-3e2b5488-79cf-4e1f-99b8-ea650953181a req-f87e17d7-4c35-4782-b483-061c041e3115 tempest-AttachVolumeTestJSON-1270867262 tempest-AttachVolumeTestJSON-1270867262-project] Attributes excluded by policy engine: ['standard_attr_id', 'binding:profile', 'binding:host_id', 'binding:vif_type', 'binding:vif_details'] {{(pid=115493) _exclude_attributes_by_policy /opt/stack/neutron/neutron/pecan_wsgi/hooks/policy_enforcement.py:259}}
Jun 22 08:51:27.291701 dv-cinder-845178-8-smb neutron-server[115493]: INFO neutron.wsgi [req-3e2b5488-79cf-4e1f-99b8-ea650953181a req-f87e17d7-4c35-4782-b483-061c041e3115 tempest-AttachVolumeTestJSON-1270867262 tempest-AttachVolumeTestJSON-1270867262-project] 10.222.0.23 "GET /v2.0/ports?device_id=7e770316-5900-409d-9f85-7769dd82ab8d HTTP/1.1" status: 200 len: 943 time: 0.1670403
Jun 22 08:51:27.333419 dv-cinder-845178-8-smb neutron-server[115492]: DEBUG novaclient.v2.client [-] REQ: curl -g -i --cacert "/opt/stack/data/ca-bundle.pem" -X POST http://10.222.0.23/compute/v2.1/os-server-external-events -H "Accept: application/json" -H "Content-Type: application/json" -H "User-Agent: python-novaclient" -H "X-Auth-Token: {SHA256}0dae4f7f71d092bbeed7a38cc9741eac2d7efa6a674394a36340c80c592a0f86" -H "X-OpenStack-Nova-API-Version: 2.1" -H "X-OpenStack-Request-ID: req-0e10ec74-6b26-40f3-a1b1-d90df5581118" -d '{"events": [{"name": "network-changed", "server_uuid": "0fe47e94-2448-4486-bd90-0b564edddb2e", "tag": "4a6b6d68-e4af-48c0-9d20-2adae37b1bc4"}]}' {{(pid=115492) _http_log_request /usr/local/lib/python3.8/dist-packages/keystoneauth1/session.py:519}}
Jun 22 08:51:27.392688 dv-cinder-845178-8-smb neutron-server[115492]: DEBUG neutron.wsgi [-] (115492) accepted ('10.222.0.23', 58056) {{(pid=115492) server /usr/local/lib/python3.8/dist-packages/eventlet/wsgi.py:1004}}
Jun 22 08:51:27.406592 dv-cinder-845178-8-smb neutron-server[115493]: DEBUG dbcounter [-] [115493] Writing DB stats neutron:INSERT=2,neutron:SELECT=96,neutron:UPDATE=2 {{(pid=115493) stat_writer /usr/local/lib/python3.8/dist-packages/dbcounter.py:114}}
Jun 22 08:51:27.478449 dv-cinder-845178-8-smb neutron-server[115492]: DEBUG neutron_lib.callbacks.manager [None req-0b30771b-5b28-40d1-abc3-16e9088db6f7 admin admin] Publish callbacks [] for security_group (None), before_create {{(pid=115492) _notify_loop /usr/local/lib/python3.8/dist-packages/neutron_lib/callbacks/manager.py:176}}
Jun 22 08:51:27.488960 dv-cinder-845178-8-smb neutron-server[115493]: DEBUG neutron.pecan_wsgi.hooks.policy_enforcement [req-f08f1696-ba20-4241-b23b-338cc9e81831 req-4fdf6147-22df-4fe7-9535-a789b99ca78e service neutron] Attributes excluded by policy engine: ['standard_attr_id'] {{(pid=115493) _exclude_attributes_by_policy /opt/stack/neutron/neutron/pecan_wsgi/hooks/policy_enforcement.py:259}}
Jun 22 08:51:27.492562 dv-cinder-845178-8-smb neutron-server[115493]: INFO neutron.wsgi [req-f08f1696-ba20-4241-b23b-338cc9e81831 req-4fdf6147-22df-4fe7-9535-a789b99ca78e service neutron] 10.222.0.13 "GET /v2.0/ports?tenant_id=e6ae584dfc7548fe9631663a84927754&device_id=7e770316-5900-409d-9f85-7769dd82ab8d HTTP/1.1" status: 200 len: 1127 time: 0.1650803
Jun 22 08:51:27.525297 dv-cinder-845178-8-smb neutron-server[115493]: INFO neutron.wsgi [req-3e2b5488-79cf-4e1f-99b8-ea650953181a req-a728a8fb-ad3f-4361-9aa0-52b4646f00d6 tempest-AttachVolumeTestJSON-1270867262 tempest-AttachVolumeTestJSON-1270867262-project] 10.222.0.23 "GET /v2.0/security-groups?id=c69715da-df53-416c-8248-db22373a8827&fields=id&fields=name HTTP/1.1" status: 200 len: 313 time: 0.2281063
Jun 22 08:51:27.551720 dv-cinder-845178-8-smb neutron-server[115492]: DEBUG neutron.db.db_base_plugin_common [req-e4553bef-fa49-45e5-8003-b68a350d3999 req-0d6b0a0e-f291-48ee-829c-ffc9ca70cf31 tempest-AttachVolumeShelveTestJSON-922639606 tempest-AttachVolumeShelveTestJSON-922639606-project] Allocated IP 172.20.0.14 (efaf78a4-b973-484b-8b3a-9296f79ea262/02430761-0515-4270-b2ae-1a3bec5fa8ab/93fafb14-92f5-40d1-914e-e52986b49055) {{(pid=115492) _store_ip_allocation /opt/stack/neutron/neutron/db/db_base_plugin_common.py:131}}
Jun 22 08:51:27.776995 dv-cinder-845178-8-smb neutron-server[115492]: DEBUG dbcounter [-] [115492] Writing DB stats neutron:SELECT=92,neutron:DELETE=2,neutron:UPDATE=2,neutron:INSERT=4 {{(pid=115492) stat_writer /usr/local/lib/python3.8/dist-packages/dbcounter.py:114}}
Jun 22 08:51:27.860846 dv-cinder-845178-8-smb neutron-server[115492]: DEBUG neutron.pecan_wsgi.hooks.policy_enforcement [req-929c365c-1db0-44e0-95a5-c13779717e98 req-8fa380c8-b9a2-43fd-9802-875ea7beef40 service neutron] Attributes excluded by policy engine: ['standard_attr_id', 'shared', 'segment_id'] {{(pid=115492) _exclude_attributes_by_policy /opt/stack/neutron/neutron/pecan_wsgi/hooks/policy_enforcement.py:259}}
Jun 22 08:51:27.866297 dv-cinder-845178-8-smb neutron-server[115492]: INFO neutron.wsgi [req-929c365c-1db0-44e0-95a5-c13779717e98 req-8fa380c8-b9a2-43fd-9802-875ea7beef40 service neutron] 10.222.0.13 "GET /v2.0/subnets?id=67ed0a24-012d-42e2-b528-566f48fa63fb HTTP/1.1" status: 200 len: 851 time: 0.5570676
Jun 22 08:51:28.135800 dv-cinder-845178-8-smb neutron-server[115492]: DEBUG novaclient.v2.client [-] RESP: [200] Connection: close Content-Length: 179 Content-Type: application/json Date: Wed, 22 Jun 2022 08:51:27 GMT OpenStack-API-Version: compute 2.1 Server: Apache/2.4.41 (Ubuntu) Vary: OpenStack-API-Version,X-OpenStack-Nova-API-Version X-OpenStack-Nova-API-Version: 2.1 x-compute-request-id: req-0ce61d74-42a1-4a6e-bbb4-b388b5fc34ba x-openstack-request-id: req-0ce61d74-42a1-4a6e-bbb4-b388b5fc34ba {{(pid=115492) _http_log_response /usr/local/lib/python3.8/dist-packages/keystoneauth1/session.py:550}}
Jun 22 08:51:28.136218 dv-cinder-845178-8-smb neutron-server[115492]: DEBUG novaclient.v2.client [-] RESP BODY: {"events": [{"name": "network-changed", "server_uuid": "0fe47e94-2448-4486-bd90-0b564edddb2e", "tag": "4a6b6d68-e4af-48c0-9d20-2adae37b1bc4", "status": "completed", "code": 200}]} {{(pid=115492) _http_log_response /usr/local/lib/python3.8/dist-packages/keystoneauth1/session.py:582}}
Jun 22 08:51:28.136486 dv-cinder-845178-8-smb neutron-server[115492]: DEBUG novaclient.v2.client [-] POST call to compute for http://10.222.0.23/compute/v2.1/os-server-external-events used request id req-0ce61d74-42a1-4a6e-bbb4-b388b5fc34ba {{(pid=115492) request /usr/local/lib/python3.8/dist-packages/keystoneauth1/session.py:954}}
Jun 22 08:51:28.137064 dv-cinder-845178-8-smb neutron-server[115492]: INFO neutron.notifiers.nova [-] Nova event matching ['req-0ce61d74-42a1-4a6e-bbb4-b388b5fc34ba'] response: {'name': 'network-changed', 'server_uuid': '0fe47e94-2448-4486-bd90-0b564edddb2e', 'tag': '4a6b6d68-e4af-48c0-9d20-2adae37b1bc4', 'status': 'completed', 'code': 200}
Jun 22 08:51:28.291542 dv-cinder-845178-8-smb neutron-server[115492]: DEBUG neutron.pecan_wsgi.hooks.policy_enforcement [req-929c365c-1db0-44e0-95a5-c13779717e98 req-0ec1deae-16e9-43e5-90e6-23572d3ea37f service neutron] Attributes excluded by policy engine: ['standard_attr_id'] {{(pid=115492) _exclude_attributes_by_policy /opt/stack/neutron/neutron/pecan_wsgi/hooks/policy_enforcement.py:259}}
Jun 22 08:51:28.293094 dv-cinder-845178-8-smb neutron-server[115492]: INFO neutron.wsgi [req-929c365c-1db0-44e0-95a5-c13779717e98 req-0ec1deae-16e9-43e5-90e6-23572d3ea37f service neutron] 10.222.0.13 "GET /v2.0/ports?network_id=8ce7e73d-f452-45a2-ad92-164c37e96fde&device_owner=network%3Adhcp HTTP/1.1" status: 200 len: 1210 time: 0.4004121
Jun 22 08:51:28.335753 dv-cinder-845178-8-smb neutron-server[115492]: INFO neutron.wsgi [req-74cc970a-0fa7-4ab7-a0f4-c6b81e359b72 req-f9f2e7a9-bc98-4c7b-9954-60dde92c7e43 tempest-AttachVolumeShelveTestJSON-922639606 tempest-AttachVolumeShelveTestJSON-922639606-project] 10.222.0.23 "GET /v2.0/ports?device_id=c715c7eb-244d-415f-8d12-e162a7a8c062 HTTP/1.1" status: 200 len: 210 time: 0.1212864
Jun 22 08:51:28.367092 dv-cinder-845178-8-smb neutron-server[115495]: DEBUG dbcounter [-] [115495] Writing DB stats neutron:SELECT=20 {{(pid=115495) stat_writer /usr/local/lib/python3.8/dist-packages/dbcounter.py:114}}
Jun 22 08:51:28.384749 dv-cinder-845178-8-smb neutron-server[115495]: DEBUG dbcounter [-] [115495] Writing DB stats neutron:SELECT=60,neutron:UPDATE=1 {{(pid=115495) stat_writer /usr/local/lib/python3.8/dist-packages/dbcounter.py:114}}
Jun 22 08:51:28.459821 dv-cinder-845178-8-smb neutron-server[115492]: DEBUG neutron_lib.callbacks.manager [req-e4553bef-fa49-45e5-8003-b68a350d3999 req-0d6b0a0e-f291-48ee-829c-ffc9ca70cf31 tempest-AttachVolumeShelveTestJSON-922639606 tempest-AttachVolumeShelveTestJSON-922639606-project] Publish callbacks [] for port (93fafb14-92f5-40d1-914e-e52986b49055), precommit_create {{(pid=115492) _notify_loop /usr/local/lib/python3.8/dist-packages/neutron_lib/callbacks/manager.py:176}}
Jun 22 08:51:28.472549 dv-cinder-845178-8-smb neutron-server[115493]: DEBUG neutron.pecan_wsgi.hooks.policy_enforcement [req-f08f1696-ba20-4241-b23b-338cc9e81831 req-6e0d3aaf-9bc9-4a33-98fa-98c616ba0218 service neutron] Attributes excluded by policy engine: ['standard_attr_id', 'vlan_transparent'] {{(pid=115493) _exclude_attributes_by_policy /opt/stack/neutron/neutron/pecan_wsgi/hooks/policy_enforcement.py:259}}
Jun 22 08:51:28.474804 dv-cinder-845178-8-smb neutron-server[115493]: INFO neutron.wsgi [req-f08f1696-ba20-4241-b23b-338cc9e81831 req-6e0d3aaf-9bc9-4a33-98fa-98c616ba0218 service neutron] 10.222.0.13 "GET /v2.0/networks?id=92a6987d-a716-4174-a7e8-f4b3e82bdc49 HTTP/1.1" status: 200 len: 912 time: 0.9257383
Jun 22 08:51:28.504141 dv-cinder-845178-8-smb neutron-server[115493]: DEBUG neutron.pecan_wsgi.hooks.policy_enforcement [req-e53e1e93-b116-4e60-8794-7c7693cb2c5b req-2cba5904-36a0-41b1-8ac9-311777561f32 tempest-DeleteServersTestJSON-1376558241 tempest-DeleteServersTestJSON-1376558241-project] Attributes excluded by policy engine: ['standard_attr_id', 'binding:profile', 'binding:host_id', 'binding:vif_type', 'binding:vif_details'] {{(pid=115493) _exclude_attributes_by_policy /opt/stack/neutron/neutron/pecan_wsgi/hooks/policy_enforcement.py:259}}
Jun 22 08:51:28.513197 dv-cinder-845178-8-smb neutron-server[115493]: INFO neutron.wsgi [req-e53e1e93-b116-4e60-8794-7c7693cb2c5b req-2cba5904-36a0-41b1-8ac9-311777561f32 tempest-DeleteServersTestJSON-1376558241 tempest-DeleteServersTestJSON-1376558241-project] 10.222.0.23 "GET /v2.0/ports?device_id=0fe47e94-2448-4486-bd90-0b564edddb2e HTTP/1.1" status: 200 len: 943 time: 0.2393036
Jun 22 08:51:28.521436 dv-cinder-845178-8-smb neutron-server[115492]: DEBUG neutron_lib.callbacks.manager [None req-0b30771b-5b28-40d1-abc3-16e9088db6f7 admin admin] Publish callbacks [] for security_group (bb86867c-5f7f-41ea-838e-e5367d7e4cea), precommit_create {{(pid=115492) _notify_loop /usr/local/lib/python3.8/dist-packages/neutron_lib/callbacks/manager.py:176}}
Jun 22 08:51:28.564969 dv-cinder-845178-8-smb neutron-server[115492]: DEBUG neutron_lib.callbacks.manager [None req-0b30771b-5b28-40d1-abc3-16e9088db6f7 admin admin] Publish callbacks ['neutron.plugins.ml2.ovo_rpc._ObjectChangeHandler.handle_event-790995'] for security_group (bb86867c-5f7f-41ea-838e-e5367d7e4cea), after_create {{(pid=115492) _notify_loop /usr/local/lib/python3.8/dist-packages/neutron_lib/callbacks/manager.py:176}}
Jun 22 08:51:28.577385 dv-cinder-845178-8-smb neutron-server[115493]: INFO neutron.wsgi [req-f08f1696-ba20-4241-b23b-338cc9e81831 req-0ec8e1dd-79b9-4e02-87d2-c916d934476e service neutron] 10.222.0.13 "GET /v2.0/floatingips?fixed_ip_address=172.20.0.9&port_id=8a4a75fb-da15-4b8b-9979-db13b675bc3a HTTP/1.1" status: 200 len: 217 time: 0.0899572
Jun 22 08:51:28.713844 dv-cinder-845178-8-smb neutron-server[115494]: DEBUG neutron_lib.callbacks.manager [None req-71c8fedb-8d4b-47e0-af40-a16cbd14ac6b None None] Publish callbacks ['neutron.services.segments.db._update_segment_host_mapping_for_agent-8775852108409', 'neutron.plugins.ml2.plugin.Ml2Plugin._retry_binding_revived_agents-2019956'] for agent (929311ee-6959-432c-8c60-d5ee405e20ec), after_update {{(pid=115494) _notify_loop /usr/local/lib/python3.8/dist-packages/neutron_lib/callbacks/manager.py:176}}
Jun 22 08:51:28.738142 dv-cinder-845178-8-smb neutron-server[115493]: INFO neutron.wsgi [req-e53e1e93-b116-4e60-8794-7c7693cb2c5b req-79231adb-e90a-4f94-a252-5b534be431d7 tempest-DeleteServersTestJSON-1376558241 tempest-DeleteServersTestJSON-1376558241-project] 10.222.0.23 "GET /v2.0/security-groups?id=8baa3a47-8282-4314-a854-cc65d0534ccf&fields=id&fields=name HTTP/1.1" status: 200 len: 286 time: 0.2239122
Jun 22 08:51:28.775868 dv-cinder-845178-8-smb neutron-server[115493]: DEBUG neutron.pecan_wsgi.hooks.policy_enforcement [req-f08f1696-ba20-4241-b23b-338cc9e81831 req-0b18c4e1-45f4-4b47-be9a-06a0064b27e3 service neutron] Attributes excluded by policy engine: ['standard_attr_id', 'shared', 'segment_id'] {{(pid=115493) _exclude_attributes_by_policy /opt/stack/neutron/neutron/pecan_wsgi/hooks/policy_enforcement.py:259}}
Jun 22 08:51:28.777639 dv-cinder-845178-8-smb neutron-server[115493]: INFO neutron.wsgi [req-f08f1696-ba20-4241-b23b-338cc9e81831 req-0b18c4e1-45f4-4b47-be9a-06a0064b27e3 service neutron] 10.222.0.13 "GET /v2.0/subnets?id=92bb6fe9-fea4-498c-bbd1-42d07f74dfdf HTTP/1.1" status: 200 len: 850 time: 0.1733167
Jun 22 08:51:28.861369 dv-cinder-845178-8-smb neutron-server[115493]: DEBUG neutron.pecan_wsgi.hooks.policy_enforcement [req-f08f1696-ba20-4241-b23b-338cc9e81831 req-5ead2e02-ee0b-4173-8c95-830a6741a914 service neutron] Attributes excluded by policy engine: ['standard_attr_id'] {{(pid=115493) _exclude_attributes_by_policy /opt/stack/neutron/neutron/pecan_wsgi/hooks/policy_enforcement.py:259}}
Jun 22 08:51:28.862942 dv-cinder-845178-8-smb neutron-server[115493]: INFO neutron.wsgi [req-f08f1696-ba20-4241-b23b-338cc9e81831 req-5ead2e02-ee0b-4173-8c95-830a6741a914 service neutron] 10.222.0.13 "GET /v2.0/ports?network_id=92a6987d-a716-4174-a7e8-f4b3e82bdc49&device_owner=network%3Adhcp HTTP/1.1" status: 200 len: 1210 time: 0.0720243
Jun 22 08:51:28.868294 dv-cinder-845178-8-smb neutron-server[115492]: DEBUG dbcounter [-] [115492] Writing DB stats neutron:SELECT=87,neutron:INSERT=10,neutron:UPDATE=3 {{(pid=115492) stat_writer /usr/local/lib/python3.8/dist-packages/dbcounter.py:114}}
Jun 22 08:51:28.904878 dv-cinder-845178-8-smb neutron-server[115492]: INFO neutron.wsgi [None req-0b30771b-5b28-40d1-abc3-16e9088db6f7 admin admin] 10.222.0.23 "GET /v2.0/security-groups?tenant_id=9c01665f909140d188e4c0d507032d0f&name=default HTTP/1.1" status: 200 len: 2996 time: 1.5041485
Jun 22 08:51:28.907171 dv-cinder-845178-8-smb neutron-server[115492]: INFO neutron.wsgi [req-929c365c-1db0-44e0-95a5-c13779717e98 req-3522f0ef-d456-4fa2-9003-5a3ac3476829 service neutron] 10.222.0.13 "GET /v2.0/networks/8ce7e73d-f452-45a2-ad92-164c37e96fde?fields=segments HTTP/1.1" status: 200 len: 212 time: 0.5868859
Jun 22 08:51:28.907829 dv-cinder-845178-8-smb neutron-server[115493]: DEBUG neutron.wsgi [-] (115493) accepted ('10.222.0.23', 58090) {{(pid=115493) server /usr/local/lib/python3.8/dist-packages/eventlet/wsgi.py:1004}}
Jun 22 08:51:28.939897 dv-cinder-845178-8-smb neutron-server[115492]: DEBUG neutron.api.rpc.handlers.resources_rpc [None req-0b30771b-5b28-40d1-abc3-16e9088db6f7 admin admin] Pushing event updated for resources: {'SecurityGroup': ['ID=bb86867c-5f7f-41ea-838e-e5367d7e4cea,revision_number=1']} {{(pid=115492) push /opt/stack/neutron/neutron/api/rpc/handlers/resources_rpc.py:237}}
Jun 22 08:51:28.955474 dv-cinder-845178-8-smb neutron-server[115492]: DEBUG neutron_lib.callbacks.manager [req-e4553bef-fa49-45e5-8003-b68a350d3999 req-0d6b0a0e-f291-48ee-829c-ffc9ca70cf31 tempest-AttachVolumeShelveTestJSON-922639606 tempest-AttachVolumeShelveTestJSON-922639606-project] Publish callbacks ['neutron.plugins.ml2.plugin.SecurityGroupServerNotifierRpcMixin._notify_sg_on_port_change-1976471', 'neutron.plugins.ml2.ovo_rpc._ObjectChangeHandler.handle_event-177492', 'neutron.api.rpc.agentnotifiers.dhcp_rpc_agent_api.DhcpAgentNotifyAPI._native_event_send_dhcp_notification-548594', 'neutron.db.l3_dvrscheduler_db._notify_l3_agent_new_port-8775851567234', 'neutron.services.segments.plugin.NovaSegmentNotifier._notify_port_created_or_deleted-14642171'] for port (93fafb14-92f5-40d1-914e-e52986b49055), after_create {{(pid=115492) _notify_loop /usr/local/lib/python3.8/dist-packages/neutron_lib/callbacks/manager.py:176}}
Jun 22 08:51:28.993514 dv-cinder-845178-8-smb neutron-server[115492]: DEBUG neutron.pecan_wsgi.hooks.policy_enforcement [req-b43f7c66-0567-4c4b-a956-717152961792 req-d90fad57-ce6f-47e1-a148-8da21469bb0d tempest-AttachVolumeTestJSON-1270867262 tempest-AttachVolumeTestJSON-1270867262-project] Attributes excluded by policy engine: ['standard_attr_id', 'binding:profile', 'binding:host_id', 'binding:vif_type', 'binding:vif_details'] {{(pid=115492) _exclude_attributes_by_policy /opt/stack/neutron/neutron/pecan_wsgi/hooks/policy_enforcement.py:259}}
Jun 22 08:51:28.995780 dv-cinder-845178-8-smb neutron-server[115492]: INFO neutron.wsgi [req-b43f7c66-0567-4c4b-a956-717152961792 req-d90fad57-ce6f-47e1-a148-8da21469bb0d tempest-AttachVolumeTestJSON-1270867262 tempest-AttachVolumeTestJSON-1270867262-project] 10.222.0.23 "GET /v2.0/ports?device_id=7e770316-5900-409d-9f85-7769dd82ab8d HTTP/1.1" status: 200 len: 943 time: 0.1623781
Jun 22 08:51:29.010774 dv-cinder-845178-8-smb neutron-server[115493]: DEBUG neutron_lib.callbacks.manager [None req-7276b57b-fb9a-47a8-acf3-f7faf4c7fa72 admin admin] Publish callbacks [] for security_group (bb86867c-5f7f-41ea-838e-e5367d7e4cea), before_delete {{(pid=115493) _notify_loop /usr/local/lib/python3.8/dist-packages/neutron_lib/callbacks/manager.py:176}}
Jun 22 08:51:29.020301 dv-cinder-845178-8-smb neutron-server[115492]: DEBUG neutron.scheduler.dhcp_agent_scheduler [req-e4553bef-fa49-45e5-8003-b68a350d3999 req-0d6b0a0e-f291-48ee-829c-ffc9ca70cf31 tempest-AttachVolumeShelveTestJSON-922639606 tempest-AttachVolumeShelveTestJSON-922639606-project] Network efaf78a4-b973-484b-8b3a-9296f79ea262 is already hosted by enough agents. {{(pid=115492) _get_dhcp_agents_hosting_network /opt/stack/neutron/neutron/scheduler/dhcp_agent_scheduler.py:275}}
Jun 22 08:51:29.032164 dv-cinder-845178-8-smb neutron-server[115492]: DEBUG neutron.scheduler.base_scheduler [req-e4553bef-fa49-45e5-8003-b68a350d3999 req-0d6b0a0e-f291-48ee-829c-ffc9ca70cf31 tempest-AttachVolumeShelveTestJSON-922639606 tempest-AttachVolumeShelveTestJSON-922639606-project] Resources bound (agent type, host, resource id): {{(pid=115492) schedule /opt/stack/neutron/neutron/scheduler/base_scheduler.py:57}}
