Jun 22 08:49:47.817915 dv-cinder-845178-8-iscsi neutron-server[110432]: DEBUG neutron_lib.callbacks.manager [None req-d5d2db45-4a8a-4a85-a1cb-75a870d854c5 admin admin] Publish callbacks ['neutron.plugins.ml2.plugin.SecurityGroupServerNotifierRpcMixin._notify_sg_on_port_change-1451671', 'neutron.plugins.ml2.ovo_rpc._ObjectChangeHandler.handle_event-961897', 'neutron.api.rpc.agentnotifiers.dhcp_rpc_agent_api.DhcpAgentNotifyAPI._native_event_send_dhcp_notification-776177', 'neutron.db.l3_dvrscheduler_db._notify_l3_agent_new_port-8778611257986', 'neutron.services.segments.plugin.NovaSegmentNotifier._notify_port_created_or_deleted-66164069'] for port (4fac7ce2-ee36-4a3c-b5b5-1141ea35b10e), after_create {{(pid=110432) _notify_loop /usr/local/lib/python3.8/dist-packages/neutron_lib/callbacks/manager.py:176}}
Jun 22 08:49:47.867436 dv-cinder-845178-8-iscsi neutron-server[110431]: DEBUG neutron.wsgi [-] (110431) accepted ('10.222.0.42', 48040) {{(pid=110431) server /usr/local/lib/python3.8/dist-packages/eventlet/wsgi.py:1004}}
Jun 22 08:49:47.903106 dv-cinder-845178-8-iscsi neutron-server[110433]: DEBUG neutron.plugins.ml2.rpc [None req-ab699559-ae4a-45e0-a089-e51f34a18321 None None] Device 24552398-04f9-4385-a8b2-4fdde7e8bef5 up at agent ovs-agent-dv-cinder-845178-8-iscsi {{(pid=110433) update_device_up /opt/stack/neutron/neutron/plugins/ml2/rpc.py:296}}
Jun 22 08:49:47.915139 dv-cinder-845178-8-iscsi neutron-server[110432]: DEBUG neutron.scheduler.dhcp_agent_scheduler [None req-d5d2db45-4a8a-4a85-a1cb-75a870d854c5 admin admin] Network 4c67ecaa-7191-4fac-963c-6a79d52ed0e3 is already hosted by enough agents. {{(pid=110432) _get_dhcp_agents_hosting_network /opt/stack/neutron/neutron/scheduler/dhcp_agent_scheduler.py:275}}
Jun 22 08:49:47.916672 dv-cinder-845178-8-iscsi neutron-server[110432]: DEBUG neutron.scheduler.base_scheduler [None req-d5d2db45-4a8a-4a85-a1cb-75a870d854c5 admin admin] Resources bound (agent type, host, resource id): {{(pid=110432) schedule /opt/stack/neutron/neutron/scheduler/base_scheduler.py:57}}
Jun 22 08:49:47.921105 dv-cinder-845178-8-iscsi neutron-server[110432]: DEBUG neutron.db.l3_dvrscheduler_db [None req-d5d2db45-4a8a-4a85-a1cb-75a870d854c5 admin admin] Received port after_create {{(pid=110432) _notify_l3_agent_new_port /opt/stack/neutron/neutron/db/l3_dvrscheduler_db.py:542}}
Jun 22 08:49:47.979695 dv-cinder-845178-8-iscsi neutron-server[110433]: DEBUG neutron.db.provisioning_blocks [None req-ab699559-ae4a-45e0-a089-e51f34a18321 None None] Provisioning complete for port 24552398-04f9-4385-a8b2-4fdde7e8bef5 triggered by entity L2. {{(pid=110433) provisioning_complete /opt/stack/neutron/neutron/db/provisioning_blocks.py:145}}
Jun 22 08:49:47.980185 dv-cinder-845178-8-iscsi neutron-server[110433]: DEBUG neutron_lib.callbacks.manager [None req-ab699559-ae4a-45e0-a089-e51f34a18321 None None] Publish callbacks ['neutron.plugins.ml2.plugin.Ml2Plugin._port_provisioned-1679318'] for port (24552398-04f9-4385-a8b2-4fdde7e8bef5), provisioning_complete {{(pid=110433) _notify_loop /usr/local/lib/python3.8/dist-packages/neutron_lib/callbacks/manager.py:176}}
Jun 22 08:49:47.980365 dv-cinder-845178-8-iscsi neutron-server[110432]: DEBUG neutron.api.rpc.handlers.resources_rpc [None req-d5d2db45-4a8a-4a85-a1cb-75a870d854c5 admin admin] Pushing event updated for resources: {'Port': ['ID=4fac7ce2-ee36-4a3c-b5b5-1141ea35b10e,revision_number=1']} {{(pid=110432) push /opt/stack/neutron/neutron/api/rpc/handlers/resources_rpc.py:237}}
Jun 22 08:49:48.023388 dv-cinder-845178-8-iscsi neutron-server[110431]: DEBUG neutron_lib.callbacks.manager [None req-2cae3ce6-d196-42c7-811c-c8d5b6699bd6 admin admin] Publish callbacks [] for security_group (None), before_create {{(pid=110431) _notify_loop /usr/local/lib/python3.8/dist-packages/neutron_lib/callbacks/manager.py:176}}
Jun 22 08:49:48.070890 dv-cinder-845178-8-iscsi neutron-server[110433]: DEBUG neutron.plugins.ml2.plugin [None req-ab699559-ae4a-45e0-a089-e51f34a18321 None None] Current status of the port 24552398-04f9-4385-a8b2-4fdde7e8bef5 is: DOWN; New status is: ACTIVE {{(pid=110433) _update_individual_port_db_status /opt/stack/neutron/neutron/plugins/ml2/plugin.py:2292}}
Jun 22 08:49:48.071834 dv-cinder-845178-8-iscsi neutron-server[110433]: DEBUG neutron_lib.callbacks.manager [None req-ab699559-ae4a-45e0-a089-e51f34a18321 None None] Publish callbacks ['neutron.plugins.ml2.plugin.SecurityGroupDbMixin._ensure_default_security_group_handler-1451734'] for port (24552398-04f9-4385-a8b2-4fdde7e8bef5), before_update {{(pid=110433) _notify_loop /usr/local/lib/python3.8/dist-packages/neutron_lib/callbacks/manager.py:176}}
Jun 22 08:49:48.113800 dv-cinder-845178-8-iscsi neutron-server[110431]: DEBUG neutron_lib.callbacks.manager [None req-2cae3ce6-d196-42c7-811c-c8d5b6699bd6 admin admin] Publish callbacks [] for security_group (696a40ed-0353-430a-8521-91a0ead912f8), precommit_create {{(pid=110431) _notify_loop /usr/local/lib/python3.8/dist-packages/neutron_lib/callbacks/manager.py:176}}
Jun 22 08:49:48.119219 dv-cinder-845178-8-iscsi neutron-server[110431]: DEBUG neutron_lib.callbacks.manager [None req-2cae3ce6-d196-42c7-811c-c8d5b6699bd6 admin admin] Publish callbacks ['neutron.plugins.ml2.ovo_rpc._ObjectChangeHandler.handle_event-269264'] for security_group (696a40ed-0353-430a-8521-91a0ead912f8), after_create {{(pid=110431) _notify_loop /usr/local/lib/python3.8/dist-packages/neutron_lib/callbacks/manager.py:176}}
Jun 22 08:49:48.128206 dv-cinder-845178-8-iscsi neutron-server[110433]: DEBUG neutron.plugins.ml2.db [None req-ab699559-ae4a-45e0-a089-e51f34a18321 None None] For port 24552398-04f9-4385-a8b2-4fdde7e8bef5, host dv-cinder-845178-8-iscsi, got binding levels [PortBindingLevel(driver='openvswitch',host='dv-cinder-845178-8-iscsi',level=0,port_id=24552398-04f9-4385-a8b2-4fdde7e8bef5,segment=NetworkSegment(bfe38d15-ff50-4ac2-9cc7-d5d291eeea29),segment_id=bfe38d15-ff50-4ac2-9cc7-d5d291eeea29)] {{(pid=110433) get_binding_level_objs /opt/stack/neutron/neutron/plugins/ml2/db.py:74}}
Jun 22 08:49:48.136372 dv-cinder-845178-8-iscsi neutron-server[110433]: DEBUG neutron_lib.callbacks.manager [None req-ab699559-ae4a-45e0-a089-e51f34a18321 None None] Publish callbacks ['neutron.plugins.ml2.plugin.SecurityGroupServerNotifierRpcMixin._notify_sg_on_port_change-1451671', 'neutron.plugins.ml2.ovo_rpc._ObjectChangeHandler.handle_event-961897', 'neutron.api.rpc.agentnotifiers.dhcp_rpc_agent_api.DhcpAgentNotifyAPI._native_event_send_dhcp_notification-776177', 'neutron.db.l3_db.L3RpcNotifierMixin._notify_gateway_port_ip_changed-8778611661406', 'neutron.db.l3_dvrscheduler_db._notify_l3_agent_port_update-8778611258004', 'neutron.db.l3_hascheduler_db._notify_l3_agent_ha_port_update-8778611258022'] for port (24552398-04f9-4385-a8b2-4fdde7e8bef5), after_update {{(pid=110433) _notify_loop /usr/local/lib/python3.8/dist-packages/neutron_lib/callbacks/manager.py:176}}
Jun 22 08:49:48.172218 dv-cinder-845178-8-iscsi neutron-server[110431]: INFO neutron.wsgi [None req-2cae3ce6-d196-42c7-811c-c8d5b6699bd6 admin admin] 10.222.0.42 "GET /v2.0/security-groups?tenant_id=75ad206ddf2c4a43b78da6924cf7f1fc&name=default HTTP/1.1" status: 200 len: 2996 time: 0.3032854
Jun 22 08:49:48.175969 dv-cinder-845178-8-iscsi neutron-server[110431]: DEBUG neutron.wsgi [-] (110431) accepted ('10.222.0.42', 48050) {{(pid=110431) server /usr/local/lib/python3.8/dist-packages/eventlet/wsgi.py:1004}}
Jun 22 08:49:48.215116 dv-cinder-845178-8-iscsi neutron-server[110431]: DEBUG neutron.api.rpc.handlers.resources_rpc [None req-2cae3ce6-d196-42c7-811c-c8d5b6699bd6 admin admin] Pushing event updated for resources: {'SecurityGroup': ['ID=696a40ed-0353-430a-8521-91a0ead912f8,revision_number=1']} {{(pid=110431) push /opt/stack/neutron/neutron/api/rpc/handlers/resources_rpc.py:237}}
Jun 22 08:49:48.237726 dv-cinder-845178-8-iscsi neutron-server[110431]: DEBUG neutron_lib.callbacks.manager [None req-b6fc0a06-b68c-44de-aa3b-e4dd965d2fa9 admin admin] Publish callbacks [] for security_group (696a40ed-0353-430a-8521-91a0ead912f8), before_delete {{(pid=110431) _notify_loop /usr/local/lib/python3.8/dist-packages/neutron_lib/callbacks/manager.py:176}}
Jun 22 08:49:48.272270 dv-cinder-845178-8-iscsi neutron-server[110431]: DEBUG neutron_lib.callbacks.manager [None req-b6fc0a06-b68c-44de-aa3b-e4dd965d2fa9 admin admin] Publish callbacks [] for security_group (696a40ed-0353-430a-8521-91a0ead912f8), precommit_delete {{(pid=110431) _notify_loop /usr/local/lib/python3.8/dist-packages/neutron_lib/callbacks/manager.py:176}}
Jun 22 08:49:48.280524 dv-cinder-845178-8-iscsi neutron-server[110433]: DEBUG neutron.api.rpc.handlers.resources_rpc [None req-ab699559-ae4a-45e0-a089-e51f34a18321 None None] Pushing event updated for resources: {'Port': ['ID=24552398-04f9-4385-a8b2-4fdde7e8bef5,revision_number=3']} {{(pid=110433) push /opt/stack/neutron/neutron/api/rpc/handlers/resources_rpc.py:237}}
Jun 22 08:49:48.354600 dv-cinder-845178-8-iscsi neutron-server[110431]: DEBUG neutron.pecan_wsgi.hooks.policy_enforcement [req-19691721-432f-463c-86a7-23bfd29e9b95 req-2a095240-a813-4a13-909a-4f738f321a8f tempest-DeleteServersTestJSON-197897361 tempest-DeleteServersTestJSON-197897361-project] Attributes excluded by policy engine: ['standard_attr_id', 'binding:profile', 'binding:host_id', 'binding:vif_type', 'binding:vif_details'] {{(pid=110431) _exclude_attributes_by_policy /opt/stack/neutron/neutron/pecan_wsgi/hooks/policy_enforcement.py:259}}
Jun 22 08:49:48.356623 dv-cinder-845178-8-iscsi neutron-server[110431]: INFO neutron.wsgi [req-19691721-432f-463c-86a7-23bfd29e9b95 req-2a095240-a813-4a13-909a-4f738f321a8f tempest-DeleteServersTestJSON-197897361 tempest-DeleteServersTestJSON-197897361-project] 10.222.0.42 "GET /v2.0/ports?device_id=b58223c3-51e0-40ab-892e-6b6672c2e0d2 HTTP/1.1" status: 200 len: 945 time: 0.0702140
Jun 22 08:49:48.367057 dv-cinder-845178-8-iscsi neutron-server[110434]: DEBUG dbcounter [-] [110434] Writing DB stats neutron:SELECT=70 {{(pid=110434) stat_writer /usr/local/lib/python3.8/dist-packages/dbcounter.py:114}}
Jun 22 08:49:48.372686 dv-cinder-845178-8-iscsi neutron-server[110434]: DEBUG dbcounter [-] [110434] Writing DB stats neutron:SELECT=86 {{(pid=110434) stat_writer /usr/local/lib/python3.8/dist-packages/dbcounter.py:114}}
Jun 22 08:49:48.409523 dv-cinder-845178-8-iscsi neutron-server[110432]: DEBUG neutron.pecan_wsgi.hooks.policy_enforcement [req-1cdbbcc8-87ca-4960-909e-59ca951748cb req-96aea1b7-011f-46d9-9fad-a463a7709af8 tempest-ServerRescueNegativeTestJSON-457597587 tempest-ServerRescueNegativeTestJSON-457597587-project] Attributes excluded by policy engine: ['standard_attr_id', 'binding:profile', 'binding:host_id', 'binding:vif_type', 'binding:vif_details'] {{(pid=110432) _exclude_attributes_by_policy /opt/stack/neutron/neutron/pecan_wsgi/hooks/policy_enforcement.py:259}}
Jun 22 08:49:48.416509 dv-cinder-845178-8-iscsi neutron-server[110432]: INFO neutron.wsgi [req-1cdbbcc8-87ca-4960-909e-59ca951748cb req-96aea1b7-011f-46d9-9fad-a463a7709af8 tempest-ServerRescueNegativeTestJSON-457597587 tempest-ServerRescueNegativeTestJSON-457597587-project] 10.222.0.42 "GET /v2.0/ports?device_id=86cd66c9-c4e6-4f5a-9809-4e9a2b589610 HTTP/1.1" status: 200 len: 946 time: 0.0832517
Jun 22 08:49:48.419169 dv-cinder-845178-8-iscsi neutron-server[110432]: DEBUG neutron_lib.callbacks.manager [None req-d5d2db45-4a8a-4a85-a1cb-75a870d854c5 admin admin] Publish callbacks [] for router_gateway (7908f7b1-5a00-44c5-b7da-7a70e4cc942f), after_create {{(pid=110432) _notify_loop /usr/local/lib/python3.8/dist-packages/neutron_lib/callbacks/manager.py:176}}
Jun 22 08:49:48.459504 dv-cinder-845178-8-iscsi neutron-server[110431]: DEBUG neutron_lib.callbacks.manager [None req-b6fc0a06-b68c-44de-aa3b-e4dd965d2fa9 admin admin] Publish callbacks ['neutron.plugins.ml2.ovo_rpc._ObjectChangeHandler.handle_event-269264'] for security_group (696a40ed-0353-430a-8521-91a0ead912f8), after_delete {{(pid=110431) _notify_loop /usr/local/lib/python3.8/dist-packages/neutron_lib/callbacks/manager.py:176}}
Jun 22 08:49:48.476181 dv-cinder-845178-8-iscsi neutron-server[110431]: DEBUG neutron_lib.callbacks.manager [None req-b6fc0a06-b68c-44de-aa3b-e4dd965d2fa9 admin admin] Publish callbacks [] for security_group (None), before_response {{(pid=110431) _notify_loop /usr/local/lib/python3.8/dist-packages/neutron_lib/callbacks/manager.py:176}}
Jun 22 08:49:48.477944 dv-cinder-845178-8-iscsi neutron-server[110431]: INFO neutron.wsgi [None req-b6fc0a06-b68c-44de-aa3b-e4dd965d2fa9 admin admin] 10.222.0.42 "DELETE /v2.0/security-groups/696a40ed-0353-430a-8521-91a0ead912f8 HTTP/1.1" status: 204 len: 168 time: 0.3009529
Jun 22 08:49:48.491698 dv-cinder-845178-8-iscsi neutron-server[110431]: DEBUG neutron.api.rpc.handlers.resources_rpc [None req-b6fc0a06-b68c-44de-aa3b-e4dd965d2fa9 admin admin] Pushing event deleted for resources: {'SecurityGroup': ['ID=696a40ed-0353-430a-8521-91a0ead912f8,revision_number=None']} {{(pid=110431) push /opt/stack/neutron/neutron/api/rpc/handlers/resources_rpc.py:237}}
Jun 22 08:49:48.501604 dv-cinder-845178-8-iscsi neutron-server[110432]: DEBUG dbcounter [-] [110432] Writing DB stats neutron:SELECT=96,neutron:INSERT=2,neutron:UPDATE=2 {{(pid=110432) stat_writer /usr/local/lib/python3.8/dist-packages/dbcounter.py:114}}
Jun 22 08:49:48.514274 dv-cinder-845178-8-iscsi neutron-server[110431]: INFO neutron.wsgi [req-19691721-432f-463c-86a7-23bfd29e9b95 req-d1b81b13-c7c2-414b-a67b-2f47015b1dc7 tempest-DeleteServersTestJSON-197897361 tempest-DeleteServersTestJSON-197897361-project] 10.222.0.42 "GET /v2.0/security-groups?id=9d8d2d8c-d205-40cf-8f39-eb0686db46e6&fields=id&fields=name HTTP/1.1" status: 200 len: 286 time: 0.1505566
Jun 22 08:49:48.550990 dv-cinder-845178-8-iscsi neutron-server[110432]: INFO neutron.wsgi [req-1cdbbcc8-87ca-4960-909e-59ca951748cb req-4338d465-b4c7-4934-b377-a178a15c81f1 tempest-ServerRescueNegativeTestJSON-457597587 tempest-ServerRescueNegativeTestJSON-457597587-project] 10.222.0.42 "GET /v2.0/security-groups?id=94060da1-97ad-4713-8ee7-2ff1302040df&fields=id&fields=name HTTP/1.1" status: 200 len: 286 time: 0.1336043
Jun 22 08:49:48.695390 dv-cinder-845178-8-iscsi neutron-server[110432]: DEBUG dbcounter [-] [110432] Writing DB stats neutron:SELECT=91,neutron:UPDATE=4,neutron:INSERT=5 {{(pid=110432) stat_writer /usr/local/lib/python3.8/dist-packages/dbcounter.py:114}}
Jun 22 08:49:48.796781 dv-cinder-845178-8-iscsi neutron-server[110431]: DEBUG neutron.wsgi [-] (110431) accepted ('10.222.0.42', 48078) {{(pid=110431) server /usr/local/lib/python3.8/dist-packages/eventlet/wsgi.py:1004}}
Jun 22 08:49:48.868499 dv-cinder-845178-8-iscsi neutron-server[110433]: DEBUG neutron.api.rpc.handlers.dhcp_rpc [None req-d7014ebb-8e3b-4f8d-889c-79e026411d5e None None] Network b09cbede-a3bf-44a7-a620-2c8858d1e42c requested from dv-cinder-845178-8-iscsi {{(pid=110433) get_network_info /opt/stack/neutron/neutron/api/rpc/handlers/dhcp_rpc.py:191}}
Jun 22 08:49:48.880711 dv-cinder-845178-8-iscsi neutron-server[110432]: DEBUG neutron_lib.callbacks.manager [None req-d5d2db45-4a8a-4a85-a1cb-75a870d854c5 admin admin] Publish callbacks ['neutron.services.l3_router.l3_router_plugin.L3_HA_NAT_db_mixin._after_router_create-362845', 'neutron.services.l3_router.l3_router_plugin.DVRResourceOperationHandler._create_snat_interfaces_after_change-373926'] for router (7908f7b1-5a00-44c5-b7da-7a70e4cc942f), after_create {{(pid=110432) _notify_loop /usr/local/lib/python3.8/dist-packages/neutron_lib/callbacks/manager.py:176}}
Jun 22 08:49:48.917384 dv-cinder-845178-8-iscsi neutron-server[110433]: DEBUG dbcounter [-] [110433] Writing DB stats neutron:SELECT=95,neutron:UPDATE=5 {{(pid=110433) stat_writer /usr/local/lib/python3.8/dist-packages/dbcounter.py:114}}
Jun 22 08:49:48.941522 dv-cinder-845178-8-iscsi neutron-server[110433]: DEBUG neutron.db.provisioning_blocks [None req-6fe5cde8-b87a-4e05-a70a-82d657cc10da None None] Provisioning complete for port 24552398-04f9-4385-a8b2-4fdde7e8bef5 triggered by entity DHCP. {{(pid=110433) provisioning_complete /opt/stack/neutron/neutron/db/provisioning_blocks.py:145}}
Jun 22 08:49:48.941998 dv-cinder-845178-8-iscsi neutron-server[110433]: DEBUG neutron_lib.callbacks.manager [None req-6fe5cde8-b87a-4e05-a70a-82d657cc10da None None] Publish callbacks ['neutron.plugins.ml2.plugin.Ml2Plugin._port_provisioned-1679318'] for port (24552398-04f9-4385-a8b2-4fdde7e8bef5), provisioning_complete {{(pid=110433) _notify_loop /usr/local/lib/python3.8/dist-packages/neutron_lib/callbacks/manager.py:176}}
Jun 22 08:49:48.997471 dv-cinder-845178-8-iscsi neutron-server[110431]: DEBUG neutron_lib.callbacks.manager [None req-d5f8d3e3-ec65-4865-8187-1400265d0ba5 admin admin] Publish callbacks [] for security_group (None), before_create {{(pid=110431) _notify_loop /usr/local/lib/python3.8/dist-packages/neutron_lib/callbacks/manager.py:176}}
Jun 22 08:49:49.027707 dv-cinder-845178-8-iscsi neutron-server[110432]: DEBUG neutron.wsgi [-] (110432) accepted ('10.222.0.42', 48084) {{(pid=110432) server /usr/local/lib/python3.8/dist-packages/eventlet/wsgi.py:1004}}
Jun 22 08:49:49.043864 dv-cinder-845178-8-iscsi neutron-server[110432]: DEBUG neutron_lib.callbacks.manager [None req-dd23320e-bb02-46aa-9224-d4fdab6a97de admin admin] Publish callbacks [] for security_group (None), before_create {{(pid=110432) _notify_loop /usr/local/lib/python3.8/dist-packages/neutron_lib/callbacks/manager.py:176}}
Jun 22 08:49:49.103972 dv-cinder-845178-8-iscsi neutron-server[110431]: DEBUG neutron_lib.callbacks.manager [None req-d5f8d3e3-ec65-4865-8187-1400265d0ba5 admin admin] Publish callbacks [] for security_group (699ebdff-794a-4bdc-af7e-498f238f9d3d), precommit_create {{(pid=110431) _notify_loop /usr/local/lib/python3.8/dist-packages/neutron_lib/callbacks/manager.py:176}}
Jun 22 08:49:49.109420 dv-cinder-845178-8-iscsi neutron-server[110431]: DEBUG neutron_lib.callbacks.manager [None req-d5f8d3e3-ec65-4865-8187-1400265d0ba5 admin admin] Publish callbacks ['neutron.plugins.ml2.ovo_rpc._ObjectChangeHandler.handle_event-269264'] for security_group (699ebdff-794a-4bdc-af7e-498f238f9d3d), after_create {{(pid=110431) _notify_loop /usr/local/lib/python3.8/dist-packages/neutron_lib/callbacks/manager.py:176}}
Jun 22 08:49:49.116653 dv-cinder-845178-8-iscsi neutron-server[110432]: DEBUG neutron.scheduler.l3_agent_scheduler [None req-d5d2db45-4a8a-4a85-a1cb-75a870d854c5 admin admin] Router 7908f7b1-5a00-44c5-b7da-7a70e4cc942f is scheduled to L3 agent 3c261600-da2a-460f-8f88-7530df80023f with binding_index 1 {{(pid=110432) bind_router /opt/stack/neutron/neutron/scheduler/l3_agent_scheduler.py:209}}
Jun 22 08:49:49.135822 dv-cinder-845178-8-iscsi neutron-server[110431]: DEBUG dbcounter [-] [110431] Writing DB stats neutron:SELECT=76,neutron:INSERT=18,neutron:DELETE=4,neutron:UPDATE=2 {{(pid=110431) stat_writer /usr/local/lib/python3.8/dist-packages/dbcounter.py:114}}
Jun 22 08:49:49.158942 dv-cinder-845178-8-iscsi neutron-server[110431]: DEBUG dbcounter [-] [110431] Writing DB stats neutron:SELECT=92,neutron:UPDATE=1,neutron:DELETE=2,neutron:INSERT=5 {{(pid=110431) stat_writer /usr/local/lib/python3.8/dist-packages/dbcounter.py:114}}
Jun 22 08:49:49.163033 dv-cinder-845178-8-iscsi neutron-server[110431]: DEBUG neutron.api.rpc.handlers.resources_rpc [None req-d5f8d3e3-ec65-4865-8187-1400265d0ba5 admin admin] Pushing event updated for resources: {'SecurityGroup': ['ID=699ebdff-794a-4bdc-af7e-498f238f9d3d,revision_number=1']} {{(pid=110431) push /opt/stack/neutron/neutron/api/rpc/handlers/resources_rpc.py:237}}
Jun 22 08:49:49.173928 dv-cinder-845178-8-iscsi neutron-server[110431]: INFO neutron.wsgi [None req-d5f8d3e3-ec65-4865-8187-1400265d0ba5 admin admin] 10.222.0.42 "GET /v2.0/security-groups?tenant_id=3015ad1c637948829cfcc42a2cb8bd63&name=default HTTP/1.1" status: 200 len: 2996 time: 0.3751862
Jun 22 08:49:49.174697 dv-cinder-845178-8-iscsi neutron-server[110431]: DEBUG neutron.wsgi [-] (110431) accepted ('10.222.0.42', 48086) {{(pid=110431) server /usr/local/lib/python3.8/dist-packages/eventlet/wsgi.py:1004}}
Jun 22 08:49:49.194440 dv-cinder-845178-8-iscsi neutron-server[110433]: DEBUG dbcounter [-] [110433] Writing DB stats neutron:SELECT=90,neutron:UPDATE=5,neutron:INSERT=5 {{(pid=110433) stat_writer /usr/local/lib/python3.8/dist-packages/dbcounter.py:114}}
Jun 22 08:49:49.209615 dv-cinder-845178-8-iscsi neutron-server[110432]: DEBUG neutron_lib.callbacks.manager [None req-dd23320e-bb02-46aa-9224-d4fdab6a97de admin admin] Publish callbacks [] for security_group (eb0804f4-59a5-47a3-9c6d-e93aec84443d), precommit_create {{(pid=110432) _notify_loop /usr/local/lib/python3.8/dist-packages/neutron_lib/callbacks/manager.py:176}}
Jun 22 08:49:49.217377 dv-cinder-845178-8-iscsi neutron-server[110432]: DEBUG neutron_lib.callbacks.manager [None req-dd23320e-bb02-46aa-9224-d4fdab6a97de admin admin] Publish callbacks ['neutron.plugins.ml2.ovo_rpc._ObjectChangeHandler.handle_event-269264'] for security_group (eb0804f4-59a5-47a3-9c6d-e93aec84443d), after_create {{(pid=110432) _notify_loop /usr/local/lib/python3.8/dist-packages/neutron_lib/callbacks/manager.py:176}}
Jun 22 08:49:49.251200 dv-cinder-845178-8-iscsi neutron-server[110431]: DEBUG neutron_lib.callbacks.manager [None req-d0d8ac27-13a9-4b22-be34-ffe6a1bc9ebf admin admin] Publish callbacks [] for security_group (699ebdff-794a-4bdc-af7e-498f238f9d3d), before_delete {{(pid=110431) _notify_loop /usr/local/lib/python3.8/dist-packages/neutron_lib/callbacks/manager.py:176}}
Jun 22 08:49:49.270323 dv-cinder-845178-8-iscsi neutron-server[110433]: DEBUG neutron.plugins.ml2.plugin [None req-6fe5cde8-b87a-4e05-a70a-82d657cc10da None None] Current status of the port 24552398-04f9-4385-a8b2-4fdde7e8bef5 is: ACTIVE; New status is: ACTIVE {{(pid=110433) _update_individual_port_db_status /opt/stack/neutron/neutron/plugins/ml2/plugin.py:2292}}
Jun 22 08:49:49.283773 dv-cinder-845178-8-iscsi neutron-server[110431]: DEBUG neutron_lib.callbacks.manager [None req-d0d8ac27-13a9-4b22-be34-ffe6a1bc9ebf admin admin] Publish callbacks [] for security_group (699ebdff-794a-4bdc-af7e-498f238f9d3d), precommit_delete {{(pid=110431) _notify_loop /usr/local/lib/python3.8/dist-packages/neutron_lib/callbacks/manager.py:176}}
Jun 22 08:49:49.316807 dv-cinder-845178-8-iscsi neutron-server[110432]: INFO neutron.wsgi [None req-dd23320e-bb02-46aa-9224-d4fdab6a97de admin admin] 10.222.0.42 "GET /v2.0/security-groups?tenant_id=ef4c7591885340fa9587aca0de28eeb3&name=default HTTP/1.1" status: 200 len: 2996 time: 0.2858889
Jun 22 08:49:49.318866 dv-cinder-845178-8-iscsi neutron-server[110431]: DEBUG neutron.wsgi [-] (110431) accepted ('10.222.0.42', 48088) {{(pid=110431) server /usr/local/lib/python3.8/dist-packages/eventlet/wsgi.py:1004}}
Jun 22 08:49:49.320536 dv-cinder-845178-8-iscsi neutron-server[110432]: DEBUG neutron.api.rpc.agentnotifiers.l3_rpc_agent_api [None req-d5d2db45-4a8a-4a85-a1cb-75a870d854c5 admin admin] Notify agent at l3_agent.dv-cinder-845178-8-iscsi the message routers_updated {{(pid=110432) _agent_notification /opt/stack/neutron/neutron/api/rpc/agentnotifiers/l3_rpc_agent_api.py:65}}
Jun 22 08:49:49.325837 dv-cinder-845178-8-iscsi neutron-server[110432]: DEBUG neutron.api.rpc.handlers.resources_rpc [None req-dd23320e-bb02-46aa-9224-d4fdab6a97de admin admin] Pushing event updated for resources: {'SecurityGroup': ['ID=eb0804f4-59a5-47a3-9c6d-e93aec84443d,revision_number=1']} {{(pid=110432) push /opt/stack/neutron/neutron/api/rpc/handlers/resources_rpc.py:237}}
Jun 22 08:49:49.346154 dv-cinder-845178-8-iscsi neutron-server[110434]: DEBUG neutron.api.rpc.handlers.l3_rpc [None req-3aa164d5-2d86-43ba-aec3-990bf8c20bf3 None None] Sync routers for ids ['7908f7b1-5a00-44c5-b7da-7a70e4cc942f'] in dv-cinder-845178-8-iscsi {{(pid=110434) sync_routers /opt/stack/neutron/neutron/api/rpc/handlers/l3_rpc.py:125}}
Jun 22 08:49:49.370203 dv-cinder-845178-8-iscsi neutron-server[110432]: DEBUG neutron_lib.callbacks.manager [None req-d5d2db45-4a8a-4a85-a1cb-75a870d854c5 admin admin] Publish callbacks [] for router (None), before_response {{(pid=110432) _notify_loop /usr/local/lib/python3.8/dist-packages/neutron_lib/callbacks/manager.py:176}}
Jun 22 08:49:49.370203 dv-cinder-845178-8-iscsi neutron-server[110432]: INFO neutron.wsgi [None req-d5d2db45-4a8a-4a85-a1cb-75a870d854c5 admin admin] 10.222.0.42 "POST /v2.0/routers HTTP/1.1" status: 201 len: 926 time: 2.9043038
Jun 22 08:49:49.371156 dv-cinder-845178-8-iscsi neutron-server[110431]: DEBUG neutron.wsgi [-] (110431) accepted ('10.222.0.42', 48090) {{(pid=110431) server /usr/local/lib/python3.8/dist-packages/eventlet/wsgi.py:1004}}
Jun 22 08:49:49.375112 dv-cinder-845178-8-iscsi neutron-server[110434]: DEBUG neutron.db.l3_dvrscheduler_db [None req-3aa164d5-2d86-43ba-aec3-990bf8c20bf3 None None] Routers {'7908f7b1-5a00-44c5-b7da-7a70e4cc942f'} bound to L3 agent in host dv-cinder-845178-8-iscsi {{(pid=110434) _get_router_ids_for_agent /opt/stack/neutron/neutron/db/l3_dvrscheduler_db.py:426}}
Jun 22 08:49:49.375760 dv-cinder-845178-8-iscsi neutron-server[110434]: DEBUG neutron.db.l3_hamode_db [None req-3aa164d5-2d86-43ba-aec3-990bf8c20bf3 None None] neutron.services.l3_router.l3_router_plugin.L3RouterPlugin method get_ha_sync_data_for_host called with arguments (, 'dv-cinder-845178-8-iscsi', Agent(admin_state_up=True,agent_type='L3 agent',availability_zone='nova',binary='neutron-l3-agent',configurations={"agent_mode": "legacy", "ex_gw_ports": 4, "extensions": [], "floating_ips": 1, "handle_internal_only_routers": true, "interface_driver": "openvswitch", "interfaces": 4, "log_agent_heartbeats": false, "routers": 4},created_at=2022-06-22T08:40:06Z,description=,heartbeat_timestamp=2022-06-22T08:49:36Z,host='dv-cinder-845178-8-iscsi',id=3c261600-da2a-460f-8f88-7530df80023f,load=0,resource_versions=,resources_synced=,started_at=2022-06-22T08:40:06Z,topic='l3_agent')) {'router_ids': ['7908f7b1-5a00-44c5-b7da-7a70e4cc942f'], 'active': True} {{(pid=110434) wrapper /usr/local/lib/python3.8/dist-packages/oslo_log/helpers.py:65}}
Jun 22 08:49:49.381797 dv-cinder-845178-8-iscsi neutron-server[110431]: DEBUG neutron_lib.callbacks.manager [None req-d0d8ac27-13a9-4b22-be34-ffe6a1bc9ebf admin admin] Publish callbacks ['neutron.plugins.ml2.ovo_rpc._ObjectChangeHandler.handle_event-269264'] for security_group (699ebdff-794a-4bdc-af7e-498f238f9d3d), after_delete {{(pid=110431) _notify_loop /usr/local/lib/python3.8/dist-packages/neutron_lib/callbacks/manager.py:176}}
Jun 22 08:49:49.384730 dv-cinder-845178-8-iscsi neutron-server[110431]: DEBUG neutron_lib.callbacks.manager [None req-d0d8ac27-13a9-4b22-be34-ffe6a1bc9ebf admin admin] Publish callbacks [] for security_group (None), before_response {{(pid=110431) _notify_loop /usr/local/lib/python3.8/dist-packages/neutron_lib/callbacks/manager.py:176}}
Jun 22 08:49:49.389085 dv-cinder-845178-8-iscsi neutron-server[110431]: INFO neutron.wsgi [None req-d0d8ac27-13a9-4b22-be34-ffe6a1bc9ebf admin admin] 10.222.0.42 "DELETE /v2.0/security-groups/699ebdff-794a-4bdc-af7e-498f238f9d3d HTTP/1.1" status: 204 len: 168 time: 0.2124214
Jun 22 08:49:49.447443 dv-cinder-845178-8-iscsi neutron-server[110431]: DEBUG neutron.api.rpc.handlers.resources_rpc [None req-d0d8ac27-13a9-4b22-be34-ffe6a1bc9ebf admin admin] Pushing event deleted for resources: {'SecurityGroup': ['ID=699ebdff-794a-4bdc-af7e-498f238f9d3d,revision_number=None']} {{(pid=110431) push /opt/stack/neutron/neutron/api/rpc/handlers/resources_rpc.py:237}}
Jun 22 08:49:49.463817 dv-cinder-845178-8-iscsi neutron-server[110431]: DEBUG neutron_lib.callbacks.manager [None req-93796c00-22ef-4c2b-bbba-2e6c45cff546 admin admin] Publish callbacks [] for security_group (eb0804f4-59a5-47a3-9c6d-e93aec84443d), before_delete {{(pid=110431) _notify_loop /usr/local/lib/python3.8/dist-packages/neutron_lib/callbacks/manager.py:176}}
Jun 22 08:49:49.562510 dv-cinder-845178-8-iscsi neutron-server[110431]: DEBUG neutron_lib.callbacks.manager [None req-93796c00-22ef-4c2b-bbba-2e6c45cff546 admin admin] Publish callbacks [] for security_group (eb0804f4-59a5-47a3-9c6d-e93aec84443d), precommit_delete {{(pid=110431) _notify_loop /usr/local/lib/python3.8/dist-packages/neutron_lib/callbacks/manager.py:176}}
Jun 22 08:49:49.656812 dv-cinder-845178-8-iscsi neutron-server[110434]: DEBUG neutron.db.l3_dvr_db [None req-3aa164d5-2d86-43ba-aec3-990bf8c20bf3 None None] Set router 7908f7b1-5a00-44c5-b7da-7a70e4cc942f gateway port host: dv-cinder-845178-8-iscsi {{(pid=110434) _build_routers_list /opt/stack/neutron/neutron/db/l3_dvr_db.py:907}}
Jun 22 08:49:49.681306 dv-cinder-845178-8-iscsi neutron-server[110431]: DEBUG neutron.pecan_wsgi.hooks.policy_enforcement [req-e49ccd73-9f05-41a1-8be6-391c7cc028db req-935fb159-f0c7-4ee5-bb64-370a1b0b9117 tempest-DeleteServersTestJSON-197897361 tempest-DeleteServersTestJSON-197897361-project] Attributes excluded by policy engine: ['standard_attr_id', 'binding:profile', 'binding:host_id', 'binding:vif_type', 'binding:vif_details'] {{(pid=110431) _exclude_attributes_by_policy /opt/stack/neutron/neutron/pecan_wsgi/hooks/policy_enforcement.py:259}}
Jun 22 08:49:49.683824 dv-cinder-845178-8-iscsi neutron-server[110431]: INFO neutron.wsgi [req-e49ccd73-9f05-41a1-8be6-391c7cc028db req-935fb159-f0c7-4ee5-bb64-370a1b0b9117 tempest-DeleteServersTestJSON-197897361 tempest-DeleteServersTestJSON-197897361-project] 10.222.0.26 "GET /v2.0/ports?device_id=b58223c3-51e0-40ab-892e-6b6672c2e0d2 HTTP/1.1" status: 200 len: 945 time: 0.2101395
Jun 22 08:49:49.769159 dv-cinder-845178-8-iscsi neutron-server[110431]: DEBUG neutron.pecan_wsgi.hooks.policy_enforcement [req-8b7cc7a2-186c-4c59-bfc1-6142743bd39a req-8cb6d239-683e-4503-932a-af24457630dd tempest-DeleteServersTestJSON-197897361 tempest-DeleteServersTestJSON-197897361-project] Attributes excluded by policy engine: ['standard_attr_id', 'binding:profile', 'binding:host_id', 'binding:vif_type', 'binding:vif_details'] {{(pid=110431) _exclude_attributes_by_policy /opt/stack/neutron/neutron/pecan_wsgi/hooks/policy_enforcement.py:259}}
Jun 22 08:49:49.777960 dv-cinder-845178-8-iscsi neutron-server[110431]: INFO neutron.wsgi [req-8b7cc7a2-186c-4c59-bfc1-6142743bd39a req-8cb6d239-683e-4503-932a-af24457630dd tempest-DeleteServersTestJSON-197897361 tempest-DeleteServersTestJSON-197897361-project] 10.222.0.42 "GET /v2.0/ports?device_id=b58223c3-51e0-40ab-892e-6b6672c2e0d2 HTTP/1.1" status: 200 len: 945 time: 0.1109414
Jun 22 08:49:49.817366 dv-cinder-845178-8-iscsi neutron-server[110432]: DEBUG neutron.pecan_wsgi.hooks.policy_enforcement [req-efaff855-4e02-4e26-b6ea-f4017a873015 req-74048ab3-42f9-46da-b9f8-8ff68b9fd07d tempest-ServerRescueNegativeTestJSON-457597587 tempest-ServerRescueNegativeTestJSON-457597587-project] Attributes excluded by policy engine: ['standard_attr_id', 'binding:profile', 'binding:host_id', 'binding:vif_type', 'binding:vif_details'] {{(pid=110432) _exclude_attributes_by_policy /opt/stack/neutron/neutron/pecan_wsgi/hooks/policy_enforcement.py:259}}
Jun 22 08:49:49.819720 dv-cinder-845178-8-iscsi neutron-server[110432]: INFO neutron.wsgi [req-efaff855-4e02-4e26-b6ea-f4017a873015 req-74048ab3-42f9-46da-b9f8-8ff68b9fd07d tempest-ServerRescueNegativeTestJSON-457597587 tempest-ServerRescueNegativeTestJSON-457597587-project] 10.222.0.42 "GET /v2.0/ports?device_id=86cd66c9-c4e6-4f5a-9809-4e9a2b589610 HTTP/1.1" status: 200 len: 946 time: 0.1318233
Jun 22 08:49:49.898707 dv-cinder-845178-8-iscsi neutron-server[110433]: DEBUG neutron.plugins.ml2.rpc [None req-ab699559-ae4a-45e0-a089-e51f34a18321 None None] Device 24552398-04f9-4385-a8b2-4fdde7e8bef5 up at agent ovs-agent-dv-cinder-845178-8-iscsi {{(pid=110433) update_device_up /opt/stack/neutron/neutron/plugins/ml2/rpc.py:296}}
Jun 22 08:49:49.904444 dv-cinder-845178-8-iscsi neutron-server[110433]: DEBUG neutron.db.provisioning_blocks [None req-b11099a2-8cab-4ec1-9ce3-5a4124eb9fa9 None None] Provisioning complete for port 24552398-04f9-4385-a8b2-4fdde7e8bef5 triggered by entity DHCP. {{(pid=110433) provisioning_complete /opt/stack/neutron/neutron/db/provisioning_blocks.py:145}}
Jun 22 08:49:49.905063 dv-cinder-845178-8-iscsi neutron-server[110433]: DEBUG neutron_lib.callbacks.manager [None req-b11099a2-8cab-4ec1-9ce3-5a4124eb9fa9 None None] Publish callbacks ['neutron.plugins.ml2.plugin.Ml2Plugin._port_provisioned-1679318'] for port (24552398-04f9-4385-a8b2-4fdde7e8bef5), provisioning_complete {{(pid=110433) _notify_loop /usr/local/lib/python3.8/dist-packages/neutron_lib/callbacks/manager.py:176}}
Jun 22 08:49:49.911092 dv-cinder-845178-8-iscsi neutron-server[110432]: INFO neutron.wsgi [req-efaff855-4e02-4e26-b6ea-f4017a873015 req-58ce0638-298f-4867-ad33-987d575ba8fd tempest-ServerRescueNegativeTestJSON-457597587 tempest-ServerRescueNegativeTestJSON-457597587-project] 10.222.0.42 "GET /v2.0/security-groups?id=94060da1-97ad-4713-8ee7-2ff1302040df&fields=id&fields=name HTTP/1.1" status: 200 len: 286 time: 0.0836620
Jun 22 08:49:49.999114 dv-cinder-845178-8-iscsi neutron-server[110433]: DEBUG neutron.db.provisioning_blocks [None req-ab699559-ae4a-45e0-a089-e51f34a18321 None None] Provisioning complete for port 24552398-04f9-4385-a8b2-4fdde7e8bef5 triggered by entity L2. {{(pid=110433) provisioning_complete /opt/stack/neutron/neutron/db/provisioning_blocks.py:145}}
Jun 22 08:49:49.999514 dv-cinder-845178-8-iscsi neutron-server[110433]: DEBUG neutron_lib.callbacks.manager [None req-ab699559-ae4a-45e0-a089-e51f34a18321 None None] Publish callbacks ['neutron.plugins.ml2.plugin.Ml2Plugin._port_provisioned-1679318'] for port (24552398-04f9-4385-a8b2-4fdde7e8bef5), provisioning_complete {{(pid=110433) _notify_loop /usr/local/lib/python3.8/dist-packages/neutron_lib/callbacks/manager.py:176}}
Jun 22 08:49:50.018464 dv-cinder-845178-8-iscsi neutron-server[110434]: DEBUG neutron.db.l3_hamode_db [None req-3aa164d5-2d86-43ba-aec3-990bf8c20bf3 None None] neutron.services.l3_router.l3_router_plugin.L3RouterPlugin method _process_sync_ha_data called with arguments (, [{'id': '7908f7b1-5a00-44c5-b7da-7a70e4cc942f', 'name': 'tempest-TestMinimumBasicScenario-1223076964-router', 'tenant_id': '183ea9acdf344573b52a733477ced208', 'admin_state_up': True, 'status': 'ACTIVE', 'external_gateway_info': {'network_id': '4c67ecaa-7191-4fac-963c-6a79d52ed0e3', 'external_fixed_ips': [{'subnet_id': '8e001037-1a40-42ee-bd6c-6b2d1fd2a1c4', 'ip_address': '172.27.1.93'}], 'enable_snat': True}, 'gw_port_id': '4fac7ce2-ee36-4a3c-b5b5-1141ea35b10e', 'description': '', 'availability_zones': ['nova'], 'distributed': False, 'ha': False, 'ha_vr_id': 0, 'availability_zone_hints': [], 'routes': [], 'flavor_id': None, 'tags': [], 'created_at': '2022-06-22T08:49:46Z', 'updated_at': '2022-06-22T08:49:48Z', 'revision_number': 3, 'project_id': '183ea9acdf344573b52a733477ced208', 'gw_port': {'id': '4fac7ce2-ee36-4a3c-b5b5-1141ea35b10e', 'name': '', 'network_id': '4c67ecaa-7191-4fac-963c-6a79d52ed0e3', 'tenant_id': '', 'mac_address': 'fa:16:3e:ad:0a:27', 'admin_state_up': True, 'status': 'DOWN', 'device_id': '7908f7b1-5a00-44c5-b7da-7a70e4cc942f', 'device_owner': 'network:router_gateway', 'standard_attr_id': 350, 'fixed_ips': [{'subnet_id': '8e001037-1a40-42ee-bd6c-6b2d1fd2a1c4', 'ip_address': '172.27.1.93', 'prefixlen': 24}], 'allowed_address_pairs': [], 'extra_dhcp_opts': [], 'security_groups': [], 'description': '', 'binding:vnic_type': 'normal', 'binding:profile': {}, 'binding:host_id': '', 'binding:vif_type': 'unbound', 'binding:vif_details': {}, 'port_security_enabled': False, 'tags': [], 'created_at': '2022-06-22T08:49:47Z', 'updated_at': '2022-06-22T08:49:47Z', 'revision_number': 1, 'project_id': '', 'subnets': [{'id': '8e001037-1a40-42ee-bd6c-6b2d1fd2a1c4', 'cidr': '172.27.1.0/24', 'gateway_ip': '172.27.1.1', 'dns_nameservers': [], 'ipv6_ra_mode': None, 'subnetpool_id': None}], 'extra_subnets': [], 'address_scopes': {4: None, 6: None}, 'mtu': 1500}, 'enable_snat': True, 'gw_port_host': 'dv-cinder-845178-8-iscsi'}], 'dv-cinder-845178-8-iscsi', False) {} {{(pid=110434) wrapper /usr/local/lib/python3.8/dist-packages/oslo_log/helpers.py:65}}
Jun 22 08:49:50.049093 dv-cinder-845178-8-iscsi neutron-server[110434]: DEBUG neutron.api.rpc.handlers.l3_rpc [None req-3aa164d5-2d86-43ba-aec3-990bf8c20bf3 None None] Checking router: 7908f7b1-5a00-44c5-b7da-7a70e4cc942f for host: dv-cinder-845178-8-iscsi {{(pid=110434) _ensure_host_set_on_ports /opt/stack/neutron/neutron/api/rpc/handlers/l3_rpc.py:155}}
Jun 22 08:49:50.049446 dv-cinder-845178-8-iscsi neutron-server[110434]: DEBUG neutron.api.rpc.handlers.l3_rpc [None req-3aa164d5-2d86-43ba-aec3-990bf8c20bf3 None None] Updating router 7908f7b1-5a00-44c5-b7da-7a70e4cc942f port 4fac7ce2-ee36-4a3c-b5b5-1141ea35b10e binding host dv-cinder-845178-8-iscsi {{(pid=110434) _ensure_host_set_on_port /opt/stack/neutron/neutron/api/rpc/handlers/l3_rpc.py:205}}
Jun 22 08:49:50.058536 dv-cinder-845178-8-iscsi neutron-server[110432]: DEBUG neutron.wsgi [-] (110432) accepted ('10.222.0.42', 48110) {{(pid=110432) server /usr/local/lib/python3.8/dist-packages/eventlet/wsgi.py:1004}}
Jun 22 08:49:50.069183 dv-cinder-845178-8-iscsi neutron-server[110433]: DEBUG neutron.plugins.ml2.plugin [None req-b11099a2-8cab-4ec1-9ce3-5a4124eb9fa9 None None] Current status of the port 24552398-04f9-4385-a8b2-4fdde7e8bef5 is: ACTIVE; New status is: ACTIVE {{(pid=110433) _update_individual_port_db_status /opt/stack/neutron/neutron/plugins/ml2/plugin.py:2292}}
Jun 22 08:49:50.101643 dv-cinder-845178-8-iscsi neutron-server[110434]: DEBUG neutron_lib.callbacks.manager [None req-3aa164d5-2d86-43ba-aec3-990bf8c20bf3 None None] Publish callbacks ['neutron.plugins.ml2.plugin.SecurityGroupDbMixin._ensure_default_security_group_handler-1451734'] for port (4fac7ce2-ee36-4a3c-b5b5-1141ea35b10e), before_update {{(pid=110434) _notify_loop /usr/local/lib/python3.8/dist-packages/neutron_lib/callbacks/manager.py:176}}
Jun 22 08:49:50.126915 dv-cinder-845178-8-iscsi neutron-server[110433]: DEBUG neutron.plugins.ml2.plugin [None req-ab699559-ae4a-45e0-a089-e51f34a18321 None None] Current status of the port 24552398-04f9-4385-a8b2-4fdde7e8bef5 is: ACTIVE; New status is: ACTIVE {{(pid=110433) _update_individual_port_db_status /opt/stack/neutron/neutron/plugins/ml2/plugin.py:2292}}
Jun 22 08:49:50.135996 dv-cinder-845178-8-iscsi neutron-server[110432]: DEBUG neutron.db.db_base_plugin_v2 [None req-2c4a54a9-acdc-415b-84d1-879b4598d7cf admin admin] Deleting subnet cbdf9735-0300-4482-a79e-cdd3ee3234d2 {{(pid=110432) delete_subnet /opt/stack/neutron/neutron/db/db_base_plugin_v2.py:1067}}
Jun 22 08:49:50.139907 dv-cinder-845178-8-iscsi neutron-server[110432]: DEBUG neutron_lib.callbacks.manager [None req-2c4a54a9-acdc-415b-84d1-879b4598d7cf admin admin] Publish callbacks [] for subnet (cbdf9735-0300-4482-a79e-cdd3ee3234d2), before_delete {{(pid=110432) _notify_loop /usr/local/lib/python3.8/dist-packages/neutron_lib/callbacks/manager.py:176}}
Jun 22 08:49:50.156493 dv-cinder-845178-8-iscsi neutron-server[110431]: DEBUG dbcounter [-] [110431] Writing DB stats neutron:SELECT=95,neutron:DELETE=5 {{(pid=110431) stat_writer /usr/local/lib/python3.8/dist-packages/dbcounter.py:114}}
Jun 22 08:49:50.186682 dv-cinder-845178-8-iscsi neutron-server[110432]: DEBUG neutron_lib.callbacks.manager [None req-2c4a54a9-acdc-415b-84d1-879b4598d7cf admin admin] Publish callbacks ['neutron.services.segments.plugin.Plugin._validate_auto_address_subnet_delete-64380072'] for subnet (cbdf9735-0300-4482-a79e-cdd3ee3234d2), precommit_delete_associations {{(pid=110432) _notify_loop /usr/local/lib/python3.8/dist-packages/neutron_lib/callbacks/manager.py:176}}
Jun 22 08:49:50.227143 dv-cinder-845178-8-iscsi neutron-server[110432]: DEBUG dbcounter [-] [110432] Writing DB stats neutron:SELECT=90,neutron:INSERT=7,neutron:UPDATE=2,neutron:DELETE=1 {{(pid=110432) stat_writer /usr/local/lib/python3.8/dist-packages/dbcounter.py:114}}
Jun 22 08:49:50.235338 dv-cinder-845178-8-iscsi neutron-server[110432]: DEBUG neutron_lib.callbacks.manager [None req-2c4a54a9-acdc-415b-84d1-879b4598d7cf admin admin] Publish callbacks ['neutron.plugins.ml2.plugin.Ml2Plugin._subnet_delete_precommit_handler-1678920'] for subnet (cbdf9735-0300-4482-a79e-cdd3ee3234d2), precommit_delete {{(pid=110432) _notify_loop /usr/local/lib/python3.8/dist-packages/neutron_lib/callbacks/manager.py:176}}
Jun 22 08:49:50.303004 dv-cinder-845178-8-iscsi neutron-server[110432]: DEBUG neutron_lib.callbacks.manager [None req-2c4a54a9-acdc-415b-84d1-879b4598d7cf admin admin] Publish callbacks ['neutron.plugins.ml2.plugin.Ml2Plugin._subnet_delete_after_delete_handler-1678950', 'neutron.plugins.ml2.ovo_rpc._ObjectChangeHandler.handle_event-266695', 'neutron.api.rpc.agentnotifiers.dhcp_rpc_agent_api.DhcpAgentNotifyAPI._native_event_send_dhcp_notification-776177', 'neutron.services.segments.plugin.NovaSegmentNotifier._notify_subnet_deleted-66164018', 'neutron.services.segments.plugin.SegmentHostRoutes.host_routes_after_delete-64996678'] for subnet (cbdf9735-0300-4482-a79e-cdd3ee3234d2), after_delete {{(pid=110432) _notify_loop /usr/local/lib/python3.8/dist-packages/neutron_lib/callbacks/manager.py:176}}
Jun 22 08:49:50.319694 dv-cinder-845178-8-iscsi neutron-server[110432]: DEBUG neutron_lib.callbacks.manager [None req-2c4a54a9-acdc-415b-84d1-879b4598d7cf admin admin] Publish callbacks [] for subnet (None), before_response {{(pid=110432) _notify_loop /usr/local/lib/python3.8/dist-packages/neutron_lib/callbacks/manager.py:176}}
Jun 22 08:49:50.326568 dv-cinder-845178-8-iscsi neutron-server[110432]: INFO neutron.wsgi [None req-2c4a54a9-acdc-415b-84d1-879b4598d7cf admin admin] 10.222.0.42 "DELETE /v2.0/subnets/cbdf9735-0300-4482-a79e-cdd3ee3234d2 HTTP/1.1" status: 204 len: 168 time: 0.2637062
Jun 22 08:49:50.327495 dv-cinder-845178-8-iscsi neutron-server[110432]: DEBUG neutron.wsgi [-] (110432) accepted ('10.222.0.42', 48112) {{(pid=110432) server /usr/local/lib/python3.8/dist-packages/eventlet/wsgi.py:1004}}
Jun 22 08:49:50.409362 dv-cinder-845178-8-iscsi neutron-server[110431]: INFO neutron.wsgi [req-8b7cc7a2-186c-4c59-bfc1-6142743bd39a req-e481a2e8-a01b-4f5e-8b22-7b855b42e72c tempest-DeleteServersTestJSON-197897361 tempest-DeleteServersTestJSON-197897361-project] 10.222.0.42 "GET /v2.0/security-groups?id=9d8d2d8c-d205-40cf-8f39-eb0686db46e6&fields=id&fields=name HTTP/1.1" status: 200 len: 286 time: 0.6304843
Jun 22 08:49:50.421160 dv-cinder-845178-8-iscsi neutron-server[110432]: DEBUG neutron.api.rpc.handlers.resources_rpc [None req-2c4a54a9-acdc-415b-84d1-879b4598d7cf admin admin] Pushing event deleted for resources: {'Subnet': ['ID=cbdf9735-0300-4482-a79e-cdd3ee3234d2,revision_number=None']} {{(pid=110432) push /opt/stack/neutron/neutron/api/rpc/handlers/resources_rpc.py:237}}
Jun 22 08:49:50.435043 dv-cinder-845178-8-iscsi neutron-server[110431]: DEBUG neutron_lib.callbacks.manager [None req-93796c00-22ef-4c2b-bbba-2e6c45cff546 admin admin] Publish callbacks ['neutron.plugins.ml2.ovo_rpc._ObjectChangeHandler.handle_event-269264'] for security_group (eb0804f4-59a5-47a3-9c6d-e93aec84443d), after_delete {{(pid=110431) _notify_loop /usr/local/lib/python3.8/dist-packages/neutron_lib/callbacks/manager.py:176}}
Jun 22 08:49:50.437723 dv-cinder-845178-8-iscsi neutron-server[110431]: DEBUG neutron_lib.callbacks.manager [None req-93796c00-22ef-4c2b-bbba-2e6c45cff546 admin admin] Publish callbacks [] for security_group (None), before_response {{(pid=110431) _notify_loop /usr/local/lib/python3.8/dist-packages/neutron_lib/callbacks/manager.py:176}}
Jun 22 08:49:50.439669 dv-cinder-845178-8-iscsi neutron-server[110431]: INFO neutron.wsgi [None req-93796c00-22ef-4c2b-bbba-2e6c45cff546 admin admin] 10.222.0.42 "DELETE /v2.0/security-groups/eb0804f4-59a5-47a3-9c6d-e93aec84443d HTTP/1.1" status: 204 len: 168 time: 1.1195703
Jun 22 08:49:50.446547 dv-cinder-845178-8-iscsi neutron-server[110432]: DEBUG neutron_lib.callbacks.manager [None req-db5fe434-1d86-4185-a3e4-cc2c18443342 admin admin] Publish callbacks ['neutron.plugins.ml2.plugin.External_net_db_mixin._before_network_delete_handler-1586143'] for network (bcd543fb-afa5-44b1-b4d7-9c3b586fadbb), before_delete {{(pid=110432) _notify_loop /usr/local/lib/python3.8/dist-packages/neutron_lib/callbacks/manager.py:176}}
Jun 22 08:49:50.449160 dv-cinder-845178-8-iscsi neutron-server[110434]: DEBUG neutron_lib.callbacks.manager [None req-3aa164d5-2d86-43ba-aec3-990bf8c20bf3 None None] Publish callbacks [] for port (4fac7ce2-ee36-4a3c-b5b5-1141ea35b10e), precommit_update {{(pid=110434) _notify_loop /usr/local/lib/python3.8/dist-packages/neutron_lib/callbacks/manager.py:176}}
Jun 22 08:49:50.461537 dv-cinder-845178-8-iscsi neutron-server[110434]: DEBUG neutron_lib.callbacks.manager [None req-3aa164d5-2d86-43ba-aec3-990bf8c20bf3 None None] Publish callbacks ['neutron.plugins.ml2.plugin.SecurityGroupServerNotifierRpcMixin._notify_sg_on_port_change-1451671', 'neutron.plugins.ml2.ovo_rpc._ObjectChangeHandler.handle_event-961897', 'neutron.api.rpc.agentnotifiers.dhcp_rpc_agent_api.DhcpAgentNotifyAPI._native_event_send_dhcp_notification-776177', 'neutron.db.l3_db.L3RpcNotifierMixin._notify_gateway_port_ip_changed-8778611661406', 'neutron.db.l3_dvrscheduler_db._notify_l3_agent_port_update-8778611258004', 'neutron.db.l3_hascheduler_db._notify_l3_agent_ha_port_update-8778611258022'] for port (4fac7ce2-ee36-4a3c-b5b5-1141ea35b10e), after_update {{(pid=110434) _notify_loop /usr/local/lib/python3.8/dist-packages/neutron_lib/callbacks/manager.py:176}}
Jun 22 08:49:50.464914 dv-cinder-845178-8-iscsi neutron-server[110431]: DEBUG neutron.plugins.ml2.plugin [req-e49ccd73-9f05-41a1-8be6-391c7cc028db req-0b16a2ec-2559-446d-a0dc-48cd41ba7c2a tempest-DeleteServersTestJSON-197897361 tempest-DeleteServersTestJSON-197897361-project] Deleting port 1996fcee-0b0c-496a-9468-5270a225ad0b {{(pid=110431) _pre_delete_port /opt/stack/neutron/neutron/plugins/ml2/plugin.py:2037}}
Jun 22 08:49:50.465166 dv-cinder-845178-8-iscsi neutron-server[110431]: DEBUG neutron_lib.callbacks.manager [req-e49ccd73-9f05-41a1-8be6-391c7cc028db req-0b16a2ec-2559-446d-a0dc-48cd41ba7c2a tempest-DeleteServersTestJSON-197897361 tempest-DeleteServersTestJSON-197897361-project] Publish callbacks ['neutron.db.l3_db.L3_NAT_dbonly_mixin._prevent_l3_port_delete_callback-8778611655720'] for port (1996fcee-0b0c-496a-9468-5270a225ad0b), before_delete {{(pid=110431) _notify_loop /usr/local/lib/python3.8/dist-packages/neutron_lib/callbacks/manager.py:176}}
Jun 22 08:49:50.472379 dv-cinder-845178-8-iscsi neutron-server[110431]: DEBUG neutron.api.rpc.handlers.resources_rpc [None req-93796c00-22ef-4c2b-bbba-2e6c45cff546 admin admin] Pushing event deleted for resources: {'SecurityGroup': ['ID=eb0804f4-59a5-47a3-9c6d-e93aec84443d,revision_number=None']} {{(pid=110431) push /opt/stack/neutron/neutron/api/rpc/handlers/resources_rpc.py:237}}
Jun 22 08:49:50.530476 dv-cinder-845178-8-iscsi neutron-server[110434]: DEBUG neutron.api.rpc.handlers.resources_rpc [None req-709abed4-a7a5-45af-b1b6-2a4a3e16bdbb None None] Pushing event updated for resources: {'Port': ['ID=4fac7ce2-ee36-4a3c-b5b5-1141ea35b10e,revision_number=2']} {{(pid=110434) push /opt/stack/neutron/neutron/api/rpc/handlers/resources_rpc.py:237}}
Jun 22 08:49:50.533386 dv-cinder-845178-8-iscsi neutron-server[110432]: DEBUG dbcounter [-] [110432] Writing DB stats neutron:SELECT=92,neutron:INSERT=5,neutron:DELETE=3 {{(pid=110432) stat_writer /usr/local/lib/python3.8/dist-packages/dbcounter.py:114}}
Jun 22 08:49:50.541470 dv-cinder-845178-8-iscsi neutron-server[110434]: DEBUG neutron.api.rpc.callbacks.version_manager [None req-709abed4-a7a5-45af-b1b6-2a4a3e16bdbb None None] Version for resource type AddressGroup changed None to 1.2 on consumer Open vSwitch agent@dv-cinder-845178-8-iscsi {{(pid=110434) _set_version /opt/stack/neutron/neutron/api/rpc/callbacks/version_manager.py:113}}
Jun 22 08:49:50.541874 dv-cinder-845178-8-iscsi neutron-server[110434]: DEBUG neutron.api.rpc.callbacks.version_manager [None req-709abed4-a7a5-45af-b1b6-2a4a3e16bdbb None None] Version for resource type Agent changed None to 1.1 on consumer Open vSwitch agent@dv-cinder-845178-8-iscsi {{(pid=110434) _set_version /opt/stack/neutron/neutron/api/rpc/callbacks/version_manager.py:113}}
Jun 22 08:49:50.542859 dv-cinder-845178-8-iscsi neutron-server[110434]: DEBUG neutron.api.rpc.callbacks.version_manager [None req-709abed4-a7a5-45af-b1b6-2a4a3e16bdbb None None] Version for resource type ConntrackHelper changed None to 1.0 on consumer Open vSwitch agent@dv-cinder-845178-8-iscsi {{(pid=110434) _set_version /opt/stack/neutron/neutron/api/rpc/callbacks/version_manager.py:113}}
Jun 22 08:49:50.543227 dv-cinder-845178-8-iscsi neutron-server[110434]: DEBUG neutron.api.rpc.callbacks.version_manager [None req-709abed4-a7a5-45af-b1b6-2a4a3e16bdbb None None] Version for resource type LocalIPAssociation changed None to 1.0 on consumer Open vSwitch agent@dv-cinder-845178-8-iscsi {{(pid=110434) _set_version /opt/stack/neutron/neutron/api/rpc/callbacks/version_manager.py:113}}
Jun 22 08:49:50.543569 dv-cinder-845178-8-iscsi neutron-server[110434]: DEBUG neutron.api.rpc.callbacks.version_manager [None req-709abed4-a7a5-45af-b1b6-2a4a3e16bdbb None None] Version for resource type Log changed None to 1.0 on consumer Open vSwitch agent@dv-cinder-845178-8-iscsi {{(pid=110434) _set_version /opt/stack/neutron/neutron/api/rpc/callbacks/version_manager.py:113}}
Jun 22 08:49:50.543956 dv-cinder-845178-8-iscsi neutron-server[110434]: DEBUG neutron.api.rpc.callbacks.version_manager [None req-709abed4-a7a5-45af-b1b6-2a4a3e16bdbb None None] Version for resource type NDPProxy changed None to 1.0 on consumer Open vSwitch agent@dv-cinder-845178-8-iscsi {{(pid=110434) _set_version /opt/stack/neutron/neutron/api/rpc/callbacks/version_manager.py:113}}
