Oct 17 07:03:48.304163 dv-cinder-845069-5-smb devstack@c-api.service[111730]: DEBUG cinder.api.openstack.wsgi [None req-87e7d669-38ac-40a3-859e-b84d673d1342 tempest-GroupsV320Test-829074728 tempest-GroupsV320Test-829074728-project-admin] Action: 'create', calling method: version_select, body: {"group_type": {"name": "tempest-GroupsV320Test-group-type-1299853675"}} {{(pid=111730) _process_stack /opt/stack/cinder/cinder/api/openstack/wsgi.py:866}}
Oct 17 07:03:48.359840 dv-cinder-845069-5-smb devstack@c-api.service[111730]: INFO cinder.api.openstack.wsgi [None req-87e7d669-38ac-40a3-859e-b84d673d1342 tempest-GroupsV320Test-829074728 tempest-GroupsV320Test-829074728-project-admin] http://10.222.0.30/volume/v3/d38194dcada2411ea393dd0a6490287a/group_types returned with HTTP 202
Oct 17 07:03:48.366773 dv-cinder-845069-5-smb devstack@c-api.service[111730]: [pid: 111730|app: 0|req: 136/284] 10.222.0.30 () {62 vars in 1288 bytes} [Mon Oct 17 07:03:48 2022] POST /volume/v3/d38194dcada2411ea393dd0a6490287a/group_types => generated 177 bytes in 64 msecs (HTTP/1.1 202) 7 headers in 292 bytes (1 switches on core 0)
Oct 17 07:03:48.368587 dv-cinder-845069-5-smb devstack@c-api.service[111731]: DEBUG cinder.api.middleware.request_id [None req-1eb7c920-f1db-4298-9965-6c707c59aca7 None None] RequestId filter calling following filter/app {{(pid=111731) _context_setter /opt/stack/cinder/cinder/api/middleware/request_id.py:62}}
Oct 17 07:03:48.625421 dv-cinder-845069-5-smb devstack@c-api.service[111731]: INFO cinder.api.openstack.wsgi [None req-1eb7c920-f1db-4298-9965-6c707c59aca7 tempest-GroupsV320Test-938635773 tempest-GroupsV320Test-938635773-project] POST http://10.222.0.30/volume/v3/f460868717f940b7921ba3015ba305f9/groups
Oct 17 07:03:48.626175 dv-cinder-845069-5-smb devstack@c-api.service[111731]: DEBUG cinder.api.openstack.wsgi [None req-1eb7c920-f1db-4298-9965-6c707c59aca7 tempest-GroupsV320Test-938635773 tempest-GroupsV320Test-938635773-project] Action: 'create', calling method: version_select, body: {"group": {"group_type": "49a43526-1cd5-4cae-a93a-38d1a74a4cbb", "volume_types": ["23cb6454-682d-4f9a-8445-54a3e2466467"], "name": "tempest-GroupsV320Test-Group-603667138"}} {{(pid=111731) _process_stack /opt/stack/cinder/cinder/api/openstack/wsgi.py:866}}
Oct 17 07:03:48.628376 dv-cinder-845069-5-smb devstack@c-api.service[111731]: DEBUG cinder.api.v3.groups [None req-1eb7c920-f1db-4298-9965-6c707c59aca7 tempest-GroupsV320Test-938635773 tempest-GroupsV320Test-938635773-project] Creating new group {'group': {'group_type': '49a43526-1cd5-4cae-a93a-38d1a74a4cbb', 'volume_types': ['23cb6454-682d-4f9a-8445-54a3e2466467'], 'name': 'tempest-GroupsV320Test-Group-603667138'}} {{(pid=111731) create /opt/stack/cinder/cinder/api/v3/groups.py:190}}
Oct 17 07:03:48.632094 dv-cinder-845069-5-smb devstack@c-api.service[111731]: DEBUG dbcounter [-] [111731] Writing DB stats cinder:SELECT=87,cinder:UPDATE=12,cinder:INSERT=1 {{(pid=111731) stat_writer /usr/local/lib/python3.8/dist-packages/dbcounter.py:114}}
Oct 17 07:03:48.640266 dv-cinder-845069-5-smb devstack@c-api.service[111731]: INFO cinder.api.v3.groups [None req-1eb7c920-f1db-4298-9965-6c707c59aca7 tempest-GroupsV320Test-938635773 tempest-GroupsV320Test-938635773-project] Creating group tempest-GroupsV320Test-Group-603667138.
Oct 17 07:03:48.647124 dv-cinder-845069-5-smb devstack@c-api.service[111730]: DEBUG cinder.api.middleware.request_id [None req-336c9807-ea7a-41d7-be1b-024061be3eb4 None None] RequestId filter calling following filter/app {{(pid=111730) _context_setter /opt/stack/cinder/cinder/api/middleware/request_id.py:62}}
Oct 17 07:03:48.652444 dv-cinder-845069-5-smb devstack@c-api.service[111730]: INFO cinder.api.openstack.wsgi [None req-336c9807-ea7a-41d7-be1b-024061be3eb4 tempest-GroupSnapshotsTest-635088876 tempest-GroupSnapshotsTest-635088876-project] GET http://10.222.0.30/volume/v3/68ee9a1954b6413b9dbdf3daf752c663/volumes/0e0ddd54-73cb-4c24-8c06-a60f845a8965
Oct 17 07:03:48.654149 dv-cinder-845069-5-smb devstack@c-api.service[111730]: DEBUG cinder.api.openstack.wsgi [None req-336c9807-ea7a-41d7-be1b-024061be3eb4 tempest-GroupSnapshotsTest-635088876 tempest-GroupSnapshotsTest-635088876-project] Empty body provided in request {{(pid=111730) get_body /opt/stack/cinder/cinder/api/openstack/wsgi.py:715}}
Oct 17 07:03:48.656336 dv-cinder-845069-5-smb devstack@c-api.service[111730]: DEBUG cinder.api.openstack.wsgi [None req-336c9807-ea7a-41d7-be1b-024061be3eb4 tempest-GroupSnapshotsTest-635088876 tempest-GroupSnapshotsTest-635088876-project] Calling method 'show' {{(pid=111730) _process_stack /opt/stack/cinder/cinder/api/openstack/wsgi.py:868}}
Oct 17 07:03:48.685189 dv-cinder-845069-5-smb devstack@c-api.service[111730]: INFO cinder.api.openstack.wsgi [None req-336c9807-ea7a-41d7-be1b-024061be3eb4 tempest-GroupSnapshotsTest-635088876 tempest-GroupSnapshotsTest-635088876-project] http://10.222.0.30/volume/v3/68ee9a1954b6413b9dbdf3daf752c663/volumes/0e0ddd54-73cb-4c24-8c06-a60f845a8965 returned with HTTP 404
Oct 17 07:03:48.690693 dv-cinder-845069-5-smb devstack@c-api.service[111730]: [pid: 111730|app: 0|req: 137/285] 10.222.0.30 () {60 vars in 1366 bytes} [Mon Oct 17 07:03:48 2022] GET /volume/v3/68ee9a1954b6413b9dbdf3daf752c663/volumes/0e0ddd54-73cb-4c24-8c06-a60f845a8965 => generated 109 bytes in 44 msecs (HTTP/1.1 404) 7 headers in 293 bytes (2 switches on core 0)
Oct 17 07:03:48.692311 dv-cinder-845069-5-smb devstack@c-api.service[111730]: DEBUG cinder.api.middleware.request_id [None req-5caa5879-00e1-4061-b1d3-9e9881c19cab None None] RequestId filter calling following filter/app {{(pid=111730) _context_setter /opt/stack/cinder/cinder/api/middleware/request_id.py:62}}
Oct 17 07:03:48.696283 dv-cinder-845069-5-smb devstack@c-api.service[111731]: INFO cinder.volume.api [None req-1eb7c920-f1db-4298-9965-6c707c59aca7 tempest-GroupsV320Test-938635773 tempest-GroupsV320Test-938635773-project] Availability Zones retrieved successfully.
Oct 17 07:03:48.709653 dv-cinder-845069-5-smb devstack@c-api.service[111730]: INFO cinder.api.openstack.wsgi [None req-5caa5879-00e1-4061-b1d3-9e9881c19cab tempest-GroupSnapshotsTest-635088876 tempest-GroupSnapshotsTest-635088876-project] GET http://10.222.0.30/volume/v3/68ee9a1954b6413b9dbdf3daf752c663/volumes/8197321c-4a18-40f1-b341-a96678230d97
Oct 17 07:03:48.710157 dv-cinder-845069-5-smb devstack@c-api.service[111730]: DEBUG cinder.api.openstack.wsgi [None req-5caa5879-00e1-4061-b1d3-9e9881c19cab tempest-GroupSnapshotsTest-635088876 tempest-GroupSnapshotsTest-635088876-project] Empty body provided in request {{(pid=111730) get_body /opt/stack/cinder/cinder/api/openstack/wsgi.py:715}}
Oct 17 07:03:48.710618 dv-cinder-845069-5-smb devstack@c-api.service[111730]: DEBUG cinder.api.openstack.wsgi [None req-5caa5879-00e1-4061-b1d3-9e9881c19cab tempest-GroupSnapshotsTest-635088876 tempest-GroupSnapshotsTest-635088876-project] Calling method 'show' {{(pid=111730) _process_stack /opt/stack/cinder/cinder/api/openstack/wsgi.py:868}}
Oct 17 07:03:48.741977 dv-cinder-845069-5-smb devstack@c-api.service[111730]: INFO cinder.api.openstack.wsgi [None req-5caa5879-00e1-4061-b1d3-9e9881c19cab tempest-GroupSnapshotsTest-635088876 tempest-GroupSnapshotsTest-635088876-project] http://10.222.0.30/volume/v3/68ee9a1954b6413b9dbdf3daf752c663/volumes/8197321c-4a18-40f1-b341-a96678230d97 returned with HTTP 404
Oct 17 07:03:48.743804 dv-cinder-845069-5-smb devstack@c-api.service[111730]: [pid: 111730|app: 0|req: 138/286] 10.222.0.30 () {60 vars in 1366 bytes} [Mon Oct 17 07:03:48 2022] GET /volume/v3/68ee9a1954b6413b9dbdf3daf752c663/volumes/8197321c-4a18-40f1-b341-a96678230d97 => generated 109 bytes in 52 msecs (HTTP/1.1 404) 7 headers in 293 bytes (1 switches on core 0)
Oct 17 07:03:48.747720 dv-cinder-845069-5-smb devstack@c-api.service[111730]: DEBUG cinder.api.middleware.request_id [None req-421fa38e-9a75-488b-ae8c-f3f8799aef4e None None] RequestId filter calling following filter/app {{(pid=111730) _context_setter /opt/stack/cinder/cinder/api/middleware/request_id.py:62}}
Oct 17 07:03:48.762387 dv-cinder-845069-5-smb devstack@c-api.service[111730]: INFO cinder.api.openstack.wsgi [None req-421fa38e-9a75-488b-ae8c-f3f8799aef4e tempest-GroupSnapshotsTest-635088876 tempest-GroupSnapshotsTest-635088876-project] GET http://10.222.0.30/volume/v3/68ee9a1954b6413b9dbdf3daf752c663/groups/6d523974-9280-4999-91fa-3586fd28acf1
Oct 17 07:03:48.763451 dv-cinder-845069-5-smb devstack@c-api.service[111730]: DEBUG cinder.api.openstack.wsgi [None req-421fa38e-9a75-488b-ae8c-f3f8799aef4e tempest-GroupSnapshotsTest-635088876 tempest-GroupSnapshotsTest-635088876-project] Empty body provided in request {{(pid=111730) get_body /opt/stack/cinder/cinder/api/openstack/wsgi.py:715}}
Oct 17 07:03:48.764351 dv-cinder-845069-5-smb devstack@c-api.service[111730]: DEBUG cinder.api.openstack.wsgi [None req-421fa38e-9a75-488b-ae8c-f3f8799aef4e tempest-GroupSnapshotsTest-635088876 tempest-GroupSnapshotsTest-635088876-project] Calling method 'version_select' {{(pid=111730) _process_stack /opt/stack/cinder/cinder/api/openstack/wsgi.py:868}}
Oct 17 07:03:48.766091 dv-cinder-845069-5-smb devstack@c-api.service[111731]: DEBUG cinder.quota [None req-1eb7c920-f1db-4298-9965-6c707c59aca7 tempest-GroupsV320Test-938635773 tempest-GroupsV320Test-938635773-project] Created reservations ['7a68478b-2c7c-42cb-b71d-d4fabc001cc5'] {{(pid=111731) reserve /opt/stack/cinder/cinder/quota.py:755}}
Oct 17 07:03:48.769795 dv-cinder-845069-5-smb devstack@c-api.service[111730]: DEBUG cinder.api.v3.groups [None req-421fa38e-9a75-488b-ae8c-f3f8799aef4e tempest-GroupSnapshotsTest-635088876 tempest-GroupSnapshotsTest-635088876-project] show called for member 6d523974-9280-4999-91fa-3586fd28acf1 {{(pid=111730) show /opt/stack/cinder/cinder/api/v3/groups.py:58}}
Oct 17 07:03:48.783043 dv-cinder-845069-5-smb devstack@c-api.service[111730]: INFO cinder.api.openstack.wsgi [None req-421fa38e-9a75-488b-ae8c-f3f8799aef4e tempest-GroupSnapshotsTest-635088876 tempest-GroupSnapshotsTest-635088876-project] http://10.222.0.30/volume/v3/68ee9a1954b6413b9dbdf3daf752c663/groups/6d523974-9280-4999-91fa-3586fd28acf1 returned with HTTP 404
Oct 17 07:03:48.784419 dv-cinder-845069-5-smb devstack@c-api.service[111730]: [pid: 111730|app: 0|req: 139/287] 10.222.0.30 () {60 vars in 1363 bytes} [Mon Oct 17 07:03:48 2022] GET /volume/v3/68ee9a1954b6413b9dbdf3daf752c663/groups/6d523974-9280-4999-91fa-3586fd28acf1 => generated 108 bytes in 38 msecs (HTTP/1.1 404) 7 headers in 293 bytes (2 switches on core 0)
Oct 17 07:03:48.789079 dv-cinder-845069-5-smb devstack@c-api.service[111730]: DEBUG cinder.api.middleware.request_id [None req-b6c0fffe-f2eb-49be-870f-4b3d6c4673b1 None None] RequestId filter calling following filter/app {{(pid=111730) _context_setter /opt/stack/cinder/cinder/api/middleware/request_id.py:62}}
Oct 17 07:03:48.806144 dv-cinder-845069-5-smb devstack@c-api.service[111730]: INFO cinder.api.openstack.wsgi [None req-b6c0fffe-f2eb-49be-870f-4b3d6c4673b1 tempest-GroupSnapshotsTest-2141963752 tempest-GroupSnapshotsTest-2141963752-project-admin] DELETE http://10.222.0.30/volume/v3/12b9c82fcadb4d33b4b38ccac434707f/group_types/73079a19-18fc-465f-a8bc-a5bdeff5601c
Oct 17 07:03:48.807824 dv-cinder-845069-5-smb devstack@c-api.service[111730]: DEBUG cinder.api.openstack.wsgi [None req-b6c0fffe-f2eb-49be-870f-4b3d6c4673b1 tempest-GroupSnapshotsTest-2141963752 tempest-GroupSnapshotsTest-2141963752-project-admin] Empty body provided in request {{(pid=111730) get_body /opt/stack/cinder/cinder/api/openstack/wsgi.py:715}}
Oct 17 07:03:48.809757 dv-cinder-845069-5-smb devstack@c-api.service[111730]: DEBUG cinder.api.openstack.wsgi [None req-b6c0fffe-f2eb-49be-870f-4b3d6c4673b1 tempest-GroupSnapshotsTest-2141963752 tempest-GroupSnapshotsTest-2141963752-project-admin] Calling method 'version_select' {{(pid=111730) _process_stack /opt/stack/cinder/cinder/api/openstack/wsgi.py:868}}
Oct 17 07:03:48.853633 dv-cinder-845069-5-smb devstack@c-api.service[111731]: INFO cinder.api.openstack.wsgi [None req-1eb7c920-f1db-4298-9965-6c707c59aca7 tempest-GroupsV320Test-938635773 tempest-GroupsV320Test-938635773-project] http://10.222.0.30/volume/v3/f460868717f940b7921ba3015ba305f9/groups returned with HTTP 202
Oct 17 07:03:48.860990 dv-cinder-845069-5-smb devstack@c-api.service[111731]: [pid: 111731|app: 0|req: 149/288] 10.222.0.30 () {62 vars in 1274 bytes} [Mon Oct 17 07:03:48 2022] POST /volume/v3/f460868717f940b7921ba3015ba305f9/groups => generated 107 bytes in 489 msecs (HTTP/1.1 202) 7 headers in 292 bytes (1 switches on core 0)
Oct 17 07:03:48.863898 dv-cinder-845069-5-smb devstack@c-api.service[111731]: DEBUG cinder.api.middleware.request_id [None req-97587b9b-8f3c-4c68-8ac3-8406509bea5c None None] RequestId filter calling following filter/app {{(pid=111731) _context_setter /opt/stack/cinder/cinder/api/middleware/request_id.py:62}}
Oct 17 07:03:48.871561 dv-cinder-845069-5-smb devstack@c-api.service[111731]: INFO cinder.api.openstack.wsgi [None req-97587b9b-8f3c-4c68-8ac3-8406509bea5c tempest-GroupsV320Test-938635773 tempest-GroupsV320Test-938635773-project] GET http://10.222.0.30/volume/v3/f460868717f940b7921ba3015ba305f9/groups/1a7e660b-7583-45d0-9084-3de873c4616d
Oct 17 07:03:48.873369 dv-cinder-845069-5-smb devstack@c-api.service[111731]: DEBUG cinder.api.openstack.wsgi [None req-97587b9b-8f3c-4c68-8ac3-8406509bea5c tempest-GroupsV320Test-938635773 tempest-GroupsV320Test-938635773-project] Empty body provided in request {{(pid=111731) get_body /opt/stack/cinder/cinder/api/openstack/wsgi.py:715}}
Oct 17 07:03:48.874708 dv-cinder-845069-5-smb devstack@c-api.service[111731]: DEBUG cinder.api.openstack.wsgi [None req-97587b9b-8f3c-4c68-8ac3-8406509bea5c tempest-GroupsV320Test-938635773 tempest-GroupsV320Test-938635773-project] Calling method 'version_select' {{(pid=111731) _process_stack /opt/stack/cinder/cinder/api/openstack/wsgi.py:868}}
Oct 17 07:03:48.874843 dv-cinder-845069-5-smb devstack@c-api.service[111731]: DEBUG cinder.api.v3.groups [None req-97587b9b-8f3c-4c68-8ac3-8406509bea5c tempest-GroupsV320Test-938635773 tempest-GroupsV320Test-938635773-project] show called for member 1a7e660b-7583-45d0-9084-3de873c4616d {{(pid=111731) show /opt/stack/cinder/cinder/api/v3/groups.py:58}}
Oct 17 07:03:48.878531 dv-cinder-845069-5-smb devstack@c-api.service[111730]: INFO cinder.api.openstack.wsgi [None req-b6c0fffe-f2eb-49be-870f-4b3d6c4673b1 tempest-GroupSnapshotsTest-2141963752 tempest-GroupSnapshotsTest-2141963752-project-admin] http://10.222.0.30/volume/v3/12b9c82fcadb4d33b4b38ccac434707f/group_types/73079a19-18fc-465f-a8bc-a5bdeff5601c returned with HTTP 202
Oct 17 07:03:48.880280 dv-cinder-845069-5-smb devstack@c-api.service[111730]: [pid: 111730|app: 0|req: 140/289] 10.222.0.30 () {60 vars in 1381 bytes} [Mon Oct 17 07:03:48 2022] DELETE /volume/v3/12b9c82fcadb4d33b4b38ccac434707f/group_types/73079a19-18fc-465f-a8bc-a5bdeff5601c => generated 0 bytes in 92 msecs (HTTP/1.1 202) 6 headers in 234 bytes (1 switches on core 0)
Oct 17 07:03:48.887474 dv-cinder-845069-5-smb devstack@c-api.service[111730]: DEBUG cinder.api.middleware.request_id [None req-68f9891d-c8e3-41dc-a3fd-1bb74d4416a5 None None] RequestId filter calling following filter/app {{(pid=111730) _context_setter /opt/stack/cinder/cinder/api/middleware/request_id.py:62}}
Oct 17 07:03:48.893396 dv-cinder-845069-5-smb devstack@c-api.service[111730]: INFO cinder.api.openstack.wsgi [None req-68f9891d-c8e3-41dc-a3fd-1bb74d4416a5 tempest-GroupSnapshotsTest-2141963752 tempest-GroupSnapshotsTest-2141963752-project-admin] POST http://10.222.0.30/volume/v3/12b9c82fcadb4d33b4b38ccac434707f/types
Oct 17 07:03:48.893681 dv-cinder-845069-5-smb devstack@c-api.service[111731]: /usr/local/lib/python3.8/dist-packages/oslo_context/context.py:100: DeprecationWarning: Policy enforcement is depending on the value of is_admin. This key is deprecated. Please update your policy file to use the standard policy values.
Oct 17 07:03:48.893681 dv-cinder-845069-5-smb devstack@c-api.service[111731]: warnings.warn('Policy enforcement is depending on the value of '
Oct 17 07:03:48.895684 dv-cinder-845069-5-smb devstack@c-api.service[111730]: DEBUG cinder.api.openstack.wsgi [None req-68f9891d-c8e3-41dc-a3fd-1bb74d4416a5 tempest-GroupSnapshotsTest-2141963752 tempest-GroupSnapshotsTest-2141963752-project-admin] Action: 'create', calling method: _create, body: {"volume_type": {"name": "tempest-GroupSnapshotsTest-volume-type-113671864"}} {{(pid=111730) _process_stack /opt/stack/cinder/cinder/api/openstack/wsgi.py:866}}
Oct 17 07:03:48.928996 dv-cinder-845069-5-smb devstack@c-api.service[111731]: INFO cinder.api.openstack.wsgi [None req-97587b9b-8f3c-4c68-8ac3-8406509bea5c tempest-GroupsV320Test-938635773 tempest-GroupsV320Test-938635773-project] http://10.222.0.30/volume/v3/f460868717f940b7921ba3015ba305f9/groups/1a7e660b-7583-45d0-9084-3de873c4616d returned with HTTP 200
Oct 17 07:03:48.936738 dv-cinder-845069-5-smb devstack@c-api.service[111731]: [pid: 111731|app: 0|req: 150/290] 10.222.0.30 () {60 vars in 1363 bytes} [Mon Oct 17 07:03:48 2022] GET /volume/v3/f460868717f940b7921ba3015ba305f9/groups/1a7e660b-7583-45d0-9084-3de873c4616d => generated 387 bytes in 67 msecs (HTTP/1.1 200) 7 headers in 286 bytes (2 switches on core 0)
Oct 17 07:03:48.947282 dv-cinder-845069-5-smb devstack@c-api.service[111730]: INFO cinder.api.openstack.wsgi [None req-68f9891d-c8e3-41dc-a3fd-1bb74d4416a5 tempest-GroupSnapshotsTest-2141963752 tempest-GroupSnapshotsTest-2141963752-project-admin] http://10.222.0.30/volume/v3/12b9c82fcadb4d33b4b38ccac434707f/types returned with HTTP 200
Oct 17 07:03:48.957594 dv-cinder-845069-5-smb devstack@c-api.service[111730]: [pid: 111730|app: 0|req: 141/291] 10.222.0.30 () {60 vars in 1229 bytes} [Mon Oct 17 07:03:48 2022] POST /volume/v3/12b9c82fcadb4d33b4b38ccac434707f/types => generated 223 bytes in 65 msecs (HTTP/1.1 200) 7 headers in 285 bytes (1 switches on core 0)
Oct 17 07:03:48.962162 dv-cinder-845069-5-smb devstack@c-api.service[111731]: DEBUG cinder.api.middleware.request_id [None req-9799a3b9-a199-45d2-a951-dd15fc59d843 None None] RequestId filter calling following filter/app {{(pid=111731) _context_setter /opt/stack/cinder/cinder/api/middleware/request_id.py:62}}
Oct 17 07:03:48.967666 dv-cinder-845069-5-smb devstack@c-api.service[111731]: INFO cinder.api.openstack.wsgi [None req-9799a3b9-a199-45d2-a951-dd15fc59d843 tempest-GroupSnapshotsTest-2141963752 tempest-GroupSnapshotsTest-2141963752-project-admin] POST http://10.222.0.30/volume/v3/12b9c82fcadb4d33b4b38ccac434707f/group_types
Oct 17 07:03:48.969449 dv-cinder-845069-5-smb devstack@c-api.service[111731]: DEBUG cinder.api.openstack.wsgi [None req-9799a3b9-a199-45d2-a951-dd15fc59d843 tempest-GroupSnapshotsTest-2141963752 tempest-GroupSnapshotsTest-2141963752-project-admin] Action: 'create', calling method: version_select, body: {"group_type": {"name": "tempest-GroupSnapshotsTest-group-type-728754188"}} {{(pid=111731) _process_stack /opt/stack/cinder/cinder/api/openstack/wsgi.py:866}}
Oct 17 07:03:48.973236 dv-cinder-845069-5-smb devstack@c-api.service[111731]: /usr/local/lib/python3.8/dist-packages/oslo_context/context.py:100: DeprecationWarning: Policy enforcement is depending on the value of is_admin. This key is deprecated. Please update your policy file to use the standard policy values.
Oct 17 07:03:48.973236 dv-cinder-845069-5-smb devstack@c-api.service[111731]: warnings.warn('Policy enforcement is depending on the value of '
Oct 17 07:03:49.001667 dv-cinder-845069-5-smb devstack@c-api.service[111731]: INFO cinder.api.openstack.wsgi [None req-9799a3b9-a199-45d2-a951-dd15fc59d843 tempest-GroupSnapshotsTest-2141963752 tempest-GroupSnapshotsTest-2141963752-project-admin] http://10.222.0.30/volume/v3/12b9c82fcadb4d33b4b38ccac434707f/group_types returned with HTTP 202
Oct 17 07:03:49.003690 dv-cinder-845069-5-smb devstack@c-api.service[111731]: [pid: 111731|app: 0|req: 151/292] 10.222.0.30 () {62 vars in 1288 bytes} [Mon Oct 17 07:03:48 2022] POST /volume/v3/12b9c82fcadb4d33b4b38ccac434707f/group_types => generated 180 bytes in 43 msecs (HTTP/1.1 202) 7 headers in 292 bytes (1 switches on core 0)
Oct 17 07:03:49.013163 dv-cinder-845069-5-smb devstack@c-api.service[111730]: DEBUG cinder.api.middleware.request_id [None req-556bf4c1-bc7d-43ec-8278-4d09d66c00ed None None] RequestId filter calling following filter/app {{(pid=111730) _context_setter /opt/stack/cinder/cinder/api/middleware/request_id.py:62}}
Oct 17 07:03:49.018582 dv-cinder-845069-5-smb devstack@c-api.service[111730]: INFO cinder.api.openstack.wsgi [None req-556bf4c1-bc7d-43ec-8278-4d09d66c00ed tempest-GroupSnapshotsTest-635088876 tempest-GroupSnapshotsTest-635088876-project] POST http://10.222.0.30/volume/v3/68ee9a1954b6413b9dbdf3daf752c663/groups
Oct 17 07:03:49.019568 dv-cinder-845069-5-smb devstack@c-api.service[111730]: DEBUG cinder.api.openstack.wsgi [None req-556bf4c1-bc7d-43ec-8278-4d09d66c00ed tempest-GroupSnapshotsTest-635088876 tempest-GroupSnapshotsTest-635088876-project] Action: 'create', calling method: version_select, body: {"group": {"group_type": "0b4637eb-343e-4afa-bc44-cce48b681ebf", "volume_types": ["fda8ba33-d9d4-4d0a-ab17-9148bd4bfc8c"], "name": "tempest-GroupSnapshotsTest-Group-515334735"}} {{(pid=111730) _process_stack /opt/stack/cinder/cinder/api/openstack/wsgi.py:866}}
Oct 17 07:03:49.022727 dv-cinder-845069-5-smb devstack@c-api.service[111730]: DEBUG cinder.api.v3.groups [None req-556bf4c1-bc7d-43ec-8278-4d09d66c00ed tempest-GroupSnapshotsTest-635088876 tempest-GroupSnapshotsTest-635088876-project] Creating new group {'group': {'group_type': '0b4637eb-343e-4afa-bc44-cce48b681ebf', 'volume_types': ['fda8ba33-d9d4-4d0a-ab17-9148bd4bfc8c'], 'name': 'tempest-GroupSnapshotsTest-Group-515334735'}} {{(pid=111730) create /opt/stack/cinder/cinder/api/v3/groups.py:190}}
Oct 17 07:03:49.031544 dv-cinder-845069-5-smb devstack@c-api.service[111730]: INFO cinder.api.v3.groups [None req-556bf4c1-bc7d-43ec-8278-4d09d66c00ed tempest-GroupSnapshotsTest-635088876 tempest-GroupSnapshotsTest-635088876-project] Creating group tempest-GroupSnapshotsTest-Group-515334735.
Oct 17 07:03:49.059144 dv-cinder-845069-5-smb devstack@c-api.service[111730]: INFO cinder.volume.api [None req-556bf4c1-bc7d-43ec-8278-4d09d66c00ed tempest-GroupSnapshotsTest-635088876 tempest-GroupSnapshotsTest-635088876-project] Availability Zones retrieved successfully.
Oct 17 07:03:49.087170 dv-cinder-845069-5-smb devstack@c-api.service[111730]: DEBUG cinder.quota [None req-556bf4c1-bc7d-43ec-8278-4d09d66c00ed tempest-GroupSnapshotsTest-635088876 tempest-GroupSnapshotsTest-635088876-project] Created reservations ['8bea7bdc-d71d-4829-9048-6fe6c4a7d8f3'] {{(pid=111730) reserve /opt/stack/cinder/cinder/quota.py:755}}
Oct 17 07:03:49.151802 dv-cinder-845069-5-smb devstack@c-api.service[111730]: DEBUG dbcounter [-] [111730] Writing DB stats cinder:SELECT=87,cinder:UPDATE=8,cinder:INSERT=5 {{(pid=111730) stat_writer /usr/local/lib/python3.8/dist-packages/dbcounter.py:114}}
Oct 17 07:03:49.169287 dv-cinder-845069-5-smb devstack@c-api.service[111730]: INFO cinder.api.openstack.wsgi [None req-556bf4c1-bc7d-43ec-8278-4d09d66c00ed tempest-GroupSnapshotsTest-635088876 tempest-GroupSnapshotsTest-635088876-project] http://10.222.0.30/volume/v3/68ee9a1954b6413b9dbdf3daf752c663/groups returned with HTTP 202
Oct 17 07:03:49.176788 dv-cinder-845069-5-smb devstack@c-api.service[111730]: [pid: 111730|app: 0|req: 142/293] 10.222.0.30 () {62 vars in 1274 bytes} [Mon Oct 17 07:03:49 2022] POST /volume/v3/68ee9a1954b6413b9dbdf3daf752c663/groups => generated 111 bytes in 160 msecs (HTTP/1.1 202) 7 headers in 292 bytes (1 switches on core 0)
Oct 17 07:03:49.178779 dv-cinder-845069-5-smb devstack@c-api.service[111731]: DEBUG cinder.api.middleware.request_id [None req-404fc1f8-335f-4568-849b-efa1fa7641ff None None] RequestId filter calling following filter/app {{(pid=111731) _context_setter /opt/stack/cinder/cinder/api/middleware/request_id.py:62}}
Oct 17 07:03:49.191749 dv-cinder-845069-5-smb devstack@c-api.service[111731]: INFO cinder.api.openstack.wsgi [None req-404fc1f8-335f-4568-849b-efa1fa7641ff tempest-GroupSnapshotsTest-635088876 tempest-GroupSnapshotsTest-635088876-project] GET http://10.222.0.30/volume/v3/68ee9a1954b6413b9dbdf3daf752c663/groups/9cb62637-c920-4a1f-aa17-058098cefa0e
Oct 17 07:03:49.193876 dv-cinder-845069-5-smb devstack@c-api.service[111731]: DEBUG cinder.api.openstack.wsgi [None req-404fc1f8-335f-4568-849b-efa1fa7641ff tempest-GroupSnapshotsTest-635088876 tempest-GroupSnapshotsTest-635088876-project] Empty body provided in request {{(pid=111731) get_body /opt/stack/cinder/cinder/api/openstack/wsgi.py:715}}
Oct 17 07:03:49.196552 dv-cinder-845069-5-smb devstack@c-api.service[111731]: DEBUG cinder.api.openstack.wsgi [None req-404fc1f8-335f-4568-849b-efa1fa7641ff tempest-GroupSnapshotsTest-635088876 tempest-GroupSnapshotsTest-635088876-project] Calling method 'version_select' {{(pid=111731) _process_stack /opt/stack/cinder/cinder/api/openstack/wsgi.py:868}}
Oct 17 07:03:49.197303 dv-cinder-845069-5-smb devstack@c-api.service[111731]: DEBUG cinder.api.v3.groups [None req-404fc1f8-335f-4568-849b-efa1fa7641ff tempest-GroupSnapshotsTest-635088876 tempest-GroupSnapshotsTest-635088876-project] show called for member 9cb62637-c920-4a1f-aa17-058098cefa0e {{(pid=111731) show /opt/stack/cinder/cinder/api/v3/groups.py:58}}
Oct 17 07:03:49.215098 dv-cinder-845069-5-smb devstack@c-api.service[111731]: /usr/local/lib/python3.8/dist-packages/oslo_context/context.py:100: DeprecationWarning: Policy enforcement is depending on the value of is_admin. This key is deprecated. Please update your policy file to use the standard policy values.
Oct 17 07:03:49.215098 dv-cinder-845069-5-smb devstack@c-api.service[111731]: warnings.warn('Policy enforcement is depending on the value of '
Oct 17 07:03:49.249680 dv-cinder-845069-5-smb devstack@c-api.service[111731]: INFO cinder.api.openstack.wsgi [None req-404fc1f8-335f-4568-849b-efa1fa7641ff tempest-GroupSnapshotsTest-635088876 tempest-GroupSnapshotsTest-635088876-project] http://10.222.0.30/volume/v3/68ee9a1954b6413b9dbdf3daf752c663/groups/9cb62637-c920-4a1f-aa17-058098cefa0e returned with HTTP 200
Oct 17 07:03:49.252281 dv-cinder-845069-5-smb devstack@c-api.service[111731]: [pid: 111731|app: 0|req: 152/294] 10.222.0.30 () {60 vars in 1363 bytes} [Mon Oct 17 07:03:49 2022] GET /volume/v3/68ee9a1954b6413b9dbdf3daf752c663/groups/9cb62637-c920-4a1f-aa17-058098cefa0e => generated 391 bytes in 74 msecs (HTTP/1.1 200) 7 headers in 286 bytes (1 switches on core 0)
Oct 17 07:03:49.708722 dv-cinder-845069-5-smb devstack@c-api.service[111730]: DEBUG cinder.api.middleware.request_id [None req-0905614a-513a-46fd-97a0-0f526e608430 None None] RequestId filter calling following filter/app {{(pid=111730) _context_setter /opt/stack/cinder/cinder/api/middleware/request_id.py:62}}
Oct 17 07:03:49.903687 dv-cinder-845069-5-smb devstack@c-api.service[111730]: INFO cinder.api.openstack.wsgi [None req-0905614a-513a-46fd-97a0-0f526e608430 tempest-VolumeSnapshotQuotasNegativeTestJSON-121229399 tempest-VolumeSnapshotQuotasNegativeTestJSON-121229399-project-admin] GET http://10.222.0.30/volume/v3/17f2b973452b411cbf36e6c102144c68/os-quota-sets/a0b62110a8fb4fc0858117cf4d0e1cec
Oct 17 07:03:49.904186 dv-cinder-845069-5-smb devstack@c-api.service[111730]: DEBUG cinder.api.openstack.wsgi [None req-0905614a-513a-46fd-97a0-0f526e608430 tempest-VolumeSnapshotQuotasNegativeTestJSON-121229399 tempest-VolumeSnapshotQuotasNegativeTestJSON-121229399-project-admin] Empty body provided in request {{(pid=111730) get_body /opt/stack/cinder/cinder/api/openstack/wsgi.py:715}}
Oct 17 07:03:49.904656 dv-cinder-845069-5-smb devstack@c-api.service[111730]: DEBUG cinder.api.openstack.wsgi [None req-0905614a-513a-46fd-97a0-0f526e608430 tempest-VolumeSnapshotQuotasNegativeTestJSON-121229399 tempest-VolumeSnapshotQuotasNegativeTestJSON-121229399-project-admin] Calling method 'show' {{(pid=111730) _process_stack /opt/stack/cinder/cinder/api/openstack/wsgi.py:868}}
Oct 17 07:03:49.905415 dv-cinder-845069-5-smb devstack@c-api.service[111730]: /usr/local/lib/python3.8/dist-packages/oslo_context/context.py:100: DeprecationWarning: Policy enforcement is depending on the value of is_admin. This key is deprecated. Please update your policy file to use the standard policy values.
Oct 17 07:03:49.905415 dv-cinder-845069-5-smb devstack@c-api.service[111730]: warnings.warn('Policy enforcement is depending on the value of '
Oct 17 07:03:49.932030 dv-cinder-845069-5-smb devstack@c-api.service[111730]: WARNING cinder.quota [None req-0905614a-513a-46fd-97a0-0f526e608430 tempest-VolumeSnapshotQuotasNegativeTestJSON-121229399 tempest-VolumeSnapshotQuotasNegativeTestJSON-121229399-project-admin] Deprecated: Default quota for resource: volumes_tempest-GroupSnapshotsTest-volume-type-113671864 is set by the default quota flag: quota_volumes_tempest-GroupSnapshotsTest-volume-type-113671864, it is now deprecated. Please use the default quota class for default quota.
Oct 17 07:03:49.932772 dv-cinder-845069-5-smb devstack@c-api.service[111730]: WARNING cinder.quota [None req-0905614a-513a-46fd-97a0-0f526e608430 tempest-VolumeSnapshotQuotasNegativeTestJSON-121229399 tempest-VolumeSnapshotQuotasNegativeTestJSON-121229399-project-admin] Deprecated: Default quota for resource: gigabytes_tempest-GroupSnapshotsTest-volume-type-113671864 is set by the default quota flag: quota_gigabytes_tempest-GroupSnapshotsTest-volume-type-113671864, it is now deprecated. Please use the default quota class for default quota.
Oct 17 07:03:49.933710 dv-cinder-845069-5-smb devstack@c-api.service[111730]: WARNING cinder.quota [None req-0905614a-513a-46fd-97a0-0f526e608430 tempest-VolumeSnapshotQuotasNegativeTestJSON-121229399 tempest-VolumeSnapshotQuotasNegativeTestJSON-121229399-project-admin] Deprecated: Default quota for resource: snapshots_tempest-GroupSnapshotsTest-volume-type-113671864 is set by the default quota flag: quota_snapshots_tempest-GroupSnapshotsTest-volume-type-113671864, it is now deprecated. Please use the default quota class for default quota.
Oct 17 07:03:49.934614 dv-cinder-845069-5-smb devstack@c-api.service[111730]: WARNING cinder.quota [None req-0905614a-513a-46fd-97a0-0f526e608430 tempest-VolumeSnapshotQuotasNegativeTestJSON-121229399 tempest-VolumeSnapshotQuotasNegativeTestJSON-121229399-project-admin] Deprecated: Default quota for resource: volumes_tempest-GroupsV320Test-volume-type-2113477354 is set by the default quota flag: quota_volumes_tempest-GroupsV320Test-volume-type-2113477354, it is now deprecated. Please use the default quota class for default quota.
Oct 17 07:03:49.935343 dv-cinder-845069-5-smb devstack@c-api.service[111730]: WARNING cinder.quota [None req-0905614a-513a-46fd-97a0-0f526e608430 tempest-VolumeSnapshotQuotasNegativeTestJSON-121229399 tempest-VolumeSnapshotQuotasNegativeTestJSON-121229399-project-admin] Deprecated: Default quota for resource: gigabytes_tempest-GroupsV320Test-volume-type-2113477354 is set by the default quota flag: quota_gigabytes_tempest-GroupsV320Test-volume-type-2113477354, it is now deprecated. Please use the default quota class for default quota.
Oct 17 07:03:49.936501 dv-cinder-845069-5-smb devstack@c-api.service[111730]: WARNING cinder.quota [None req-0905614a-513a-46fd-97a0-0f526e608430 tempest-VolumeSnapshotQuotasNegativeTestJSON-121229399 tempest-VolumeSnapshotQuotasNegativeTestJSON-121229399-project-admin] Deprecated: Default quota for resource: snapshots_tempest-GroupsV320Test-volume-type-2113477354 is set by the default quota flag: quota_snapshots_tempest-GroupsV320Test-volume-type-2113477354, it is now deprecated. Please use the default quota class for default quota.
Oct 17 07:03:49.941370 dv-cinder-845069-5-smb devstack@c-api.service[111731]: DEBUG cinder.api.middleware.request_id [None req-42a46871-4db5-4de3-b736-ded0dd583ab3 None None] RequestId filter calling following filter/app {{(pid=111731) _context_setter /opt/stack/cinder/cinder/api/middleware/request_id.py:62}}
Oct 17 07:03:49.947355 dv-cinder-845069-5-smb devstack@c-api.service[111731]: INFO cinder.api.openstack.wsgi [None req-42a46871-4db5-4de3-b736-ded0dd583ab3 tempest-GroupsV320Test-938635773 tempest-GroupsV320Test-938635773-project] GET http://10.222.0.30/volume/v3/f460868717f940b7921ba3015ba305f9/groups/1a7e660b-7583-45d0-9084-3de873c4616d
Oct 17 07:03:49.947981 dv-cinder-845069-5-smb devstack@c-api.service[111731]: DEBUG cinder.api.openstack.wsgi [None req-42a46871-4db5-4de3-b736-ded0dd583ab3 tempest-GroupsV320Test-938635773 tempest-GroupsV320Test-938635773-project] Empty body provided in request {{(pid=111731) get_body /opt/stack/cinder/cinder/api/openstack/wsgi.py:715}}
Oct 17 07:03:49.948545 dv-cinder-845069-5-smb devstack@c-api.service[111731]: DEBUG cinder.api.openstack.wsgi [None req-42a46871-4db5-4de3-b736-ded0dd583ab3 tempest-GroupsV320Test-938635773 tempest-GroupsV320Test-938635773-project] Calling method 'version_select' {{(pid=111731) _process_stack /opt/stack/cinder/cinder/api/openstack/wsgi.py:868}}
Oct 17 07:03:49.948986 dv-cinder-845069-5-smb devstack@c-api.service[111731]: DEBUG cinder.api.v3.groups [None req-42a46871-4db5-4de3-b736-ded0dd583ab3 tempest-GroupsV320Test-938635773 tempest-GroupsV320Test-938635773-project] show called for member 1a7e660b-7583-45d0-9084-3de873c4616d {{(pid=111731) show /opt/stack/cinder/cinder/api/v3/groups.py:58}}
Oct 17 07:03:49.955992 dv-cinder-845069-5-smb devstack@c-api.service[111730]: INFO cinder.api.openstack.wsgi [None req-0905614a-513a-46fd-97a0-0f526e608430 tempest-VolumeSnapshotQuotasNegativeTestJSON-121229399 tempest-VolumeSnapshotQuotasNegativeTestJSON-121229399-project-admin] http://10.222.0.30/volume/v3/17f2b973452b411cbf36e6c102144c68/os-quota-sets/a0b62110a8fb4fc0858117cf4d0e1cec returned with HTTP 200
Oct 17 07:03:49.959553 dv-cinder-845069-5-smb devstack@c-api.service[111731]: /usr/local/lib/python3.8/dist-packages/oslo_context/context.py:100: DeprecationWarning: Policy enforcement is depending on the value of is_admin. This key is deprecated. Please update your policy file to use the standard policy values.
Oct 17 07:03:49.959553 dv-cinder-845069-5-smb devstack@c-api.service[111731]: warnings.warn('Policy enforcement is depending on the value of '
Oct 17 07:03:49.964719 dv-cinder-845069-5-smb devstack@c-api.service[111730]: [pid: 111730|app: 0|req: 143/295] 10.222.0.30 () {58 vars in 1331 bytes} [Mon Oct 17 07:03:49 2022] GET /volume/v3/17f2b973452b411cbf36e6c102144c68/os-quota-sets/a0b62110a8fb4fc0858117cf4d0e1cec => generated 1139 bytes in 257 msecs (HTTP/1.1 200) 7 headers in 286 bytes (1 switches on core 0)
Oct 17 07:03:49.966190 dv-cinder-845069-5-smb devstack@c-api.service[111730]: DEBUG cinder.api.middleware.request_id [None req-23240d3a-2998-43dd-adc3-370ce55ecbde None None] RequestId filter calling following filter/app {{(pid=111730) _context_setter /opt/stack/cinder/cinder/api/middleware/request_id.py:62}}
Oct 17 07:03:49.972281 dv-cinder-845069-5-smb devstack@c-api.service[111730]: INFO cinder.api.openstack.wsgi [None req-23240d3a-2998-43dd-adc3-370ce55ecbde tempest-VolumeSnapshotQuotasNegativeTestJSON-121229399 tempest-VolumeSnapshotQuotasNegativeTestJSON-121229399-project-admin] PUT http://10.222.0.30/volume/v3/17f2b973452b411cbf36e6c102144c68/os-quota-sets/a0b62110a8fb4fc0858117cf4d0e1cec
Oct 17 07:03:49.973140 dv-cinder-845069-5-smb devstack@c-api.service[111730]: DEBUG cinder.api.openstack.wsgi [None req-23240d3a-2998-43dd-adc3-370ce55ecbde tempest-VolumeSnapshotQuotasNegativeTestJSON-121229399 tempest-VolumeSnapshotQuotasNegativeTestJSON-121229399-project-admin] Action: 'update', calling method: update, body: {"quota_set": {"gigabytes": 3, "volumes": 1, "snapshots": 1}} {{(pid=111730) _process_stack /opt/stack/cinder/cinder/api/openstack/wsgi.py:866}}
Oct 17 07:03:49.991739 dv-cinder-845069-5-smb devstack@c-api.service[111731]: INFO cinder.api.openstack.wsgi [None req-42a46871-4db5-4de3-b736-ded0dd583ab3 tempest-GroupsV320Test-938635773 tempest-GroupsV320Test-938635773-project] http://10.222.0.30/volume/v3/f460868717f940b7921ba3015ba305f9/groups/1a7e660b-7583-45d0-9084-3de873c4616d returned with HTTP 200
Oct 17 07:03:49.992564 dv-cinder-845069-5-smb devstack@c-api.service[111731]: [pid: 111731|app: 0|req: 153/296] 10.222.0.30 () {60 vars in 1363 bytes} [Mon Oct 17 07:03:49 2022] GET /volume/v3/f460868717f940b7921ba3015ba305f9/groups/1a7e660b-7583-45d0-9084-3de873c4616d => generated 388 bytes in 53 msecs (HTTP/1.1 200) 7 headers in 286 bytes (2 switches on core 0)
Oct 17 07:03:50.003533 dv-cinder-845069-5-smb devstack@c-api.service[111731]: DEBUG cinder.api.middleware.request_id [None req-696d32df-a855-4c8a-9c97-3b836bec1a15 None None] RequestId filter calling following filter/app {{(pid=111731) _context_setter /opt/stack/cinder/cinder/api/middleware/request_id.py:62}}
Oct 17 07:03:50.008987 dv-cinder-845069-5-smb devstack@c-api.service[111731]: INFO cinder.api.openstack.wsgi [None req-696d32df-a855-4c8a-9c97-3b836bec1a15 tempest-GroupsV320Test-829074728 tempest-GroupsV320Test-829074728-project-admin] POST http://10.222.0.30/volume/v3/d38194dcada2411ea393dd0a6490287a/groups/1a7e660b-7583-45d0-9084-3de873c4616d/action
Oct 17 07:03:50.009767 dv-cinder-845069-5-smb devstack@c-api.service[111731]: DEBUG cinder.api.openstack.wsgi [None req-696d32df-a855-4c8a-9c97-3b836bec1a15 tempest-GroupsV320Test-829074728 tempest-GroupsV320Test-829074728-project-admin] Action body: b'{"reset_status": {"status": "creating"}}' {{(pid=111731) get_method /opt/stack/cinder/cinder/api/openstack/wsgi.py:983}}
Oct 17 07:03:50.010232 dv-cinder-845069-5-smb devstack@c-api.service[111731]: DEBUG cinder.api.openstack.wsgi [None req-696d32df-a855-4c8a-9c97-3b836bec1a15 tempest-GroupsV320Test-829074728 tempest-GroupsV320Test-829074728-project-admin] Action: 'action', calling method: version_select, body: {"reset_status": {"status": "creating"}} {{(pid=111731) _process_stack /opt/stack/cinder/cinder/api/openstack/wsgi.py:866}}
Oct 17 07:03:50.012622 dv-cinder-845069-5-smb devstack@c-api.service[111731]: DEBUG cinder.api.v3.groups [None req-696d32df-a855-4c8a-9c97-3b836bec1a15 tempest-GroupsV320Test-829074728 tempest-GroupsV320Test-829074728-project-admin] Updating group '1a7e660b-7583-45d0-9084-3de873c4616d' with 'creating' {{(pid=111731) _reset_status /opt/stack/cinder/cinder/api/v3/groups.py:82}}
Oct 17 07:03:50.025099 dv-cinder-845069-5-smb devstack@c-api.service[111731]: /usr/local/lib/python3.8/dist-packages/oslo_context/context.py:100: DeprecationWarning: Policy enforcement is depending on the value of is_admin. This key is deprecated. Please update your policy file to use the standard policy values.
Oct 17 07:03:50.025099 dv-cinder-845069-5-smb devstack@c-api.service[111731]: warnings.warn('Policy enforcement is depending on the value of '
Oct 17 07:03:50.037843 dv-cinder-845069-5-smb devstack@c-api.service[111731]: INFO cinder.api.openstack.wsgi [None req-696d32df-a855-4c8a-9c97-3b836bec1a15 tempest-GroupsV320Test-829074728 tempest-GroupsV320Test-829074728-project-admin] http://10.222.0.30/volume/v3/d38194dcada2411ea393dd0a6490287a/groups/1a7e660b-7583-45d0-9084-3de873c4616d/action returned with HTTP 202
Oct 17 07:03:50.039480 dv-cinder-845069-5-smb devstack@c-api.service[111731]: [pid: 111731|app: 0|req: 154/297] 10.222.0.30 () {62 vars in 1405 bytes} [Mon Oct 17 07:03:50 2022] POST /volume/v3/d38194dcada2411ea393dd0a6490287a/groups/1a7e660b-7583-45d0-9084-3de873c4616d/action => generated 0 bytes in 37 msecs (HTTP/1.1 202) 6 headers in 234 bytes (2 switches on core 0)
Oct 17 07:03:50.044238 dv-cinder-845069-5-smb devstack@c-api.service[111731]: DEBUG cinder.api.middleware.request_id [None req-e22f3071-d4e7-47dc-9413-e5676625c2b8 None None] RequestId filter calling following filter/app {{(pid=111731) _context_setter /opt/stack/cinder/cinder/api/middleware/request_id.py:62}}
Oct 17 07:03:50.049910 dv-cinder-845069-5-smb devstack@c-api.service[111731]: INFO cinder.api.openstack.wsgi [None req-e22f3071-d4e7-47dc-9413-e5676625c2b8 tempest-GroupsV320Test-938635773 tempest-GroupsV320Test-938635773-project] GET http://10.222.0.30/volume/v3/f460868717f940b7921ba3015ba305f9/groups/1a7e660b-7583-45d0-9084-3de873c4616d
Oct 17 07:03:50.050621 dv-cinder-845069-5-smb devstack@c-api.service[111731]: DEBUG cinder.api.openstack.wsgi [None req-e22f3071-d4e7-47dc-9413-e5676625c2b8 tempest-GroupsV320Test-938635773 tempest-GroupsV320Test-938635773-project] Empty body provided in request {{(pid=111731) get_body /opt/stack/cinder/cinder/api/openstack/wsgi.py:715}}
Oct 17 07:03:50.051333 dv-cinder-845069-5-smb devstack@c-api.service[111731]: DEBUG cinder.api.openstack.wsgi [None req-e22f3071-d4e7-47dc-9413-e5676625c2b8 tempest-GroupsV320Test-938635773 tempest-GroupsV320Test-938635773-project] Calling method 'version_select' {{(pid=111731) _process_stack /opt/stack/cinder/cinder/api/openstack/wsgi.py:868}}
Oct 17 07:03:50.051914 dv-cinder-845069-5-smb devstack@c-api.service[111731]: DEBUG cinder.api.v3.groups [None req-e22f3071-d4e7-47dc-9413-e5676625c2b8 tempest-GroupsV320Test-938635773 tempest-GroupsV320Test-938635773-project] show called for member 1a7e660b-7583-45d0-9084-3de873c4616d {{(pid=111731) show /opt/stack/cinder/cinder/api/v3/groups.py:58}}
Oct 17 07:03:50.058812 dv-cinder-845069-5-smb devstack@c-api.service[111731]: /usr/local/lib/python3.8/dist-packages/oslo_context/context.py:100: DeprecationWarning: Policy enforcement is depending on the value of is_admin. This key is deprecated. Please update your policy file to use the standard policy values.
Oct 17 07:03:50.058812 dv-cinder-845069-5-smb devstack@c-api.service[111731]: warnings.warn('Policy enforcement is depending on the value of '
Oct 17 07:03:50.078066 dv-cinder-845069-5-smb devstack@c-api.service[111731]: INFO cinder.api.openstack.wsgi [None req-e22f3071-d4e7-47dc-9413-e5676625c2b8 tempest-GroupsV320Test-938635773 tempest-GroupsV320Test-938635773-project] http://10.222.0.30/volume/v3/f460868717f940b7921ba3015ba305f9/groups/1a7e660b-7583-45d0-9084-3de873c4616d returned with HTTP 200
Oct 17 07:03:50.079840 dv-cinder-845069-5-smb devstack@c-api.service[111731]: [pid: 111731|app: 0|req: 155/298] 10.222.0.30 () {60 vars in 1363 bytes} [Mon Oct 17 07:03:50 2022] GET /volume/v3/f460868717f940b7921ba3015ba305f9/groups/1a7e660b-7583-45d0-9084-3de873c4616d => generated 387 bytes in 37 msecs (HTTP/1.1 200) 7 headers in 286 bytes (1 switches on core 0)
Oct 17 07:03:50.089321 dv-cinder-845069-5-smb devstack@c-api.service[111731]: DEBUG cinder.api.middleware.request_id [None req-fd6a3bc9-7066-4a58-a102-34de70ccaa50 None None] RequestId filter calling following filter/app {{(pid=111731) _context_setter /opt/stack/cinder/cinder/api/middleware/request_id.py:62}}
Oct 17 07:03:50.098815 dv-cinder-845069-5-smb devstack@c-api.service[111731]: INFO cinder.api.openstack.wsgi [None req-fd6a3bc9-7066-4a58-a102-34de70ccaa50 tempest-GroupsV320Test-829074728 tempest-GroupsV320Test-829074728-project-admin] POST http://10.222.0.30/volume/v3/d38194dcada2411ea393dd0a6490287a/groups/1a7e660b-7583-45d0-9084-3de873c4616d/action
Oct 17 07:03:50.099842 dv-cinder-845069-5-smb devstack@c-api.service[111731]: DEBUG cinder.api.openstack.wsgi [None req-fd6a3bc9-7066-4a58-a102-34de70ccaa50 tempest-GroupsV320Test-829074728 tempest-GroupsV320Test-829074728-project-admin] Action body: b'{"reset_status": {"status": "available"}}' {{(pid=111731) get_method /opt/stack/cinder/cinder/api/openstack/wsgi.py:983}}
Oct 17 07:03:50.100166 dv-cinder-845069-5-smb devstack@c-api.service[111731]: DEBUG cinder.api.openstack.wsgi [None req-fd6a3bc9-7066-4a58-a102-34de70ccaa50 tempest-GroupsV320Test-829074728 tempest-GroupsV320Test-829074728-project-admin] Action: 'action', calling method: reset_status, body: {"reset_status": {"status": "available"}} {{(pid=111731) _process_stack /opt/stack/cinder/cinder/api/openstack/wsgi.py:866}}
Oct 17 07:03:50.104425 dv-cinder-845069-5-smb devstack@c-api.service[111731]: DEBUG cinder.api.v3.groups [None req-fd6a3bc9-7066-4a58-a102-34de70ccaa50 tempest-GroupsV320Test-829074728 tempest-GroupsV320Test-829074728-project-admin] Updating group '1a7e660b-7583-45d0-9084-3de873c4616d' with 'available' {{(pid=111731) _reset_status /opt/stack/cinder/cinder/api/v3/groups.py:82}}
Oct 17 07:03:50.111685 dv-cinder-845069-5-smb devstack@c-api.service[111731]: /usr/local/lib/python3.8/dist-packages/oslo_context/context.py:100: DeprecationWarning: Policy enforcement is depending on the value of is_admin. This key is deprecated. Please update your policy file to use the standard policy values.
Oct 17 07:03:50.111685 dv-cinder-845069-5-smb devstack@c-api.service[111731]: warnings.warn('Policy enforcement is depending on the value of '
Oct 17 07:03:50.112871 dv-cinder-845069-5-smb devstack@c-api.service[111730]: INFO cinder.api.openstack.wsgi [None req-23240d3a-2998-43dd-adc3-370ce55ecbde tempest-VolumeSnapshotQuotasNegativeTestJSON-121229399 tempest-VolumeSnapshotQuotasNegativeTestJSON-121229399-project-admin] http://10.222.0.30/volume/v3/17f2b973452b411cbf36e6c102144c68/os-quota-sets/a0b62110a8fb4fc0858117cf4d0e1cec returned with HTTP 200
Oct 17 07:03:50.114357 dv-cinder-845069-5-smb devstack@c-api.service[111730]: [pid: 111730|app: 0|req: 144/299] 10.222.0.30 () {60 vars in 1351 bytes} [Mon Oct 17 07:03:49 2022] PUT /volume/v3/17f2b973452b411cbf36e6c102144c68/os-quota-sets/a0b62110a8fb4fc0858117cf4d0e1cec => generated 1092 bytes in 149 msecs (HTTP/1.1 200) 7 headers in 286 bytes (1 switches on core 0)
Oct 17 07:03:50.123078 dv-cinder-845069-5-smb devstack@c-api.service[111730]: DEBUG cinder.api.middleware.request_id [None req-eaab028f-f66a-427f-9c88-3f1ca51c9048 None None] RequestId filter calling following filter/app {{(pid=111730) _context_setter /opt/stack/cinder/cinder/api/middleware/request_id.py:62}}
Oct 17 07:03:50.128630 dv-cinder-845069-5-smb devstack@c-api.service[111731]: INFO cinder.api.openstack.wsgi [None req-fd6a3bc9-7066-4a58-a102-34de70ccaa50 tempest-GroupsV320Test-829074728 tempest-GroupsV320Test-829074728-project-admin] http://10.222.0.30/volume/v3/d38194dcada2411ea393dd0a6490287a/groups/1a7e660b-7583-45d0-9084-3de873c4616d/action returned with HTTP 202
Oct 17 07:03:50.133647 dv-cinder-845069-5-smb devstack@c-api.service[111731]: [pid: 111731|app: 0|req: 156/300] 10.222.0.30 () {62 vars in 1405 bytes} [Mon Oct 17 07:03:50 2022] POST /volume/v3/d38194dcada2411ea393dd0a6490287a/groups/1a7e660b-7583-45d0-9084-3de873c4616d/action => generated 0 bytes in 46 msecs (HTTP/1.1 202) 6 headers in 234 bytes (1 switches on core 0)
Oct 17 07:03:50.135272 dv-cinder-845069-5-smb devstack@c-api.service[111731]: DEBUG cinder.api.middleware.request_id [None req-056c36e4-8fa3-4a15-9767-d48b07654fef None None] RequestId filter calling following filter/app {{(pid=111731) _context_setter /opt/stack/cinder/cinder/api/middleware/request_id.py:62}}
Oct 17 07:03:50.139527 dv-cinder-845069-5-smb devstack@c-api.service[111731]: INFO cinder.api.openstack.wsgi [None req-056c36e4-8fa3-4a15-9767-d48b07654fef tempest-GroupsV320Test-938635773 tempest-GroupsV320Test-938635773-project] GET http://10.222.0.30/volume/v3/f460868717f940b7921ba3015ba305f9/groups/1a7e660b-7583-45d0-9084-3de873c4616d
Oct 17 07:03:50.140382 dv-cinder-845069-5-smb devstack@c-api.service[111731]: DEBUG cinder.api.openstack.wsgi [None req-056c36e4-8fa3-4a15-9767-d48b07654fef tempest-GroupsV320Test-938635773 tempest-GroupsV320Test-938635773-project] Empty body provided in request {{(pid=111731) get_body /opt/stack/cinder/cinder/api/openstack/wsgi.py:715}}
Oct 17 07:03:50.140382 dv-cinder-845069-5-smb devstack@c-api.service[111731]: DEBUG cinder.api.openstack.wsgi [None req-056c36e4-8fa3-4a15-9767-d48b07654fef tempest-GroupsV320Test-938635773 tempest-GroupsV320Test-938635773-project] Calling method 'version_select' {{(pid=111731) _process_stack /opt/stack/cinder/cinder/api/openstack/wsgi.py:868}}
Oct 17 07:03:50.140572 dv-cinder-845069-5-smb devstack@c-api.service[111731]: DEBUG cinder.api.v3.groups [None req-056c36e4-8fa3-4a15-9767-d48b07654fef tempest-GroupsV320Test-938635773 tempest-GroupsV320Test-938635773-project] show called for member 1a7e660b-7583-45d0-9084-3de873c4616d {{(pid=111731) show /opt/stack/cinder/cinder/api/v3/groups.py:58}}
Oct 17 07:03:50.147368 dv-cinder-845069-5-smb devstack@c-api.service[111731]: /usr/local/lib/python3.8/dist-packages/oslo_context/context.py:100: DeprecationWarning: Policy enforcement is depending on the value of is_admin. This key is deprecated. Please update your policy file to use the standard policy values.
Oct 17 07:03:50.147368 dv-cinder-845069-5-smb devstack@c-api.service[111731]: warnings.warn('Policy enforcement is depending on the value of '
Oct 17 07:03:50.164639 dv-cinder-845069-5-smb devstack@c-api.service[111731]: INFO cinder.api.openstack.wsgi [None req-056c36e4-8fa3-4a15-9767-d48b07654fef tempest-GroupsV320Test-938635773 tempest-GroupsV320Test-938635773-project] http://10.222.0.30/volume/v3/f460868717f940b7921ba3015ba305f9/groups/1a7e660b-7583-45d0-9084-3de873c4616d returned with HTTP 200
Oct 17 07:03:50.165836 dv-cinder-845069-5-smb devstack@c-api.service[111731]: [pid: 111731|app: 0|req: 157/301] 10.222.0.30 () {60 vars in 1363 bytes} [Mon Oct 17 07:03:50 2022] GET /volume/v3/f460868717f940b7921ba3015ba305f9/groups/1a7e660b-7583-45d0-9084-3de873c4616d => generated 388 bytes in 31 msecs (HTTP/1.1 200) 7 headers in 286 bytes (1 switches on core 0)
Oct 17 07:03:50.175202 dv-cinder-845069-5-smb devstack@c-api.service[111731]: DEBUG cinder.api.middleware.request_id [None req-e39a5a78-c5d8-4462-8b10-d9cf63487117 None None] RequestId filter calling following filter/app {{(pid=111731) _context_setter /opt/stack/cinder/cinder/api/middleware/request_id.py:62}}
