Oct 14 02:25:03.166788 dv-cinder-845069-4-smb devstack@c-api.service[111404]: [pid: 111404|app: 0|req: 67/132] 10.222.0.16 () {58 vars in 1458 bytes} [Fri Oct 14 02:25:03 2022] GET /volume/v3/a0077b4c1352433d974f1c1fc6b10f26/qos-specs/2fef65b4-6d4e-4b64-9a73-6f5b27839c82/associate?vol_type_id=242099d4-cdb4-4ce8-9451-e054b258e0ef => generated 0 bytes in 127 msecs (HTTP/1.1 202) 6 headers in 233 bytes (2 switches on core 0)
Oct 14 02:25:03.171360 dv-cinder-845069-4-smb devstack@c-api.service[111404]: DEBUG cinder.api.middleware.request_id [None req-213566c3-87b6-4059-aaf4-cbe1ff4f22bc None None] RequestId filter calling following filter/app {{(pid=111404) _context_setter /opt/stack/cinder/cinder/api/middleware/request_id.py:62}}
Oct 14 02:25:03.182082 dv-cinder-845069-4-smb devstack@c-api.service[111404]: INFO cinder.api.openstack.wsgi [None req-213566c3-87b6-4059-aaf4-cbe1ff4f22bc tempest-QosSpecsTestJSON-175652427 tempest-QosSpecsTestJSON-175652427-project-admin] GET http://10.222.0.16/volume/v3/a0077b4c1352433d974f1c1fc6b10f26/qos-specs/2fef65b4-6d4e-4b64-9a73-6f5b27839c82/associate?vol_type_id=96e0eae0-f51a-44b9-bc90-a7743750f3f3
Oct 14 02:25:03.182617 dv-cinder-845069-4-smb devstack@c-api.service[111404]: DEBUG cinder.api.openstack.wsgi [None req-213566c3-87b6-4059-aaf4-cbe1ff4f22bc tempest-QosSpecsTestJSON-175652427 tempest-QosSpecsTestJSON-175652427-project-admin] Empty body provided in request {{(pid=111404) get_body /opt/stack/cinder/cinder/api/openstack/wsgi.py:715}}
Oct 14 02:25:03.183328 dv-cinder-845069-4-smb devstack@c-api.service[111404]: DEBUG cinder.api.openstack.wsgi [None req-213566c3-87b6-4059-aaf4-cbe1ff4f22bc tempest-QosSpecsTestJSON-175652427 tempest-QosSpecsTestJSON-175652427-project-admin] Calling method 'associate' {{(pid=111404) _process_stack /opt/stack/cinder/cinder/api/openstack/wsgi.py:868}}
Oct 14 02:25:03.185763 dv-cinder-845069-4-smb devstack@c-api.service[111404]: /usr/local/lib/python3.8/dist-packages/oslo_context/context.py:100: DeprecationWarning: Policy enforcement is depending on the value of is_admin. This key is deprecated. Please update your policy file to use the standard policy values.
Oct 14 02:25:03.185763 dv-cinder-845069-4-smb devstack@c-api.service[111404]: warnings.warn('Policy enforcement is depending on the value of '
Oct 14 02:25:03.188267 dv-cinder-845069-4-smb devstack@c-api.service[111404]: DEBUG cinder.api.contrib.qos_specs_manage [None req-213566c3-87b6-4059-aaf4-cbe1ff4f22bc tempest-QosSpecsTestJSON-175652427 tempest-QosSpecsTestJSON-175652427-project-admin] Associate qos_spec: 2fef65b4-6d4e-4b64-9a73-6f5b27839c82 with type: 96e0eae0-f51a-44b9-bc90-a7743750f3f3 {{(pid=111404) associate /opt/stack/cinder/cinder/api/contrib/qos_specs_manage.py:275}}
Oct 14 02:25:03.195484 dv-cinder-845069-4-smb devstack@c-api.service[111406]: DEBUG cinder.quota [None req-c10a0cca-185d-4a53-ac18-fccec43a9e6c tempest-VolumesTestJSON-1596947551 tempest-VolumesTestJSON-1596947551-project] Created reservations ['82f1741e-a411-4a3c-89df-d6a65d3f005b', 'cfc28682-bf1e-4b80-9c9a-01511c953423', '1433590b-0a5a-49a6-a025-5e184bb17ea3', 'a28acd43-7de6-47e9-b450-735346b01b5a'] {{(pid=111406) reserve /opt/stack/cinder/cinder/quota.py:755}}
Oct 14 02:25:03.200072 dv-cinder-845069-4-smb devstack@c-api.service[111406]: DEBUG cinder.volume.api [None req-c10a0cca-185d-4a53-ac18-fccec43a9e6c tempest-VolumesTestJSON-1596947551 tempest-VolumesTestJSON-1596947551-project] Task 'cinder.volume.flows.api.create_volume.QuotaReserveTask;volume:create' (0c56ade6-b8c5-4678-8b93-03dba98b2ed7) transitioned into state 'SUCCESS' from state 'RUNNING' with result '{'reservations': ['82f1741e-a411-4a3c-89df-d6a65d3f005b', 'cfc28682-bf1e-4b80-9c9a-01511c953423', '1433590b-0a5a-49a6-a025-5e184bb17ea3', 'a28acd43-7de6-47e9-b450-735346b01b5a']}' {{(pid=111406) _task_receiver /usr/local/lib/python3.8/dist-packages/taskflow/listeners/logging.py:178}}
Oct 14 02:25:03.204355 dv-cinder-845069-4-smb devstack@c-api.service[111406]: DEBUG cinder.volume.api [None req-c10a0cca-185d-4a53-ac18-fccec43a9e6c tempest-VolumesTestJSON-1596947551 tempest-VolumesTestJSON-1596947551-project] Task 'cinder.volume.flows.api.create_volume.EntryCreateTask;volume:create' (766b39f7-dee4-4669-a067-78f3381c8531) transitioned into state 'RUNNING' from state 'PENDING' {{(pid=111406) _task_receiver /usr/local/lib/python3.8/dist-packages/taskflow/listeners/logging.py:190}}
Oct 14 02:25:03.227749 dv-cinder-845069-4-smb devstack@c-api.service[111406]: DEBUG dbcounter [-] [111406] Writing DB stats cinder:INSERT=10,cinder:UPDATE=14,cinder:SELECT=76 {{(pid=111406) stat_writer /usr/local/lib/python3.8/dist-packages/dbcounter.py:114}}
Oct 14 02:25:03.262844 dv-cinder-845069-4-smb devstack@c-api.service[111404]: INFO cinder.api.openstack.wsgi [None req-213566c3-87b6-4059-aaf4-cbe1ff4f22bc tempest-QosSpecsTestJSON-175652427 tempest-QosSpecsTestJSON-175652427-project-admin] http://10.222.0.16/volume/v3/a0077b4c1352433d974f1c1fc6b10f26/qos-specs/2fef65b4-6d4e-4b64-9a73-6f5b27839c82/associate?vol_type_id=96e0eae0-f51a-44b9-bc90-a7743750f3f3 returned with HTTP 202
Oct 14 02:25:03.264315 dv-cinder-845069-4-smb devstack@c-api.service[111404]: [pid: 111404|app: 0|req: 68/133] 10.222.0.16 () {58 vars in 1458 bytes} [Fri Oct 14 02:25:03 2022] GET /volume/v3/a0077b4c1352433d974f1c1fc6b10f26/qos-specs/2fef65b4-6d4e-4b64-9a73-6f5b27839c82/associate?vol_type_id=96e0eae0-f51a-44b9-bc90-a7743750f3f3 => generated 0 bytes in 94 msecs (HTTP/1.1 202) 6 headers in 233 bytes (2 switches on core 0)
Oct 14 02:25:03.266923 dv-cinder-845069-4-smb devstack@c-api.service[111404]: DEBUG cinder.api.middleware.request_id [None req-79b8631b-6d67-47ce-a3e0-f6311329c47f None None] RequestId filter calling following filter/app {{(pid=111404) _context_setter /opt/stack/cinder/cinder/api/middleware/request_id.py:62}}
Oct 14 02:25:03.272139 dv-cinder-845069-4-smb devstack@c-api.service[111404]: INFO cinder.api.openstack.wsgi [None req-79b8631b-6d67-47ce-a3e0-f6311329c47f tempest-GroupSnapshotsTest-969554918 tempest-GroupSnapshotsTest-969554918-project] GET http://10.222.0.16/volume/v3/c7b89d12230443c0b8f57c758621cf33/snapshots/2465c63e-2029-4804-bbef-59ebc2cb56ce
Oct 14 02:25:03.273145 dv-cinder-845069-4-smb devstack@c-api.service[111404]: DEBUG cinder.api.openstack.wsgi [None req-79b8631b-6d67-47ce-a3e0-f6311329c47f tempest-GroupSnapshotsTest-969554918 tempest-GroupSnapshotsTest-969554918-project] Empty body provided in request {{(pid=111404) get_body /opt/stack/cinder/cinder/api/openstack/wsgi.py:715}}
Oct 14 02:25:03.273973 dv-cinder-845069-4-smb devstack@c-api.service[111404]: DEBUG cinder.api.openstack.wsgi [None req-79b8631b-6d67-47ce-a3e0-f6311329c47f tempest-GroupSnapshotsTest-969554918 tempest-GroupSnapshotsTest-969554918-project] Calling method 'show' {{(pid=111404) _process_stack /opt/stack/cinder/cinder/api/openstack/wsgi.py:868}}
Oct 14 02:25:03.284899 dv-cinder-845069-4-smb devstack@c-api.service[111406]: DEBUG cinder.volume.api [None req-c10a0cca-185d-4a53-ac18-fccec43a9e6c tempest-VolumesTestJSON-1596947551 tempest-VolumesTestJSON-1596947551-project] Task 'cinder.volume.flows.api.create_volume.EntryCreateTask;volume:create' (766b39f7-dee4-4669-a067-78f3381c8531) transitioned into state 'SUCCESS' from state 'RUNNING' with result '{'volume_id': '4adf23c5-53cf-475f-9d05-b7f28ea107ba', 'volume_properties': VolumeProperties(attach_status='detached',availability_zone='nova',cgsnapshot_id=None,consistencygroup_id=None,display_description=None,display_name='tempest-VolumesTestJSON-volume-2105462198',encryption_key_id=None,group_id=None,group_type_id=,metadata={Type='work'},multiattach=False,project_id='27a5a1dc90ba4424bf2d8773c7c360b4',qos_specs=None,replication_status=,reservations=['82f1741e-a411-4a3c-89df-d6a65d3f005b','cfc28682-bf1e-4b80-9c9a-01511c953423','1433590b-0a5a-49a6-a025-5e184bb17ea3','a28acd43-7de6-47e9-b450-735346b01b5a'],size=1,snapshot_id=None,source_replicaid=,source_volid=None,status='creating',user_id='00a65df3e956418ab6f88a433b96dcf5',volume_type_id=c974084f-bef4-4f6e-98b1-8eb482615400), 'volume': Volume(_name_id=None,admin_metadata=,attach_status='detached',availability_zone='nova',bootable=False,cluster=,cluster_name=None,consistencygroup=,consistencygroup_id=None,created_at=2022-10-14T02:25:03Z,deleted=False,deleted_at=None,display_description=None,display_name='tempest-VolumesTestJSON-volume-2105462198',ec2_id=None,encryption_key_id=None,glance_metadata=,group=,group_id=None,host=None,id=4adf23c5-53cf-475f-9d05-b7f28ea107ba,launched_at=None,metadata={Type='work'},migration_status=None,multiattach=False,previous_status=None,project_id='27a5a1dc90ba4424bf2d8773c7c360b4',provider_auth=None,provider_geometry=None,provider_id=None,provider_location=None,replication_driver_data=None,replication_extended_status=None,replication_status=None,scheduled_at=None,service_uuid=None,shared_targets=True,size=1,snapshot_id=None,snapshots=,source_volid=None,status='creating',terminated_at=None,updated_at=None,use_quota=True,user_id='00a65df3e956418ab6f88a433b96dcf5',volume_attachment=VolumeAttachmentList,volume_type=VolumeType(c974084f-bef4-4f6e-98b1-8eb482615400),volume_type_id=c974084f-bef4-4f6e-98b1-8eb482615400)}' {{(pid=111406) _task_receiver /usr/local/lib/python3.8/dist-packages/taskflow/listeners/logging.py:178}}
Oct 14 02:25:03.287383 dv-cinder-845069-4-smb devstack@c-api.service[111406]: DEBUG cinder.volume.api [None req-c10a0cca-185d-4a53-ac18-fccec43a9e6c tempest-VolumesTestJSON-1596947551 tempest-VolumesTestJSON-1596947551-project] Task 'cinder.volume.flows.api.create_volume.QuotaCommitTask;volume:create' (d0dcec5d-17a9-4a15-8020-3b9b496833ec) transitioned into state 'RUNNING' from state 'PENDING' {{(pid=111406) _task_receiver /usr/local/lib/python3.8/dist-packages/taskflow/listeners/logging.py:190}}
Oct 14 02:25:03.288239 dv-cinder-845069-4-smb devstack@c-api.service[111404]: INFO cinder.api.openstack.wsgi [None req-79b8631b-6d67-47ce-a3e0-f6311329c47f tempest-GroupSnapshotsTest-969554918 tempest-GroupSnapshotsTest-969554918-project] http://10.222.0.16/volume/v3/c7b89d12230443c0b8f57c758621cf33/snapshots/2465c63e-2029-4804-bbef-59ebc2cb56ce returned with HTTP 404
Oct 14 02:25:03.292723 dv-cinder-845069-4-smb devstack@c-api.service[111404]: [pid: 111404|app: 0|req: 69/134] 10.222.0.16 () {58 vars in 1331 bytes} [Fri Oct 14 02:25:03 2022] GET /volume/v3/c7b89d12230443c0b8f57c758621cf33/snapshots/2465c63e-2029-4804-bbef-59ebc2cb56ce => generated 111 bytes in 24 msecs (HTTP/1.1 404) 7 headers in 292 bytes (1 switches on core 0)
Oct 14 02:25:03.292723 dv-cinder-845069-4-smb devstack@c-api.service[111404]: DEBUG cinder.api.middleware.request_id [None req-7b2cc1e4-e443-47f8-88a0-e792b4d7865f None None] RequestId filter calling following filter/app {{(pid=111404) _context_setter /opt/stack/cinder/cinder/api/middleware/request_id.py:62}}
Oct 14 02:25:03.298744 dv-cinder-845069-4-smb devstack@c-api.service[111404]: INFO cinder.api.openstack.wsgi [None req-7b2cc1e4-e443-47f8-88a0-e792b4d7865f tempest-QosSpecsTestJSON-175652427 tempest-QosSpecsTestJSON-175652427-project-admin] GET http://10.222.0.16/volume/v3/a0077b4c1352433d974f1c1fc6b10f26/qos-specs/2fef65b4-6d4e-4b64-9a73-6f5b27839c82/associate?vol_type_id=f8d85082-f8c9-4717-8d61-6af2c3fefba9
Oct 14 02:25:03.299574 dv-cinder-845069-4-smb devstack@c-api.service[111404]: DEBUG cinder.api.openstack.wsgi [None req-7b2cc1e4-e443-47f8-88a0-e792b4d7865f tempest-QosSpecsTestJSON-175652427 tempest-QosSpecsTestJSON-175652427-project-admin] Empty body provided in request {{(pid=111404) get_body /opt/stack/cinder/cinder/api/openstack/wsgi.py:715}}
Oct 14 02:25:03.300234 dv-cinder-845069-4-smb devstack@c-api.service[111404]: DEBUG cinder.api.openstack.wsgi [None req-7b2cc1e4-e443-47f8-88a0-e792b4d7865f tempest-QosSpecsTestJSON-175652427 tempest-QosSpecsTestJSON-175652427-project-admin] Calling method 'associate' {{(pid=111404) _process_stack /opt/stack/cinder/cinder/api/openstack/wsgi.py:868}}
Oct 14 02:25:03.301202 dv-cinder-845069-4-smb devstack@c-api.service[111404]: /usr/local/lib/python3.8/dist-packages/oslo_context/context.py:100: DeprecationWarning: Policy enforcement is depending on the value of is_admin. This key is deprecated. Please update your policy file to use the standard policy values.
Oct 14 02:25:03.301202 dv-cinder-845069-4-smb devstack@c-api.service[111404]: warnings.warn('Policy enforcement is depending on the value of '
Oct 14 02:25:03.302363 dv-cinder-845069-4-smb devstack@c-api.service[111404]: DEBUG cinder.api.contrib.qos_specs_manage [None req-7b2cc1e4-e443-47f8-88a0-e792b4d7865f tempest-QosSpecsTestJSON-175652427 tempest-QosSpecsTestJSON-175652427-project-admin] Associate qos_spec: 2fef65b4-6d4e-4b64-9a73-6f5b27839c82 with type: f8d85082-f8c9-4717-8d61-6af2c3fefba9 {{(pid=111404) associate /opt/stack/cinder/cinder/api/contrib/qos_specs_manage.py:275}}
Oct 14 02:25:03.403519 dv-cinder-845069-4-smb devstack@c-api.service[111406]: DEBUG cinder.volume.api [None req-c10a0cca-185d-4a53-ac18-fccec43a9e6c tempest-VolumesTestJSON-1596947551 tempest-VolumesTestJSON-1596947551-project] Task 'cinder.volume.flows.api.create_volume.QuotaCommitTask;volume:create' (d0dcec5d-17a9-4a15-8020-3b9b496833ec) transitioned into state 'SUCCESS' from state 'RUNNING' with result '{'volume_properties': VolumeProperties(attach_status='detached',availability_zone='nova',cgsnapshot_id=None,consistencygroup_id=None,display_description=None,display_name='tempest-VolumesTestJSON-volume-2105462198',encryption_key_id=None,group_id=None,group_type_id=,metadata={Type='work'},multiattach=False,project_id='27a5a1dc90ba4424bf2d8773c7c360b4',qos_specs=None,replication_status=,reservations=['82f1741e-a411-4a3c-89df-d6a65d3f005b','cfc28682-bf1e-4b80-9c9a-01511c953423','1433590b-0a5a-49a6-a025-5e184bb17ea3','a28acd43-7de6-47e9-b450-735346b01b5a'],size=1,snapshot_id=None,source_replicaid=,source_volid=None,status='creating',user_id='00a65df3e956418ab6f88a433b96dcf5',volume_type_id=c974084f-bef4-4f6e-98b1-8eb482615400)}' {{(pid=111406) _task_receiver /usr/local/lib/python3.8/dist-packages/taskflow/listeners/logging.py:178}}
Oct 14 02:25:03.408023 dv-cinder-845069-4-smb devstack@c-api.service[111406]: DEBUG cinder.volume.api [None req-c10a0cca-185d-4a53-ac18-fccec43a9e6c tempest-VolumesTestJSON-1596947551 tempest-VolumesTestJSON-1596947551-project] Task 'cinder.volume.flows.api.create_volume.VolumeCastTask;volume:create' (3b9a8999-603b-4750-9348-6ab7f698510b) transitioned into state 'RUNNING' from state 'PENDING' {{(pid=111406) _task_receiver /usr/local/lib/python3.8/dist-packages/taskflow/listeners/logging.py:190}}
Oct 14 02:25:03.434580 dv-cinder-845069-4-smb devstack@c-api.service[111404]: INFO cinder.api.openstack.wsgi [None req-7b2cc1e4-e443-47f8-88a0-e792b4d7865f tempest-QosSpecsTestJSON-175652427 tempest-QosSpecsTestJSON-175652427-project-admin] http://10.222.0.16/volume/v3/a0077b4c1352433d974f1c1fc6b10f26/qos-specs/2fef65b4-6d4e-4b64-9a73-6f5b27839c82/associate?vol_type_id=f8d85082-f8c9-4717-8d61-6af2c3fefba9 returned with HTTP 202
Oct 14 02:25:03.446551 dv-cinder-845069-4-smb devstack@c-api.service[111404]: [pid: 111404|app: 0|req: 70/135] 10.222.0.16 () {58 vars in 1458 bytes} [Fri Oct 14 02:25:03 2022] GET /volume/v3/a0077b4c1352433d974f1c1fc6b10f26/qos-specs/2fef65b4-6d4e-4b64-9a73-6f5b27839c82/associate?vol_type_id=f8d85082-f8c9-4717-8d61-6af2c3fefba9 => generated 0 bytes in 150 msecs (HTTP/1.1 202) 6 headers in 233 bytes (1 switches on core 0)
Oct 14 02:25:03.448958 dv-cinder-845069-4-smb devstack@c-api.service[111404]: DEBUG cinder.api.middleware.request_id [None req-12650ae4-f419-4d37-9b4d-3155543e69b3 None None] RequestId filter calling following filter/app {{(pid=111404) _context_setter /opt/stack/cinder/cinder/api/middleware/request_id.py:62}}
Oct 14 02:25:03.453870 dv-cinder-845069-4-smb devstack@c-api.service[111404]: INFO cinder.api.openstack.wsgi [None req-12650ae4-f419-4d37-9b4d-3155543e69b3 tempest-GroupSnapshotsTest-969554918 tempest-GroupSnapshotsTest-969554918-project] GET http://10.222.0.16/volume/v3/c7b89d12230443c0b8f57c758621cf33/snapshots/f59516a6-3846-4050-b5e3-5126c7ca340d
Oct 14 02:25:03.456394 dv-cinder-845069-4-smb devstack@c-api.service[111406]: DEBUG cinder.volume.api [None req-c10a0cca-185d-4a53-ac18-fccec43a9e6c tempest-VolumesTestJSON-1596947551 tempest-VolumesTestJSON-1596947551-project] Task 'cinder.volume.flows.api.create_volume.VolumeCastTask;volume:create' (3b9a8999-603b-4750-9348-6ab7f698510b) transitioned into state 'SUCCESS' from state 'RUNNING' with result 'None' {{(pid=111406) _task_receiver /usr/local/lib/python3.8/dist-packages/taskflow/listeners/logging.py:178}}
Oct 14 02:25:03.457120 dv-cinder-845069-4-smb devstack@c-api.service[111404]: DEBUG cinder.api.openstack.wsgi [None req-12650ae4-f419-4d37-9b4d-3155543e69b3 tempest-GroupSnapshotsTest-969554918 tempest-GroupSnapshotsTest-969554918-project] Empty body provided in request {{(pid=111404) get_body /opt/stack/cinder/cinder/api/openstack/wsgi.py:715}}
Oct 14 02:25:03.457820 dv-cinder-845069-4-smb devstack@c-api.service[111404]: DEBUG cinder.api.openstack.wsgi [None req-12650ae4-f419-4d37-9b4d-3155543e69b3 tempest-GroupSnapshotsTest-969554918 tempest-GroupSnapshotsTest-969554918-project] Calling method 'show' {{(pid=111404) _process_stack /opt/stack/cinder/cinder/api/openstack/wsgi.py:868}}
Oct 14 02:25:03.462978 dv-cinder-845069-4-smb devstack@c-api.service[111406]: DEBUG cinder.volume.api [None req-c10a0cca-185d-4a53-ac18-fccec43a9e6c tempest-VolumesTestJSON-1596947551 tempest-VolumesTestJSON-1596947551-project] Flow 'volume_create_api' (e5cb21d3-a927-4d0c-a9a0-f52c52b611fc) transitioned into state 'SUCCESS' from state 'RUNNING' {{(pid=111406) _flow_receiver /usr/local/lib/python3.8/dist-packages/taskflow/listeners/logging.py:141}}
Oct 14 02:25:03.465819 dv-cinder-845069-4-smb devstack@c-api.service[111406]: INFO cinder.volume.api [None req-c10a0cca-185d-4a53-ac18-fccec43a9e6c tempest-VolumesTestJSON-1596947551 tempest-VolumesTestJSON-1596947551-project] Create volume request issued successfully.
Oct 14 02:25:03.471814 dv-cinder-845069-4-smb devstack@c-api.service[111406]: INFO cinder.api.openstack.wsgi [None req-c10a0cca-185d-4a53-ac18-fccec43a9e6c tempest-VolumesTestJSON-1596947551 tempest-VolumesTestJSON-1596947551-project] http://10.222.0.16/volume/v3/27a5a1dc90ba4424bf2d8773c7c360b4/volumes returned with HTTP 202
Oct 14 02:25:03.473974 dv-cinder-845069-4-smb devstack@c-api.service[111406]: [pid: 111406|app: 0|req: 66/136] 10.222.0.16 () {60 vars in 1236 bytes} [Fri Oct 14 02:25:02 2022] POST /volume/v3/27a5a1dc90ba4424bf2d8773c7c360b4/volumes => generated 829 bytes in 628 msecs (HTTP/1.1 202) 7 headers in 291 bytes (2 switches on core 0)
Oct 14 02:25:03.476907 dv-cinder-845069-4-smb devstack@c-api.service[111406]: DEBUG cinder.api.middleware.request_id [None req-9785ff66-4f1b-4b55-b094-9bb28ae4cecf None None] RequestId filter calling following filter/app {{(pid=111406) _context_setter /opt/stack/cinder/cinder/api/middleware/request_id.py:62}}
Oct 14 02:25:03.481715 dv-cinder-845069-4-smb devstack@c-api.service[111404]: INFO cinder.api.openstack.wsgi [None req-12650ae4-f419-4d37-9b4d-3155543e69b3 tempest-GroupSnapshotsTest-969554918 tempest-GroupSnapshotsTest-969554918-project] http://10.222.0.16/volume/v3/c7b89d12230443c0b8f57c758621cf33/snapshots/f59516a6-3846-4050-b5e3-5126c7ca340d returned with HTTP 404
Oct 14 02:25:03.495275 dv-cinder-845069-4-smb devstack@c-api.service[111404]: [pid: 111404|app: 0|req: 71/137] 10.222.0.16 () {58 vars in 1331 bytes} [Fri Oct 14 02:25:03 2022] GET /volume/v3/c7b89d12230443c0b8f57c758621cf33/snapshots/f59516a6-3846-4050-b5e3-5126c7ca340d => generated 111 bytes in 46 msecs (HTTP/1.1 404) 7 headers in 292 bytes (1 switches on core 0)
Oct 14 02:25:03.497048 dv-cinder-845069-4-smb devstack@c-api.service[111404]: DEBUG cinder.api.middleware.request_id [None req-81bcde4e-b0b8-4d13-842c-7df6f1ab3767 None None] RequestId filter calling following filter/app {{(pid=111404) _context_setter /opt/stack/cinder/cinder/api/middleware/request_id.py:62}}
Oct 14 02:25:03.519722 dv-cinder-845069-4-smb devstack@c-api.service[111406]: INFO cinder.api.openstack.wsgi [None req-9785ff66-4f1b-4b55-b094-9bb28ae4cecf tempest-QosSpecsTestJSON-175652427 tempest-QosSpecsTestJSON-175652427-project-admin] GET http://10.222.0.16/volume/v3/a0077b4c1352433d974f1c1fc6b10f26/qos-specs/2fef65b4-6d4e-4b64-9a73-6f5b27839c82/associations
Oct 14 02:25:03.519722 dv-cinder-845069-4-smb devstack@c-api.service[111406]: DEBUG cinder.api.openstack.wsgi [None req-9785ff66-4f1b-4b55-b094-9bb28ae4cecf tempest-QosSpecsTestJSON-175652427 tempest-QosSpecsTestJSON-175652427-project-admin] Empty body provided in request {{(pid=111406) get_body /opt/stack/cinder/cinder/api/openstack/wsgi.py:715}}
Oct 14 02:25:03.519722 dv-cinder-845069-4-smb devstack@c-api.service[111406]: DEBUG cinder.api.openstack.wsgi [None req-9785ff66-4f1b-4b55-b094-9bb28ae4cecf tempest-QosSpecsTestJSON-175652427 tempest-QosSpecsTestJSON-175652427-project-admin] Calling method 'associations' {{(pid=111406) _process_stack /opt/stack/cinder/cinder/api/openstack/wsgi.py:868}}
Oct 14 02:25:03.519722 dv-cinder-845069-4-smb devstack@c-api.service[111406]: /usr/local/lib/python3.8/dist-packages/oslo_context/context.py:100: DeprecationWarning: Policy enforcement is depending on the value of is_admin. This key is deprecated. Please update your policy file to use the standard policy values.
Oct 14 02:25:03.519722 dv-cinder-845069-4-smb devstack@c-api.service[111406]: warnings.warn('Policy enforcement is depending on the value of '
Oct 14 02:25:03.519722 dv-cinder-845069-4-smb devstack@c-api.service[111406]: DEBUG cinder.api.contrib.qos_specs_manage [None req-9785ff66-4f1b-4b55-b094-9bb28ae4cecf tempest-QosSpecsTestJSON-175652427 tempest-QosSpecsTestJSON-175652427-project-admin] Get associations for qos_spec id: 2fef65b4-6d4e-4b64-9a73-6f5b27839c82 {{(pid=111406) associations /opt/stack/cinder/cinder/api/contrib/qos_specs_manage.py:233}}
Oct 14 02:25:03.520682 dv-cinder-845069-4-smb devstack@c-api.service[111404]: INFO cinder.api.openstack.wsgi [None req-81bcde4e-b0b8-4d13-842c-7df6f1ab3767 tempest-VolumesTestJSON-1596947551 tempest-VolumesTestJSON-1596947551-project] GET http://10.222.0.16/volume/v3/27a5a1dc90ba4424bf2d8773c7c360b4/volumes/4adf23c5-53cf-475f-9d05-b7f28ea107ba
Oct 14 02:25:03.520682 dv-cinder-845069-4-smb devstack@c-api.service[111404]: DEBUG cinder.api.openstack.wsgi [None req-81bcde4e-b0b8-4d13-842c-7df6f1ab3767 tempest-VolumesTestJSON-1596947551 tempest-VolumesTestJSON-1596947551-project] Empty body provided in request {{(pid=111404) get_body /opt/stack/cinder/cinder/api/openstack/wsgi.py:715}}
Oct 14 02:25:03.520682 dv-cinder-845069-4-smb devstack@c-api.service[111404]: DEBUG cinder.api.openstack.wsgi [None req-81bcde4e-b0b8-4d13-842c-7df6f1ab3767 tempest-VolumesTestJSON-1596947551 tempest-VolumesTestJSON-1596947551-project] Calling method 'show' {{(pid=111404) _process_stack /opt/stack/cinder/cinder/api/openstack/wsgi.py:868}}
Oct 14 02:25:03.538337 dv-cinder-845069-4-smb devstack@c-api.service[111404]: DEBUG dbcounter [-] [111404] Writing DB stats cinder:SELECT=88,cinder:UPDATE=6,cinder:INSERT=6 {{(pid=111404) stat_writer /usr/local/lib/python3.8/dist-packages/dbcounter.py:114}}
Oct 14 02:25:03.578899 dv-cinder-845069-4-smb devstack@c-api.service[111404]: /usr/local/lib/python3.8/dist-packages/oslo_context/context.py:100: DeprecationWarning: Policy enforcement is depending on the value of is_admin. This key is deprecated. Please update your policy file to use the standard policy values.
Oct 14 02:25:03.578899 dv-cinder-845069-4-smb devstack@c-api.service[111404]: warnings.warn('Policy enforcement is depending on the value of '
Oct 14 02:25:03.599616 dv-cinder-845069-4-smb devstack@c-api.service[111404]: INFO cinder.volume.api [None req-81bcde4e-b0b8-4d13-842c-7df6f1ab3767 tempest-VolumesTestJSON-1596947551 tempest-VolumesTestJSON-1596947551-project] Volume info retrieved successfully.
Oct 14 02:25:03.622616 dv-cinder-845069-4-smb devstack@c-api.service[111406]: INFO cinder.api.openstack.wsgi [None req-9785ff66-4f1b-4b55-b094-9bb28ae4cecf tempest-QosSpecsTestJSON-175652427 tempest-QosSpecsTestJSON-175652427-project-admin] http://10.222.0.16/volume/v3/a0077b4c1352433d974f1c1fc6b10f26/qos-specs/2fef65b4-6d4e-4b64-9a73-6f5b27839c82/associations returned with HTTP 200
Oct 14 02:25:03.631538 dv-cinder-845069-4-smb devstack@c-api.service[111406]: [pid: 111406|app: 0|req: 67/138] 10.222.0.16 () {58 vars in 1370 bytes} [Fri Oct 14 02:25:03 2022] GET /volume/v3/a0077b4c1352433d974f1c1fc6b10f26/qos-specs/2fef65b4-6d4e-4b64-9a73-6f5b27839c82/associations => generated 447 bytes in 155 msecs (HTTP/1.1 200) 7 headers in 285 bytes (1 switches on core 0)
Oct 14 02:25:03.633106 dv-cinder-845069-4-smb devstack@c-api.service[111406]: DEBUG cinder.api.middleware.request_id [None req-636422db-0ad0-489a-8012-16a8fc6df317 None None] RequestId filter calling following filter/app {{(pid=111406) _context_setter /opt/stack/cinder/cinder/api/middleware/request_id.py:62}}
Oct 14 02:25:03.636360 dv-cinder-845069-4-smb devstack@c-api.service[111404]: INFO cinder.api.openstack.wsgi [None req-81bcde4e-b0b8-4d13-842c-7df6f1ab3767 tempest-VolumesTestJSON-1596947551 tempest-VolumesTestJSON-1596947551-project] http://10.222.0.16/volume/v3/27a5a1dc90ba4424bf2d8773c7c360b4/volumes/4adf23c5-53cf-475f-9d05-b7f28ea107ba returned with HTTP 200
Oct 14 02:25:03.643773 dv-cinder-845069-4-smb devstack@c-api.service[111404]: [pid: 111404|app: 0|req: 72/139] 10.222.0.16 () {58 vars in 1325 bytes} [Fri Oct 14 02:25:03 2022] GET /volume/v3/27a5a1dc90ba4424bf2d8773c7c360b4/volumes/4adf23c5-53cf-475f-9d05-b7f28ea107ba => generated 897 bytes in 147 msecs (HTTP/1.1 200) 7 headers in 285 bytes (1 switches on core 0)
Oct 14 02:25:03.647168 dv-cinder-845069-4-smb devstack@c-api.service[111406]: INFO cinder.api.openstack.wsgi [None req-636422db-0ad0-489a-8012-16a8fc6df317 tempest-GroupSnapshotsTest-969554918 tempest-GroupSnapshotsTest-969554918-project] GET http://10.222.0.16/volume/v3/c7b89d12230443c0b8f57c758621cf33/group_snapshots/91a7c7e7-f96e-4268-a686-0729bd256e7a
Oct 14 02:25:03.648885 dv-cinder-845069-4-smb devstack@c-api.service[111404]: DEBUG cinder.api.middleware.request_id [None req-fa090b57-9a98-4e76-a41a-4388804968a8 None None] RequestId filter calling following filter/app {{(pid=111404) _context_setter /opt/stack/cinder/cinder/api/middleware/request_id.py:62}}
Oct 14 02:25:03.653134 dv-cinder-845069-4-smb devstack@c-api.service[111406]: DEBUG cinder.api.openstack.wsgi [None req-636422db-0ad0-489a-8012-16a8fc6df317 tempest-GroupSnapshotsTest-969554918 tempest-GroupSnapshotsTest-969554918-project] Empty body provided in request {{(pid=111406) get_body /opt/stack/cinder/cinder/api/openstack/wsgi.py:715}}
Oct 14 02:25:03.655526 dv-cinder-845069-4-smb devstack@c-api.service[111406]: DEBUG cinder.api.openstack.wsgi [None req-636422db-0ad0-489a-8012-16a8fc6df317 tempest-GroupSnapshotsTest-969554918 tempest-GroupSnapshotsTest-969554918-project] Calling method 'version_select' {{(pid=111406) _process_stack /opt/stack/cinder/cinder/api/openstack/wsgi.py:868}}
Oct 14 02:25:03.656030 dv-cinder-845069-4-smb devstack@c-api.service[111406]: DEBUG cinder.api.v3.group_snapshots [None req-636422db-0ad0-489a-8012-16a8fc6df317 tempest-GroupSnapshotsTest-969554918 tempest-GroupSnapshotsTest-969554918-project] show called for member 91a7c7e7-f96e-4268-a686-0729bd256e7a {{(pid=111406) show /opt/stack/cinder/cinder/api/v3/group_snapshots.py:58}}
Oct 14 02:25:03.664843 dv-cinder-845069-4-smb devstack@c-api.service[111404]: INFO cinder.api.openstack.wsgi [None req-fa090b57-9a98-4e76-a41a-4388804968a8 tempest-QosSpecsTestJSON-175652427 tempest-QosSpecsTestJSON-175652427-project-admin] GET http://10.222.0.16/volume/v3/a0077b4c1352433d974f1c1fc6b10f26/qos-specs/2fef65b4-6d4e-4b64-9a73-6f5b27839c82/disassociate?vol_type_id=242099d4-cdb4-4ce8-9451-e054b258e0ef
Oct 14 02:25:03.666742 dv-cinder-845069-4-smb devstack@c-api.service[111404]: DEBUG cinder.api.openstack.wsgi [None req-fa090b57-9a98-4e76-a41a-4388804968a8 tempest-QosSpecsTestJSON-175652427 tempest-QosSpecsTestJSON-175652427-project-admin] Empty body provided in request {{(pid=111404) get_body /opt/stack/cinder/cinder/api/openstack/wsgi.py:715}}
Oct 14 02:25:03.668519 dv-cinder-845069-4-smb devstack@c-api.service[111404]: DEBUG cinder.api.openstack.wsgi [None req-fa090b57-9a98-4e76-a41a-4388804968a8 tempest-QosSpecsTestJSON-175652427 tempest-QosSpecsTestJSON-175652427-project-admin] Calling method 'disassociate' {{(pid=111404) _process_stack /opt/stack/cinder/cinder/api/openstack/wsgi.py:868}}
Oct 14 02:25:03.670646 dv-cinder-845069-4-smb devstack@c-api.service[111404]: DEBUG cinder.api.contrib.qos_specs_manage [None req-fa090b57-9a98-4e76-a41a-4388804968a8 tempest-QosSpecsTestJSON-175652427 tempest-QosSpecsTestJSON-175652427-project-admin] Disassociate qos_spec: 2fef65b4-6d4e-4b64-9a73-6f5b27839c82 from type: 242099d4-cdb4-4ce8-9451-e054b258e0ef {{(pid=111404) disassociate /opt/stack/cinder/cinder/api/contrib/qos_specs_manage.py:327}}
Oct 14 02:25:03.673150 dv-cinder-845069-4-smb devstack@c-api.service[111406]: INFO cinder.api.openstack.wsgi [None req-636422db-0ad0-489a-8012-16a8fc6df317 tempest-GroupSnapshotsTest-969554918 tempest-GroupSnapshotsTest-969554918-project] http://10.222.0.16/volume/v3/c7b89d12230443c0b8f57c758621cf33/group_snapshots/91a7c7e7-f96e-4268-a686-0729bd256e7a returned with HTTP 404
Oct 14 02:25:03.674221 dv-cinder-845069-4-smb devstack@c-api.service[111406]: [pid: 111406|app: 0|req: 68/140] 10.222.0.16 () {60 vars in 1390 bytes} [Fri Oct 14 02:25:03 2022] GET /volume/v3/c7b89d12230443c0b8f57c758621cf33/group_snapshots/91a7c7e7-f96e-4268-a686-0729bd256e7a => generated 116 bytes in 42 msecs (HTTP/1.1 404) 7 headers in 293 bytes (1 switches on core 0)
Oct 14 02:25:03.682739 dv-cinder-845069-4-smb devstack@c-api.service[111406]: DEBUG cinder.api.middleware.request_id [None req-e4290f41-0beb-4747-866e-d61aca5641c3 None None] RequestId filter calling following filter/app {{(pid=111406) _context_setter /opt/stack/cinder/cinder/api/middleware/request_id.py:62}}
Oct 14 02:25:03.703068 dv-cinder-845069-4-smb devstack@c-api.service[111406]: INFO cinder.api.openstack.wsgi [None req-e4290f41-0beb-4747-866e-d61aca5641c3 tempest-GroupSnapshotsTest-969554918 tempest-GroupSnapshotsTest-969554918-project] DELETE http://10.222.0.16/volume/v3/c7b89d12230443c0b8f57c758621cf33/group_snapshots/91a7c7e7-f96e-4268-a686-0729bd256e7a
Oct 14 02:25:03.708472 dv-cinder-845069-4-smb devstack@c-api.service[111406]: DEBUG cinder.api.openstack.wsgi [None req-e4290f41-0beb-4747-866e-d61aca5641c3 tempest-GroupSnapshotsTest-969554918 tempest-GroupSnapshotsTest-969554918-project] Empty body provided in request {{(pid=111406) get_body /opt/stack/cinder/cinder/api/openstack/wsgi.py:715}}
Oct 14 02:25:03.708472 dv-cinder-845069-4-smb devstack@c-api.service[111406]: DEBUG cinder.api.openstack.wsgi [None req-e4290f41-0beb-4747-866e-d61aca5641c3 tempest-GroupSnapshotsTest-969554918 tempest-GroupSnapshotsTest-969554918-project] Calling method 'version_select' {{(pid=111406) _process_stack /opt/stack/cinder/cinder/api/openstack/wsgi.py:868}}
Oct 14 02:25:03.708472 dv-cinder-845069-4-smb devstack@c-api.service[111406]: DEBUG cinder.api.v3.group_snapshots [None req-e4290f41-0beb-4747-866e-d61aca5641c3 tempest-GroupSnapshotsTest-969554918 tempest-GroupSnapshotsTest-969554918-project] delete called for member 91a7c7e7-f96e-4268-a686-0729bd256e7a {{(pid=111406) delete /opt/stack/cinder/cinder/api/v3/group_snapshots.py:72}}
Oct 14 02:25:03.708472 dv-cinder-845069-4-smb devstack@c-api.service[111406]: INFO cinder.api.v3.group_snapshots [None req-e4290f41-0beb-4747-866e-d61aca5641c3 tempest-GroupSnapshotsTest-969554918 tempest-GroupSnapshotsTest-969554918-project] Delete group_snapshot with id: 91a7c7e7-f96e-4268-a686-0729bd256e7a
Oct 14 02:25:03.745931 dv-cinder-845069-4-smb devstack@c-api.service[111406]: INFO cinder.api.openstack.wsgi [None req-e4290f41-0beb-4747-866e-d61aca5641c3 tempest-GroupSnapshotsTest-969554918 tempest-GroupSnapshotsTest-969554918-project] http://10.222.0.16/volume/v3/c7b89d12230443c0b8f57c758621cf33/group_snapshots/91a7c7e7-f96e-4268-a686-0729bd256e7a returned with HTTP 404
Oct 14 02:25:03.752486 dv-cinder-845069-4-smb devstack@c-api.service[111406]: [pid: 111406|app: 0|req: 69/141] 10.222.0.16 () {60 vars in 1393 bytes} [Fri Oct 14 02:25:03 2022] DELETE /volume/v3/c7b89d12230443c0b8f57c758621cf33/group_snapshots/91a7c7e7-f96e-4268-a686-0729bd256e7a => generated 116 bytes in 71 msecs (HTTP/1.1 404) 7 headers in 293 bytes (1 switches on core 0)
Oct 14 02:25:03.754914 dv-cinder-845069-4-smb devstack@c-api.service[111406]: DEBUG cinder.api.middleware.request_id [None req-7282a2e6-cf7a-4e61-83be-246353a4c5e8 None None] RequestId filter calling following filter/app {{(pid=111406) _context_setter /opt/stack/cinder/cinder/api/middleware/request_id.py:62}}
Oct 14 02:25:03.764015 dv-cinder-845069-4-smb devstack@c-api.service[111404]: INFO cinder.api.openstack.wsgi [None req-fa090b57-9a98-4e76-a41a-4388804968a8 tempest-QosSpecsTestJSON-175652427 tempest-QosSpecsTestJSON-175652427-project-admin] http://10.222.0.16/volume/v3/a0077b4c1352433d974f1c1fc6b10f26/qos-specs/2fef65b4-6d4e-4b64-9a73-6f5b27839c82/disassociate?vol_type_id=242099d4-cdb4-4ce8-9451-e054b258e0ef returned with HTTP 202
Oct 14 02:25:03.768374 dv-cinder-845069-4-smb devstack@c-api.service[111404]: [pid: 111404|app: 0|req: 73/142] 10.222.0.16 () {58 vars in 1467 bytes} [Fri Oct 14 02:25:03 2022] GET /volume/v3/a0077b4c1352433d974f1c1fc6b10f26/qos-specs/2fef65b4-6d4e-4b64-9a73-6f5b27839c82/disassociate?vol_type_id=242099d4-cdb4-4ce8-9451-e054b258e0ef => generated 0 bytes in 124 msecs (HTTP/1.1 202) 6 headers in 233 bytes (1 switches on core 0)
Oct 14 02:25:03.770056 dv-cinder-845069-4-smb devstack@c-api.service[111404]: DEBUG cinder.api.middleware.request_id [None req-5ebb1073-e87b-445f-95fd-fd2d12a972c3 None None] RequestId filter calling following filter/app {{(pid=111404) _context_setter /opt/stack/cinder/cinder/api/middleware/request_id.py:62}}
Oct 14 02:25:03.771429 dv-cinder-845069-4-smb devstack@c-api.service[111406]: INFO cinder.api.openstack.wsgi [None req-7282a2e6-cf7a-4e61-83be-246353a4c5e8 tempest-GroupSnapshotsTest-969554918 tempest-GroupSnapshotsTest-969554918-project] GET http://10.222.0.16/volume/v3/c7b89d12230443c0b8f57c758621cf33/volumes/detail
Oct 14 02:25:03.772645 dv-cinder-845069-4-smb devstack@c-api.service[111406]: DEBUG cinder.api.openstack.wsgi [None req-7282a2e6-cf7a-4e61-83be-246353a4c5e8 tempest-GroupSnapshotsTest-969554918 tempest-GroupSnapshotsTest-969554918-project] Empty body provided in request {{(pid=111406) get_body /opt/stack/cinder/cinder/api/openstack/wsgi.py:715}}
Oct 14 02:25:03.777285 dv-cinder-845069-4-smb devstack@c-api.service[111404]: INFO cinder.api.openstack.wsgi [None req-5ebb1073-e87b-445f-95fd-fd2d12a972c3 tempest-QosSpecsTestJSON-175652427 tempest-QosSpecsTestJSON-175652427-project-admin] GET http://10.222.0.16/volume/v3/a0077b4c1352433d974f1c1fc6b10f26/qos-specs/2fef65b4-6d4e-4b64-9a73-6f5b27839c82/associations
Oct 14 02:25:03.778110 dv-cinder-845069-4-smb devstack@c-api.service[111406]: DEBUG cinder.api.openstack.wsgi [None req-7282a2e6-cf7a-4e61-83be-246353a4c5e8 tempest-GroupSnapshotsTest-969554918 tempest-GroupSnapshotsTest-969554918-project] Calling method 'detail' {{(pid=111406) _process_stack /opt/stack/cinder/cinder/api/openstack/wsgi.py:868}}
Oct 14 02:25:03.779031 dv-cinder-845069-4-smb devstack@c-api.service[111406]: DEBUG cinder.api.api_utils [None req-7282a2e6-cf7a-4e61-83be-246353a4c5e8 tempest-GroupSnapshotsTest-969554918 tempest-GroupSnapshotsTest-969554918-project] Removing options '' from query. {{(pid=111406) remove_invalid_filter_options /opt/stack/cinder/cinder/api/api_utils.py:83}}
Oct 14 02:25:03.780106 dv-cinder-845069-4-smb devstack@c-api.service[111406]: /usr/local/lib/python3.8/dist-packages/oslo_context/context.py:100: DeprecationWarning: Policy enforcement is depending on the value of is_admin. This key is deprecated. Please update your policy file to use the standard policy values.
Oct 14 02:25:03.780106 dv-cinder-845069-4-smb devstack@c-api.service[111406]: warnings.warn('Policy enforcement is depending on the value of '
Oct 14 02:25:03.781672 dv-cinder-845069-4-smb devstack@c-api.service[111406]: DEBUG cinder.volume.api [None req-7282a2e6-cf7a-4e61-83be-246353a4c5e8 tempest-GroupSnapshotsTest-969554918 tempest-GroupSnapshotsTest-969554918-project] Searching by: MultiDict([('no_migration_targets', True)]). {{(pid=111406) get_all /opt/stack/cinder/cinder/volume/api.py:664}}
Oct 14 02:25:03.785048 dv-cinder-845069-4-smb devstack@c-api.service[111404]: DEBUG cinder.api.openstack.wsgi [None req-5ebb1073-e87b-445f-95fd-fd2d12a972c3 tempest-QosSpecsTestJSON-175652427 tempest-QosSpecsTestJSON-175652427-project-admin] Empty body provided in request {{(pid=111404) get_body /opt/stack/cinder/cinder/api/openstack/wsgi.py:715}}
Oct 14 02:25:03.785775 dv-cinder-845069-4-smb devstack@c-api.service[111404]: DEBUG cinder.api.openstack.wsgi [None req-5ebb1073-e87b-445f-95fd-fd2d12a972c3 tempest-QosSpecsTestJSON-175652427 tempest-QosSpecsTestJSON-175652427-project-admin] Calling method 'associations' {{(pid=111404) _process_stack /opt/stack/cinder/cinder/api/openstack/wsgi.py:868}}
Oct 14 02:25:03.786692 dv-cinder-845069-4-smb devstack@c-api.service[111404]: /usr/local/lib/python3.8/dist-packages/oslo_context/context.py:100: DeprecationWarning: Policy enforcement is depending on the value of is_admin. This key is deprecated. Please update your policy file to use the standard policy values.
Oct 14 02:25:03.786692 dv-cinder-845069-4-smb devstack@c-api.service[111404]: warnings.warn('Policy enforcement is depending on the value of '
Oct 14 02:25:03.787721 dv-cinder-845069-4-smb devstack@c-api.service[111404]: DEBUG cinder.api.contrib.qos_specs_manage [None req-5ebb1073-e87b-445f-95fd-fd2d12a972c3 tempest-QosSpecsTestJSON-175652427 tempest-QosSpecsTestJSON-175652427-project-admin] Get associations for qos_spec id: 2fef65b4-6d4e-4b64-9a73-6f5b27839c82 {{(pid=111404) associations /opt/stack/cinder/cinder/api/contrib/qos_specs_manage.py:233}}
Oct 14 02:25:03.835685 dv-cinder-845069-4-smb devstack@c-api.service[111404]: INFO cinder.api.openstack.wsgi [None req-5ebb1073-e87b-445f-95fd-fd2d12a972c3 tempest-QosSpecsTestJSON-175652427 tempest-QosSpecsTestJSON-175652427-project-admin] http://10.222.0.16/volume/v3/a0077b4c1352433d974f1c1fc6b10f26/qos-specs/2fef65b4-6d4e-4b64-9a73-6f5b27839c82/associations returned with HTTP 200
Oct 14 02:25:03.836818 dv-cinder-845069-4-smb devstack@c-api.service[111404]: [pid: 111404|app: 0|req: 74/143] 10.222.0.16 () {58 vars in 1370 bytes} [Fri Oct 14 02:25:03 2022] GET /volume/v3/a0077b4c1352433d974f1c1fc6b10f26/qos-specs/2fef65b4-6d4e-4b64-9a73-6f5b27839c82/associations => generated 305 bytes in 68 msecs (HTTP/1.1 200) 7 headers in 285 bytes (1 switches on core 0)
Oct 14 02:25:03.844188 dv-cinder-845069-4-smb devstack@c-api.service[111404]: DEBUG cinder.api.middleware.request_id [None req-b72d899f-7424-4ad3-991c-d54907ae4504 None None] RequestId filter calling following filter/app {{(pid=111404) _context_setter /opt/stack/cinder/cinder/api/middleware/request_id.py:62}}
Oct 14 02:25:03.854968 dv-cinder-845069-4-smb devstack@c-api.service[111404]: INFO cinder.api.openstack.wsgi [None req-b72d899f-7424-4ad3-991c-d54907ae4504 tempest-QosSpecsTestJSON-175652427 tempest-QosSpecsTestJSON-175652427-project-admin] GET http://10.222.0.16/volume/v3/a0077b4c1352433d974f1c1fc6b10f26/qos-specs/2fef65b4-6d4e-4b64-9a73-6f5b27839c82/disassociate_all
Oct 14 02:25:03.855803 dv-cinder-845069-4-smb devstack@c-api.service[111404]: DEBUG cinder.api.openstack.wsgi [None req-b72d899f-7424-4ad3-991c-d54907ae4504 tempest-QosSpecsTestJSON-175652427 tempest-QosSpecsTestJSON-175652427-project-admin] Empty body provided in request {{(pid=111404) get_body /opt/stack/cinder/cinder/api/openstack/wsgi.py:715}}
Oct 14 02:25:03.856493 dv-cinder-845069-4-smb devstack@c-api.service[111404]: DEBUG cinder.api.openstack.wsgi [None req-b72d899f-7424-4ad3-991c-d54907ae4504 tempest-QosSpecsTestJSON-175652427 tempest-QosSpecsTestJSON-175652427-project-admin] Calling method 'disassociate_all' {{(pid=111404) _process_stack /opt/stack/cinder/cinder/api/openstack/wsgi.py:868}}
Oct 14 02:25:03.857375 dv-cinder-845069-4-smb devstack@c-api.service[111404]: /usr/local/lib/python3.8/dist-packages/oslo_context/context.py:100: DeprecationWarning: Policy enforcement is depending on the value of is_admin. This key is deprecated. Please update your policy file to use the standard policy values.
Oct 14 02:25:03.857375 dv-cinder-845069-4-smb devstack@c-api.service[111404]: warnings.warn('Policy enforcement is depending on the value of '
Oct 14 02:25:03.858395 dv-cinder-845069-4-smb devstack@c-api.service[111404]: DEBUG cinder.api.contrib.qos_specs_manage [None req-b72d899f-7424-4ad3-991c-d54907ae4504 tempest-QosSpecsTestJSON-175652427 tempest-QosSpecsTestJSON-175652427-project-admin] Disassociate qos_spec: 2fef65b4-6d4e-4b64-9a73-6f5b27839c82 from all. {{(pid=111404) disassociate_all /opt/stack/cinder/cinder/api/contrib/qos_specs_manage.py:361}}
Oct 14 02:25:03.895937 dv-cinder-845069-4-smb devstack@c-api.service[111406]: INFO cinder.volume.api [None req-7282a2e6-cf7a-4e61-83be-246353a4c5e8 tempest-GroupSnapshotsTest-969554918 tempest-GroupSnapshotsTest-969554918-project] Get all volumes completed successfully.
Oct 14 02:25:03.898887 dv-cinder-845069-4-smb devstack@c-api.service[111406]: WARNING stevedore.named [None req-7282a2e6-cf7a-4e61-83be-246353a4c5e8 tempest-GroupSnapshotsTest-969554918 tempest-GroupSnapshotsTest-969554918-project] Could not load cinder.keymgr.conf_key_mgr.ConfKeyManager
Oct 14 02:25:03.899720 dv-cinder-845069-4-smb devstack@c-api.service[111406]: WARNING castellan.key_manager [None req-7282a2e6-cf7a-4e61-83be-246353a4c5e8 tempest-GroupSnapshotsTest-969554918 tempest-GroupSnapshotsTest-969554918-project] Deprecation Warning : cinder.keymgr.conf_key_mgr.ConfKeyManager is not a stevedore based driver, trying to load it as a class: stevedore.exception.NoMatches: No 'castellan.drivers' driver found, looking for 'cinder.keymgr.conf_key_mgr.ConfKeyManager'
Oct 14 02:25:03.901577 dv-cinder-845069-4-smb devstack@c-api.service[111404]: INFO cinder.api.openstack.wsgi [None req-b72d899f-7424-4ad3-991c-d54907ae4504 tempest-QosSpecsTestJSON-175652427 tempest-QosSpecsTestJSON-175652427-project-admin] http://10.222.0.16/volume/v3/a0077b4c1352433d974f1c1fc6b10f26/qos-specs/2fef65b4-6d4e-4b64-9a73-6f5b27839c82/disassociate_all returned with HTTP 202
Oct 14 02:25:03.906110 dv-cinder-845069-4-smb devstack@c-api.service[111404]: [pid: 111404|app: 0|req: 75/144] 10.222.0.16 () {58 vars in 1382 bytes} [Fri Oct 14 02:25:03 2022] GET /volume/v3/a0077b4c1352433d974f1c1fc6b10f26/qos-specs/2fef65b4-6d4e-4b64-9a73-6f5b27839c82/disassociate_all => generated 0 bytes in 63 msecs (HTTP/1.1 202) 6 headers in 233 bytes (1 switches on core 0)
Oct 14 02:25:03.907936 dv-cinder-845069-4-smb devstack@c-api.service[111404]: DEBUG cinder.api.middleware.request_id [None req-87407585-e47f-4853-b33e-4f43c65ab75d None None] RequestId filter calling following filter/app {{(pid=111404) _context_setter /opt/stack/cinder/cinder/api/middleware/request_id.py:62}}
Oct 14 02:25:03.915471 dv-cinder-845069-4-smb devstack@c-api.service[111404]: INFO cinder.api.openstack.wsgi [None req-87407585-e47f-4853-b33e-4f43c65ab75d tempest-QosSpecsTestJSON-175652427 tempest-QosSpecsTestJSON-175652427-project-admin] GET http://10.222.0.16/volume/v3/a0077b4c1352433d974f1c1fc6b10f26/qos-specs/2fef65b4-6d4e-4b64-9a73-6f5b27839c82/associations
Oct 14 02:25:03.918171 dv-cinder-845069-4-smb devstack@c-api.service[111404]: DEBUG cinder.api.openstack.wsgi [None req-87407585-e47f-4853-b33e-4f43c65ab75d tempest-QosSpecsTestJSON-175652427 tempest-QosSpecsTestJSON-175652427-project-admin] Empty body provided in request {{(pid=111404) get_body /opt/stack/cinder/cinder/api/openstack/wsgi.py:715}}
Oct 14 02:25:03.919111 dv-cinder-845069-4-smb devstack@c-api.service[111404]: DEBUG cinder.api.openstack.wsgi [None req-87407585-e47f-4853-b33e-4f43c65ab75d tempest-QosSpecsTestJSON-175652427 tempest-QosSpecsTestJSON-175652427-project-admin] Calling method 'associations' {{(pid=111404) _process_stack /opt/stack/cinder/cinder/api/openstack/wsgi.py:868}}
Oct 14 02:25:03.920211 dv-cinder-845069-4-smb devstack@c-api.service[111404]: /usr/local/lib/python3.8/dist-packages/oslo_context/context.py:100: DeprecationWarning: Policy enforcement is depending on the value of is_admin. This key is deprecated. Please update your policy file to use the standard policy values.
Oct 14 02:25:03.920211 dv-cinder-845069-4-smb devstack@c-api.service[111404]: warnings.warn('Policy enforcement is depending on the value of '
Oct 14 02:25:03.921630 dv-cinder-845069-4-smb devstack@c-api.service[111404]: DEBUG cinder.api.contrib.qos_specs_manage [None req-87407585-e47f-4853-b33e-4f43c65ab75d tempest-QosSpecsTestJSON-175652427 tempest-QosSpecsTestJSON-175652427-project-admin] Get associations for qos_spec id: 2fef65b4-6d4e-4b64-9a73-6f5b27839c82 {{(pid=111404) associations /opt/stack/cinder/cinder/api/contrib/qos_specs_manage.py:233}}
Oct 14 02:25:03.926348 dv-cinder-845069-4-smb devstack@c-api.service[111406]: DEBUG oslo_db.sqlalchemy.engines [None req-7282a2e6-cf7a-4e61-83be-246353a4c5e8 tempest-GroupSnapshotsTest-969554918 tempest-GroupSnapshotsTest-969554918-project] MySQL server mode set to STRICT_TRANS_TABLES,STRICT_ALL_TABLES,NO_ZERO_IN_DATE,NO_ZERO_DATE,ERROR_FOR_DIVISION_BY_ZERO,TRADITIONAL,NO_ENGINE_SUBSTITUTION {{(pid=111406) _check_effective_sql_mode /usr/local/lib/python3.8/dist-packages/oslo_db/sqlalchemy/engines.py:314}}
Oct 14 02:25:03.936957 dv-cinder-845069-4-smb devstack@c-api.service[111406]: /usr/local/lib/python3.8/dist-packages/oslo_context/context.py:100: DeprecationWarning: Policy enforcement is depending on the value of is_admin. This key is deprecated. Please update your policy file to use the standard policy values.
Oct 14 02:25:03.936957 dv-cinder-845069-4-smb devstack@c-api.service[111406]: warnings.warn('Policy enforcement is depending on the value of '
Oct 14 02:25:03.951702 dv-cinder-845069-4-smb devstack@c-api.service[111406]: WARNING stevedore.named [None req-7282a2e6-cf7a-4e61-83be-246353a4c5e8 tempest-GroupSnapshotsTest-969554918 tempest-GroupSnapshotsTest-969554918-project] Could not load cinder.keymgr.conf_key_mgr.ConfKeyManager
Oct 14 02:25:03.953058 dv-cinder-845069-4-smb devstack@c-api.service[111404]: INFO cinder.api.openstack.wsgi [None req-87407585-e47f-4853-b33e-4f43c65ab75d tempest-QosSpecsTestJSON-175652427 tempest-QosSpecsTestJSON-175652427-project-admin] http://10.222.0.16/volume/v3/a0077b4c1352433d974f1c1fc6b10f26/qos-specs/2fef65b4-6d4e-4b64-9a73-6f5b27839c82/associations returned with HTTP 200
Oct 14 02:25:03.953775 dv-cinder-845069-4-smb devstack@c-api.service[111406]: WARNING castellan.key_manager [None req-7282a2e6-cf7a-4e61-83be-246353a4c5e8 tempest-GroupSnapshotsTest-969554918 tempest-GroupSnapshotsTest-969554918-project] Deprecation Warning : cinder.keymgr.conf_key_mgr.ConfKeyManager is not a stevedore based driver, trying to load it as a class: stevedore.exception.NoMatches: No 'castellan.drivers' driver found, looking for 'cinder.keymgr.conf_key_mgr.ConfKeyManager'
Oct 14 02:25:03.961285 dv-cinder-845069-4-smb devstack@c-api.service[111404]: [pid: 111404|app: 0|req: 76/145] 10.222.0.16 () {58 vars in 1370 bytes} [Fri Oct 14 02:25:03 2022] GET /volume/v3/a0077b4c1352433d974f1c1fc6b10f26/qos-specs/2fef65b4-6d4e-4b64-9a73-6f5b27839c82/associations => generated 24 bytes in 48 msecs (HTTP/1.1 200) 7 headers in 284 bytes (1 switches on core 0)
Oct 14 02:25:03.967754 dv-cinder-845069-4-smb devstack@c-api.service[111404]: DEBUG cinder.api.middleware.request_id [None req-734c6540-6dcc-4960-96d8-d82832eae377 None None] RequestId filter calling following filter/app {{(pid=111404) _context_setter /opt/stack/cinder/cinder/api/middleware/request_id.py:62}}
Oct 14 02:25:03.973372 dv-cinder-845069-4-smb devstack@c-api.service[111404]: INFO cinder.api.openstack.wsgi [None req-734c6540-6dcc-4960-96d8-d82832eae377 tempest-QosSpecsTestJSON-175652427 tempest-QosSpecsTestJSON-175652427-project-admin] POST http://10.222.0.16/volume/v3/a0077b4c1352433d974f1c1fc6b10f26/qos-specs
Oct 14 02:25:03.978905 dv-cinder-845069-4-smb devstack@c-api.service[111406]: DEBUG oslo_db.sqlalchemy.engines [None req-7282a2e6-cf7a-4e61-83be-246353a4c5e8 tempest-GroupSnapshotsTest-969554918 tempest-GroupSnapshotsTest-969554918-project] MySQL server mode set to STRICT_TRANS_TABLES,STRICT_ALL_TABLES,NO_ZERO_IN_DATE,NO_ZERO_DATE,ERROR_FOR_DIVISION_BY_ZERO,TRADITIONAL,NO_ENGINE_SUBSTITUTION {{(pid=111406) _check_effective_sql_mode /usr/local/lib/python3.8/dist-packages/oslo_db/sqlalchemy/engines.py:314}}
Oct 14 02:25:03.982966 dv-cinder-845069-4-smb devstack@c-api.service[111404]: DEBUG cinder.api.openstack.wsgi [None req-734c6540-6dcc-4960-96d8-d82832eae377 tempest-QosSpecsTestJSON-175652427 tempest-QosSpecsTestJSON-175652427-project-admin] Action: 'create', calling method: create, body: {"qos_specs": {"name": "tempest-QosSpecsTestJSON-qos-687563303", "consumer": "back-end"}} {{(pid=111404) _process_stack /opt/stack/cinder/cinder/api/openstack/wsgi.py:866}}
Oct 14 02:25:03.988338 dv-cinder-845069-4-smb devstack@c-api.service[111406]: /usr/local/lib/python3.8/dist-packages/oslo_context/context.py:100: DeprecationWarning: Policy enforcement is depending on the value of is_admin. This key is deprecated. Please update your policy file to use the standard policy values.
