Jun 08 02:06:11.206002 dv-cinder-845069-1-iscsi devstack@c-api.service[111036]: INFO cinder.volume.api [None req-666f585f-329a-4ddb-a267-fbc620cdfb80 tempest-DeleteServersTestJSON-2097106789 tempest-DeleteServersTestJSON-2097106789-project] Volume info retrieved successfully.
Jun 08 02:06:11.217052 dv-cinder-845069-1-iscsi devstack@c-api.service[111036]: INFO cinder.api.openstack.wsgi [None req-666f585f-329a-4ddb-a267-fbc620cdfb80 tempest-DeleteServersTestJSON-2097106789 tempest-DeleteServersTestJSON-2097106789-project] http://10.222.0.20/volume/v3/16b90d01b80e450b9357d02c245c9531/volumes/a2fbbfea-ea7c-45e8-aaf8-28e8c8750dc4 returned with HTTP 200
Jun 08 02:06:11.217776 dv-cinder-845069-1-iscsi devstack@c-api.service[111036]: [pid: 111036|app: 0|req: 158/363] 10.222.0.20 () {58 vars in 1324 bytes} [Wed Jun 8 02:06:11 2022] GET /volume/v3/16b90d01b80e450b9357d02c245c9531/volumes/a2fbbfea-ea7c-45e8-aaf8-28e8c8750dc4 => generated 913 bytes in 53 msecs (HTTP/1.1 200) 7 headers in 285 bytes (1 switches on core 0)
Jun 08 02:06:11.227939 dv-cinder-845069-1-iscsi devstack@c-api.service[111037]: DEBUG cinder.api.middleware.request_id [None req-ed11f187-9bb8-4bbb-8846-27904eafb477 None None] RequestId filter calling following filter/app {{(pid=111037) _context_setter /opt/stack/cinder/cinder/api/middleware/request_id.py:62}}
Jun 08 02:06:11.351385 dv-cinder-845069-1-iscsi devstack@c-api.service[111036]: DEBUG cinder.api.middleware.request_id [None req-379d8cb2-4569-45cc-866a-9fad0ebf618d None None] RequestId filter calling following filter/app {{(pid=111036) _context_setter /opt/stack/cinder/cinder/api/middleware/request_id.py:62}}
Jun 08 02:06:11.355325 dv-cinder-845069-1-iscsi devstack@c-api.service[111036]: INFO cinder.api.openstack.wsgi [None req-379d8cb2-4569-45cc-866a-9fad0ebf618d tempest-GroupSnapshotsTest-797407357 tempest-GroupSnapshotsTest-797407357-project] GET http://10.222.0.20/volume/v3/535b95f50fc4478da650335cd45e6caf/groups/055a79bf-4fc5-438c-978e-26ab62c73fc0
Jun 08 02:06:11.355876 dv-cinder-845069-1-iscsi devstack@c-api.service[111036]: DEBUG cinder.api.openstack.wsgi [None req-379d8cb2-4569-45cc-866a-9fad0ebf618d tempest-GroupSnapshotsTest-797407357 tempest-GroupSnapshotsTest-797407357-project] Empty body provided in request {{(pid=111036) get_body /opt/stack/cinder/cinder/api/openstack/wsgi.py:715}}
Jun 08 02:06:11.356420 dv-cinder-845069-1-iscsi devstack@c-api.service[111036]: DEBUG cinder.api.openstack.wsgi [None req-379d8cb2-4569-45cc-866a-9fad0ebf618d tempest-GroupSnapshotsTest-797407357 tempest-GroupSnapshotsTest-797407357-project] Calling method 'version_select' {{(pid=111036) _process_stack /opt/stack/cinder/cinder/api/openstack/wsgi.py:868}}
Jun 08 02:06:11.356827 dv-cinder-845069-1-iscsi devstack@c-api.service[111036]: DEBUG cinder.api.v3.groups [None req-379d8cb2-4569-45cc-866a-9fad0ebf618d tempest-GroupSnapshotsTest-797407357 tempest-GroupSnapshotsTest-797407357-project] show called for member 055a79bf-4fc5-438c-978e-26ab62c73fc0 {{(pid=111036) show /opt/stack/cinder/cinder/api/v3/groups.py:58}}
Jun 08 02:06:11.365874 dv-cinder-845069-1-iscsi devstack@c-api.service[111036]: /usr/local/lib/python3.8/dist-packages/oslo_context/context.py:100: DeprecationWarning: Policy enforcement is depending on the value of is_admin. This key is deprecated. Please update your policy file to use the standard policy values.
Jun 08 02:06:11.365874 dv-cinder-845069-1-iscsi devstack@c-api.service[111036]: warnings.warn('Policy enforcement is depending on the value of '
Jun 08 02:06:11.382334 dv-cinder-845069-1-iscsi devstack@c-api.service[111036]: INFO cinder.api.openstack.wsgi [None req-379d8cb2-4569-45cc-866a-9fad0ebf618d tempest-GroupSnapshotsTest-797407357 tempest-GroupSnapshotsTest-797407357-project] http://10.222.0.20/volume/v3/535b95f50fc4478da650335cd45e6caf/groups/055a79bf-4fc5-438c-978e-26ab62c73fc0 returned with HTTP 200
Jun 08 02:06:11.383323 dv-cinder-845069-1-iscsi devstack@c-api.service[111036]: [pid: 111036|app: 0|req: 159/364] 10.222.0.20 () {60 vars in 1362 bytes} [Wed Jun 8 02:06:11 2022] GET /volume/v3/535b95f50fc4478da650335cd45e6caf/groups/055a79bf-4fc5-438c-978e-26ab62c73fc0 => generated 392 bytes in 33 msecs (HTTP/1.1 200) 7 headers in 286 bytes (2 switches on core 0)
Jun 08 02:06:11.391325 dv-cinder-845069-1-iscsi devstack@c-api.service[111036]: DEBUG cinder.api.middleware.request_id [None req-4fef858f-1c61-45d0-97e6-4ac70b774d41 None None] RequestId filter calling following filter/app {{(pid=111036) _context_setter /opt/stack/cinder/cinder/api/middleware/request_id.py:62}}
Jun 08 02:06:11.396949 dv-cinder-845069-1-iscsi devstack@c-api.service[111036]: INFO cinder.api.openstack.wsgi [None req-4fef858f-1c61-45d0-97e6-4ac70b774d41 tempest-GroupSnapshotsTest-797407357 tempest-GroupSnapshotsTest-797407357-project] GET http://10.222.0.20/volume/v3/535b95f50fc4478da650335cd45e6caf/volumes/detail
Jun 08 02:06:11.397870 dv-cinder-845069-1-iscsi devstack@c-api.service[111036]: DEBUG cinder.api.openstack.wsgi [None req-4fef858f-1c61-45d0-97e6-4ac70b774d41 tempest-GroupSnapshotsTest-797407357 tempest-GroupSnapshotsTest-797407357-project] Empty body provided in request {{(pid=111036) get_body /opt/stack/cinder/cinder/api/openstack/wsgi.py:715}}
Jun 08 02:06:11.398237 dv-cinder-845069-1-iscsi devstack@c-api.service[111036]: DEBUG cinder.api.openstack.wsgi [None req-4fef858f-1c61-45d0-97e6-4ac70b774d41 tempest-GroupSnapshotsTest-797407357 tempest-GroupSnapshotsTest-797407357-project] Calling method 'detail' {{(pid=111036) _process_stack /opt/stack/cinder/cinder/api/openstack/wsgi.py:868}}
Jun 08 02:06:11.398889 dv-cinder-845069-1-iscsi devstack@c-api.service[111036]: DEBUG cinder.api.api_utils [None req-4fef858f-1c61-45d0-97e6-4ac70b774d41 tempest-GroupSnapshotsTest-797407357 tempest-GroupSnapshotsTest-797407357-project] Removing options '' from query. {{(pid=111036) remove_invalid_filter_options /opt/stack/cinder/cinder/api/api_utils.py:73}}
Jun 08 02:06:11.400249 dv-cinder-845069-1-iscsi devstack@c-api.service[111036]: /usr/local/lib/python3.8/dist-packages/oslo_context/context.py:100: DeprecationWarning: Policy enforcement is depending on the value of is_admin. This key is deprecated. Please update your policy file to use the standard policy values.
Jun 08 02:06:11.400249 dv-cinder-845069-1-iscsi devstack@c-api.service[111036]: warnings.warn('Policy enforcement is depending on the value of '
Jun 08 02:06:11.401569 dv-cinder-845069-1-iscsi devstack@c-api.service[111036]: DEBUG cinder.volume.api [None req-4fef858f-1c61-45d0-97e6-4ac70b774d41 tempest-GroupSnapshotsTest-797407357 tempest-GroupSnapshotsTest-797407357-project] Searching by: MultiDict([('no_migration_targets', True)]). {{(pid=111036) get_all /opt/stack/cinder/cinder/volume/api.py:664}}
Jun 08 02:06:11.457035 dv-cinder-845069-1-iscsi devstack@c-api.service[111036]: INFO cinder.volume.api [None req-4fef858f-1c61-45d0-97e6-4ac70b774d41 tempest-GroupSnapshotsTest-797407357 tempest-GroupSnapshotsTest-797407357-project] Get all volumes completed successfully.
Jun 08 02:06:11.459378 dv-cinder-845069-1-iscsi devstack@c-api.service[111036]: WARNING stevedore.named [None req-4fef858f-1c61-45d0-97e6-4ac70b774d41 tempest-GroupSnapshotsTest-797407357 tempest-GroupSnapshotsTest-797407357-project] Could not load cinder.keymgr.conf_key_mgr.ConfKeyManager
Jun 08 02:06:11.460057 dv-cinder-845069-1-iscsi devstack@c-api.service[111036]: WARNING castellan.key_manager [None req-4fef858f-1c61-45d0-97e6-4ac70b774d41 tempest-GroupSnapshotsTest-797407357 tempest-GroupSnapshotsTest-797407357-project] Deprecation Warning : cinder.keymgr.conf_key_mgr.ConfKeyManager is not a stevedore based driver, trying to load it as a class: stevedore.exception.NoMatches: No 'castellan.drivers' driver found, looking for 'cinder.keymgr.conf_key_mgr.ConfKeyManager'
Jun 08 02:06:11.469525 dv-cinder-845069-1-iscsi devstack@c-api.service[111036]: DEBUG oslo_db.sqlalchemy.engines [None req-4fef858f-1c61-45d0-97e6-4ac70b774d41 tempest-GroupSnapshotsTest-797407357 tempest-GroupSnapshotsTest-797407357-project] MySQL server mode set to STRICT_TRANS_TABLES,STRICT_ALL_TABLES,NO_ZERO_IN_DATE,NO_ZERO_DATE,ERROR_FOR_DIVISION_BY_ZERO,TRADITIONAL,NO_ENGINE_SUBSTITUTION {{(pid=111036) _check_effective_sql_mode /usr/local/lib/python3.8/dist-packages/oslo_db/sqlalchemy/engines.py:314}}
Jun 08 02:06:11.476115 dv-cinder-845069-1-iscsi devstack@c-api.service[111036]: /usr/local/lib/python3.8/dist-packages/oslo_context/context.py:100: DeprecationWarning: Policy enforcement is depending on the value of is_admin. This key is deprecated. Please update your policy file to use the standard policy values.
Jun 08 02:06:11.476115 dv-cinder-845069-1-iscsi devstack@c-api.service[111036]: warnings.warn('Policy enforcement is depending on the value of '
Jun 08 02:06:11.483445 dv-cinder-845069-1-iscsi devstack@c-api.service[111036]: WARNING stevedore.named [None req-4fef858f-1c61-45d0-97e6-4ac70b774d41 tempest-GroupSnapshotsTest-797407357 tempest-GroupSnapshotsTest-797407357-project] Could not load cinder.keymgr.conf_key_mgr.ConfKeyManager
Jun 08 02:06:11.484186 dv-cinder-845069-1-iscsi devstack@c-api.service[111036]: WARNING castellan.key_manager [None req-4fef858f-1c61-45d0-97e6-4ac70b774d41 tempest-GroupSnapshotsTest-797407357 tempest-GroupSnapshotsTest-797407357-project] Deprecation Warning : cinder.keymgr.conf_key_mgr.ConfKeyManager is not a stevedore based driver, trying to load it as a class: stevedore.exception.NoMatches: No 'castellan.drivers' driver found, looking for 'cinder.keymgr.conf_key_mgr.ConfKeyManager'
Jun 08 02:06:11.493810 dv-cinder-845069-1-iscsi devstack@c-api.service[111036]: DEBUG oslo_db.sqlalchemy.engines [None req-4fef858f-1c61-45d0-97e6-4ac70b774d41 tempest-GroupSnapshotsTest-797407357 tempest-GroupSnapshotsTest-797407357-project] MySQL server mode set to STRICT_TRANS_TABLES,STRICT_ALL_TABLES,NO_ZERO_IN_DATE,NO_ZERO_DATE,ERROR_FOR_DIVISION_BY_ZERO,TRADITIONAL,NO_ENGINE_SUBSTITUTION {{(pid=111036) _check_effective_sql_mode /usr/local/lib/python3.8/dist-packages/oslo_db/sqlalchemy/engines.py:314}}
Jun 08 02:06:11.500657 dv-cinder-845069-1-iscsi devstack@c-api.service[111036]: /usr/local/lib/python3.8/dist-packages/oslo_context/context.py:100: DeprecationWarning: Policy enforcement is depending on the value of is_admin. This key is deprecated. Please update your policy file to use the standard policy values.
Jun 08 02:06:11.500657 dv-cinder-845069-1-iscsi devstack@c-api.service[111036]: warnings.warn('Policy enforcement is depending on the value of '
Jun 08 02:06:11.500860 dv-cinder-845069-1-iscsi devstack@c-api.service[111037]: INFO cinder.api.openstack.wsgi [None req-ed11f187-9bb8-4bbb-8846-27904eafb477 tempest-VolumesActionsTest-813463217 tempest-VolumesActionsTest-813463217-project] POST http://10.222.0.20/volume/v3/0ad279d66db848f69065713aa5be63b1/volumes
Jun 08 02:06:11.501549 dv-cinder-845069-1-iscsi devstack@c-api.service[111037]: DEBUG cinder.api.openstack.wsgi [None req-ed11f187-9bb8-4bbb-8846-27904eafb477 tempest-VolumesActionsTest-813463217 tempest-VolumesActionsTest-813463217-project] Action: 'create', calling method: create, body: {"volume": {"size": 1, "name": "tempest-VolumesActionsTest-Volume-1342483348"}} {{(pid=111037) _process_stack /opt/stack/cinder/cinder/api/openstack/wsgi.py:866}}
Jun 08 02:06:11.502672 dv-cinder-845069-1-iscsi devstack@c-api.service[111037]: DEBUG cinder.api.v3.volumes [None req-ed11f187-9bb8-4bbb-8846-27904eafb477 tempest-VolumesActionsTest-813463217 tempest-VolumesActionsTest-813463217-project] Create volume request body: {'volume': {'size': 1, 'name': 'tempest-VolumesActionsTest-Volume-1342483348'}} {{(pid=111037) create /opt/stack/cinder/cinder/api/v3/volumes.py:298}}
Jun 08 02:06:11.502994 dv-cinder-845069-1-iscsi devstack@c-api.service[111037]: INFO cinder.api.v3.volumes [None req-ed11f187-9bb8-4bbb-8846-27904eafb477 tempest-VolumesActionsTest-813463217 tempest-VolumesActionsTest-813463217-project] Create volume of 1 GB
Jun 08 02:06:11.511140 dv-cinder-845069-1-iscsi devstack@c-api.service[111037]: INFO cinder.volume.api [None req-ed11f187-9bb8-4bbb-8846-27904eafb477 tempest-VolumesActionsTest-813463217 tempest-VolumesActionsTest-813463217-project] Availability Zones retrieved successfully.
Jun 08 02:06:11.517010 dv-cinder-845069-1-iscsi devstack@c-api.service[111036]: INFO cinder.api.openstack.wsgi [None req-4fef858f-1c61-45d0-97e6-4ac70b774d41 tempest-GroupSnapshotsTest-797407357 tempest-GroupSnapshotsTest-797407357-project] http://10.222.0.20/volume/v3/535b95f50fc4478da650335cd45e6caf/volumes/detail returned with HTTP 200
Jun 08 02:06:11.517751 dv-cinder-845069-1-iscsi devstack@c-api.service[111036]: [pid: 111036|app: 0|req: 160/365] 10.222.0.20 () {60 vars in 1275 bytes} [Wed Jun 8 02:06:11 2022] GET /volume/v3/535b95f50fc4478da650335cd45e6caf/volumes/detail => generated 1995 bytes in 128 msecs (HTTP/1.1 200) 7 headers in 287 bytes (1 switches on core 0)
Jun 08 02:06:11.525943 dv-cinder-845069-1-iscsi devstack@c-api.service[111036]: DEBUG cinder.api.middleware.request_id [None req-6797bfd0-899c-4fa5-aabb-a304dd442441 None None] RequestId filter calling following filter/app {{(pid=111036) _context_setter /opt/stack/cinder/cinder/api/middleware/request_id.py:62}}
Jun 08 02:06:11.532714 dv-cinder-845069-1-iscsi devstack@c-api.service[111037]: DEBUG cinder.volume.api [None req-ed11f187-9bb8-4bbb-8846-27904eafb477 tempest-VolumesActionsTest-813463217 tempest-VolumesActionsTest-813463217-project] Flow 'volume_create_api' (ea851ce0-7025-4c11-bc5f-dc6df1e78765) transitioned into state 'RUNNING' from state 'PENDING' {{(pid=111037) _flow_receiver /usr/local/lib/python3.8/dist-packages/taskflow/listeners/logging.py:141}}
Jun 08 02:06:11.534793 dv-cinder-845069-1-iscsi devstack@c-api.service[111036]: INFO cinder.api.openstack.wsgi [None req-6797bfd0-899c-4fa5-aabb-a304dd442441 tempest-VolumesDeleteCascade-858102098 tempest-VolumesDeleteCascade-858102098-project] GET http://10.222.0.20/volume/v3/ec53ef2af50d4fd4b183df0a86073377/snapshots/b37d4f57-ff1f-490f-9cfa-6965b960a1d2
Jun 08 02:06:11.535196 dv-cinder-845069-1-iscsi devstack@c-api.service[111037]: DEBUG cinder.volume.api [None req-ed11f187-9bb8-4bbb-8846-27904eafb477 tempest-VolumesActionsTest-813463217 tempest-VolumesActionsTest-813463217-project] Task 'cinder.volume.flows.api.create_volume.ExtractVolumeRequestTask;volume:create' (59c5554b-2f62-41a0-8445-271c6bb29ea0) transitioned into state 'RUNNING' from state 'PENDING' {{(pid=111037) _task_receiver /usr/local/lib/python3.8/dist-packages/taskflow/listeners/logging.py:190}}
Jun 08 02:06:11.536137 dv-cinder-845069-1-iscsi devstack@c-api.service[111036]: DEBUG cinder.api.openstack.wsgi [None req-6797bfd0-899c-4fa5-aabb-a304dd442441 tempest-VolumesDeleteCascade-858102098 tempest-VolumesDeleteCascade-858102098-project] Empty body provided in request {{(pid=111036) get_body /opt/stack/cinder/cinder/api/openstack/wsgi.py:715}}
Jun 08 02:06:11.536684 dv-cinder-845069-1-iscsi devstack@c-api.service[111036]: DEBUG cinder.api.openstack.wsgi [None req-6797bfd0-899c-4fa5-aabb-a304dd442441 tempest-VolumesDeleteCascade-858102098 tempest-VolumesDeleteCascade-858102098-project] Calling method 'show' {{(pid=111036) _process_stack /opt/stack/cinder/cinder/api/openstack/wsgi.py:868}}
Jun 08 02:06:11.538971 dv-cinder-845069-1-iscsi devstack@c-api.service[111037]: DEBUG cinder.volume.flows.api.create_volume [None req-ed11f187-9bb8-4bbb-8846-27904eafb477 tempest-VolumesActionsTest-813463217 tempest-VolumesActionsTest-813463217-project] Validating volume size '1' using validate_int {{(pid=111037) _extract_size /opt/stack/cinder/cinder/volume/flows/api/create_volume.py:228}}
Jun 08 02:06:11.548629 dv-cinder-845069-1-iscsi devstack@c-api.service[111036]: /usr/local/lib/python3.8/dist-packages/oslo_context/context.py:100: DeprecationWarning: Policy enforcement is depending on the value of is_admin. This key is deprecated. Please update your policy file to use the standard policy values.
Jun 08 02:06:11.548629 dv-cinder-845069-1-iscsi devstack@c-api.service[111036]: warnings.warn('Policy enforcement is depending on the value of '
Jun 08 02:06:11.550266 dv-cinder-845069-1-iscsi devstack@c-api.service[111036]: INFO cinder.volume.api [None req-6797bfd0-899c-4fa5-aabb-a304dd442441 tempest-VolumesDeleteCascade-858102098 tempest-VolumesDeleteCascade-858102098-project] Snapshot retrieved successfully.
Jun 08 02:06:11.551820 dv-cinder-845069-1-iscsi devstack@c-api.service[111036]: INFO cinder.api.openstack.wsgi [None req-6797bfd0-899c-4fa5-aabb-a304dd442441 tempest-VolumesDeleteCascade-858102098 tempest-VolumesDeleteCascade-858102098-project] http://10.222.0.20/volume/v3/ec53ef2af50d4fd4b183df0a86073377/snapshots/b37d4f57-ff1f-490f-9cfa-6965b960a1d2 returned with HTTP 200
Jun 08 02:06:11.558198 dv-cinder-845069-1-iscsi devstack@c-api.service[111036]: [pid: 111036|app: 0|req: 161/366] 10.222.0.20 () {58 vars in 1330 bytes} [Wed Jun 8 02:06:11 2022] GET /volume/v3/ec53ef2af50d4fd4b183df0a86073377/snapshots/b37d4f57-ff1f-490f-9cfa-6965b960a1d2 => generated 465 bytes in 35 msecs (HTTP/1.1 200) 7 headers in 285 bytes (1 switches on core 0)
Jun 08 02:06:11.558198 dv-cinder-845069-1-iscsi devstack@c-api.service[111036]: DEBUG cinder.api.middleware.request_id [None req-8c77d158-c6ae-4444-9f88-d89931166abe None None] RequestId filter calling following filter/app {{(pid=111036) _context_setter /opt/stack/cinder/cinder/api/middleware/request_id.py:62}}
Jun 08 02:06:11.558198 dv-cinder-845069-1-iscsi devstack@c-api.service[111036]: INFO cinder.api.openstack.wsgi [None req-8c77d158-c6ae-4444-9f88-d89931166abe tempest-GroupsV314Test-208709986 tempest-GroupsV314Test-208709986-project] GET http://10.222.0.20/volume/v3/46a6939ef23042c6abc2a3683ed9b11b/volumes/ad86b2a2-2b2d-4140-86af-f05278e3f0ad
Jun 08 02:06:11.558529 dv-cinder-845069-1-iscsi devstack@c-api.service[111036]: DEBUG cinder.api.openstack.wsgi [None req-8c77d158-c6ae-4444-9f88-d89931166abe tempest-GroupsV314Test-208709986 tempest-GroupsV314Test-208709986-project] Empty body provided in request {{(pid=111036) get_body /opt/stack/cinder/cinder/api/openstack/wsgi.py:715}}
Jun 08 02:06:11.559471 dv-cinder-845069-1-iscsi devstack@c-api.service[111036]: DEBUG cinder.api.openstack.wsgi [None req-8c77d158-c6ae-4444-9f88-d89931166abe tempest-GroupsV314Test-208709986 tempest-GroupsV314Test-208709986-project] Calling method 'show' {{(pid=111036) _process_stack /opt/stack/cinder/cinder/api/openstack/wsgi.py:868}}
Jun 08 02:06:11.574666 dv-cinder-845069-1-iscsi devstack@c-api.service[111036]: /usr/local/lib/python3.8/dist-packages/oslo_context/context.py:100: DeprecationWarning: Policy enforcement is depending on the value of is_admin. This key is deprecated. Please update your policy file to use the standard policy values.
Jun 08 02:06:11.574666 dv-cinder-845069-1-iscsi devstack@c-api.service[111036]: warnings.warn('Policy enforcement is depending on the value of '
Jun 08 02:06:11.578621 dv-cinder-845069-1-iscsi devstack@c-api.service[111037]: DEBUG cinder.volume.api [None req-ed11f187-9bb8-4bbb-8846-27904eafb477 tempest-VolumesActionsTest-813463217 tempest-VolumesActionsTest-813463217-project] Task 'cinder.volume.flows.api.create_volume.ExtractVolumeRequestTask;volume:create' (59c5554b-2f62-41a0-8445-271c6bb29ea0) transitioned into state 'SUCCESS' from state 'RUNNING' with result '{'size': 1, 'snapshot_id': None, 'source_volid': None, 'volume_type': VolumeType(created_at=2022-06-08T01:54:57Z,deleted=False,deleted_at=None,description='Default Volume Type',extra_specs={},id=fa5a6038-d601-4c40-ae28-8aa691e3f20d,is_public=True,name='__DEFAULT__',projects=[],qos_specs=,qos_specs_id=None,updated_at=2022-06-08T01:54:57Z), 'volume_type_id': 'fa5a6038-d601-4c40-ae28-8aa691e3f20d', 'encryption_key_id': None, 'qos_specs': None, 'consistencygroup_id': None, 'cgsnapshot_id': None, 'group_id': None, 'replication_status': 'disabled', 'refresh_az': False, 'backup_id': None, 'multiattach': False, 'availability_zones': ['nova']}' {{(pid=111037) _task_receiver /usr/local/lib/python3.8/dist-packages/taskflow/listeners/logging.py:178}}
Jun 08 02:06:11.580787 dv-cinder-845069-1-iscsi devstack@c-api.service[111037]: DEBUG cinder.volume.api [None req-ed11f187-9bb8-4bbb-8846-27904eafb477 tempest-VolumesActionsTest-813463217 tempest-VolumesActionsTest-813463217-project] Task 'cinder.volume.flows.api.create_volume.QuotaReserveTask;volume:create' (fb0654eb-b635-4765-bc3d-2ad7995c156a) transitioned into state 'RUNNING' from state 'PENDING' {{(pid=111037) _task_receiver /usr/local/lib/python3.8/dist-packages/taskflow/listeners/logging.py:190}}
Jun 08 02:06:11.582270 dv-cinder-845069-1-iscsi devstack@c-api.service[111036]: INFO cinder.volume.api [None req-8c77d158-c6ae-4444-9f88-d89931166abe tempest-GroupsV314Test-208709986 tempest-GroupsV314Test-208709986-project] Volume info retrieved successfully.
Jun 08 02:06:11.583681 dv-cinder-845069-1-iscsi devstack@c-api.service[111036]: WARNING stevedore.named [None req-8c77d158-c6ae-4444-9f88-d89931166abe tempest-GroupsV314Test-208709986 tempest-GroupsV314Test-208709986-project] Could not load cinder.keymgr.conf_key_mgr.ConfKeyManager
Jun 08 02:06:11.584087 dv-cinder-845069-1-iscsi devstack@c-api.service[111036]: WARNING castellan.key_manager [None req-8c77d158-c6ae-4444-9f88-d89931166abe tempest-GroupsV314Test-208709986 tempest-GroupsV314Test-208709986-project] Deprecation Warning : cinder.keymgr.conf_key_mgr.ConfKeyManager is not a stevedore based driver, trying to load it as a class: stevedore.exception.NoMatches: No 'castellan.drivers' driver found, looking for 'cinder.keymgr.conf_key_mgr.ConfKeyManager'
Jun 08 02:06:11.591506 dv-cinder-845069-1-iscsi devstack@c-api.service[111036]: DEBUG oslo_db.sqlalchemy.engines [None req-8c77d158-c6ae-4444-9f88-d89931166abe tempest-GroupsV314Test-208709986 tempest-GroupsV314Test-208709986-project] MySQL server mode set to STRICT_TRANS_TABLES,STRICT_ALL_TABLES,NO_ZERO_IN_DATE,NO_ZERO_DATE,ERROR_FOR_DIVISION_BY_ZERO,TRADITIONAL,NO_ENGINE_SUBSTITUTION {{(pid=111036) _check_effective_sql_mode /usr/local/lib/python3.8/dist-packages/oslo_db/sqlalchemy/engines.py:314}}
Jun 08 02:06:11.599320 dv-cinder-845069-1-iscsi devstack@c-api.service[111036]: /usr/local/lib/python3.8/dist-packages/oslo_context/context.py:100: DeprecationWarning: Policy enforcement is depending on the value of is_admin. This key is deprecated. Please update your policy file to use the standard policy values.
Jun 08 02:06:11.599320 dv-cinder-845069-1-iscsi devstack@c-api.service[111036]: warnings.warn('Policy enforcement is depending on the value of '
Jun 08 02:06:11.615083 dv-cinder-845069-1-iscsi devstack@c-api.service[111036]: INFO cinder.api.openstack.wsgi [None req-8c77d158-c6ae-4444-9f88-d89931166abe tempest-GroupsV314Test-208709986 tempest-GroupsV314Test-208709986-project] http://10.222.0.20/volume/v3/46a6939ef23042c6abc2a3683ed9b11b/volumes/ad86b2a2-2b2d-4140-86af-f05278e3f0ad returned with HTTP 200
Jun 08 02:06:11.615842 dv-cinder-845069-1-iscsi devstack@c-api.service[111036]: [pid: 111036|app: 0|req: 162/367] 10.222.0.20 () {60 vars in 1365 bytes} [Wed Jun 8 02:06:11 2022] GET /volume/v3/46a6939ef23042c6abc2a3683ed9b11b/volumes/ad86b2a2-2b2d-4140-86af-f05278e3f0ad => generated 987 bytes in 62 msecs (HTTP/1.1 200) 7 headers in 286 bytes (1 switches on core 0)
Jun 08 02:06:11.617069 dv-cinder-845069-1-iscsi devstack@c-api.service[111036]: DEBUG cinder.api.middleware.request_id [None req-a16aff06-8f52-4317-9fec-b10908f77df9 None None] RequestId filter calling following filter/app {{(pid=111036) _context_setter /opt/stack/cinder/cinder/api/middleware/request_id.py:62}}
Jun 08 02:06:11.621158 dv-cinder-845069-1-iscsi devstack@c-api.service[111036]: INFO cinder.api.openstack.wsgi [None req-a16aff06-8f52-4317-9fec-b10908f77df9 tempest-GroupSnapshotsTest-797407357 tempest-GroupSnapshotsTest-797407357-project] POST http://10.222.0.20/volume/v3/535b95f50fc4478da650335cd45e6caf/group_snapshots
Jun 08 02:06:11.622052 dv-cinder-845069-1-iscsi devstack@c-api.service[111036]: DEBUG cinder.api.openstack.wsgi [None req-a16aff06-8f52-4317-9fec-b10908f77df9 tempest-GroupSnapshotsTest-797407357 tempest-GroupSnapshotsTest-797407357-project] Action: 'create', calling method: version_select, body: {"group_snapshot": {"group_id": "055a79bf-4fc5-438c-978e-26ab62c73fc0", "name": "tempest-GroupSnapshotsTest-Group_Snapshot-1341797267"}} {{(pid=111036) _process_stack /opt/stack/cinder/cinder/api/openstack/wsgi.py:866}}
Jun 08 02:06:11.623078 dv-cinder-845069-1-iscsi devstack@c-api.service[111036]: DEBUG cinder.api.v3.group_snapshots [None req-a16aff06-8f52-4317-9fec-b10908f77df9 tempest-GroupSnapshotsTest-797407357 tempest-GroupSnapshotsTest-797407357-project] Creating new group_snapshot {'group_snapshot': {'group_id': '055a79bf-4fc5-438c-978e-26ab62c73fc0', 'name': 'tempest-GroupSnapshotsTest-Group_Snapshot-1341797267'}} {{(pid=111036) create /opt/stack/cinder/cinder/api/v3/group_snapshots.py:154}}
Jun 08 02:06:11.629745 dv-cinder-845069-1-iscsi devstack@c-api.service[111036]: /usr/local/lib/python3.8/dist-packages/oslo_context/context.py:100: DeprecationWarning: Policy enforcement is depending on the value of is_admin. This key is deprecated. Please update your policy file to use the standard policy values.
Jun 08 02:06:11.629745 dv-cinder-845069-1-iscsi devstack@c-api.service[111036]: warnings.warn('Policy enforcement is depending on the value of '
Jun 08 02:06:11.635574 dv-cinder-845069-1-iscsi devstack@c-api.service[111036]: INFO cinder.api.v3.group_snapshots [None req-a16aff06-8f52-4317-9fec-b10908f77df9 tempest-GroupSnapshotsTest-797407357 tempest-GroupSnapshotsTest-797407357-project] Creating group_snapshot tempest-GroupSnapshotsTest-Group_Snapshot-1341797267.
Jun 08 02:06:11.685071 dv-cinder-845069-1-iscsi devstack@c-api.service[111036]: /usr/local/lib/python3.8/dist-packages/oslo_context/context.py:100: DeprecationWarning: Policy enforcement is depending on the value of is_admin. This key is deprecated. Please update your policy file to use the standard policy values.
Jun 08 02:06:11.685071 dv-cinder-845069-1-iscsi devstack@c-api.service[111036]: warnings.warn('Policy enforcement is depending on the value of '
Jun 08 02:06:11.687475 dv-cinder-845069-1-iscsi devstack@c-api.service[111037]: DEBUG cinder.quota [None req-ed11f187-9bb8-4bbb-8846-27904eafb477 tempest-VolumesActionsTest-813463217 tempest-VolumesActionsTest-813463217-project] Created reservations ['f1b9c649-0076-4d41-b99f-d37ad7237bd1', 'beac4613-dc8b-4291-8b7b-0a3732229dc8', '464dcf0a-d606-4a4f-bd2b-4bd5e7cea75b', 'ca1eec5d-4334-4b57-93f7-765357452f47'] {{(pid=111037) reserve /opt/stack/cinder/cinder/quota.py:755}}
Jun 08 02:06:11.690342 dv-cinder-845069-1-iscsi devstack@c-api.service[111037]: DEBUG cinder.volume.api [None req-ed11f187-9bb8-4bbb-8846-27904eafb477 tempest-VolumesActionsTest-813463217 tempest-VolumesActionsTest-813463217-project] Task 'cinder.volume.flows.api.create_volume.QuotaReserveTask;volume:create' (fb0654eb-b635-4765-bc3d-2ad7995c156a) transitioned into state 'SUCCESS' from state 'RUNNING' with result '{'reservations': ['f1b9c649-0076-4d41-b99f-d37ad7237bd1', 'beac4613-dc8b-4291-8b7b-0a3732229dc8', '464dcf0a-d606-4a4f-bd2b-4bd5e7cea75b', 'ca1eec5d-4334-4b57-93f7-765357452f47']}' {{(pid=111037) _task_receiver /usr/local/lib/python3.8/dist-packages/taskflow/listeners/logging.py:178}}
Jun 08 02:06:11.693136 dv-cinder-845069-1-iscsi devstack@c-api.service[111037]: DEBUG cinder.volume.api [None req-ed11f187-9bb8-4bbb-8846-27904eafb477 tempest-VolumesActionsTest-813463217 tempest-VolumesActionsTest-813463217-project] Task 'cinder.volume.flows.api.create_volume.EntryCreateTask;volume:create' (f7d59fde-6632-4482-b487-d7b455ac3f81) transitioned into state 'RUNNING' from state 'PENDING' {{(pid=111037) _task_receiver /usr/local/lib/python3.8/dist-packages/taskflow/listeners/logging.py:190}}
Jun 08 02:06:11.722578 dv-cinder-845069-1-iscsi devstack@c-api.service[111037]: DEBUG cinder.volume.api [None req-ed11f187-9bb8-4bbb-8846-27904eafb477 tempest-VolumesActionsTest-813463217 tempest-VolumesActionsTest-813463217-project] Task 'cinder.volume.flows.api.create_volume.EntryCreateTask;volume:create' (f7d59fde-6632-4482-b487-d7b455ac3f81) transitioned into state 'SUCCESS' from state 'RUNNING' with result '{'volume_id': '1df49283-ce0f-4a7b-944f-37bd6d496ca3', 'volume_properties': VolumeProperties(attach_status='detached',availability_zone='nova',cgsnapshot_id=None,consistencygroup_id=None,display_description=None,display_name='tempest-VolumesActionsTest-Volume-1342483348',encryption_key_id=None,group_id=None,group_type_id=,metadata={},multiattach=False,project_id='0ad279d66db848f69065713aa5be63b1',qos_specs=None,replication_status=,reservations=['f1b9c649-0076-4d41-b99f-d37ad7237bd1','beac4613-dc8b-4291-8b7b-0a3732229dc8','464dcf0a-d606-4a4f-bd2b-4bd5e7cea75b','ca1eec5d-4334-4b57-93f7-765357452f47'],size=1,snapshot_id=None,source_replicaid=,source_volid=None,status='creating',user_id='4aa8a6aa3d024f4eabb235a23ad5c327',volume_type_id=fa5a6038-d601-4c40-ae28-8aa691e3f20d), 'volume': Volume(_name_id=None,admin_metadata=,attach_status='detached',availability_zone='nova',bootable=False,cluster=,cluster_name=None,consistencygroup=,consistencygroup_id=None,created_at=2022-06-08T02:06:11Z,deleted=False,deleted_at=None,display_description=None,display_name='tempest-VolumesActionsTest-Volume-1342483348',ec2_id=None,encryption_key_id=None,glance_metadata=,group=,group_id=None,host=None,id=1df49283-ce0f-4a7b-944f-37bd6d496ca3,launched_at=None,metadata={},migration_status=None,multiattach=False,previous_status=None,project_id='0ad279d66db848f69065713aa5be63b1',provider_auth=None,provider_geometry=None,provider_id=None,provider_location=None,replication_driver_data=None,replication_extended_status=None,replication_status=None,scheduled_at=None,service_uuid=None,shared_targets=True,size=1,snapshot_id=None,snapshots=,source_volid=None,status='creating',terminated_at=None,updated_at=None,use_quota=True,user_id='4aa8a6aa3d024f4eabb235a23ad5c327',volume_attachment=VolumeAttachmentList,volume_type=VolumeType(fa5a6038-d601-4c40-ae28-8aa691e3f20d),volume_type_id=fa5a6038-d601-4c40-ae28-8aa691e3f20d)}' {{(pid=111037) _task_receiver /usr/local/lib/python3.8/dist-packages/taskflow/listeners/logging.py:178}}
Jun 08 02:06:11.726346 dv-cinder-845069-1-iscsi devstack@c-api.service[111037]: DEBUG cinder.volume.api [None req-ed11f187-9bb8-4bbb-8846-27904eafb477 tempest-VolumesActionsTest-813463217 tempest-VolumesActionsTest-813463217-project] Task 'cinder.volume.flows.api.create_volume.QuotaCommitTask;volume:create' (7431050e-abc8-48b4-a2b3-c863aed0ea04) transitioned into state 'RUNNING' from state 'PENDING' {{(pid=111037) _task_receiver /usr/local/lib/python3.8/dist-packages/taskflow/listeners/logging.py:190}}
Jun 08 02:06:11.726565 dv-cinder-845069-1-iscsi devstack@c-api.service[111036]: WARNING cinder.quota [None req-a16aff06-8f52-4317-9fec-b10908f77df9 tempest-GroupSnapshotsTest-797407357 tempest-GroupSnapshotsTest-797407357-project] Deprecated: Default quota for resource: snapshots_tempest-GroupSnapshotsTest-volume-type-1251482968 is set by the default quota flag: quota_snapshots_tempest-GroupSnapshotsTest-volume-type-1251482968, it is now deprecated. Please use the default quota class for default quota.
Jun 08 02:06:11.744259 dv-cinder-845069-1-iscsi devstack@c-api.service[111036]: DEBUG dbcounter [-] [111036] Writing DB stats cinder:SELECT=97,cinder:UPDATE=1,cinder:INSERT=2 {{(pid=111036) stat_writer /usr/local/lib/python3.8/dist-packages/dbcounter.py:114}}
Jun 08 02:06:11.751715 dv-cinder-845069-1-iscsi devstack@c-api.service[111037]: DEBUG dbcounter [-] [111037] Writing DB stats cinder:SELECT=80,cinder:INSERT=9,cinder:UPDATE=11 {{(pid=111037) stat_writer /usr/local/lib/python3.8/dist-packages/dbcounter.py:114}}
Jun 08 02:06:11.758744 dv-cinder-845069-1-iscsi devstack@c-api.service[111037]: DEBUG cinder.volume.api [None req-ed11f187-9bb8-4bbb-8846-27904eafb477 tempest-VolumesActionsTest-813463217 tempest-VolumesActionsTest-813463217-project] Task 'cinder.volume.flows.api.create_volume.QuotaCommitTask;volume:create' (7431050e-abc8-48b4-a2b3-c863aed0ea04) transitioned into state 'SUCCESS' from state 'RUNNING' with result '{'volume_properties': VolumeProperties(attach_status='detached',availability_zone='nova',cgsnapshot_id=None,consistencygroup_id=None,display_description=None,display_name='tempest-VolumesActionsTest-Volume-1342483348',encryption_key_id=None,group_id=None,group_type_id=,metadata={},multiattach=False,project_id='0ad279d66db848f69065713aa5be63b1',qos_specs=None,replication_status=,reservations=['f1b9c649-0076-4d41-b99f-d37ad7237bd1','beac4613-dc8b-4291-8b7b-0a3732229dc8','464dcf0a-d606-4a4f-bd2b-4bd5e7cea75b','ca1eec5d-4334-4b57-93f7-765357452f47'],size=1,snapshot_id=None,source_replicaid=,source_volid=None,status='creating',user_id='4aa8a6aa3d024f4eabb235a23ad5c327',volume_type_id=fa5a6038-d601-4c40-ae28-8aa691e3f20d)}' {{(pid=111037) _task_receiver /usr/local/lib/python3.8/dist-packages/taskflow/listeners/logging.py:178}}
Jun 08 02:06:11.760514 dv-cinder-845069-1-iscsi devstack@c-api.service[111037]: DEBUG cinder.volume.api [None req-ed11f187-9bb8-4bbb-8846-27904eafb477 tempest-VolumesActionsTest-813463217 tempest-VolumesActionsTest-813463217-project] Task 'cinder.volume.flows.api.create_volume.VolumeCastTask;volume:create' (7f7c858b-1a9b-4679-bf60-3e1fc5306bac) transitioned into state 'RUNNING' from state 'PENDING' {{(pid=111037) _task_receiver /usr/local/lib/python3.8/dist-packages/taskflow/listeners/logging.py:190}}
Jun 08 02:06:11.777320 dv-cinder-845069-1-iscsi devstack@c-api.service[111036]: DEBUG cinder.quota [None req-a16aff06-8f52-4317-9fec-b10908f77df9 tempest-GroupSnapshotsTest-797407357 tempest-GroupSnapshotsTest-797407357-project] Created reservations ['482fece5-5fff-41f7-a91c-a73ddd85c8be', '8b25eb36-f95e-4334-9492-9cd522acea04', '47b474f7-0b67-4477-8ce7-ec185c3423c9', '9bf09083-199e-4616-9160-115a73e0e7e9'] {{(pid=111036) reserve /opt/stack/cinder/cinder/quota.py:755}}
Jun 08 02:06:11.783944 dv-cinder-845069-1-iscsi devstack@c-api.service[111037]: DEBUG cinder.volume.api [None req-ed11f187-9bb8-4bbb-8846-27904eafb477 tempest-VolumesActionsTest-813463217 tempest-VolumesActionsTest-813463217-project] Task 'cinder.volume.flows.api.create_volume.VolumeCastTask;volume:create' (7f7c858b-1a9b-4679-bf60-3e1fc5306bac) transitioned into state 'SUCCESS' from state 'RUNNING' with result 'None' {{(pid=111037) _task_receiver /usr/local/lib/python3.8/dist-packages/taskflow/listeners/logging.py:178}}
Jun 08 02:06:11.788503 dv-cinder-845069-1-iscsi devstack@c-api.service[111037]: DEBUG cinder.volume.api [None req-ed11f187-9bb8-4bbb-8846-27904eafb477 tempest-VolumesActionsTest-813463217 tempest-VolumesActionsTest-813463217-project] Flow 'volume_create_api' (ea851ce0-7025-4c11-bc5f-dc6df1e78765) transitioned into state 'SUCCESS' from state 'RUNNING' {{(pid=111037) _flow_receiver /usr/local/lib/python3.8/dist-packages/taskflow/listeners/logging.py:141}}
Jun 08 02:06:11.789365 dv-cinder-845069-1-iscsi devstack@c-api.service[111037]: INFO cinder.volume.api [None req-ed11f187-9bb8-4bbb-8846-27904eafb477 tempest-VolumesActionsTest-813463217 tempest-VolumesActionsTest-813463217-project] Create volume request issued successfully.
Jun 08 02:06:11.790640 dv-cinder-845069-1-iscsi devstack@c-api.service[111037]: INFO cinder.api.openstack.wsgi [None req-ed11f187-9bb8-4bbb-8846-27904eafb477 tempest-VolumesActionsTest-813463217 tempest-VolumesActionsTest-813463217-project] http://10.222.0.20/volume/v3/0ad279d66db848f69065713aa5be63b1/volumes returned with HTTP 202
Jun 08 02:06:11.791752 dv-cinder-845069-1-iscsi devstack@c-api.service[111037]: [pid: 111037|app: 0|req: 206/368] 10.222.0.20 () {60 vars in 1234 bytes} [Wed Jun 8 02:06:11 2022] POST /volume/v3/0ad279d66db848f69065713aa5be63b1/volumes => generated 818 bytes in 565 msecs (HTTP/1.1 202) 7 headers in 291 bytes (1 switches on core 0)
Jun 08 02:06:11.794397 dv-cinder-845069-1-iscsi devstack@c-api.service[111037]: DEBUG cinder.api.middleware.request_id [None req-be9130bd-a36d-4062-9c45-efb1e783a7ed None None] RequestId filter calling following filter/app {{(pid=111037) _context_setter /opt/stack/cinder/cinder/api/middleware/request_id.py:62}}
Jun 08 02:06:11.806101 dv-cinder-845069-1-iscsi devstack@c-api.service[111037]: INFO cinder.api.openstack.wsgi [None req-be9130bd-a36d-4062-9c45-efb1e783a7ed tempest-VolumesDeleteCascade-858102098 tempest-VolumesDeleteCascade-858102098-project] POST http://10.222.0.20/volume/v3/ec53ef2af50d4fd4b183df0a86073377/snapshots
Jun 08 02:06:11.807127 dv-cinder-845069-1-iscsi devstack@c-api.service[111037]: DEBUG cinder.api.openstack.wsgi [None req-be9130bd-a36d-4062-9c45-efb1e783a7ed tempest-VolumesDeleteCascade-858102098 tempest-VolumesDeleteCascade-858102098-project] Action: 'create', calling method: create, body: {"snapshot": {"volume_id": "1712601f-b669-488c-be01-9e1ab5a779c3", "name": "tempest-VolumesDeleteCascade-Snapshot-677120043"}} {{(pid=111037) _process_stack /opt/stack/cinder/cinder/api/openstack/wsgi.py:866}}
Jun 08 02:06:11.850016 dv-cinder-845069-1-iscsi devstack@c-api.service[111037]: /usr/local/lib/python3.8/dist-packages/oslo_context/context.py:100: DeprecationWarning: Policy enforcement is depending on the value of is_admin. This key is deprecated. Please update your policy file to use the standard policy values.
Jun 08 02:06:11.850016 dv-cinder-845069-1-iscsi devstack@c-api.service[111037]: warnings.warn('Policy enforcement is depending on the value of '
Jun 08 02:06:11.851091 dv-cinder-845069-1-iscsi devstack@c-api.service[111037]: INFO cinder.volume.api [None req-be9130bd-a36d-4062-9c45-efb1e783a7ed tempest-VolumesDeleteCascade-858102098 tempest-VolumesDeleteCascade-858102098-project] Volume info retrieved successfully.
Jun 08 02:06:11.851415 dv-cinder-845069-1-iscsi devstack@c-api.service[111037]: INFO cinder.api.v3.snapshots [None req-be9130bd-a36d-4062-9c45-efb1e783a7ed tempest-VolumesDeleteCascade-858102098 tempest-VolumesDeleteCascade-858102098-project] Create snapshot from volume 1712601f-b669-488c-be01-9e1ab5a779c3
Jun 08 02:06:11.862372 dv-cinder-845069-1-iscsi devstack@c-api.service[111036]: INFO cinder.api.openstack.wsgi [None req-a16aff06-8f52-4317-9fec-b10908f77df9 tempest-GroupSnapshotsTest-797407357 tempest-GroupSnapshotsTest-797407357-project] http://10.222.0.20/volume/v3/535b95f50fc4478da650335cd45e6caf/group_snapshots returned with HTTP 202
Jun 08 02:06:11.864259 dv-cinder-845069-1-iscsi devstack@c-api.service[111036]: [pid: 111036|app: 0|req: 163/369] 10.222.0.20 () {62 vars in 1300 bytes} [Wed Jun 8 02:06:11 2022] POST /volume/v3/535b95f50fc4478da650335cd45e6caf/group_snapshots => generated 187 bytes in 247 msecs (HTTP/1.1 202) 7 headers in 292 bytes (1 switches on core 0)
Jun 08 02:06:11.865784 dv-cinder-845069-1-iscsi devstack@c-api.service[111036]: DEBUG cinder.api.middleware.request_id [None req-871e3f19-73c7-4414-a7d3-2a7afe5b5868 None None] RequestId filter calling following filter/app {{(pid=111036) _context_setter /opt/stack/cinder/cinder/api/middleware/request_id.py:62}}
Jun 08 02:06:11.920444 dv-cinder-845069-1-iscsi devstack@c-api.service[111037]: DEBUG cinder.quota [None req-be9130bd-a36d-4062-9c45-efb1e783a7ed tempest-VolumesDeleteCascade-858102098 tempest-VolumesDeleteCascade-858102098-project] Created reservations ['0b62da55-c50a-4bc0-a92c-25bc41eb198e', '54e34869-4153-43db-855b-bd33a36d3c0b', 'e8a410b1-4dbf-4dd7-91f8-f29e6504a3c9', '24072618-46b9-4671-be54-4d42af6a7832'] {{(pid=111037) reserve /opt/stack/cinder/cinder/quota.py:755}}
Jun 08 02:06:11.978693 dv-cinder-845069-1-iscsi devstack@c-api.service[111037]: INFO cinder.volume.api [None req-be9130bd-a36d-4062-9c45-efb1e783a7ed tempest-VolumesDeleteCascade-858102098 tempest-VolumesDeleteCascade-858102098-project] Snapshot create request issued successfully.
Jun 08 02:06:11.979418 dv-cinder-845069-1-iscsi devstack@c-api.service[111037]: INFO cinder.api.openstack.wsgi [None req-be9130bd-a36d-4062-9c45-efb1e783a7ed tempest-VolumesDeleteCascade-858102098 tempest-VolumesDeleteCascade-858102098-project] http://10.222.0.20/volume/v3/ec53ef2af50d4fd4b183df0a86073377/snapshots returned with HTTP 202
Jun 08 02:06:11.980209 dv-cinder-845069-1-iscsi devstack@c-api.service[111037]: [pid: 111037|app: 0|req: 207/370] 10.222.0.20 () {60 vars in 1241 bytes} [Wed Jun 8 02:06:11 2022] POST /volume/v3/ec53ef2af50d4fd4b183df0a86073377/snapshots => generated 306 bytes in 188 msecs (HTTP/1.1 202) 7 headers in 291 bytes (1 switches on core 0)
Jun 08 02:06:11.981739 dv-cinder-845069-1-iscsi devstack@c-api.service[111037]: DEBUG cinder.api.middleware.request_id [None req-e20a6a38-3ed1-47b4-867a-e4d0b7695152 None None] RequestId filter calling following filter/app {{(pid=111037) _context_setter /opt/stack/cinder/cinder/api/middleware/request_id.py:62}}
Jun 08 02:06:11.988104 dv-cinder-845069-1-iscsi devstack@c-api.service[111037]: INFO cinder.api.openstack.wsgi [None req-e20a6a38-3ed1-47b4-867a-e4d0b7695152 tempest-VolumesActionsTest-813463217 tempest-VolumesActionsTest-813463217-project] GET http://10.222.0.20/volume/v3/0ad279d66db848f69065713aa5be63b1/volumes/1df49283-ce0f-4a7b-944f-37bd6d496ca3
Jun 08 02:06:11.989160 dv-cinder-845069-1-iscsi devstack@c-api.service[111037]: DEBUG cinder.api.openstack.wsgi [None req-e20a6a38-3ed1-47b4-867a-e4d0b7695152 tempest-VolumesActionsTest-813463217 tempest-VolumesActionsTest-813463217-project] Empty body provided in request {{(pid=111037) get_body /opt/stack/cinder/cinder/api/openstack/wsgi.py:715}}
Jun 08 02:06:11.989625 dv-cinder-845069-1-iscsi devstack@c-api.service[111037]: DEBUG cinder.api.openstack.wsgi [None req-e20a6a38-3ed1-47b4-867a-e4d0b7695152 tempest-VolumesActionsTest-813463217 tempest-VolumesActionsTest-813463217-project] Calling method 'show' {{(pid=111037) _process_stack /opt/stack/cinder/cinder/api/openstack/wsgi.py:868}}
Jun 08 02:06:12.004572 dv-cinder-845069-1-iscsi devstack@c-api.service[111037]: /usr/local/lib/python3.8/dist-packages/oslo_context/context.py:100: DeprecationWarning: Policy enforcement is depending on the value of is_admin. This key is deprecated. Please update your policy file to use the standard policy values.
Jun 08 02:06:12.004572 dv-cinder-845069-1-iscsi devstack@c-api.service[111037]: warnings.warn('Policy enforcement is depending on the value of '
Jun 08 02:06:12.011899 dv-cinder-845069-1-iscsi devstack@c-api.service[111037]: INFO cinder.volume.api [None req-e20a6a38-3ed1-47b4-867a-e4d0b7695152 tempest-VolumesActionsTest-813463217 tempest-VolumesActionsTest-813463217-project] Volume info retrieved successfully.
Jun 08 02:06:12.022934 dv-cinder-845069-1-iscsi devstack@c-api.service[111037]: INFO cinder.api.openstack.wsgi [None req-e20a6a38-3ed1-47b4-867a-e4d0b7695152 tempest-VolumesActionsTest-813463217 tempest-VolumesActionsTest-813463217-project] http://10.222.0.20/volume/v3/0ad279d66db848f69065713aa5be63b1/volumes/1df49283-ce0f-4a7b-944f-37bd6d496ca3 returned with HTTP 200
Jun 08 02:06:12.031911 dv-cinder-845069-1-iscsi devstack@c-api.service[111037]: [pid: 111037|app: 0|req: 208/371] 10.222.0.20 () {58 vars in 1324 bytes} [Wed Jun 8 02:06:11 2022] GET /volume/v3/0ad279d66db848f69065713aa5be63b1/volumes/1df49283-ce0f-4a7b-944f-37bd6d496ca3 => generated 910 bytes in 43 msecs (HTTP/1.1 200) 7 headers in 285 bytes (1 switches on core 0)
Jun 08 02:06:12.031911 dv-cinder-845069-1-iscsi devstack@c-api.service[111037]: DEBUG cinder.api.middleware.request_id [None req-88ae7139-db00-436e-9cd5-3d1cbc1db0cc None None] RequestId filter calling following filter/app {{(pid=111037) _context_setter /opt/stack/cinder/cinder/api/middleware/request_id.py:62}}
Jun 08 02:06:12.031911 dv-cinder-845069-1-iscsi devstack@c-api.service[111037]: INFO cinder.api.openstack.wsgi [None req-88ae7139-db00-436e-9cd5-3d1cbc1db0cc tempest-GroupSnapshotsTest-797407357 tempest-GroupSnapshotsTest-797407357-project] GET http://10.222.0.20/volume/v3/535b95f50fc4478da650335cd45e6caf/group_snapshots/a0df06d4-f319-47ff-bed1-ed53b1451eb6
Jun 08 02:06:12.031911 dv-cinder-845069-1-iscsi devstack@c-api.service[111037]: DEBUG cinder.api.openstack.wsgi [None req-88ae7139-db00-436e-9cd5-3d1cbc1db0cc tempest-GroupSnapshotsTest-797407357 tempest-GroupSnapshotsTest-797407357-project] Empty body provided in request {{(pid=111037) get_body /opt/stack/cinder/cinder/api/openstack/wsgi.py:715}}
Jun 08 02:06:12.031911 dv-cinder-845069-1-iscsi devstack@c-api.service[111037]: DEBUG cinder.api.openstack.wsgi [None req-88ae7139-db00-436e-9cd5-3d1cbc1db0cc tempest-GroupSnapshotsTest-797407357 tempest-GroupSnapshotsTest-797407357-project] Calling method 'version_select' {{(pid=111037) _process_stack /opt/stack/cinder/cinder/api/openstack/wsgi.py:868}}
Jun 08 02:06:12.031911 dv-cinder-845069-1-iscsi devstack@c-api.service[111037]: DEBUG cinder.api.v3.group_snapshots [None req-88ae7139-db00-436e-9cd5-3d1cbc1db0cc tempest-GroupSnapshotsTest-797407357 tempest-GroupSnapshotsTest-797407357-project] show called for member a0df06d4-f319-47ff-bed1-ed53b1451eb6 {{(pid=111037) show /opt/stack/cinder/cinder/api/v3/group_snapshots.py:58}}
Jun 08 02:06:12.037065 dv-cinder-845069-1-iscsi devstack@c-api.service[111037]: /usr/local/lib/python3.8/dist-packages/oslo_context/context.py:100: DeprecationWarning: Policy enforcement is depending on the value of is_admin. This key is deprecated. Please update your policy file to use the standard policy values.
Jun 08 02:06:12.037065 dv-cinder-845069-1-iscsi devstack@c-api.service[111037]: warnings.warn('Policy enforcement is depending on the value of '
Jun 08 02:06:12.043164 dv-cinder-845069-1-iscsi devstack@c-api.service[111037]: INFO cinder.api.openstack.wsgi [None req-88ae7139-db00-436e-9cd5-3d1cbc1db0cc tempest-GroupSnapshotsTest-797407357 tempest-GroupSnapshotsTest-797407357-project] http://10.222.0.20/volume/v3/535b95f50fc4478da650335cd45e6caf/group_snapshots/a0df06d4-f319-47ff-bed1-ed53b1451eb6 returned with HTTP 200
Jun 08 02:06:12.043892 dv-cinder-845069-1-iscsi devstack@c-api.service[111037]: [pid: 111037|app: 0|req: 209/372] 10.222.0.20 () {60 vars in 1389 bytes} [Wed Jun 8 02:06:12 2022] GET /volume/v3/535b95f50fc4478da650335cd45e6caf/group_snapshots/a0df06d4-f319-47ff-bed1-ed53b1451eb6 => generated 326 bytes in 20 msecs (HTTP/1.1 200) 7 headers in 286 bytes (1 switches on core 0)
Jun 08 02:06:12.044271 dv-cinder-845069-1-iscsi devstack@c-api.service[111036]: INFO cinder.api.openstack.wsgi [None req-871e3f19-73c7-4414-a7d3-2a7afe5b5868 tempest-SnapshotsActionsTest-324395636 tempest-SnapshotsActionsTest-324395636-project] POST http://10.222.0.20/volume/v3/5a3a985d89094bf991e25441494878b0/volumes
Jun 08 02:06:12.044997 dv-cinder-845069-1-iscsi devstack@c-api.service[111036]: DEBUG cinder.api.openstack.wsgi [None req-871e3f19-73c7-4414-a7d3-2a7afe5b5868 tempest-SnapshotsActionsTest-324395636 tempest-SnapshotsActionsTest-324395636-project] Action: 'create', calling method: create, body: {"volume": {"size": 1, "name": "tempest-SnapshotsActionsTest-Volume-500938498"}} {{(pid=111036) _process_stack /opt/stack/cinder/cinder/api/openstack/wsgi.py:866}}
Jun 08 02:06:12.045160 dv-cinder-845069-1-iscsi devstack@c-api.service[111037]: DEBUG cinder.api.middleware.request_id [None req-da353063-e6ea-4195-a723-a22f3643bd16 None None] RequestId filter calling following filter/app {{(pid=111037) _context_setter /opt/stack/cinder/cinder/api/middleware/request_id.py:62}}
Jun 08 02:06:12.045935 dv-cinder-845069-1-iscsi devstack@c-api.service[111036]: DEBUG cinder.api.v3.volumes [None req-871e3f19-73c7-4414-a7d3-2a7afe5b5868 tempest-SnapshotsActionsTest-324395636 tempest-SnapshotsActionsTest-324395636-project] Create volume request body: {'volume': {'size': 1, 'name': 'tempest-SnapshotsActionsTest-Volume-500938498'}} {{(pid=111036) create /opt/stack/cinder/cinder/api/v3/volumes.py:298}}
Jun 08 02:06:12.046247 dv-cinder-845069-1-iscsi devstack@c-api.service[111036]: INFO cinder.api.v3.volumes [None req-871e3f19-73c7-4414-a7d3-2a7afe5b5868 tempest-SnapshotsActionsTest-324395636 tempest-SnapshotsActionsTest-324395636-project] Create volume of 1 GB
Jun 08 02:06:12.046865 dv-cinder-845069-1-iscsi devstack@c-api.service[111036]: /usr/local/lib/python3.8/dist-packages/oslo_context/context.py:100: DeprecationWarning: Policy enforcement is depending on the value of is_admin. This key is deprecated. Please update your policy file to use the standard policy values.
Jun 08 02:06:12.046865 dv-cinder-845069-1-iscsi devstack@c-api.service[111036]: warnings.warn('Policy enforcement is depending on the value of '
Jun 08 02:06:12.049254 dv-cinder-845069-1-iscsi devstack@c-api.service[111037]: INFO cinder.api.openstack.wsgi [None req-da353063-e6ea-4195-a723-a22f3643bd16 tempest-VolumesDeleteCascade-858102098 tempest-VolumesDeleteCascade-858102098-project] GET http://10.222.0.20/volume/v3/ec53ef2af50d4fd4b183df0a86073377/snapshots/0905dc52-21c2-4eac-a634-21babf2a72f5
Jun 08 02:06:12.049690 dv-cinder-845069-1-iscsi devstack@c-api.service[111037]: DEBUG cinder.api.openstack.wsgi [None req-da353063-e6ea-4195-a723-a22f3643bd16 tempest-VolumesDeleteCascade-858102098 tempest-VolumesDeleteCascade-858102098-project] Empty body provided in request {{(pid=111037) get_body /opt/stack/cinder/cinder/api/openstack/wsgi.py:715}}
Jun 08 02:06:12.050146 dv-cinder-845069-1-iscsi devstack@c-api.service[111037]: DEBUG cinder.api.openstack.wsgi [None req-da353063-e6ea-4195-a723-a22f3643bd16 tempest-VolumesDeleteCascade-858102098 tempest-VolumesDeleteCascade-858102098-project] Calling method 'show' {{(pid=111037) _process_stack /opt/stack/cinder/cinder/api/openstack/wsgi.py:868}}
