Jun 07 13:19:45.566243 dv-cinder-844964-1-smb devstack@c-api.service[110869]: INFO cinder.api.openstack.wsgi [None req-370ad0fa-5cd9-4e95-a75b-f50696c7c338 tempest-VolumesDeleteCascade-1611623870 tempest-VolumesDeleteCascade-1611623870-project] http://10.222.0.42/volume/v3/a012c0c24927488e8148c3f9877ac808/snapshots returned with HTTP 202
Jun 07 13:19:45.572558 dv-cinder-844964-1-smb devstack@c-api.service[110869]: [pid: 110869|app: 0|req: 213/435] 10.222.0.42 () {60 vars in 1241 bytes} [Tue Jun 7 13:19:45 2022] POST /volume/v3/a012c0c24927488e8148c3f9877ac808/snapshots => generated 306 bytes in 240 msecs (HTTP/1.1 202) 7 headers in 291 bytes (1 switches on core 0)
Jun 07 13:19:45.575024 dv-cinder-844964-1-smb devstack@c-api.service[110869]: DEBUG cinder.api.middleware.request_id [None req-ca0df48b-cb9a-4f92-9053-82ac3feb65a0 None None] RequestId filter calling following filter/app {{(pid=110869) _context_setter /opt/stack/cinder/cinder/api/middleware/request_id.py:62}}
Jun 07 13:19:45.579970 dv-cinder-844964-1-smb devstack@c-api.service[110869]: INFO cinder.api.openstack.wsgi [None req-ca0df48b-cb9a-4f92-9053-82ac3feb65a0 tempest-VolumesDeleteCascade-1611623870 tempest-VolumesDeleteCascade-1611623870-project] GET http://10.222.0.42/volume/v3/a012c0c24927488e8148c3f9877ac808/snapshots/4ec74736-82ba-44b0-aecb-b3d84fda9f78
Jun 07 13:19:45.580125 dv-cinder-844964-1-smb devstack@c-api.service[110869]: DEBUG cinder.api.openstack.wsgi [None req-ca0df48b-cb9a-4f92-9053-82ac3feb65a0 tempest-VolumesDeleteCascade-1611623870 tempest-VolumesDeleteCascade-1611623870-project] Empty body provided in request {{(pid=110869) get_body /opt/stack/cinder/cinder/api/openstack/wsgi.py:715}}
Jun 07 13:19:45.584303 dv-cinder-844964-1-smb devstack@c-api.service[110869]: DEBUG cinder.api.openstack.wsgi [None req-ca0df48b-cb9a-4f92-9053-82ac3feb65a0 tempest-VolumesDeleteCascade-1611623870 tempest-VolumesDeleteCascade-1611623870-project] Calling method 'show' {{(pid=110869) _process_stack /opt/stack/cinder/cinder/api/openstack/wsgi.py:868}}
Jun 07 13:19:45.607928 dv-cinder-844964-1-smb devstack@c-api.service[110869]: /usr/local/lib/python3.8/dist-packages/oslo_context/context.py:100: DeprecationWarning: Policy enforcement is depending on the value of is_admin. This key is deprecated. Please update your policy file to use the standard policy values.
Jun 07 13:19:45.607928 dv-cinder-844964-1-smb devstack@c-api.service[110869]: warnings.warn('Policy enforcement is depending on the value of '
Jun 07 13:19:45.609308 dv-cinder-844964-1-smb devstack@c-api.service[110869]: INFO cinder.volume.api [None req-ca0df48b-cb9a-4f92-9053-82ac3feb65a0 tempest-VolumesDeleteCascade-1611623870 tempest-VolumesDeleteCascade-1611623870-project] Snapshot retrieved successfully.
Jun 07 13:19:45.611708 dv-cinder-844964-1-smb devstack@c-api.service[110869]: INFO cinder.api.openstack.wsgi [None req-ca0df48b-cb9a-4f92-9053-82ac3feb65a0 tempest-VolumesDeleteCascade-1611623870 tempest-VolumesDeleteCascade-1611623870-project] http://10.222.0.42/volume/v3/a012c0c24927488e8148c3f9877ac808/snapshots/4ec74736-82ba-44b0-aecb-b3d84fda9f78 returned with HTTP 200
Jun 07 13:19:45.612830 dv-cinder-844964-1-smb devstack@c-api.service[110869]: [pid: 110869|app: 0|req: 214/436] 10.222.0.42 () {58 vars in 1330 bytes} [Tue Jun 7 13:19:45 2022] GET /volume/v3/a012c0c24927488e8148c3f9877ac808/snapshots/4ec74736-82ba-44b0-aecb-b3d84fda9f78 => generated 438 bytes in 39 msecs (HTTP/1.1 200) 7 headers in 285 bytes (1 switches on core 0)
Jun 07 13:19:45.618305 dv-cinder-844964-1-smb devstack@c-api.service[110868]: DEBUG cinder.volume.api [None req-7ca79525-c580-41a8-ab33-892c9fe1c779 tempest-VolumeTypesTest-359117397 tempest-VolumeTypesTest-359117397-project] Task 'cinder.volume.flows.api.create_volume.QuotaCommitTask;volume:create' (1932bcf0-a173-4d1c-a355-1b6efe0cecca) transitioned into state 'SUCCESS' from state 'RUNNING' with result '{'volume_properties': VolumeProperties(attach_status='detached',availability_zone='nova',cgsnapshot_id=None,consistencygroup_id=None,display_description=None,display_name='tempest-VolumeTypesTest-volume-1406748200',encryption_key_id=None,group_id=None,group_type_id=,metadata={},multiattach=False,project_id='fb8202b74f03442c9cc5cca18215c6fb',qos_specs=None,replication_status=,reservations=['7c11c7f5-24b9-479e-94ab-f0e980273a5c','e09af109-70c8-4f8b-8f8b-1202bce9f242','60494888-69ad-437e-9da1-cd340f8ebbde','6e20aaad-843a-4ab4-b46e-21787fd3ef9b'],size=1,snapshot_id=None,source_replicaid=,source_volid=None,status='creating',user_id='d64be5075fca423787b751db776913b0',volume_type_id=a207fe9c-6275-4302-a3e1-961c072b282d)}' {{(pid=110868) _task_receiver /usr/local/lib/python3.8/dist-packages/taskflow/listeners/logging.py:178}}
Jun 07 13:19:45.620761 dv-cinder-844964-1-smb devstack@c-api.service[110868]: DEBUG cinder.volume.api [None req-7ca79525-c580-41a8-ab33-892c9fe1c779 tempest-VolumeTypesTest-359117397 tempest-VolumeTypesTest-359117397-project] Task 'cinder.volume.flows.api.create_volume.VolumeCastTask;volume:create' (fc3ab05f-fb84-4421-b498-19a77f8d1ca6) transitioned into state 'RUNNING' from state 'PENDING' {{(pid=110868) _task_receiver /usr/local/lib/python3.8/dist-packages/taskflow/listeners/logging.py:190}}
Jun 07 13:19:45.649319 dv-cinder-844964-1-smb devstack@c-api.service[110868]: DEBUG cinder.volume.api [None req-7ca79525-c580-41a8-ab33-892c9fe1c779 tempest-VolumeTypesTest-359117397 tempest-VolumeTypesTest-359117397-project] Task 'cinder.volume.flows.api.create_volume.VolumeCastTask;volume:create' (fc3ab05f-fb84-4421-b498-19a77f8d1ca6) transitioned into state 'SUCCESS' from state 'RUNNING' with result 'None' {{(pid=110868) _task_receiver /usr/local/lib/python3.8/dist-packages/taskflow/listeners/logging.py:178}}
Jun 07 13:19:45.657998 dv-cinder-844964-1-smb devstack@c-api.service[110868]: DEBUG cinder.volume.api [None req-7ca79525-c580-41a8-ab33-892c9fe1c779 tempest-VolumeTypesTest-359117397 tempest-VolumeTypesTest-359117397-project] Flow 'volume_create_api' (3dc12125-50ec-4150-a19e-57a58dc5f4d2) transitioned into state 'SUCCESS' from state 'RUNNING' {{(pid=110868) _flow_receiver /usr/local/lib/python3.8/dist-packages/taskflow/listeners/logging.py:141}}
Jun 07 13:19:45.658725 dv-cinder-844964-1-smb devstack@c-api.service[110868]: INFO cinder.volume.api [None req-7ca79525-c580-41a8-ab33-892c9fe1c779 tempest-VolumeTypesTest-359117397 tempest-VolumeTypesTest-359117397-project] Create volume request issued successfully.
Jun 07 13:19:45.662747 dv-cinder-844964-1-smb devstack@c-api.service[110868]: INFO cinder.api.openstack.wsgi [None req-7ca79525-c580-41a8-ab33-892c9fe1c779 tempest-VolumeTypesTest-359117397 tempest-VolumeTypesTest-359117397-project] http://10.222.0.42/volume/v3/fb8202b74f03442c9cc5cca18215c6fb/volumes returned with HTTP 202
Jun 07 13:19:45.663536 dv-cinder-844964-1-smb devstack@c-api.service[110868]: [pid: 110868|app: 0|req: 223/437] 10.222.0.42 () {60 vars in 1235 bytes} [Tue Jun 7 13:19:44 2022] POST /volume/v3/fb8202b74f03442c9cc5cca18215c6fb/volumes => generated 848 bytes in 1001 msecs (HTTP/1.1 202) 7 headers in 291 bytes (2 switches on core 0)
Jun 07 13:19:45.675229 dv-cinder-844964-1-smb devstack@c-api.service[110869]: DEBUG cinder.api.middleware.request_id [None req-4f2a45a5-fb1b-43d1-837c-3fd32b7b7711 None None] RequestId filter calling following filter/app {{(pid=110869) _context_setter /opt/stack/cinder/cinder/api/middleware/request_id.py:62}}
Jun 07 13:19:45.684446 dv-cinder-844964-1-smb devstack@c-api.service[110869]: INFO cinder.api.openstack.wsgi [None req-4f2a45a5-fb1b-43d1-837c-3fd32b7b7711 tempest-VolumeTypesTest-359117397 tempest-VolumeTypesTest-359117397-project] GET http://10.222.0.42/volume/v3/fb8202b74f03442c9cc5cca18215c6fb/volumes/0248c4ae-143a-4fbb-8f00-1b2839c82e40
Jun 07 13:19:45.688244 dv-cinder-844964-1-smb devstack@c-api.service[110869]: DEBUG cinder.api.openstack.wsgi [None req-4f2a45a5-fb1b-43d1-837c-3fd32b7b7711 tempest-VolumeTypesTest-359117397 tempest-VolumeTypesTest-359117397-project] Empty body provided in request {{(pid=110869) get_body /opt/stack/cinder/cinder/api/openstack/wsgi.py:715}}
Jun 07 13:19:45.690006 dv-cinder-844964-1-smb devstack@c-api.service[110869]: DEBUG cinder.api.openstack.wsgi [None req-4f2a45a5-fb1b-43d1-837c-3fd32b7b7711 tempest-VolumeTypesTest-359117397 tempest-VolumeTypesTest-359117397-project] Calling method 'show' {{(pid=110869) _process_stack /opt/stack/cinder/cinder/api/openstack/wsgi.py:868}}
Jun 07 13:19:45.712878 dv-cinder-844964-1-smb devstack@c-api.service[110869]: /usr/local/lib/python3.8/dist-packages/oslo_context/context.py:100: DeprecationWarning: Policy enforcement is depending on the value of is_admin. This key is deprecated. Please update your policy file to use the standard policy values.
Jun 07 13:19:45.712878 dv-cinder-844964-1-smb devstack@c-api.service[110869]: warnings.warn('Policy enforcement is depending on the value of '
Jun 07 13:19:45.722015 dv-cinder-844964-1-smb devstack@c-api.service[110869]: INFO cinder.volume.api [None req-4f2a45a5-fb1b-43d1-837c-3fd32b7b7711 tempest-VolumeTypesTest-359117397 tempest-VolumeTypesTest-359117397-project] Volume info retrieved successfully.
Jun 07 13:19:45.735293 dv-cinder-844964-1-smb devstack@c-api.service[110869]: INFO cinder.api.openstack.wsgi [None req-4f2a45a5-fb1b-43d1-837c-3fd32b7b7711 tempest-VolumeTypesTest-359117397 tempest-VolumeTypesTest-359117397-project] http://10.222.0.42/volume/v3/fb8202b74f03442c9cc5cca18215c6fb/volumes/0248c4ae-143a-4fbb-8f00-1b2839c82e40 returned with HTTP 200
Jun 07 13:19:45.736611 dv-cinder-844964-1-smb devstack@c-api.service[110869]: [pid: 110869|app: 0|req: 215/438] 10.222.0.42 () {58 vars in 1324 bytes} [Tue Jun 7 13:19:45 2022] GET /volume/v3/fb8202b74f03442c9cc5cca18215c6fb/volumes/0248c4ae-143a-4fbb-8f00-1b2839c82e40 => generated 916 bytes in 62 msecs (HTTP/1.1 200) 7 headers in 285 bytes (1 switches on core 0)
Jun 07 13:19:46.038389 dv-cinder-844964-1-smb devstack@c-api.service[110868]: DEBUG cinder.api.middleware.request_id [req-1695090a-2599-4c9e-b81a-59089be27527 req-2633b14f-270f-4ac7-a300-88c88934bb58 None None] RequestId filter calling following filter/app {{(pid=110868) _context_setter /opt/stack/cinder/cinder/api/middleware/request_id.py:62}}
Jun 07 13:19:46.044396 dv-cinder-844964-1-smb devstack@c-api.service[110868]: INFO cinder.api.openstack.wsgi [req-1695090a-2599-4c9e-b81a-59089be27527 req-2633b14f-270f-4ac7-a300-88c88934bb58 tempest-DeleteServersTestJSON-31401935 tempest-DeleteServersTestJSON-31401935-project] DELETE http://10.222.0.42/volume/v3/93ddb1c118d54cb496373198d7cc73a4/attachments/53550ba9-3105-455f-b8b7-c22917570c04
Jun 07 13:19:46.044856 dv-cinder-844964-1-smb devstack@c-api.service[110868]: DEBUG cinder.api.openstack.wsgi [req-1695090a-2599-4c9e-b81a-59089be27527 req-2633b14f-270f-4ac7-a300-88c88934bb58 tempest-DeleteServersTestJSON-31401935 tempest-DeleteServersTestJSON-31401935-project] Empty body provided in request {{(pid=110868) get_body /opt/stack/cinder/cinder/api/openstack/wsgi.py:715}}
Jun 07 13:19:46.045364 dv-cinder-844964-1-smb devstack@c-api.service[110868]: DEBUG cinder.api.openstack.wsgi [req-1695090a-2599-4c9e-b81a-59089be27527 req-2633b14f-270f-4ac7-a300-88c88934bb58 tempest-DeleteServersTestJSON-31401935 tempest-DeleteServersTestJSON-31401935-project] Calling method 'version_select' {{(pid=110868) _process_stack /opt/stack/cinder/cinder/api/openstack/wsgi.py:868}}
Jun 07 13:19:46.076591 dv-cinder-844964-1-smb devstack@c-api.service[110868]: DEBUG dbcounter [-] [110868] Writing DB stats cinder:INSERT=19,cinder:UPDATE=24,cinder:SELECT=57 {{(pid=110868) stat_writer /usr/local/lib/python3.8/dist-packages/dbcounter.py:114}}
Jun 07 13:19:46.087225 dv-cinder-844964-1-smb devstack@c-api.service[110869]: DEBUG cinder.api.middleware.request_id [None req-bfbbf9d8-04c8-403c-a388-7b80f512a800 None None] RequestId filter calling following filter/app {{(pid=110869) _context_setter /opt/stack/cinder/cinder/api/middleware/request_id.py:62}}
Jun 07 13:19:46.093951 dv-cinder-844964-1-smb devstack@c-api.service[110869]: INFO cinder.api.openstack.wsgi [None req-bfbbf9d8-04c8-403c-a388-7b80f512a800 tempest-VolumesExtendTest-625300037 tempest-VolumesExtendTest-625300037-project] POST http://10.222.0.42/volume/v3/b90b363c766b4f0c8fdb5a58c0b0b78e/volumes
Jun 07 13:19:46.095235 dv-cinder-844964-1-smb devstack@c-api.service[110869]: DEBUG cinder.api.openstack.wsgi [None req-bfbbf9d8-04c8-403c-a388-7b80f512a800 tempest-VolumesExtendTest-625300037 tempest-VolumesExtendTest-625300037-project] Action: 'create', calling method: create, body: {"volume": {"imageRef": "cea7c04b-8612-410f-a7e5-d811008cbd69", "size": 1, "name": "tempest-VolumesExtendTest-Volume-607135185"}} {{(pid=110869) _process_stack /opt/stack/cinder/cinder/api/openstack/wsgi.py:866}}
Jun 07 13:19:46.097154 dv-cinder-844964-1-smb devstack@c-api.service[110869]: DEBUG cinder.api.v3.volumes [None req-bfbbf9d8-04c8-403c-a388-7b80f512a800 tempest-VolumesExtendTest-625300037 tempest-VolumesExtendTest-625300037-project] Create volume request body: {'volume': {'imageRef': 'cea7c04b-8612-410f-a7e5-d811008cbd69', 'size': 1, 'name': 'tempest-VolumesExtendTest-Volume-607135185'}} {{(pid=110869) create /opt/stack/cinder/cinder/api/v3/volumes.py:298}}
Jun 07 13:19:46.102973 dv-cinder-844964-1-smb devstack@c-api.service[110868]: /usr/local/lib/python3.8/dist-packages/oslo_context/context.py:100: DeprecationWarning: Policy enforcement is depending on the value of is_admin. This key is deprecated. Please update your policy file to use the standard policy values.
Jun 07 13:19:46.102973 dv-cinder-844964-1-smb devstack@c-api.service[110868]: warnings.warn('Policy enforcement is depending on the value of '
Jun 07 13:19:46.275422 dv-cinder-844964-1-smb devstack@c-api.service[110869]: INFO cinder.api.v3.volumes [None req-bfbbf9d8-04c8-403c-a388-7b80f512a800 tempest-VolumesExtendTest-625300037 tempest-VolumesExtendTest-625300037-project] Create volume of 1 GB
Jun 07 13:19:46.286010 dv-cinder-844964-1-smb devstack@c-api.service[110869]: INFO cinder.volume.api [None req-bfbbf9d8-04c8-403c-a388-7b80f512a800 tempest-VolumesExtendTest-625300037 tempest-VolumesExtendTest-625300037-project] Availability Zones retrieved successfully.
Jun 07 13:19:46.304237 dv-cinder-844964-1-smb devstack@c-api.service[110869]: DEBUG cinder.volume.api [None req-bfbbf9d8-04c8-403c-a388-7b80f512a800 tempest-VolumesExtendTest-625300037 tempest-VolumesExtendTest-625300037-project] Flow 'volume_create_api' (9aaec30d-ef05-463e-995c-4e7f03577ea3) transitioned into state 'RUNNING' from state 'PENDING' {{(pid=110869) _flow_receiver /usr/local/lib/python3.8/dist-packages/taskflow/listeners/logging.py:141}}
Jun 07 13:19:46.307779 dv-cinder-844964-1-smb devstack@c-api.service[110869]: DEBUG cinder.volume.api [None req-bfbbf9d8-04c8-403c-a388-7b80f512a800 tempest-VolumesExtendTest-625300037 tempest-VolumesExtendTest-625300037-project] Task 'cinder.volume.flows.api.create_volume.ExtractVolumeRequestTask;volume:create' (4085bdf1-9bb5-423c-8c44-138130a78c64) transitioned into state 'RUNNING' from state 'PENDING' {{(pid=110869) _task_receiver /usr/local/lib/python3.8/dist-packages/taskflow/listeners/logging.py:190}}
Jun 07 13:19:46.309579 dv-cinder-844964-1-smb devstack@c-api.service[110868]: INFO cinder.api.openstack.wsgi [req-1695090a-2599-4c9e-b81a-59089be27527 req-2633b14f-270f-4ac7-a300-88c88934bb58 tempest-DeleteServersTestJSON-31401935 tempest-DeleteServersTestJSON-31401935-project] http://10.222.0.42/volume/v3/93ddb1c118d54cb496373198d7cc73a4/attachments/53550ba9-3105-455f-b8b7-c22917570c04 returned with HTTP 200
Jun 07 13:19:46.310498 dv-cinder-844964-1-smb devstack@c-api.service[110869]: DEBUG cinder.volume.flows.api.create_volume [None req-bfbbf9d8-04c8-403c-a388-7b80f512a800 tempest-VolumesExtendTest-625300037 tempest-VolumesExtendTest-625300037-project] Validating volume size '1' using validate_int {{(pid=110869) _extract_size /opt/stack/cinder/cinder/volume/flows/api/create_volume.py:228}}
Jun 07 13:19:46.311901 dv-cinder-844964-1-smb devstack@c-api.service[110868]: [pid: 110868|app: 0|req: 224/439] 10.222.0.41 () {62 vars in 1446 bytes} [Tue Jun 7 13:19:46 2022] DELETE /volume/v3/93ddb1c118d54cb496373198d7cc73a4/attachments/53550ba9-3105-455f-b8b7-c22917570c04 => generated 19 bytes in 275 msecs (HTTP/1.1 200) 7 headers in 285 bytes (1 switches on core 0)
Jun 07 13:19:46.389029 dv-cinder-844964-1-smb devstack@c-api.service[110868]: DEBUG cinder.api.middleware.request_id [None req-0543ff49-a031-47c8-b434-a73bf0274265 None None] RequestId filter calling following filter/app {{(pid=110868) _context_setter /opt/stack/cinder/cinder/api/middleware/request_id.py:62}}
Jun 07 13:19:46.427286 dv-cinder-844964-1-smb devstack@c-api.service[110869]: DEBUG cinder.volume.api [None req-bfbbf9d8-04c8-403c-a388-7b80f512a800 tempest-VolumesExtendTest-625300037 tempest-VolumesExtendTest-625300037-project] Task 'cinder.volume.flows.api.create_volume.ExtractVolumeRequestTask;volume:create' (4085bdf1-9bb5-423c-8c44-138130a78c64) transitioned into state 'SUCCESS' from state 'RUNNING' with result '{'size': 1, 'snapshot_id': None, 'source_volid': None, 'volume_type': VolumeType(created_at=2022-06-07T13:08:29Z,deleted=False,deleted_at=None,description='Default Volume Type',extra_specs={},id=c4cc7694-2f6b-45d8-8294-9f1ee3769230,is_public=True,name='__DEFAULT__',projects=[],qos_specs=,qos_specs_id=None,updated_at=2022-06-07T13:08:29Z), 'volume_type_id': 'c4cc7694-2f6b-45d8-8294-9f1ee3769230', 'encryption_key_id': None, 'qos_specs': None, 'consistencygroup_id': None, 'cgsnapshot_id': None, 'group_id': None, 'replication_status': 'disabled', 'refresh_az': False, 'backup_id': None, 'multiattach': False, 'availability_zones': ['nova']}' {{(pid=110869) _task_receiver /usr/local/lib/python3.8/dist-packages/taskflow/listeners/logging.py:178}}
Jun 07 13:19:46.430230 dv-cinder-844964-1-smb devstack@c-api.service[110869]: DEBUG cinder.volume.api [None req-bfbbf9d8-04c8-403c-a388-7b80f512a800 tempest-VolumesExtendTest-625300037 tempest-VolumesExtendTest-625300037-project] Task 'cinder.volume.flows.api.create_volume.QuotaReserveTask;volume:create' (53dadfaa-8041-46cc-a247-cb99f99e46f2) transitioned into state 'RUNNING' from state 'PENDING' {{(pid=110869) _task_receiver /usr/local/lib/python3.8/dist-packages/taskflow/listeners/logging.py:190}}
Jun 07 13:19:46.478250 dv-cinder-844964-1-smb devstack@c-api.service[110869]: DEBUG dbcounter [-] [110869] Writing DB stats cinder:SELECT=80,cinder:INSERT=8,cinder:UPDATE=12 {{(pid=110869) stat_writer /usr/local/lib/python3.8/dist-packages/dbcounter.py:114}}
Jun 07 13:19:46.584850 dv-cinder-844964-1-smb devstack@c-api.service[110869]: DEBUG cinder.quota [None req-bfbbf9d8-04c8-403c-a388-7b80f512a800 tempest-VolumesExtendTest-625300037 tempest-VolumesExtendTest-625300037-project] Created reservations ['8525ee5c-8f1a-45b0-992c-187cb431126f', '9075388a-4042-4885-b524-09cfbdc787a8', 'df1ae0a4-3642-449f-8ef0-ddd34fb8bc87', '8f36f780-9c30-4eaa-93f2-6ad8c17e492c'] {{(pid=110869) reserve /opt/stack/cinder/cinder/quota.py:755}}
Jun 07 13:19:46.586642 dv-cinder-844964-1-smb devstack@c-api.service[110869]: DEBUG cinder.volume.api [None req-bfbbf9d8-04c8-403c-a388-7b80f512a800 tempest-VolumesExtendTest-625300037 tempest-VolumesExtendTest-625300037-project] Task 'cinder.volume.flows.api.create_volume.QuotaReserveTask;volume:create' (53dadfaa-8041-46cc-a247-cb99f99e46f2) transitioned into state 'SUCCESS' from state 'RUNNING' with result '{'reservations': ['8525ee5c-8f1a-45b0-992c-187cb431126f', '9075388a-4042-4885-b524-09cfbdc787a8', 'df1ae0a4-3642-449f-8ef0-ddd34fb8bc87', '8f36f780-9c30-4eaa-93f2-6ad8c17e492c']}' {{(pid=110869) _task_receiver /usr/local/lib/python3.8/dist-packages/taskflow/listeners/logging.py:178}}
Jun 07 13:19:46.588912 dv-cinder-844964-1-smb devstack@c-api.service[110869]: DEBUG cinder.volume.api [None req-bfbbf9d8-04c8-403c-a388-7b80f512a800 tempest-VolumesExtendTest-625300037 tempest-VolumesExtendTest-625300037-project] Task 'cinder.volume.flows.api.create_volume.EntryCreateTask;volume:create' (a94096be-a2e4-435e-9dfa-58b8a31e3fd2) transitioned into state 'RUNNING' from state 'PENDING' {{(pid=110869) _task_receiver /usr/local/lib/python3.8/dist-packages/taskflow/listeners/logging.py:190}}
Jun 07 13:19:46.608251 dv-cinder-844964-1-smb devstack@c-api.service[110868]: INFO cinder.api.openstack.wsgi [None req-0543ff49-a031-47c8-b434-a73bf0274265 tempest-VolumeTypesNegativeTest-1440963384 tempest-VolumeTypesNegativeTest-1440963384-project-admin] POST http://10.222.0.42/volume/v3/5b6b8cc72ed04b4b8fc780637dddc136/types/fe1a0a2a-8b5c-41e1-8ec4-fd96b2688d08/encryption
Jun 07 13:19:46.609155 dv-cinder-844964-1-smb devstack@c-api.service[110868]: DEBUG cinder.api.openstack.wsgi [None req-0543ff49-a031-47c8-b434-a73bf0274265 tempest-VolumeTypesNegativeTest-1440963384 tempest-VolumeTypesNegativeTest-1440963384-project-admin] Action: 'create', calling method: create, body: {"encryption": {"provider": "LuksEncryptor", "key_size": 256, "cipher": "aes-xts-plain64", "control_location": "front-end"}} {{(pid=110868) _process_stack /opt/stack/cinder/cinder/api/openstack/wsgi.py:866}}
Jun 07 13:19:46.614639 dv-cinder-844964-1-smb devstack@c-api.service[110868]: /usr/local/lib/python3.8/dist-packages/oslo_context/context.py:100: DeprecationWarning: Policy enforcement is depending on the value of is_admin. This key is deprecated. Please update your policy file to use the standard policy values.
Jun 07 13:19:46.614639 dv-cinder-844964-1-smb devstack@c-api.service[110868]: warnings.warn('Policy enforcement is depending on the value of '
Jun 07 13:19:46.632690 dv-cinder-844964-1-smb devstack@c-api.service[110869]: DEBUG cinder.volume.api [None req-bfbbf9d8-04c8-403c-a388-7b80f512a800 tempest-VolumesExtendTest-625300037 tempest-VolumesExtendTest-625300037-project] Task 'cinder.volume.flows.api.create_volume.EntryCreateTask;volume:create' (a94096be-a2e4-435e-9dfa-58b8a31e3fd2) transitioned into state 'SUCCESS' from state 'RUNNING' with result '{'volume_id': 'a677d925-4fa6-41a4-9ceb-dad95eae6820', 'volume_properties': VolumeProperties(attach_status='detached',availability_zone='nova',cgsnapshot_id=None,consistencygroup_id=None,display_description=None,display_name='tempest-VolumesExtendTest-Volume-607135185',encryption_key_id=None,group_id=None,group_type_id=,metadata={},multiattach=False,project_id='b90b363c766b4f0c8fdb5a58c0b0b78e',qos_specs=None,replication_status=,reservations=['8525ee5c-8f1a-45b0-992c-187cb431126f','9075388a-4042-4885-b524-09cfbdc787a8','df1ae0a4-3642-449f-8ef0-ddd34fb8bc87','8f36f780-9c30-4eaa-93f2-6ad8c17e492c'],size=1,snapshot_id=None,source_replicaid=,source_volid=None,status='creating',user_id='0286f1ff8ff24e72abb9e89440aa1914',volume_type_id=c4cc7694-2f6b-45d8-8294-9f1ee3769230), 'volume': Volume(_name_id=None,admin_metadata=,attach_status='detached',availability_zone='nova',bootable=False,cluster=,cluster_name=None,consistencygroup=,consistencygroup_id=None,created_at=2022-06-07T13:19:46Z,deleted=False,deleted_at=None,display_description=None,display_name='tempest-VolumesExtendTest-Volume-607135185',ec2_id=None,encryption_key_id=None,glance_metadata=,group=,group_id=None,host=None,id=a677d925-4fa6-41a4-9ceb-dad95eae6820,launched_at=None,metadata={},migration_status=None,multiattach=False,previous_status=None,project_id='b90b363c766b4f0c8fdb5a58c0b0b78e',provider_auth=None,provider_geometry=None,provider_id=None,provider_location=None,replication_driver_data=None,replication_extended_status=None,replication_status=None,scheduled_at=None,service_uuid=None,shared_targets=True,size=1,snapshot_id=None,snapshots=,source_volid=None,status='creating',terminated_at=None,updated_at=None,use_quota=True,user_id='0286f1ff8ff24e72abb9e89440aa1914',volume_attachment=VolumeAttachmentList,volume_type=VolumeType(c4cc7694-2f6b-45d8-8294-9f1ee3769230),volume_type_id=c4cc7694-2f6b-45d8-8294-9f1ee3769230)}' {{(pid=110869) _task_receiver /usr/local/lib/python3.8/dist-packages/taskflow/listeners/logging.py:178}}
Jun 07 13:19:46.634732 dv-cinder-844964-1-smb devstack@c-api.service[110869]: DEBUG cinder.volume.api [None req-bfbbf9d8-04c8-403c-a388-7b80f512a800 tempest-VolumesExtendTest-625300037 tempest-VolumesExtendTest-625300037-project] Task 'cinder.volume.flows.api.create_volume.QuotaCommitTask;volume:create' (9b6b29e8-a1f0-470f-9c75-9358d92523d2) transitioned into state 'RUNNING' from state 'PENDING' {{(pid=110869) _task_receiver /usr/local/lib/python3.8/dist-packages/taskflow/listeners/logging.py:190}}
Jun 07 13:19:46.668680 dv-cinder-844964-1-smb devstack@c-api.service[110869]: DEBUG cinder.volume.api [None req-bfbbf9d8-04c8-403c-a388-7b80f512a800 tempest-VolumesExtendTest-625300037 tempest-VolumesExtendTest-625300037-project] Task 'cinder.volume.flows.api.create_volume.QuotaCommitTask;volume:create' (9b6b29e8-a1f0-470f-9c75-9358d92523d2) transitioned into state 'SUCCESS' from state 'RUNNING' with result '{'volume_properties': VolumeProperties(attach_status='detached',availability_zone='nova',cgsnapshot_id=None,consistencygroup_id=None,display_description=None,display_name='tempest-VolumesExtendTest-Volume-607135185',encryption_key_id=None,group_id=None,group_type_id=,metadata={},multiattach=False,project_id='b90b363c766b4f0c8fdb5a58c0b0b78e',qos_specs=None,replication_status=,reservations=['8525ee5c-8f1a-45b0-992c-187cb431126f','9075388a-4042-4885-b524-09cfbdc787a8','df1ae0a4-3642-449f-8ef0-ddd34fb8bc87','8f36f780-9c30-4eaa-93f2-6ad8c17e492c'],size=1,snapshot_id=None,source_replicaid=,source_volid=None,status='creating',user_id='0286f1ff8ff24e72abb9e89440aa1914',volume_type_id=c4cc7694-2f6b-45d8-8294-9f1ee3769230)}' {{(pid=110869) _task_receiver /usr/local/lib/python3.8/dist-packages/taskflow/listeners/logging.py:178}}
Jun 07 13:19:46.670755 dv-cinder-844964-1-smb devstack@c-api.service[110869]: DEBUG cinder.volume.api [None req-bfbbf9d8-04c8-403c-a388-7b80f512a800 tempest-VolumesExtendTest-625300037 tempest-VolumesExtendTest-625300037-project] Task 'cinder.volume.flows.api.create_volume.VolumeCastTask;volume:create' (51ec6dea-d6e8-432e-adfc-b624ca031d89) transitioned into state 'RUNNING' from state 'PENDING' {{(pid=110869) _task_receiver /usr/local/lib/python3.8/dist-packages/taskflow/listeners/logging.py:190}}
Jun 07 13:19:46.696657 dv-cinder-844964-1-smb devstack@c-api.service[110869]: DEBUG cinder.volume.api [None req-bfbbf9d8-04c8-403c-a388-7b80f512a800 tempest-VolumesExtendTest-625300037 tempest-VolumesExtendTest-625300037-project] Task 'cinder.volume.flows.api.create_volume.VolumeCastTask;volume:create' (51ec6dea-d6e8-432e-adfc-b624ca031d89) transitioned into state 'SUCCESS' from state 'RUNNING' with result 'None' {{(pid=110869) _task_receiver /usr/local/lib/python3.8/dist-packages/taskflow/listeners/logging.py:178}}
Jun 07 13:19:46.701307 dv-cinder-844964-1-smb devstack@c-api.service[110869]: DEBUG cinder.volume.api [None req-bfbbf9d8-04c8-403c-a388-7b80f512a800 tempest-VolumesExtendTest-625300037 tempest-VolumesExtendTest-625300037-project] Flow 'volume_create_api' (9aaec30d-ef05-463e-995c-4e7f03577ea3) transitioned into state 'SUCCESS' from state 'RUNNING' {{(pid=110869) _flow_receiver /usr/local/lib/python3.8/dist-packages/taskflow/listeners/logging.py:141}}
Jun 07 13:19:46.702226 dv-cinder-844964-1-smb devstack@c-api.service[110869]: INFO cinder.volume.api [None req-bfbbf9d8-04c8-403c-a388-7b80f512a800 tempest-VolumesExtendTest-625300037 tempest-VolumesExtendTest-625300037-project] Create volume request issued successfully.
Jun 07 13:19:46.703915 dv-cinder-844964-1-smb devstack@c-api.service[110869]: INFO cinder.api.openstack.wsgi [None req-bfbbf9d8-04c8-403c-a388-7b80f512a800 tempest-VolumesExtendTest-625300037 tempest-VolumesExtendTest-625300037-project] http://10.222.0.42/volume/v3/b90b363c766b4f0c8fdb5a58c0b0b78e/volumes returned with HTTP 202
Jun 07 13:19:46.704285 dv-cinder-844964-1-smb devstack@c-api.service[110868]: INFO cinder.api.openstack.wsgi [None req-0543ff49-a031-47c8-b434-a73bf0274265 tempest-VolumeTypesNegativeTest-1440963384 tempest-VolumeTypesNegativeTest-1440963384-project-admin] http://10.222.0.42/volume/v3/5b6b8cc72ed04b4b8fc780637dddc136/types/fe1a0a2a-8b5c-41e1-8ec4-fd96b2688d08/encryption returned with HTTP 404
Jun 07 13:19:46.705012 dv-cinder-844964-1-smb devstack@c-api.service[110869]: [pid: 110869|app: 0|req: 216/440] 10.222.0.42 () {60 vars in 1235 bytes} [Tue Jun 7 13:19:46 2022] POST /volume/v3/b90b363c766b4f0c8fdb5a58c0b0b78e/volumes => generated 816 bytes in 619 msecs (HTTP/1.1 202) 7 headers in 291 bytes (1 switches on core 0)
Jun 07 13:19:46.705902 dv-cinder-844964-1-smb devstack@c-api.service[110868]: [pid: 110868|app: 0|req: 225/441] 10.222.0.42 () {60 vars in 1373 bytes} [Tue Jun 7 13:19:46 2022] POST /volume/v3/5b6b8cc72ed04b4b8fc780637dddc136/types/fe1a0a2a-8b5c-41e1-8ec4-fd96b2688d08/encryption => generated 114 bytes in 318 msecs (HTTP/1.1 404) 7 headers in 292 bytes (2 switches on core 0)
Jun 07 13:19:46.706594 dv-cinder-844964-1-smb devstack@c-api.service[110869]: DEBUG cinder.api.middleware.request_id [None req-57adb8f9-0aea-435a-97fc-f2196a4d7846 None None] RequestId filter calling following filter/app {{(pid=110869) _context_setter /opt/stack/cinder/cinder/api/middleware/request_id.py:62}}
Jun 07 13:19:46.710664 dv-cinder-844964-1-smb devstack@c-api.service[110869]: INFO cinder.api.openstack.wsgi [None req-57adb8f9-0aea-435a-97fc-f2196a4d7846 tempest-VolumesDeleteCascade-1611623870 tempest-VolumesDeleteCascade-1611623870-project] GET http://10.222.0.42/volume/v3/a012c0c24927488e8148c3f9877ac808/snapshots/4ec74736-82ba-44b0-aecb-b3d84fda9f78
Jun 07 13:19:46.711117 dv-cinder-844964-1-smb devstack@c-api.service[110869]: DEBUG cinder.api.openstack.wsgi [None req-57adb8f9-0aea-435a-97fc-f2196a4d7846 tempest-VolumesDeleteCascade-1611623870 tempest-VolumesDeleteCascade-1611623870-project] Empty body provided in request {{(pid=110869) get_body /opt/stack/cinder/cinder/api/openstack/wsgi.py:715}}
Jun 07 13:19:46.712310 dv-cinder-844964-1-smb devstack@c-api.service[110869]: DEBUG cinder.api.openstack.wsgi [None req-57adb8f9-0aea-435a-97fc-f2196a4d7846 tempest-VolumesDeleteCascade-1611623870 tempest-VolumesDeleteCascade-1611623870-project] Calling method 'show' {{(pid=110869) _process_stack /opt/stack/cinder/cinder/api/openstack/wsgi.py:868}}
Jun 07 13:19:46.727209 dv-cinder-844964-1-smb devstack@c-api.service[110869]: /usr/local/lib/python3.8/dist-packages/oslo_context/context.py:100: DeprecationWarning: Policy enforcement is depending on the value of is_admin. This key is deprecated. Please update your policy file to use the standard policy values.
Jun 07 13:19:46.727209 dv-cinder-844964-1-smb devstack@c-api.service[110869]: warnings.warn('Policy enforcement is depending on the value of '
Jun 07 13:19:46.728772 dv-cinder-844964-1-smb devstack@c-api.service[110869]: INFO cinder.volume.api [None req-57adb8f9-0aea-435a-97fc-f2196a4d7846 tempest-VolumesDeleteCascade-1611623870 tempest-VolumesDeleteCascade-1611623870-project] Snapshot retrieved successfully.
Jun 07 13:19:46.730345 dv-cinder-844964-1-smb devstack@c-api.service[110868]: DEBUG cinder.api.middleware.request_id [None req-363812d5-6f1d-4af7-8eaf-7e649556a1dd None None] RequestId filter calling following filter/app {{(pid=110868) _context_setter /opt/stack/cinder/cinder/api/middleware/request_id.py:62}}
Jun 07 13:19:46.731757 dv-cinder-844964-1-smb devstack@c-api.service[110869]: INFO cinder.api.openstack.wsgi [None req-57adb8f9-0aea-435a-97fc-f2196a4d7846 tempest-VolumesDeleteCascade-1611623870 tempest-VolumesDeleteCascade-1611623870-project] http://10.222.0.42/volume/v3/a012c0c24927488e8148c3f9877ac808/snapshots/4ec74736-82ba-44b0-aecb-b3d84fda9f78 returned with HTTP 200
Jun 07 13:19:46.733061 dv-cinder-844964-1-smb devstack@c-api.service[110869]: [pid: 110869|app: 0|req: 217/442] 10.222.0.42 () {58 vars in 1330 bytes} [Tue Jun 7 13:19:46 2022] GET /volume/v3/a012c0c24927488e8148c3f9877ac808/snapshots/4ec74736-82ba-44b0-aecb-b3d84fda9f78 => generated 531 bytes in 27 msecs (HTTP/1.1 200) 7 headers in 285 bytes (1 switches on core 0)
Jun 07 13:19:46.734552 dv-cinder-844964-1-smb devstack@c-api.service[110869]: DEBUG cinder.api.middleware.request_id [None req-2a2903fa-df74-443b-81dd-bfc6afda30c1 None None] RequestId filter calling following filter/app {{(pid=110869) _context_setter /opt/stack/cinder/cinder/api/middleware/request_id.py:62}}
Jun 07 13:19:46.741063 dv-cinder-844964-1-smb devstack@c-api.service[110869]: INFO cinder.api.openstack.wsgi [None req-2a2903fa-df74-443b-81dd-bfc6afda30c1 tempest-VolumesExtendTest-625300037 tempest-VolumesExtendTest-625300037-project] GET http://10.222.0.42/volume/v3/b90b363c766b4f0c8fdb5a58c0b0b78e/volumes/a677d925-4fa6-41a4-9ceb-dad95eae6820
Jun 07 13:19:46.741545 dv-cinder-844964-1-smb devstack@c-api.service[110869]: DEBUG cinder.api.openstack.wsgi [None req-2a2903fa-df74-443b-81dd-bfc6afda30c1 tempest-VolumesExtendTest-625300037 tempest-VolumesExtendTest-625300037-project] Empty body provided in request {{(pid=110869) get_body /opt/stack/cinder/cinder/api/openstack/wsgi.py:715}}
Jun 07 13:19:46.742152 dv-cinder-844964-1-smb devstack@c-api.service[110869]: DEBUG cinder.api.openstack.wsgi [None req-2a2903fa-df74-443b-81dd-bfc6afda30c1 tempest-VolumesExtendTest-625300037 tempest-VolumesExtendTest-625300037-project] Calling method 'show' {{(pid=110869) _process_stack /opt/stack/cinder/cinder/api/openstack/wsgi.py:868}}
Jun 07 13:19:46.751821 dv-cinder-844964-1-smb devstack@c-api.service[110868]: INFO cinder.api.openstack.wsgi [None req-363812d5-6f1d-4af7-8eaf-7e649556a1dd tempest-VolumeTypesNegativeTest-1440963384 tempest-VolumeTypesNegativeTest-1440963384-project-admin] POST http://10.222.0.42/volume/v3/5b6b8cc72ed04b4b8fc780637dddc136/types
Jun 07 13:19:46.753941 dv-cinder-844964-1-smb devstack@c-api.service[110868]: DEBUG cinder.api.openstack.wsgi [None req-363812d5-6f1d-4af7-8eaf-7e649556a1dd tempest-VolumeTypesNegativeTest-1440963384 tempest-VolumeTypesNegativeTest-1440963384-project-admin] Action: 'create', calling method: _create, body: {"volume_type": {"name": "tempest-VolumeTypesNegativeTest-volume-type-1386827700", "os-volume-type-access:is_public": false}} {{(pid=110868) _process_stack /opt/stack/cinder/cinder/api/openstack/wsgi.py:866}}
Jun 07 13:19:46.765103 dv-cinder-844964-1-smb devstack@c-api.service[110869]: /usr/local/lib/python3.8/dist-packages/oslo_context/context.py:100: DeprecationWarning: Policy enforcement is depending on the value of is_admin. This key is deprecated. Please update your policy file to use the standard policy values.
Jun 07 13:19:46.765103 dv-cinder-844964-1-smb devstack@c-api.service[110869]: warnings.warn('Policy enforcement is depending on the value of '
Jun 07 13:19:46.782241 dv-cinder-844964-1-smb devstack@c-api.service[110869]: INFO cinder.volume.api [None req-2a2903fa-df74-443b-81dd-bfc6afda30c1 tempest-VolumesExtendTest-625300037 tempest-VolumesExtendTest-625300037-project] Volume info retrieved successfully.
Jun 07 13:19:46.799607 dv-cinder-844964-1-smb devstack@c-api.service[110869]: INFO cinder.api.openstack.wsgi [None req-2a2903fa-df74-443b-81dd-bfc6afda30c1 tempest-VolumesExtendTest-625300037 tempest-VolumesExtendTest-625300037-project] http://10.222.0.42/volume/v3/b90b363c766b4f0c8fdb5a58c0b0b78e/volumes/a677d925-4fa6-41a4-9ceb-dad95eae6820 returned with HTTP 200
Jun 07 13:19:46.800834 dv-cinder-844964-1-smb devstack@c-api.service[110868]: INFO cinder.api.openstack.wsgi [None req-363812d5-6f1d-4af7-8eaf-7e649556a1dd tempest-VolumeTypesNegativeTest-1440963384 tempest-VolumeTypesNegativeTest-1440963384-project-admin] http://10.222.0.42/volume/v3/5b6b8cc72ed04b4b8fc780637dddc136/types returned with HTTP 200
Jun 07 13:19:46.801609 dv-cinder-844964-1-smb devstack@c-api.service[110869]: [pid: 110869|app: 0|req: 218/443] 10.222.0.42 () {58 vars in 1324 bytes} [Tue Jun 7 13:19:46 2022] GET /volume/v3/b90b363c766b4f0c8fdb5a58c0b0b78e/volumes/a677d925-4fa6-41a4-9ceb-dad95eae6820 => generated 884 bytes in 68 msecs (HTTP/1.1 200) 7 headers in 285 bytes (1 switches on core 0)
Jun 07 13:19:46.803212 dv-cinder-844964-1-smb devstack@c-api.service[110869]: DEBUG cinder.api.middleware.request_id [None req-f2bfa775-9270-4115-b8b7-d3f6f92d199e None None] RequestId filter calling following filter/app {{(pid=110869) _context_setter /opt/stack/cinder/cinder/api/middleware/request_id.py:62}}
Jun 07 13:19:46.809452 dv-cinder-844964-1-smb devstack@c-api.service[110868]: [pid: 110868|app: 0|req: 226/444] 10.222.0.42 () {60 vars in 1229 bytes} [Tue Jun 7 13:19:46 2022] POST /volume/v3/5b6b8cc72ed04b4b8fc780637dddc136/types => generated 231 bytes in 90 msecs (HTTP/1.1 200) 7 headers in 285 bytes (1 switches on core 0)
Jun 07 13:19:46.810875 dv-cinder-844964-1-smb devstack@c-api.service[110868]: DEBUG cinder.api.middleware.request_id [None req-41fd87c2-1e6a-4e2c-acb9-c8c2a075fa3e None None] RequestId filter calling following filter/app {{(pid=110868) _context_setter /opt/stack/cinder/cinder/api/middleware/request_id.py:62}}
Jun 07 13:19:46.814172 dv-cinder-844964-1-smb devstack@c-api.service[110869]: INFO cinder.api.openstack.wsgi [None req-f2bfa775-9270-4115-b8b7-d3f6f92d199e tempest-VolumesDeleteCascade-1611623870 tempest-VolumesDeleteCascade-1611623870-project] POST http://10.222.0.42/volume/v3/a012c0c24927488e8148c3f9877ac808/volumes
Jun 07 13:19:46.814747 dv-cinder-844964-1-smb devstack@c-api.service[110868]: INFO cinder.api.openstack.wsgi [None req-41fd87c2-1e6a-4e2c-acb9-c8c2a075fa3e tempest-VolumeTypesTest-359117397 tempest-VolumeTypesTest-359117397-project] GET http://10.222.0.42/volume/v3/fb8202b74f03442c9cc5cca18215c6fb/volumes/0248c4ae-143a-4fbb-8f00-1b2839c82e40
Jun 07 13:19:46.815411 dv-cinder-844964-1-smb devstack@c-api.service[110868]: DEBUG cinder.api.openstack.wsgi [None req-41fd87c2-1e6a-4e2c-acb9-c8c2a075fa3e tempest-VolumeTypesTest-359117397 tempest-VolumeTypesTest-359117397-project] Empty body provided in request {{(pid=110868) get_body /opt/stack/cinder/cinder/api/openstack/wsgi.py:715}}
Jun 07 13:19:46.816008 dv-cinder-844964-1-smb devstack@c-api.service[110868]: DEBUG cinder.api.openstack.wsgi [None req-41fd87c2-1e6a-4e2c-acb9-c8c2a075fa3e tempest-VolumeTypesTest-359117397 tempest-VolumeTypesTest-359117397-project] Calling method 'show' {{(pid=110868) _process_stack /opt/stack/cinder/cinder/api/openstack/wsgi.py:868}}
Jun 07 13:19:46.816668 dv-cinder-844964-1-smb devstack@c-api.service[110869]: DEBUG cinder.api.openstack.wsgi [None req-f2bfa775-9270-4115-b8b7-d3f6f92d199e tempest-VolumesDeleteCascade-1611623870 tempest-VolumesDeleteCascade-1611623870-project] Action: 'create', calling method: create, body: {"volume": {"snapshot_id": "4ec74736-82ba-44b0-aecb-b3d84fda9f78", "size": 1, "name": "tempest-VolumesDeleteCascade-Volume-86857329"}} {{(pid=110869) _process_stack /opt/stack/cinder/cinder/api/openstack/wsgi.py:866}}
Jun 07 13:19:46.818164 dv-cinder-844964-1-smb devstack@c-api.service[110869]: DEBUG cinder.api.v3.volumes [None req-f2bfa775-9270-4115-b8b7-d3f6f92d199e tempest-VolumesDeleteCascade-1611623870 tempest-VolumesDeleteCascade-1611623870-project] Create volume request body: {'volume': {'snapshot_id': '4ec74736-82ba-44b0-aecb-b3d84fda9f78', 'size': 1, 'name': 'tempest-VolumesDeleteCascade-Volume-86857329'}} {{(pid=110869) create /opt/stack/cinder/cinder/api/v3/volumes.py:298}}
Jun 07 13:19:46.835312 dv-cinder-844964-1-smb devstack@c-api.service[110869]: /usr/local/lib/python3.8/dist-packages/oslo_context/context.py:100: DeprecationWarning: Policy enforcement is depending on the value of is_admin. This key is deprecated. Please update your policy file to use the standard policy values.
Jun 07 13:19:46.835312 dv-cinder-844964-1-smb devstack@c-api.service[110869]: warnings.warn('Policy enforcement is depending on the value of '
Jun 07 13:19:46.836406 dv-cinder-844964-1-smb devstack@c-api.service[110869]: INFO cinder.volume.api [None req-f2bfa775-9270-4115-b8b7-d3f6f92d199e tempest-VolumesDeleteCascade-1611623870 tempest-VolumesDeleteCascade-1611623870-project] Snapshot retrieved successfully.
Jun 07 13:19:46.836713 dv-cinder-844964-1-smb devstack@c-api.service[110869]: INFO cinder.api.v3.volumes [None req-f2bfa775-9270-4115-b8b7-d3f6f92d199e tempest-VolumesDeleteCascade-1611623870 tempest-VolumesDeleteCascade-1611623870-project] Create volume of 1 GB
Jun 07 13:19:46.837384 dv-cinder-844964-1-smb devstack@c-api.service[110868]: /usr/local/lib/python3.8/dist-packages/oslo_context/context.py:100: DeprecationWarning: Policy enforcement is depending on the value of is_admin. This key is deprecated. Please update your policy file to use the standard policy values.
Jun 07 13:19:46.837384 dv-cinder-844964-1-smb devstack@c-api.service[110868]: warnings.warn('Policy enforcement is depending on the value of '
Jun 07 13:19:46.846214 dv-cinder-844964-1-smb devstack@c-api.service[110869]: INFO cinder.volume.api [None req-f2bfa775-9270-4115-b8b7-d3f6f92d199e tempest-VolumesDeleteCascade-1611623870 tempest-VolumesDeleteCascade-1611623870-project] Availability Zones retrieved successfully.
Jun 07 13:19:46.846676 dv-cinder-844964-1-smb devstack@c-api.service[110868]: INFO cinder.volume.api [None req-41fd87c2-1e6a-4e2c-acb9-c8c2a075fa3e tempest-VolumeTypesTest-359117397 tempest-VolumeTypesTest-359117397-project] Volume info retrieved successfully.
Jun 07 13:19:46.858946 dv-cinder-844964-1-smb devstack@c-api.service[110868]: INFO cinder.api.openstack.wsgi [None req-41fd87c2-1e6a-4e2c-acb9-c8c2a075fa3e tempest-VolumeTypesTest-359117397 tempest-VolumeTypesTest-359117397-project] http://10.222.0.42/volume/v3/fb8202b74f03442c9cc5cca18215c6fb/volumes/0248c4ae-143a-4fbb-8f00-1b2839c82e40 returned with HTTP 200
Jun 07 13:19:46.860201 dv-cinder-844964-1-smb devstack@c-api.service[110868]: [pid: 110868|app: 0|req: 227/445] 10.222.0.42 () {58 vars in 1324 bytes} [Tue Jun 7 13:19:46 2022] GET /volume/v3/fb8202b74f03442c9cc5cca18215c6fb/volumes/0248c4ae-143a-4fbb-8f00-1b2839c82e40 => generated 941 bytes in 50 msecs (HTTP/1.1 200) 7 headers in 285 bytes (1 switches on core 0)
Jun 07 13:19:46.862226 dv-cinder-844964-1-smb devstack@c-api.service[110868]: DEBUG cinder.api.middleware.request_id [None req-53374dad-31ac-48ad-834f-b02eb0f3809d None None] RequestId filter calling following filter/app {{(pid=110868) _context_setter /opt/stack/cinder/cinder/api/middleware/request_id.py:62}}
Jun 07 13:19:46.882244 dv-cinder-844964-1-smb devstack@c-api.service[110869]: DEBUG cinder.volume.api [None req-f2bfa775-9270-4115-b8b7-d3f6f92d199e tempest-VolumesDeleteCascade-1611623870 tempest-VolumesDeleteCascade-1611623870-project] Flow 'volume_create_api' (f142667c-6745-4ef7-8611-7e9db0bae5af) transitioned into state 'RUNNING' from state 'PENDING' {{(pid=110869) _flow_receiver /usr/local/lib/python3.8/dist-packages/taskflow/listeners/logging.py:141}}
Jun 07 13:19:46.884759 dv-cinder-844964-1-smb devstack@c-api.service[110869]: DEBUG cinder.volume.api [None req-f2bfa775-9270-4115-b8b7-d3f6f92d199e tempest-VolumesDeleteCascade-1611623870 tempest-VolumesDeleteCascade-1611623870-project] Task 'cinder.volume.flows.api.create_volume.ExtractVolumeRequestTask;volume:create' (8e96e385-970a-41b9-b2e2-467f764f6210) transitioned into state 'RUNNING' from state 'PENDING' {{(pid=110869) _task_receiver /usr/local/lib/python3.8/dist-packages/taskflow/listeners/logging.py:190}}
Jun 07 13:19:46.887760 dv-cinder-844964-1-smb devstack@c-api.service[110869]: DEBUG cinder.volume.flows.api.create_volume [None req-f2bfa775-9270-4115-b8b7-d3f6f92d199e tempest-VolumesDeleteCascade-1611623870 tempest-VolumesDeleteCascade-1611623870-project] Validating volume size '1' using validate_int, validate_snap_size {{(pid=110869) _extract_size /opt/stack/cinder/cinder/volume/flows/api/create_volume.py:228}}
Jun 07 13:19:46.942598 dv-cinder-844964-1-smb devstack@c-api.service[110869]: DEBUG cinder.volume.api [None req-f2bfa775-9270-4115-b8b7-d3f6f92d199e tempest-VolumesDeleteCascade-1611623870 tempest-VolumesDeleteCascade-1611623870-project] Task 'cinder.volume.flows.api.create_volume.ExtractVolumeRequestTask;volume:create' (8e96e385-970a-41b9-b2e2-467f764f6210) transitioned into state 'SUCCESS' from state 'RUNNING' with result '{'size': 1, 'snapshot_id': '4ec74736-82ba-44b0-aecb-b3d84fda9f78', 'source_volid': None, 'volume_type': VolumeType(created_at=2022-06-07T13:08:29Z,deleted=False,deleted_at=None,description='Default Volume Type',extra_specs={},id=c4cc7694-2f6b-45d8-8294-9f1ee3769230,is_public=True,name='__DEFAULT__',projects=[],qos_specs=,qos_specs_id=None,updated_at=2022-06-07T13:08:29Z), 'volume_type_id': 'c4cc7694-2f6b-45d8-8294-9f1ee3769230', 'encryption_key_id': None, 'qos_specs': None, 'consistencygroup_id': None, 'cgsnapshot_id': None, 'group_id': None, 'replication_status': 'disabled', 'refresh_az': False, 'backup_id': None, 'multiattach': False, 'availability_zones': ['nova']}' {{(pid=110869) _task_receiver /usr/local/lib/python3.8/dist-packages/taskflow/listeners/logging.py:178}}
Jun 07 13:19:46.945811 dv-cinder-844964-1-smb devstack@c-api.service[110869]: DEBUG cinder.volume.api [None req-f2bfa775-9270-4115-b8b7-d3f6f92d199e tempest-VolumesDeleteCascade-1611623870 tempest-VolumesDeleteCascade-1611623870-project] Task 'cinder.volume.flows.api.create_volume.QuotaReserveTask;volume:create' (ac0bb30b-1322-43ac-b124-6dbed78360c7) transitioned into state 'RUNNING' from state 'PENDING' {{(pid=110869) _task_receiver /usr/local/lib/python3.8/dist-packages/taskflow/listeners/logging.py:190}}
Jun 07 13:19:47.026800 dv-cinder-844964-1-smb devstack@c-api.service[110869]: DEBUG cinder.quota [None req-f2bfa775-9270-4115-b8b7-d3f6f92d199e tempest-VolumesDeleteCascade-1611623870 tempest-VolumesDeleteCascade-1611623870-project] Created reservations ['7aaf6b6c-5aca-498d-b6e0-23b7f5dbaec4', '0edee4c2-91d0-4333-b70a-e2555fb0fd1e', 'cce3d8b8-27bd-4556-8ac6-a8f5c623cf3f', 'adaf4011-5134-4827-8ca3-dbc6291dea66'] {{(pid=110869) reserve /opt/stack/cinder/cinder/quota.py:755}}
Jun 07 13:19:47.030183 dv-cinder-844964-1-smb devstack@c-api.service[110869]: DEBUG cinder.volume.api [None req-f2bfa775-9270-4115-b8b7-d3f6f92d199e tempest-VolumesDeleteCascade-1611623870 tempest-VolumesDeleteCascade-1611623870-project] Task 'cinder.volume.flows.api.create_volume.QuotaReserveTask;volume:create' (ac0bb30b-1322-43ac-b124-6dbed78360c7) transitioned into state 'SUCCESS' from state 'RUNNING' with result '{'reservations': ['7aaf6b6c-5aca-498d-b6e0-23b7f5dbaec4', '0edee4c2-91d0-4333-b70a-e2555fb0fd1e', 'cce3d8b8-27bd-4556-8ac6-a8f5c623cf3f', 'adaf4011-5134-4827-8ca3-dbc6291dea66']}' {{(pid=110869) _task_receiver /usr/local/lib/python3.8/dist-packages/taskflow/listeners/logging.py:178}}
Jun 07 13:19:47.033804 dv-cinder-844964-1-smb devstack@c-api.service[110869]: DEBUG cinder.volume.api [None req-f2bfa775-9270-4115-b8b7-d3f6f92d199e tempest-VolumesDeleteCascade-1611623870 tempest-VolumesDeleteCascade-1611623870-project] Task 'cinder.volume.flows.api.create_volume.EntryCreateTask;volume:create' (39212b89-3dbe-4614-848b-b9c444682621) transitioned into state 'RUNNING' from state 'PENDING' {{(pid=110869) _task_receiver /usr/local/lib/python3.8/dist-packages/taskflow/listeners/logging.py:190}}
Jun 07 13:19:47.095353 dv-cinder-844964-1-smb devstack@c-api.service[110869]: DEBUG cinder.volume.api [None req-f2bfa775-9270-4115-b8b7-d3f6f92d199e tempest-VolumesDeleteCascade-1611623870 tempest-VolumesDeleteCascade-1611623870-project] Task 'cinder.volume.flows.api.create_volume.EntryCreateTask;volume:create' (39212b89-3dbe-4614-848b-b9c444682621) transitioned into state 'SUCCESS' from state 'RUNNING' with result '{'volume_id': 'c5ae895e-2b41-4320-aa07-97ecc2c45840', 'volume_properties': VolumeProperties(attach_status='detached',availability_zone='nova',cgsnapshot_id=None,consistencygroup_id=None,display_description=None,display_name='tempest-VolumesDeleteCascade-Volume-86857329',encryption_key_id=None,group_id=None,group_type_id=,metadata={},multiattach=False,project_id='a012c0c24927488e8148c3f9877ac808',qos_specs=None,replication_status=,reservations=['7aaf6b6c-5aca-498d-b6e0-23b7f5dbaec4','0edee4c2-91d0-4333-b70a-e2555fb0fd1e','cce3d8b8-27bd-4556-8ac6-a8f5c623cf3f','adaf4011-5134-4827-8ca3-dbc6291dea66'],size=1,snapshot_id=4ec74736-82ba-44b0-aecb-b3d84fda9f78,source_replicaid=,source_volid=None,status='creating',user_id='fe9d25ff0d8d4bbe9168fab8417dc0dd',volume_type_id=c4cc7694-2f6b-45d8-8294-9f1ee3769230), 'volume': Volume(_name_id=None,admin_metadata=,attach_status='detached',availability_zone='nova',bootable=False,cluster=,cluster_name=None,consistencygroup=,consistencygroup_id=None,created_at=2022-06-07T13:19:47Z,deleted=False,deleted_at=None,display_description=None,display_name='tempest-VolumesDeleteCascade-Volume-86857329',ec2_id=None,encryption_key_id=None,glance_metadata=,group=,group_id=None,host=None,id=c5ae895e-2b41-4320-aa07-97ecc2c45840,launched_at=None,metadata={},migration_status=None,multiattach=False,previous_status=None,project_id='a012c0c24927488e8148c3f9877ac808',provider_auth=None,provider_geometry=None,provider_id=None,provider_location=None,replication_driver_data=None,replication_extended_status=None,replication_status=None,scheduled_at=None,service_uuid=None,shared_targets=True,size=1,snapshot_id=4ec74736-82ba-44b0-aecb-b3d84fda9f78,snapshots=,source_volid=None,status='creating',terminated_at=None,updated_at=None,use_quota=True,user_id='fe9d25ff0d8d4bbe9168fab8417dc0dd',volume_attachment=VolumeAttachmentList,volume_type=VolumeType(c4cc7694-2f6b-45d8-8294-9f1ee3769230),volume_type_id=c4cc7694-2f6b-45d8-8294-9f1ee3769230)}' {{(pid=110869) _task_receiver /usr/local/lib/python3.8/dist-packages/taskflow/listeners/logging.py:178}}
