Jun 07 13:13:55.480154 dv-cinder-844962-1-smb devstack@c-api.service[110986]: /usr/local/lib/python3.8/dist-packages/oslo_context/context.py:100: DeprecationWarning: Policy enforcement is depending on the value of is_admin. This key is deprecated. Please update your policy file to use the standard policy values.
Jun 07 13:13:55.480154 dv-cinder-844962-1-smb devstack@c-api.service[110986]: warnings.warn('Policy enforcement is depending on the value of '
Jun 07 13:13:55.493890 dv-cinder-844962-1-smb devstack@c-api.service[110986]: INFO cinder.volume.api [None req-94bb3257-bc72-4689-99a6-4fb96f741427 tempest-SnapshotsActionsTest-567633844 tempest-SnapshotsActionsTest-567633844-project] Snapshot retrieved successfully.
Jun 07 13:13:55.498306 dv-cinder-844962-1-smb devstack@c-api.service[110985]: INFO cinder.api.openstack.wsgi [None req-230d17ed-291c-4126-9d27-ccc93215b64f tempest-GroupSnapshotsTest-1569489411 tempest-GroupSnapshotsTest-1569489411-project] http://10.222.0.24/volume/v3/8c5e77ed1715439391c5566a7c0cf2f1/groups/f76a919d-ea89-4ed8-a81c-86325a02f8be returned with HTTP 200
Jun 07 13:13:55.501521 dv-cinder-844962-1-smb devstack@c-api.service[110985]: [pid: 110985|app: 0|req: 40/84] 10.222.0.24 () {60 vars in 1362 bytes} [Tue Jun 7 13:13:55 2022] GET /volume/v3/8c5e77ed1715439391c5566a7c0cf2f1/groups/f76a919d-ea89-4ed8-a81c-86325a02f8be => generated 391 bytes in 106 msecs (HTTP/1.1 200) 7 headers in 286 bytes (1 switches on core 0)
Jun 07 13:13:55.509101 dv-cinder-844962-1-smb devstack@c-api.service[110986]: INFO cinder.api.openstack.wsgi [None req-94bb3257-bc72-4689-99a6-4fb96f741427 tempest-SnapshotsActionsTest-567633844 tempest-SnapshotsActionsTest-567633844-project] http://10.222.0.24/volume/v3/99151a85eb6d40d48efe7c7de002da67/snapshots/2f1eced3-835e-41ad-9af9-951e73c8c258 returned with HTTP 200
Jun 07 13:13:55.520536 dv-cinder-844962-1-smb devstack@c-api.service[110986]: [pid: 110986|app: 0|req: 45/85] 10.222.0.24 () {58 vars in 1330 bytes} [Tue Jun 7 13:13:55 2022] GET /volume/v3/99151a85eb6d40d48efe7c7de002da67/snapshots/2f1eced3-835e-41ad-9af9-951e73c8c258 => generated 438 bytes in 151 msecs (HTTP/1.1 200) 7 headers in 285 bytes (1 switches on core 0)
Jun 07 13:13:56.508101 dv-cinder-844962-1-smb devstack@c-api.service[110985]: DEBUG cinder.api.middleware.request_id [None req-fa2c230b-0e8b-4a91-b983-7f65daa33ad3 None None] RequestId filter calling following filter/app {{(pid=110985) _context_setter /opt/stack/cinder/cinder/api/middleware/request_id.py:62}}
Jun 07 13:13:56.512282 dv-cinder-844962-1-smb devstack@c-api.service[110985]: INFO cinder.api.openstack.wsgi [None req-fa2c230b-0e8b-4a91-b983-7f65daa33ad3 tempest-GroupSnapshotsTest-1569489411 tempest-GroupSnapshotsTest-1569489411-project] GET http://10.222.0.24/volume/v3/8c5e77ed1715439391c5566a7c0cf2f1/groups/f76a919d-ea89-4ed8-a81c-86325a02f8be
Jun 07 13:13:56.512778 dv-cinder-844962-1-smb devstack@c-api.service[110985]: DEBUG cinder.api.openstack.wsgi [None req-fa2c230b-0e8b-4a91-b983-7f65daa33ad3 tempest-GroupSnapshotsTest-1569489411 tempest-GroupSnapshotsTest-1569489411-project] Empty body provided in request {{(pid=110985) get_body /opt/stack/cinder/cinder/api/openstack/wsgi.py:715}}
Jun 07 13:13:56.513327 dv-cinder-844962-1-smb devstack@c-api.service[110985]: DEBUG cinder.api.openstack.wsgi [None req-fa2c230b-0e8b-4a91-b983-7f65daa33ad3 tempest-GroupSnapshotsTest-1569489411 tempest-GroupSnapshotsTest-1569489411-project] Calling method 'version_select' {{(pid=110985) _process_stack /opt/stack/cinder/cinder/api/openstack/wsgi.py:868}}
Jun 07 13:13:56.513681 dv-cinder-844962-1-smb devstack@c-api.service[110985]: DEBUG cinder.api.v3.groups [None req-fa2c230b-0e8b-4a91-b983-7f65daa33ad3 tempest-GroupSnapshotsTest-1569489411 tempest-GroupSnapshotsTest-1569489411-project] show called for member f76a919d-ea89-4ed8-a81c-86325a02f8be {{(pid=110985) show /opt/stack/cinder/cinder/api/v3/groups.py:58}}
Jun 07 13:13:56.522763 dv-cinder-844962-1-smb devstack@c-api.service[110986]: DEBUG cinder.api.middleware.request_id [None req-ae5b4ac7-9f85-4735-8a44-179f123ed59f None None] RequestId filter calling following filter/app {{(pid=110986) _context_setter /opt/stack/cinder/cinder/api/middleware/request_id.py:62}}
Jun 07 13:13:56.529996 dv-cinder-844962-1-smb devstack@c-api.service[110986]: INFO cinder.api.openstack.wsgi [None req-ae5b4ac7-9f85-4735-8a44-179f123ed59f tempest-SnapshotsActionsTest-567633844 tempest-SnapshotsActionsTest-567633844-project] GET http://10.222.0.24/volume/v3/99151a85eb6d40d48efe7c7de002da67/snapshots/2f1eced3-835e-41ad-9af9-951e73c8c258
Jun 07 13:13:56.530515 dv-cinder-844962-1-smb devstack@c-api.service[110986]: DEBUG cinder.api.openstack.wsgi [None req-ae5b4ac7-9f85-4735-8a44-179f123ed59f tempest-SnapshotsActionsTest-567633844 tempest-SnapshotsActionsTest-567633844-project] Empty body provided in request {{(pid=110986) get_body /opt/stack/cinder/cinder/api/openstack/wsgi.py:715}}
Jun 07 13:13:56.530747 dv-cinder-844962-1-smb devstack@c-api.service[110985]: /usr/local/lib/python3.8/dist-packages/oslo_context/context.py:100: DeprecationWarning: Policy enforcement is depending on the value of is_admin. This key is deprecated. Please update your policy file to use the standard policy values.
Jun 07 13:13:56.530747 dv-cinder-844962-1-smb devstack@c-api.service[110985]: warnings.warn('Policy enforcement is depending on the value of '
Jun 07 13:13:56.530998 dv-cinder-844962-1-smb devstack@c-api.service[110986]: DEBUG cinder.api.openstack.wsgi [None req-ae5b4ac7-9f85-4735-8a44-179f123ed59f tempest-SnapshotsActionsTest-567633844 tempest-SnapshotsActionsTest-567633844-project] Calling method 'show' {{(pid=110986) _process_stack /opt/stack/cinder/cinder/api/openstack/wsgi.py:868}}
Jun 07 13:13:56.590116 dv-cinder-844962-1-smb devstack@c-api.service[110986]: /usr/local/lib/python3.8/dist-packages/oslo_context/context.py:100: DeprecationWarning: Policy enforcement is depending on the value of is_admin. This key is deprecated. Please update your policy file to use the standard policy values.
Jun 07 13:13:56.590116 dv-cinder-844962-1-smb devstack@c-api.service[110986]: warnings.warn('Policy enforcement is depending on the value of '
Jun 07 13:13:56.594312 dv-cinder-844962-1-smb devstack@c-api.service[110986]: INFO cinder.volume.api [None req-ae5b4ac7-9f85-4735-8a44-179f123ed59f tempest-SnapshotsActionsTest-567633844 tempest-SnapshotsActionsTest-567633844-project] Snapshot retrieved successfully.
Jun 07 13:13:56.597856 dv-cinder-844962-1-smb devstack@c-api.service[110985]: INFO cinder.api.openstack.wsgi [None req-fa2c230b-0e8b-4a91-b983-7f65daa33ad3 tempest-GroupSnapshotsTest-1569489411 tempest-GroupSnapshotsTest-1569489411-project] http://10.222.0.24/volume/v3/8c5e77ed1715439391c5566a7c0cf2f1/groups/f76a919d-ea89-4ed8-a81c-86325a02f8be returned with HTTP 200
Jun 07 13:13:56.601316 dv-cinder-844962-1-smb devstack@c-api.service[110985]: [pid: 110985|app: 0|req: 41/86] 10.222.0.24 () {60 vars in 1362 bytes} [Tue Jun 7 13:13:56 2022] GET /volume/v3/8c5e77ed1715439391c5566a7c0cf2f1/groups/f76a919d-ea89-4ed8-a81c-86325a02f8be => generated 392 bytes in 94 msecs (HTTP/1.1 200) 7 headers in 286 bytes (1 switches on core 0)
Jun 07 13:13:56.608599 dv-cinder-844962-1-smb devstack@c-api.service[110985]: DEBUG cinder.api.middleware.request_id [None req-be2600c0-61cc-421b-9768-344fc1988798 None None] RequestId filter calling following filter/app {{(pid=110985) _context_setter /opt/stack/cinder/cinder/api/middleware/request_id.py:62}}
Jun 07 13:13:56.613978 dv-cinder-844962-1-smb devstack@c-api.service[110985]: INFO cinder.api.openstack.wsgi [None req-be2600c0-61cc-421b-9768-344fc1988798 tempest-GroupSnapshotsTest-1569489411 tempest-GroupSnapshotsTest-1569489411-project] POST http://10.222.0.24/volume/v3/8c5e77ed1715439391c5566a7c0cf2f1/volumes
Jun 07 13:13:56.616390 dv-cinder-844962-1-smb devstack@c-api.service[110985]: DEBUG cinder.api.openstack.wsgi [None req-be2600c0-61cc-421b-9768-344fc1988798 tempest-GroupSnapshotsTest-1569489411 tempest-GroupSnapshotsTest-1569489411-project] Action: 'create', calling method: create, body: {"volume": {"volume_type": "f854eb76-42b0-4ec5-9e35-b4813a2d314c", "group_id": "f76a919d-ea89-4ed8-a81c-86325a02f8be", "size": 1, "name": "tempest-GroupSnapshotsTest-Volume-195384437"}} {{(pid=110985) _process_stack /opt/stack/cinder/cinder/api/openstack/wsgi.py:866}}
Jun 07 13:13:56.621567 dv-cinder-844962-1-smb devstack@c-api.service[110985]: DEBUG cinder.api.v3.volumes [None req-be2600c0-61cc-421b-9768-344fc1988798 tempest-GroupSnapshotsTest-1569489411 tempest-GroupSnapshotsTest-1569489411-project] Create volume request body: {'volume': {'volume_type': 'f854eb76-42b0-4ec5-9e35-b4813a2d314c', 'group_id': 'f76a919d-ea89-4ed8-a81c-86325a02f8be', 'size': 1, 'name': 'tempest-GroupSnapshotsTest-Volume-195384437'}} {{(pid=110985) create /opt/stack/cinder/cinder/api/v3/volumes.py:298}}
Jun 07 13:13:56.628157 dv-cinder-844962-1-smb devstack@c-api.service[110986]: INFO cinder.api.openstack.wsgi [None req-ae5b4ac7-9f85-4735-8a44-179f123ed59f tempest-SnapshotsActionsTest-567633844 tempest-SnapshotsActionsTest-567633844-project] http://10.222.0.24/volume/v3/99151a85eb6d40d48efe7c7de002da67/snapshots/2f1eced3-835e-41ad-9af9-951e73c8c258 returned with HTTP 200
Jun 07 13:13:56.628955 dv-cinder-844962-1-smb devstack@c-api.service[110986]: [pid: 110986|app: 0|req: 46/87] 10.222.0.24 () {58 vars in 1330 bytes} [Tue Jun 7 13:13:56 2022] GET /volume/v3/99151a85eb6d40d48efe7c7de002da67/snapshots/2f1eced3-835e-41ad-9af9-951e73c8c258 => generated 568 bytes in 108 msecs (HTTP/1.1 200) 7 headers in 285 bytes (1 switches on core 0)
Jun 07 13:13:56.641191 dv-cinder-844962-1-smb devstack@c-api.service[110986]: DEBUG cinder.api.middleware.request_id [None req-df78ec55-aa54-45d4-85ea-08a02763a02e None None] RequestId filter calling following filter/app {{(pid=110986) _context_setter /opt/stack/cinder/cinder/api/middleware/request_id.py:62}}
Jun 07 13:13:56.678260 dv-cinder-844962-1-smb devstack@c-api.service[110985]: DEBUG dbcounter [-] [110985] Writing DB stats cinder:SELECT=88,cinder:UPDATE=7,cinder:INSERT=5 {{(pid=110985) stat_writer /usr/local/lib/python3.8/dist-packages/dbcounter.py:114}}
Jun 07 13:13:56.679000 dv-cinder-844962-1-smb devstack@c-api.service[110986]: INFO cinder.api.openstack.wsgi [None req-df78ec55-aa54-45d4-85ea-08a02763a02e tempest-SnapshotsActionsTest-384889233 tempest-SnapshotsActionsTest-384889233-project-admin] POST http://10.222.0.24/volume/v3/b6fb04e47b0e469b901e02cba24c8104/snapshots/2f1eced3-835e-41ad-9af9-951e73c8c258/action
Jun 07 13:13:56.683306 dv-cinder-844962-1-smb devstack@c-api.service[110986]: DEBUG cinder.api.openstack.wsgi [None req-df78ec55-aa54-45d4-85ea-08a02763a02e tempest-SnapshotsActionsTest-384889233 tempest-SnapshotsActionsTest-384889233-project-admin] Action body: b'{"os-reset_status": {"status": "error"}}' {{(pid=110986) get_method /opt/stack/cinder/cinder/api/openstack/wsgi.py:983}}
Jun 07 13:13:56.683654 dv-cinder-844962-1-smb devstack@c-api.service[110986]: DEBUG cinder.api.openstack.wsgi [None req-df78ec55-aa54-45d4-85ea-08a02763a02e tempest-SnapshotsActionsTest-384889233 tempest-SnapshotsActionsTest-384889233-project-admin] Action: 'action', calling method: _reset_status, body: {"os-reset_status": {"status": "error"}} {{(pid=110986) _process_stack /opt/stack/cinder/cinder/api/openstack/wsgi.py:866}}
Jun 07 13:13:56.686181 dv-cinder-844962-1-smb devstack@c-api.service[110985]: /usr/local/lib/python3.8/dist-packages/oslo_context/context.py:100: DeprecationWarning: Policy enforcement is depending on the value of is_admin. This key is deprecated. Please update your policy file to use the standard policy values.
Jun 07 13:13:56.686181 dv-cinder-844962-1-smb devstack@c-api.service[110985]: warnings.warn('Policy enforcement is depending on the value of '
Jun 07 13:13:56.688157 dv-cinder-844962-1-smb devstack@c-api.service[110985]: INFO cinder.api.v3.volumes [None req-be2600c0-61cc-421b-9768-344fc1988798 tempest-GroupSnapshotsTest-1569489411 tempest-GroupSnapshotsTest-1569489411-project] Create volume of 1 GB
Jun 07 13:13:56.692672 dv-cinder-844962-1-smb devstack@c-api.service[110986]: DEBUG cinder.api.contrib.admin_actions [None req-df78ec55-aa54-45d4-85ea-08a02763a02e tempest-SnapshotsActionsTest-384889233 tempest-SnapshotsActionsTest-384889233-project-admin] Updating snapshot '2f1eced3-835e-41ad-9af9-951e73c8c258' with '{'status': 'error'}' {{(pid=110986) _reset_status /opt/stack/cinder/cinder/api/contrib/admin_actions.py:100}}
Jun 07 13:13:56.757907 dv-cinder-844962-1-smb devstack@c-api.service[110986]: /usr/local/lib/python3.8/dist-packages/oslo_context/context.py:100: DeprecationWarning: Policy enforcement is depending on the value of is_admin. This key is deprecated. Please update your policy file to use the standard policy values.
Jun 07 13:13:56.757907 dv-cinder-844962-1-smb devstack@c-api.service[110986]: warnings.warn('Policy enforcement is depending on the value of '
Jun 07 13:13:56.759364 dv-cinder-844962-1-smb devstack@c-api.service[110985]: DEBUG cinder.volume.api [None req-be2600c0-61cc-421b-9768-344fc1988798 tempest-GroupSnapshotsTest-1569489411 tempest-GroupSnapshotsTest-1569489411-project] Availability zone cache updated, next update will occur around 2022-06-07 14:13:56.758886. {{(pid=110985) list_availability_zones /opt/stack/cinder/cinder/volume/api.py:153}}
Jun 07 13:13:56.759958 dv-cinder-844962-1-smb devstack@c-api.service[110985]: INFO cinder.volume.api [None req-be2600c0-61cc-421b-9768-344fc1988798 tempest-GroupSnapshotsTest-1569489411 tempest-GroupSnapshotsTest-1569489411-project] Availability Zones retrieved successfully.
Jun 07 13:13:56.825741 dv-cinder-844962-1-smb devstack@c-api.service[110986]: INFO cinder.api.openstack.wsgi [None req-df78ec55-aa54-45d4-85ea-08a02763a02e tempest-SnapshotsActionsTest-384889233 tempest-SnapshotsActionsTest-384889233-project-admin] http://10.222.0.24/volume/v3/b6fb04e47b0e469b901e02cba24c8104/snapshots/2f1eced3-835e-41ad-9af9-951e73c8c258/action returned with HTTP 202
Jun 07 13:13:56.831060 dv-cinder-844962-1-smb devstack@c-api.service[110986]: [pid: 110986|app: 0|req: 47/88] 10.222.0.24 () {60 vars in 1372 bytes} [Tue Jun 7 13:13:56 2022] POST /volume/v3/b6fb04e47b0e469b901e02cba24c8104/snapshots/2f1eced3-835e-41ad-9af9-951e73c8c258/action => generated 0 bytes in 189 msecs (HTTP/1.1 202) 7 headers in 289 bytes (1 switches on core 0)
Jun 07 13:13:56.848184 dv-cinder-844962-1-smb devstack@c-api.service[110986]: DEBUG cinder.api.middleware.request_id [None req-64d39086-7186-43f2-8edc-da6a13b890a3 None None] RequestId filter calling following filter/app {{(pid=110986) _context_setter /opt/stack/cinder/cinder/api/middleware/request_id.py:62}}
Jun 07 13:13:56.892821 dv-cinder-844962-1-smb devstack@c-api.service[110986]: INFO cinder.api.openstack.wsgi [None req-64d39086-7186-43f2-8edc-da6a13b890a3 tempest-SnapshotsActionsTest-567633844 tempest-SnapshotsActionsTest-567633844-project] GET http://10.222.0.24/volume/v3/99151a85eb6d40d48efe7c7de002da67/snapshots/2f1eced3-835e-41ad-9af9-951e73c8c258
Jun 07 13:13:56.896152 dv-cinder-844962-1-smb devstack@c-api.service[110986]: DEBUG cinder.api.openstack.wsgi [None req-64d39086-7186-43f2-8edc-da6a13b890a3 tempest-SnapshotsActionsTest-567633844 tempest-SnapshotsActionsTest-567633844-project] Empty body provided in request {{(pid=110986) get_body /opt/stack/cinder/cinder/api/openstack/wsgi.py:715}}
Jun 07 13:13:56.899638 dv-cinder-844962-1-smb devstack@c-api.service[110986]: DEBUG cinder.api.openstack.wsgi [None req-64d39086-7186-43f2-8edc-da6a13b890a3 tempest-SnapshotsActionsTest-567633844 tempest-SnapshotsActionsTest-567633844-project] Calling method 'show' {{(pid=110986) _process_stack /opt/stack/cinder/cinder/api/openstack/wsgi.py:868}}
Jun 07 13:13:56.949274 dv-cinder-844962-1-smb devstack@c-api.service[110986]: /usr/local/lib/python3.8/dist-packages/oslo_context/context.py:100: DeprecationWarning: Policy enforcement is depending on the value of is_admin. This key is deprecated. Please update your policy file to use the standard policy values.
Jun 07 13:13:56.949274 dv-cinder-844962-1-smb devstack@c-api.service[110986]: warnings.warn('Policy enforcement is depending on the value of '
Jun 07 13:13:56.951920 dv-cinder-844962-1-smb devstack@c-api.service[110986]: INFO cinder.volume.api [None req-64d39086-7186-43f2-8edc-da6a13b890a3 tempest-SnapshotsActionsTest-567633844 tempest-SnapshotsActionsTest-567633844-project] Snapshot retrieved successfully.
Jun 07 13:13:56.963623 dv-cinder-844962-1-smb devstack@c-api.service[110986]: INFO cinder.api.openstack.wsgi [None req-64d39086-7186-43f2-8edc-da6a13b890a3 tempest-SnapshotsActionsTest-567633844 tempest-SnapshotsActionsTest-567633844-project] http://10.222.0.24/volume/v3/99151a85eb6d40d48efe7c7de002da67/snapshots/2f1eced3-835e-41ad-9af9-951e73c8c258 returned with HTTP 200
Jun 07 13:13:56.976144 dv-cinder-844962-1-smb devstack@c-api.service[110986]: [pid: 110986|app: 0|req: 48/89] 10.222.0.24 () {58 vars in 1330 bytes} [Tue Jun 7 13:13:56 2022] GET /volume/v3/99151a85eb6d40d48efe7c7de002da67/snapshots/2f1eced3-835e-41ad-9af9-951e73c8c258 => generated 564 bytes in 144 msecs (HTTP/1.1 200) 7 headers in 285 bytes (1 switches on core 0)
Jun 07 13:13:56.990325 dv-cinder-844962-1-smb devstack@c-api.service[110986]: DEBUG cinder.api.middleware.request_id [None req-e807e5f2-6db6-4930-a435-69fc33bf7773 None None] RequestId filter calling following filter/app {{(pid=110986) _context_setter /opt/stack/cinder/cinder/api/middleware/request_id.py:62}}
Jun 07 13:13:56.997757 dv-cinder-844962-1-smb devstack@c-api.service[110985]: DEBUG cinder.volume.api [None req-be2600c0-61cc-421b-9768-344fc1988798 tempest-GroupSnapshotsTest-1569489411 tempest-GroupSnapshotsTest-1569489411-project] Flow 'volume_create_api' (5687a257-b3a9-40ff-ac7c-de031c8aa84a) transitioned into state 'RUNNING' from state 'PENDING' {{(pid=110985) _flow_receiver /usr/local/lib/python3.8/dist-packages/taskflow/listeners/logging.py:141}}
Jun 07 13:13:57.008253 dv-cinder-844962-1-smb devstack@c-api.service[110985]: DEBUG cinder.volume.api [None req-be2600c0-61cc-421b-9768-344fc1988798 tempest-GroupSnapshotsTest-1569489411 tempest-GroupSnapshotsTest-1569489411-project] Task 'cinder.volume.flows.api.create_volume.ExtractVolumeRequestTask;volume:create' (2ecbc804-873e-479a-b70b-77480418f41d) transitioned into state 'RUNNING' from state 'PENDING' {{(pid=110985) _task_receiver /usr/local/lib/python3.8/dist-packages/taskflow/listeners/logging.py:190}}
Jun 07 13:13:57.010309 dv-cinder-844962-1-smb devstack@c-api.service[110986]: INFO cinder.api.openstack.wsgi [None req-e807e5f2-6db6-4930-a435-69fc33bf7773 tempest-SnapshotsActionsTest-384889233 tempest-SnapshotsActionsTest-384889233-project-admin] POST http://10.222.0.24/volume/v3/b6fb04e47b0e469b901e02cba24c8104/snapshots/2f1eced3-835e-41ad-9af9-951e73c8c258/action
Jun 07 13:13:57.012472 dv-cinder-844962-1-smb devstack@c-api.service[110986]: DEBUG cinder.api.openstack.wsgi [None req-e807e5f2-6db6-4930-a435-69fc33bf7773 tempest-SnapshotsActionsTest-384889233 tempest-SnapshotsActionsTest-384889233-project-admin] Action body: b'{"os-force_delete": {}}' {{(pid=110986) get_method /opt/stack/cinder/cinder/api/openstack/wsgi.py:983}}
Jun 07 13:13:57.013335 dv-cinder-844962-1-smb devstack@c-api.service[110985]: /usr/local/lib/python3.8/dist-packages/oslo_context/context.py:100: DeprecationWarning: Policy enforcement is depending on the value of is_admin. This key is deprecated. Please update your policy file to use the standard policy values.
Jun 07 13:13:57.013335 dv-cinder-844962-1-smb devstack@c-api.service[110985]: warnings.warn('Policy enforcement is depending on the value of '
Jun 07 13:13:57.014047 dv-cinder-844962-1-smb devstack@c-api.service[110986]: DEBUG cinder.api.openstack.wsgi [None req-e807e5f2-6db6-4930-a435-69fc33bf7773 tempest-SnapshotsActionsTest-384889233 tempest-SnapshotsActionsTest-384889233-project-admin] Action: 'action', calling method: _force_delete, body: {"os-force_delete": {}} {{(pid=110986) _process_stack /opt/stack/cinder/cinder/api/openstack/wsgi.py:866}}
Jun 07 13:13:57.022159 dv-cinder-844962-1-smb devstack@c-api.service[110985]: DEBUG cinder.volume.flows.api.create_volume [None req-be2600c0-61cc-421b-9768-344fc1988798 tempest-GroupSnapshotsTest-1569489411 tempest-GroupSnapshotsTest-1569489411-project] Validating volume size '1' using validate_int {{(pid=110985) _extract_size /opt/stack/cinder/cinder/volume/flows/api/create_volume.py:228}}
Jun 07 13:13:57.054229 dv-cinder-844962-1-smb devstack@c-api.service[110986]: /usr/local/lib/python3.8/dist-packages/oslo_context/context.py:100: DeprecationWarning: Policy enforcement is depending on the value of is_admin. This key is deprecated. Please update your policy file to use the standard policy values.
Jun 07 13:13:57.054229 dv-cinder-844962-1-smb devstack@c-api.service[110986]: warnings.warn('Policy enforcement is depending on the value of '
Jun 07 13:13:57.058410 dv-cinder-844962-1-smb devstack@c-api.service[110986]: INFO cinder.volume.api [None req-e807e5f2-6db6-4930-a435-69fc33bf7773 tempest-SnapshotsActionsTest-384889233 tempest-SnapshotsActionsTest-384889233-project-admin] Snapshot retrieved successfully.
Jun 07 13:13:57.154661 dv-cinder-844962-1-smb devstack@c-api.service[110985]: DEBUG cinder.volume.api [None req-be2600c0-61cc-421b-9768-344fc1988798 tempest-GroupSnapshotsTest-1569489411 tempest-GroupSnapshotsTest-1569489411-project] Task 'cinder.volume.flows.api.create_volume.ExtractVolumeRequestTask;volume:create' (2ecbc804-873e-479a-b70b-77480418f41d) transitioned into state 'SUCCESS' from state 'RUNNING' with result '{'size': 1, 'snapshot_id': None, 'source_volid': None, 'volume_type': VolumeType(created_at=2022-06-07T13:13:55Z,deleted=False,deleted_at=None,description=None,extra_specs={},id=f854eb76-42b0-4ec5-9e35-b4813a2d314c,is_public=True,name='tempest-GroupSnapshotsTest-volume-type-215977480',projects=[],qos_specs=,qos_specs_id=None,updated_at=None), 'volume_type_id': 'f854eb76-42b0-4ec5-9e35-b4813a2d314c', 'encryption_key_id': None, 'qos_specs': None, 'consistencygroup_id': None, 'cgsnapshot_id': None, 'group_id': 'f76a919d-ea89-4ed8-a81c-86325a02f8be', 'replication_status': 'disabled', 'refresh_az': False, 'backup_id': None, 'multiattach': False, 'availability_zones': ['nova']}' {{(pid=110985) _task_receiver /usr/local/lib/python3.8/dist-packages/taskflow/listeners/logging.py:178}}
Jun 07 13:13:57.162619 dv-cinder-844962-1-smb devstack@c-api.service[110985]: DEBUG cinder.volume.api [None req-be2600c0-61cc-421b-9768-344fc1988798 tempest-GroupSnapshotsTest-1569489411 tempest-GroupSnapshotsTest-1569489411-project] Task 'cinder.volume.flows.api.create_volume.QuotaReserveTask;volume:create' (6042a82b-ea29-4d97-a3da-5526601cf5bd) transitioned into state 'RUNNING' from state 'PENDING' {{(pid=110985) _task_receiver /usr/local/lib/python3.8/dist-packages/taskflow/listeners/logging.py:190}}
Jun 07 13:13:57.180013 dv-cinder-844962-1-smb devstack@c-api.service[110986]: INFO cinder.volume.api [None req-e807e5f2-6db6-4930-a435-69fc33bf7773 tempest-SnapshotsActionsTest-384889233 tempest-SnapshotsActionsTest-384889233-project-admin] Snapshot delete request issued successfully.
Jun 07 13:13:57.181127 dv-cinder-844962-1-smb devstack@c-api.service[110986]: INFO cinder.api.openstack.wsgi [None req-e807e5f2-6db6-4930-a435-69fc33bf7773 tempest-SnapshotsActionsTest-384889233 tempest-SnapshotsActionsTest-384889233-project-admin] http://10.222.0.24/volume/v3/b6fb04e47b0e469b901e02cba24c8104/snapshots/2f1eced3-835e-41ad-9af9-951e73c8c258/action returned with HTTP 202
Jun 07 13:13:57.188273 dv-cinder-844962-1-smb devstack@c-api.service[110986]: [pid: 110986|app: 0|req: 49/90] 10.222.0.24 () {60 vars in 1372 bytes} [Tue Jun 7 13:13:56 2022] POST /volume/v3/b6fb04e47b0e469b901e02cba24c8104/snapshots/2f1eced3-835e-41ad-9af9-951e73c8c258/action => generated 0 bytes in 208 msecs (HTTP/1.1 202) 7 headers in 289 bytes (1 switches on core 0)
Jun 07 13:13:57.194765 dv-cinder-844962-1-smb devstack@c-api.service[110986]: DEBUG cinder.api.middleware.request_id [None req-4acc0048-cea3-4575-a110-f5dfb8672877 None None] RequestId filter calling following filter/app {{(pid=110986) _context_setter /opt/stack/cinder/cinder/api/middleware/request_id.py:62}}
Jun 07 13:13:57.207932 dv-cinder-844962-1-smb devstack@c-api.service[110986]: INFO cinder.api.openstack.wsgi [None req-4acc0048-cea3-4575-a110-f5dfb8672877 tempest-SnapshotsActionsTest-567633844 tempest-SnapshotsActionsTest-567633844-project] GET http://10.222.0.24/volume/v3/99151a85eb6d40d48efe7c7de002da67/snapshots/2f1eced3-835e-41ad-9af9-951e73c8c258
Jun 07 13:13:57.214546 dv-cinder-844962-1-smb devstack@c-api.service[110986]: DEBUG cinder.api.openstack.wsgi [None req-4acc0048-cea3-4575-a110-f5dfb8672877 tempest-SnapshotsActionsTest-567633844 tempest-SnapshotsActionsTest-567633844-project] Empty body provided in request {{(pid=110986) get_body /opt/stack/cinder/cinder/api/openstack/wsgi.py:715}}
Jun 07 13:13:57.216325 dv-cinder-844962-1-smb devstack@c-api.service[110986]: DEBUG cinder.api.openstack.wsgi [None req-4acc0048-cea3-4575-a110-f5dfb8672877 tempest-SnapshotsActionsTest-567633844 tempest-SnapshotsActionsTest-567633844-project] Calling method 'show' {{(pid=110986) _process_stack /opt/stack/cinder/cinder/api/openstack/wsgi.py:868}}
Jun 07 13:13:57.242530 dv-cinder-844962-1-smb devstack@c-api.service[110986]: /usr/local/lib/python3.8/dist-packages/oslo_context/context.py:100: DeprecationWarning: Policy enforcement is depending on the value of is_admin. This key is deprecated. Please update your policy file to use the standard policy values.
Jun 07 13:13:57.242530 dv-cinder-844962-1-smb devstack@c-api.service[110986]: warnings.warn('Policy enforcement is depending on the value of '
Jun 07 13:13:57.246021 dv-cinder-844962-1-smb devstack@c-api.service[110986]: INFO cinder.volume.api [None req-4acc0048-cea3-4575-a110-f5dfb8672877 tempest-SnapshotsActionsTest-567633844 tempest-SnapshotsActionsTest-567633844-project] Snapshot retrieved successfully.
Jun 07 13:13:57.250453 dv-cinder-844962-1-smb devstack@c-api.service[110986]: INFO cinder.api.openstack.wsgi [None req-4acc0048-cea3-4575-a110-f5dfb8672877 tempest-SnapshotsActionsTest-567633844 tempest-SnapshotsActionsTest-567633844-project] http://10.222.0.24/volume/v3/99151a85eb6d40d48efe7c7de002da67/snapshots/2f1eced3-835e-41ad-9af9-951e73c8c258 returned with HTTP 200
Jun 07 13:13:57.253214 dv-cinder-844962-1-smb devstack@c-api.service[110986]: [pid: 110986|app: 0|req: 50/91] 10.222.0.24 () {58 vars in 1330 bytes} [Tue Jun 7 13:13:57 2022] GET /volume/v3/99151a85eb6d40d48efe7c7de002da67/snapshots/2f1eced3-835e-41ad-9af9-951e73c8c258 => generated 567 bytes in 64 msecs (HTTP/1.1 200) 7 headers in 285 bytes (1 switches on core 0)
Jun 07 13:13:57.272393 dv-cinder-844962-1-smb devstack@c-api.service[110985]: WARNING cinder.quota [None req-be2600c0-61cc-421b-9768-344fc1988798 tempest-GroupSnapshotsTest-1569489411 tempest-GroupSnapshotsTest-1569489411-project] Deprecated: Default quota for resource: volumes_tempest-GroupSnapshotsTest-volume-type-215977480 is set by the default quota flag: quota_volumes_tempest-GroupSnapshotsTest-volume-type-215977480, it is now deprecated. Please use the default quota class for default quota.
Jun 07 13:13:57.275626 dv-cinder-844962-1-smb devstack@c-api.service[110985]: WARNING cinder.quota [None req-be2600c0-61cc-421b-9768-344fc1988798 tempest-GroupSnapshotsTest-1569489411 tempest-GroupSnapshotsTest-1569489411-project] Deprecated: Default quota for resource: gigabytes_tempest-GroupSnapshotsTest-volume-type-215977480 is set by the default quota flag: quota_gigabytes_tempest-GroupSnapshotsTest-volume-type-215977480, it is now deprecated. Please use the default quota class for default quota.
Jun 07 13:13:57.436872 dv-cinder-844962-1-smb devstack@c-api.service[110985]: DEBUG cinder.quota [None req-be2600c0-61cc-421b-9768-344fc1988798 tempest-GroupSnapshotsTest-1569489411 tempest-GroupSnapshotsTest-1569489411-project] Created reservations ['3c526741-f314-4bc7-96f2-2c43b9811cab', 'fa4aea4d-872a-41c2-8260-ddf9637cfbef', 'fc9fb2f4-82d3-4c2d-bfaf-3ae7d80b94ea', 'a2375bbe-b7c2-4880-9207-49047b829410'] {{(pid=110985) reserve /opt/stack/cinder/cinder/quota.py:755}}
Jun 07 13:13:57.439602 dv-cinder-844962-1-smb devstack@c-api.service[110985]: DEBUG cinder.volume.api [None req-be2600c0-61cc-421b-9768-344fc1988798 tempest-GroupSnapshotsTest-1569489411 tempest-GroupSnapshotsTest-1569489411-project] Task 'cinder.volume.flows.api.create_volume.QuotaReserveTask;volume:create' (6042a82b-ea29-4d97-a3da-5526601cf5bd) transitioned into state 'SUCCESS' from state 'RUNNING' with result '{'reservations': ['3c526741-f314-4bc7-96f2-2c43b9811cab', 'fa4aea4d-872a-41c2-8260-ddf9637cfbef', 'fc9fb2f4-82d3-4c2d-bfaf-3ae7d80b94ea', 'a2375bbe-b7c2-4880-9207-49047b829410']}' {{(pid=110985) _task_receiver /usr/local/lib/python3.8/dist-packages/taskflow/listeners/logging.py:178}}
Jun 07 13:13:57.442732 dv-cinder-844962-1-smb devstack@c-api.service[110985]: DEBUG cinder.volume.api [None req-be2600c0-61cc-421b-9768-344fc1988798 tempest-GroupSnapshotsTest-1569489411 tempest-GroupSnapshotsTest-1569489411-project] Task 'cinder.volume.flows.api.create_volume.EntryCreateTask;volume:create' (989b15b1-53c0-4365-9818-529e0c48bbb7) transitioned into state 'RUNNING' from state 'PENDING' {{(pid=110985) _task_receiver /usr/local/lib/python3.8/dist-packages/taskflow/listeners/logging.py:190}}
Jun 07 13:13:57.518111 dv-cinder-844962-1-smb devstack@c-api.service[110985]: DEBUG cinder.volume.api [None req-be2600c0-61cc-421b-9768-344fc1988798 tempest-GroupSnapshotsTest-1569489411 tempest-GroupSnapshotsTest-1569489411-project] Task 'cinder.volume.flows.api.create_volume.EntryCreateTask;volume:create' (989b15b1-53c0-4365-9818-529e0c48bbb7) transitioned into state 'SUCCESS' from state 'RUNNING' with result '{'volume_id': '7722b95a-000c-4d49-8cef-61a020546391', 'volume_properties': VolumeProperties(attach_status='detached',availability_zone='nova',cgsnapshot_id=None,consistencygroup_id=None,display_description=None,display_name='tempest-GroupSnapshotsTest-Volume-195384437',encryption_key_id=None,group_id=f76a919d-ea89-4ed8-a81c-86325a02f8be,group_type_id=,metadata={},multiattach=False,project_id='8c5e77ed1715439391c5566a7c0cf2f1',qos_specs=None,replication_status=,reservations=['3c526741-f314-4bc7-96f2-2c43b9811cab','fa4aea4d-872a-41c2-8260-ddf9637cfbef','fc9fb2f4-82d3-4c2d-bfaf-3ae7d80b94ea','a2375bbe-b7c2-4880-9207-49047b829410'],size=1,snapshot_id=None,source_replicaid=,source_volid=None,status='creating',user_id='6d15fbf181ac4b71a686b9c1a4e9053c',volume_type_id=f854eb76-42b0-4ec5-9e35-b4813a2d314c), 'volume': Volume(_name_id=None,admin_metadata=,attach_status='detached',availability_zone='nova',bootable=False,cluster=,cluster_name=None,consistencygroup=,consistencygroup_id=None,created_at=2022-06-07T13:13:57Z,deleted=False,deleted_at=None,display_description=None,display_name='tempest-GroupSnapshotsTest-Volume-195384437',ec2_id=None,encryption_key_id=None,glance_metadata=,group=,group_id=f76a919d-ea89-4ed8-a81c-86325a02f8be,host=None,id=7722b95a-000c-4d49-8cef-61a020546391,launched_at=None,metadata={},migration_status=None,multiattach=False,previous_status=None,project_id='8c5e77ed1715439391c5566a7c0cf2f1',provider_auth=None,provider_geometry=None,provider_id=None,provider_location=None,replication_driver_data=None,replication_extended_status=None,replication_status=None,scheduled_at=None,service_uuid=None,shared_targets=True,size=1,snapshot_id=None,snapshots=,source_volid=None,status='creating',terminated_at=None,updated_at=None,use_quota=True,user_id='6d15fbf181ac4b71a686b9c1a4e9053c',volume_attachment=VolumeAttachmentList,volume_type=VolumeType(f854eb76-42b0-4ec5-9e35-b4813a2d314c),volume_type_id=f854eb76-42b0-4ec5-9e35-b4813a2d314c)}' {{(pid=110985) _task_receiver /usr/local/lib/python3.8/dist-packages/taskflow/listeners/logging.py:178}}
Jun 07 13:13:57.522668 dv-cinder-844962-1-smb devstack@c-api.service[110985]: DEBUG cinder.volume.api [None req-be2600c0-61cc-421b-9768-344fc1988798 tempest-GroupSnapshotsTest-1569489411 tempest-GroupSnapshotsTest-1569489411-project] Task 'cinder.volume.flows.api.create_volume.QuotaCommitTask;volume:create' (5fbb0ac5-8959-471e-a1d8-a9d25d63a5a6) transitioned into state 'RUNNING' from state 'PENDING' {{(pid=110985) _task_receiver /usr/local/lib/python3.8/dist-packages/taskflow/listeners/logging.py:190}}
Jun 07 13:13:57.601220 dv-cinder-844962-1-smb devstack@c-api.service[110985]: DEBUG cinder.volume.api [None req-be2600c0-61cc-421b-9768-344fc1988798 tempest-GroupSnapshotsTest-1569489411 tempest-GroupSnapshotsTest-1569489411-project] Task 'cinder.volume.flows.api.create_volume.QuotaCommitTask;volume:create' (5fbb0ac5-8959-471e-a1d8-a9d25d63a5a6) transitioned into state 'SUCCESS' from state 'RUNNING' with result '{'volume_properties': VolumeProperties(attach_status='detached',availability_zone='nova',cgsnapshot_id=None,consistencygroup_id=None,display_description=None,display_name='tempest-GroupSnapshotsTest-Volume-195384437',encryption_key_id=None,group_id=f76a919d-ea89-4ed8-a81c-86325a02f8be,group_type_id=,metadata={},multiattach=False,project_id='8c5e77ed1715439391c5566a7c0cf2f1',qos_specs=None,replication_status=,reservations=['3c526741-f314-4bc7-96f2-2c43b9811cab','fa4aea4d-872a-41c2-8260-ddf9637cfbef','fc9fb2f4-82d3-4c2d-bfaf-3ae7d80b94ea','a2375bbe-b7c2-4880-9207-49047b829410'],size=1,snapshot_id=None,source_replicaid=,source_volid=None,status='creating',user_id='6d15fbf181ac4b71a686b9c1a4e9053c',volume_type_id=f854eb76-42b0-4ec5-9e35-b4813a2d314c)}' {{(pid=110985) _task_receiver /usr/local/lib/python3.8/dist-packages/taskflow/listeners/logging.py:178}}
Jun 07 13:13:57.604022 dv-cinder-844962-1-smb devstack@c-api.service[110985]: DEBUG cinder.volume.api [None req-be2600c0-61cc-421b-9768-344fc1988798 tempest-GroupSnapshotsTest-1569489411 tempest-GroupSnapshotsTest-1569489411-project] Task 'cinder.volume.flows.api.create_volume.VolumeCastTask;volume:create' (567714b2-c7c7-4798-8312-fb39d82946d8) transitioned into state 'RUNNING' from state 'PENDING' {{(pid=110985) _task_receiver /usr/local/lib/python3.8/dist-packages/taskflow/listeners/logging.py:190}}
Jun 07 13:13:57.655793 dv-cinder-844962-1-smb devstack@c-api.service[110985]: DEBUG cinder.volume.api [None req-be2600c0-61cc-421b-9768-344fc1988798 tempest-GroupSnapshotsTest-1569489411 tempest-GroupSnapshotsTest-1569489411-project] Task 'cinder.volume.flows.api.create_volume.VolumeCastTask;volume:create' (567714b2-c7c7-4798-8312-fb39d82946d8) transitioned into state 'SUCCESS' from state 'RUNNING' with result 'None' {{(pid=110985) _task_receiver /usr/local/lib/python3.8/dist-packages/taskflow/listeners/logging.py:178}}
Jun 07 13:13:57.665583 dv-cinder-844962-1-smb devstack@c-api.service[110985]: DEBUG cinder.volume.api [None req-be2600c0-61cc-421b-9768-344fc1988798 tempest-GroupSnapshotsTest-1569489411 tempest-GroupSnapshotsTest-1569489411-project] Flow 'volume_create_api' (5687a257-b3a9-40ff-ac7c-de031c8aa84a) transitioned into state 'SUCCESS' from state 'RUNNING' {{(pid=110985) _flow_receiver /usr/local/lib/python3.8/dist-packages/taskflow/listeners/logging.py:141}}
Jun 07 13:13:57.666656 dv-cinder-844962-1-smb devstack@c-api.service[110985]: INFO cinder.volume.api [None req-be2600c0-61cc-421b-9768-344fc1988798 tempest-GroupSnapshotsTest-1569489411 tempest-GroupSnapshotsTest-1569489411-project] Create volume request issued successfully.
Jun 07 13:13:57.677934 dv-cinder-844962-1-smb devstack@c-api.service[110985]: WARNING stevedore.named [None req-be2600c0-61cc-421b-9768-344fc1988798 tempest-GroupSnapshotsTest-1569489411 tempest-GroupSnapshotsTest-1569489411-project] Could not load cinder.keymgr.conf_key_mgr.ConfKeyManager
Jun 07 13:13:57.678399 dv-cinder-844962-1-smb devstack@c-api.service[110985]: WARNING castellan.key_manager [None req-be2600c0-61cc-421b-9768-344fc1988798 tempest-GroupSnapshotsTest-1569489411 tempest-GroupSnapshotsTest-1569489411-project] Deprecation Warning : cinder.keymgr.conf_key_mgr.ConfKeyManager is not a stevedore based driver, trying to load it as a class: stevedore.exception.NoMatches: No 'castellan.drivers' driver found, looking for 'cinder.keymgr.conf_key_mgr.ConfKeyManager'
Jun 07 13:13:57.713798 dv-cinder-844962-1-smb devstack@c-api.service[110985]: DEBUG oslo_db.sqlalchemy.engines [None req-be2600c0-61cc-421b-9768-344fc1988798 tempest-GroupSnapshotsTest-1569489411 tempest-GroupSnapshotsTest-1569489411-project] MySQL server mode set to STRICT_TRANS_TABLES,STRICT_ALL_TABLES,NO_ZERO_IN_DATE,NO_ZERO_DATE,ERROR_FOR_DIVISION_BY_ZERO,TRADITIONAL,NO_ENGINE_SUBSTITUTION {{(pid=110985) _check_effective_sql_mode /usr/local/lib/python3.8/dist-packages/oslo_db/sqlalchemy/engines.py:314}}
Jun 07 13:13:57.766744 dv-cinder-844962-1-smb devstack@c-api.service[110985]: /usr/local/lib/python3.8/dist-packages/oslo_context/context.py:100: DeprecationWarning: Policy enforcement is depending on the value of is_admin. This key is deprecated. Please update your policy file to use the standard policy values.
Jun 07 13:13:57.766744 dv-cinder-844962-1-smb devstack@c-api.service[110985]: warnings.warn('Policy enforcement is depending on the value of '
Jun 07 13:13:57.790114 dv-cinder-844962-1-smb devstack@c-api.service[110985]: INFO cinder.api.openstack.wsgi [None req-be2600c0-61cc-421b-9768-344fc1988798 tempest-GroupSnapshotsTest-1569489411 tempest-GroupSnapshotsTest-1569489411-project] http://10.222.0.24/volume/v3/8c5e77ed1715439391c5566a7c0cf2f1/volumes returned with HTTP 202
Jun 07 13:13:57.803204 dv-cinder-844962-1-smb devstack@c-api.service[110985]: [pid: 110985|app: 0|req: 42/92] 10.222.0.24 () {62 vars in 1276 bytes} [Tue Jun 7 13:13:56 2022] POST /volume/v3/8c5e77ed1715439391c5566a7c0cf2f1/volumes => generated 906 bytes in 1196 msecs (HTTP/1.1 202) 7 headers in 292 bytes (2 switches on core 0)
Jun 07 13:13:57.803830 dv-cinder-844962-1-smb devstack@c-api.service[110986]: DEBUG cinder.api.middleware.request_id [None req-a6264eeb-97b8-41af-b409-b382d3c4ecba None None] RequestId filter calling following filter/app {{(pid=110986) _context_setter /opt/stack/cinder/cinder/api/middleware/request_id.py:62}}
Jun 07 13:13:57.809489 dv-cinder-844962-1-smb devstack@c-api.service[110986]: INFO cinder.api.openstack.wsgi [None req-a6264eeb-97b8-41af-b409-b382d3c4ecba tempest-GroupSnapshotsTest-1569489411 tempest-GroupSnapshotsTest-1569489411-project] GET http://10.222.0.24/volume/v3/8c5e77ed1715439391c5566a7c0cf2f1/volumes/7722b95a-000c-4d49-8cef-61a020546391
Jun 07 13:13:57.810326 dv-cinder-844962-1-smb devstack@c-api.service[110986]: DEBUG cinder.api.openstack.wsgi [None req-a6264eeb-97b8-41af-b409-b382d3c4ecba tempest-GroupSnapshotsTest-1569489411 tempest-GroupSnapshotsTest-1569489411-project] Empty body provided in request {{(pid=110986) get_body /opt/stack/cinder/cinder/api/openstack/wsgi.py:715}}
Jun 07 13:13:57.811314 dv-cinder-844962-1-smb devstack@c-api.service[110986]: DEBUG cinder.api.openstack.wsgi [None req-a6264eeb-97b8-41af-b409-b382d3c4ecba tempest-GroupSnapshotsTest-1569489411 tempest-GroupSnapshotsTest-1569489411-project] Calling method 'show' {{(pid=110986) _process_stack /opt/stack/cinder/cinder/api/openstack/wsgi.py:868}}
Jun 07 13:13:57.892158 dv-cinder-844962-1-smb devstack@c-api.service[110986]: /usr/local/lib/python3.8/dist-packages/oslo_context/context.py:100: DeprecationWarning: Policy enforcement is depending on the value of is_admin. This key is deprecated. Please update your policy file to use the standard policy values.
Jun 07 13:13:57.892158 dv-cinder-844962-1-smb devstack@c-api.service[110986]: warnings.warn('Policy enforcement is depending on the value of '
Jun 07 13:13:57.938561 dv-cinder-844962-1-smb devstack@c-api.service[110986]: INFO cinder.volume.api [None req-a6264eeb-97b8-41af-b409-b382d3c4ecba tempest-GroupSnapshotsTest-1569489411 tempest-GroupSnapshotsTest-1569489411-project] Volume info retrieved successfully.
Jun 07 13:13:57.940191 dv-cinder-844962-1-smb devstack@c-api.service[110986]: WARNING stevedore.named [None req-a6264eeb-97b8-41af-b409-b382d3c4ecba tempest-GroupSnapshotsTest-1569489411 tempest-GroupSnapshotsTest-1569489411-project] Could not load cinder.keymgr.conf_key_mgr.ConfKeyManager
Jun 07 13:13:57.946530 dv-cinder-844962-1-smb devstack@c-api.service[110986]: WARNING castellan.key_manager [None req-a6264eeb-97b8-41af-b409-b382d3c4ecba tempest-GroupSnapshotsTest-1569489411 tempest-GroupSnapshotsTest-1569489411-project] Deprecation Warning : cinder.keymgr.conf_key_mgr.ConfKeyManager is not a stevedore based driver, trying to load it as a class: stevedore.exception.NoMatches: No 'castellan.drivers' driver found, looking for 'cinder.keymgr.conf_key_mgr.ConfKeyManager'
Jun 07 13:13:57.973267 dv-cinder-844962-1-smb devstack@c-api.service[110986]: DEBUG oslo_db.sqlalchemy.engines [None req-a6264eeb-97b8-41af-b409-b382d3c4ecba tempest-GroupSnapshotsTest-1569489411 tempest-GroupSnapshotsTest-1569489411-project] MySQL server mode set to STRICT_TRANS_TABLES,STRICT_ALL_TABLES,NO_ZERO_IN_DATE,NO_ZERO_DATE,ERROR_FOR_DIVISION_BY_ZERO,TRADITIONAL,NO_ENGINE_SUBSTITUTION {{(pid=110986) _check_effective_sql_mode /usr/local/lib/python3.8/dist-packages/oslo_db/sqlalchemy/engines.py:314}}
Jun 07 13:13:57.986211 dv-cinder-844962-1-smb devstack@c-api.service[110986]: /usr/local/lib/python3.8/dist-packages/oslo_context/context.py:100: DeprecationWarning: Policy enforcement is depending on the value of is_admin. This key is deprecated. Please update your policy file to use the standard policy values.
Jun 07 13:13:57.986211 dv-cinder-844962-1-smb devstack@c-api.service[110986]: warnings.warn('Policy enforcement is depending on the value of '
Jun 07 13:13:58.050370 dv-cinder-844962-1-smb devstack@c-api.service[110986]: INFO cinder.api.openstack.wsgi [None req-a6264eeb-97b8-41af-b409-b382d3c4ecba tempest-GroupSnapshotsTest-1569489411 tempest-GroupSnapshotsTest-1569489411-project] http://10.222.0.24/volume/v3/8c5e77ed1715439391c5566a7c0cf2f1/volumes/7722b95a-000c-4d49-8cef-61a020546391 returned with HTTP 200
Jun 07 13:13:58.068220 dv-cinder-844962-1-smb devstack@c-api.service[110986]: [pid: 110986|app: 0|req: 51/93] 10.222.0.24 () {60 vars in 1365 bytes} [Tue Jun 7 13:13:57 2022] GET /volume/v3/8c5e77ed1715439391c5566a7c0cf2f1/volumes/7722b95a-000c-4d49-8cef-61a020546391 => generated 974 bytes in 266 msecs (HTTP/1.1 200) 7 headers in 286 bytes (1 switches on core 0)
Jun 07 13:13:58.259553 dv-cinder-844962-1-smb devstack@c-api.service[110985]: DEBUG cinder.api.middleware.request_id [None req-7efbfb2d-937c-403d-9640-43568a3144d9 None None] RequestId filter calling following filter/app {{(pid=110985) _context_setter /opt/stack/cinder/cinder/api/middleware/request_id.py:62}}
Jun 07 13:13:58.266273 dv-cinder-844962-1-smb devstack@c-api.service[110985]: INFO cinder.api.openstack.wsgi [None req-7efbfb2d-937c-403d-9640-43568a3144d9 tempest-SnapshotsActionsTest-567633844 tempest-SnapshotsActionsTest-567633844-project] GET http://10.222.0.24/volume/v3/99151a85eb6d40d48efe7c7de002da67/snapshots/2f1eced3-835e-41ad-9af9-951e73c8c258
Jun 07 13:13:58.267014 dv-cinder-844962-1-smb devstack@c-api.service[110985]: DEBUG cinder.api.openstack.wsgi [None req-7efbfb2d-937c-403d-9640-43568a3144d9 tempest-SnapshotsActionsTest-567633844 tempest-SnapshotsActionsTest-567633844-project] Empty body provided in request {{(pid=110985) get_body /opt/stack/cinder/cinder/api/openstack/wsgi.py:715}}
Jun 07 13:13:58.267645 dv-cinder-844962-1-smb devstack@c-api.service[110985]: DEBUG cinder.api.openstack.wsgi [None req-7efbfb2d-937c-403d-9640-43568a3144d9 tempest-SnapshotsActionsTest-567633844 tempest-SnapshotsActionsTest-567633844-project] Calling method 'show' {{(pid=110985) _process_stack /opt/stack/cinder/cinder/api/openstack/wsgi.py:868}}
Jun 07 13:13:58.294965 dv-cinder-844962-1-smb devstack@c-api.service[110985]: INFO cinder.api.openstack.wsgi [None req-7efbfb2d-937c-403d-9640-43568a3144d9 tempest-SnapshotsActionsTest-567633844 tempest-SnapshotsActionsTest-567633844-project] http://10.222.0.24/volume/v3/99151a85eb6d40d48efe7c7de002da67/snapshots/2f1eced3-835e-41ad-9af9-951e73c8c258 returned with HTTP 404
Jun 07 13:13:58.299722 dv-cinder-844962-1-smb devstack@c-api.service[110985]: [pid: 110985|app: 0|req: 43/94] 10.222.0.24 () {58 vars in 1330 bytes} [Tue Jun 7 13:13:58 2022] GET /volume/v3/99151a85eb6d40d48efe7c7de002da67/snapshots/2f1eced3-835e-41ad-9af9-951e73c8c258 => generated 111 bytes in 40 msecs (HTTP/1.1 404) 7 headers in 292 bytes (1 switches on core 0)
Jun 07 13:13:58.304036 dv-cinder-844962-1-smb devstack@c-api.service[110986]: DEBUG cinder.api.middleware.request_id [None req-93191326-4d34-490c-81bc-ad5f720ec515 None None] RequestId filter calling following filter/app {{(pid=110986) _context_setter /opt/stack/cinder/cinder/api/middleware/request_id.py:62}}
Jun 07 13:13:58.310424 dv-cinder-844962-1-smb devstack@c-api.service[110986]: INFO cinder.api.openstack.wsgi [None req-93191326-4d34-490c-81bc-ad5f720ec515 tempest-SnapshotsActionsTest-384889233 tempest-SnapshotsActionsTest-384889233-project-admin] POST http://10.222.0.24/volume/v3/b6fb04e47b0e469b901e02cba24c8104/snapshots/051173d5-f848-46d2-bb23-89f190270578/action
Jun 07 13:13:58.311418 dv-cinder-844962-1-smb devstack@c-api.service[110986]: DEBUG cinder.api.openstack.wsgi [None req-93191326-4d34-490c-81bc-ad5f720ec515 tempest-SnapshotsActionsTest-384889233 tempest-SnapshotsActionsTest-384889233-project-admin] Action body: b'{"os-reset_status": {"status": "available"}}' {{(pid=110986) get_method /opt/stack/cinder/cinder/api/openstack/wsgi.py:983}}
Jun 07 13:13:58.311920 dv-cinder-844962-1-smb devstack@c-api.service[110986]: DEBUG cinder.api.openstack.wsgi [None req-93191326-4d34-490c-81bc-ad5f720ec515 tempest-SnapshotsActionsTest-384889233 tempest-SnapshotsActionsTest-384889233-project-admin] Action: 'action', calling method: _reset_status, body: {"os-reset_status": {"status": "available"}} {{(pid=110986) _process_stack /opt/stack/cinder/cinder/api/openstack/wsgi.py:866}}
Jun 07 13:13:58.313506 dv-cinder-844962-1-smb devstack@c-api.service[110986]: DEBUG cinder.api.contrib.admin_actions [None req-93191326-4d34-490c-81bc-ad5f720ec515 tempest-SnapshotsActionsTest-384889233 tempest-SnapshotsActionsTest-384889233-project-admin] Updating snapshot '051173d5-f848-46d2-bb23-89f190270578' with '{'status': 'available'}' {{(pid=110986) _reset_status /opt/stack/cinder/cinder/api/contrib/admin_actions.py:100}}
Jun 07 13:13:58.365286 dv-cinder-844962-1-smb devstack@c-api.service[110986]: /usr/local/lib/python3.8/dist-packages/oslo_context/context.py:100: DeprecationWarning: Policy enforcement is depending on the value of is_admin. This key is deprecated. Please update your policy file to use the standard policy values.
Jun 07 13:13:58.365286 dv-cinder-844962-1-smb devstack@c-api.service[110986]: warnings.warn('Policy enforcement is depending on the value of '
Jun 07 13:13:58.424185 dv-cinder-844962-1-smb devstack@c-api.service[110986]: INFO cinder.api.openstack.wsgi [None req-93191326-4d34-490c-81bc-ad5f720ec515 tempest-SnapshotsActionsTest-384889233 tempest-SnapshotsActionsTest-384889233-project-admin] http://10.222.0.24/volume/v3/b6fb04e47b0e469b901e02cba24c8104/snapshots/051173d5-f848-46d2-bb23-89f190270578/action returned with HTTP 202
Jun 07 13:13:58.427969 dv-cinder-844962-1-smb devstack@c-api.service[110986]: [pid: 110986|app: 0|req: 52/95] 10.222.0.24 () {60 vars in 1372 bytes} [Tue Jun 7 13:13:58 2022] POST /volume/v3/b6fb04e47b0e469b901e02cba24c8104/snapshots/051173d5-f848-46d2-bb23-89f190270578/action => generated 0 bytes in 122 msecs (HTTP/1.1 202) 7 headers in 289 bytes (1 switches on core 0)
Jun 07 13:13:58.430072 dv-cinder-844962-1-smb devstack@c-api.service[110985]: DEBUG cinder.api.middleware.request_id [None req-955577fd-8f73-431d-a077-b38c63771824 None None] RequestId filter calling following filter/app {{(pid=110985) _context_setter /opt/stack/cinder/cinder/api/middleware/request_id.py:62}}
Jun 07 13:13:58.435355 dv-cinder-844962-1-smb devstack@c-api.service[110985]: INFO cinder.api.openstack.wsgi [None req-955577fd-8f73-431d-a077-b38c63771824 tempest-SnapshotsActionsTest-567633844 tempest-SnapshotsActionsTest-567633844-project] GET http://10.222.0.24/volume/v3/99151a85eb6d40d48efe7c7de002da67/snapshots/051173d5-f848-46d2-bb23-89f190270578
Jun 07 13:13:58.436117 dv-cinder-844962-1-smb devstack@c-api.service[110985]: DEBUG cinder.api.openstack.wsgi [None req-955577fd-8f73-431d-a077-b38c63771824 tempest-SnapshotsActionsTest-567633844 tempest-SnapshotsActionsTest-567633844-project] Empty body provided in request {{(pid=110985) get_body /opt/stack/cinder/cinder/api/openstack/wsgi.py:715}}
Jun 07 13:13:58.436582 dv-cinder-844962-1-smb devstack@c-api.service[110985]: DEBUG cinder.api.openstack.wsgi [None req-955577fd-8f73-431d-a077-b38c63771824 tempest-SnapshotsActionsTest-567633844 tempest-SnapshotsActionsTest-567633844-project] Calling method 'show' {{(pid=110985) _process_stack /opt/stack/cinder/cinder/api/openstack/wsgi.py:868}}
Jun 07 13:13:58.477778 dv-cinder-844962-1-smb devstack@c-api.service[110985]: /usr/local/lib/python3.8/dist-packages/oslo_context/context.py:100: DeprecationWarning: Policy enforcement is depending on the value of is_admin. This key is deprecated. Please update your policy file to use the standard policy values.
Jun 07 13:13:58.477778 dv-cinder-844962-1-smb devstack@c-api.service[110985]: warnings.warn('Policy enforcement is depending on the value of '
