Jun 07 13:12:36.419564 dv-cinder-844962-1-iscsi neutron-server[104167]: DEBUG neutron.pecan_wsgi.hooks.policy_enforcement [req-8c75abd8-da10-4cbe-89db-27bfd9489016 req-41971076-d72b-4898-ba29-bdc81da5b53f service neutron] Attributes excluded by policy engine: ['standard_attr_id'] {{(pid=104167) _exclude_attributes_by_policy /opt/stack/neutron/neutron/pecan_wsgi/hooks/policy_enforcement.py:259}}
Jun 07 13:12:36.420299 dv-cinder-844962-1-iscsi neutron-server[104167]: DEBUG neutron_lib.callbacks.manager [req-8c75abd8-da10-4cbe-89db-27bfd9489016 req-41971076-d72b-4898-ba29-bdc81da5b53f service neutron] Publish callbacks ['neutron.notifiers.nova.Notifier._send_nova_notification-164070', 'neutron.api.rpc.agentnotifiers.dhcp_rpc_agent_api.DhcpAgentNotifyAPI._send_dhcp_notification-530826'] for port (None), before_response {{(pid=104167) _notify_loop /usr/local/lib/python3.8/dist-packages/neutron_lib/callbacks/manager.py:176}}
Jun 07 13:12:36.421788 dv-cinder-844962-1-iscsi neutron-server[104167]: INFO neutron.wsgi [req-8c75abd8-da10-4cbe-89db-27bfd9489016 req-41971076-d72b-4898-ba29-bdc81da5b53f service neutron] 10.222.0.50 "PUT /v2.0/ports/f1126c3b-69b8-4c60-9364-0df57e08c60a HTTP/1.1" status: 200 len: 1094 time: 2.9045088
Jun 07 13:12:36.422501 dv-cinder-844962-1-iscsi neutron-server[104167]: DEBUG neutron.notifiers.nova [-] Sending events: [{'name': 'network-changed', 'server_uuid': '17cd04a7-3053-43a2-8e39-d59bb0687ee4', 'tag': 'f1126c3b-69b8-4c60-9364-0df57e08c60a'}] {{(pid=104167) send_events /opt/stack/neutron/neutron/notifiers/nova.py:271}}
Jun 07 13:12:36.425036 dv-cinder-844962-1-iscsi neutron-server[104167]: DEBUG novaclient.v2.client [-] REQ: curl -g -i --cacert "/opt/stack/data/ca-bundle.pem" -X POST http://10.222.0.20/compute/v2.1/os-server-external-events -H "Accept: application/json" -H "Content-Type: application/json" -H "User-Agent: python-novaclient" -H "X-Auth-Token: {SHA256}d60e000106f403b45ce9dcb286f8aef41e8dc7d9a598392e24eea25c62bd6a45" -H "X-OpenStack-Nova-API-Version: 2.1" -H "X-OpenStack-Request-ID: req-872e46d0-7ced-4cb2-9b3f-d4265095e482" -d '{"events": [{"name": "network-changed", "server_uuid": "17cd04a7-3053-43a2-8e39-d59bb0687ee4", "tag": "f1126c3b-69b8-4c60-9364-0df57e08c60a"}]}' {{(pid=104167) _http_log_request /usr/local/lib/python3.8/dist-packages/keystoneauth1/session.py:519}}
Jun 07 13:12:36.428582 dv-cinder-844962-1-iscsi neutron-server[104167]: DEBUG neutron.api.rpc.handlers.resources_rpc [None req-929c9c86-96b9-4bc4-9920-ad18e3786c24 admin admin] Pushing event deleted for resources: {'SecurityGroup': ['ID=793bf25a-3309-4346-95c6-e927e6cb2148,revision_number=None']} {{(pid=104167) push /opt/stack/neutron/neutron/api/rpc/handlers/resources_rpc.py:237}}
Jun 07 13:12:36.501940 dv-cinder-844962-1-iscsi neutron-server[104167]: DEBUG neutron_lib.callbacks.manager [req-dc12536a-7625-47ff-9ac7-d4eb11d47dcf req-e5cbe970-a0d7-4867-9f7e-51cd17292218 tempest-AttachVolumeShelveTestJSON-820175996 tempest-AttachVolumeShelveTestJSON-820175996-project] Publish callbacks [] for port (5192c62f-d8c6-4ff1-88e1-16c2a8f9e987), precommit_create {{(pid=104167) _notify_loop /usr/local/lib/python3.8/dist-packages/neutron_lib/callbacks/manager.py:176}}
Jun 07 13:12:36.559222 dv-cinder-844962-1-iscsi neutron-server[104167]: INFO neutron.wsgi [req-d33b3e03-f171-4314-abdb-6fc44dd4a8c0 req-19c59dd6-93ef-4219-9f7d-cd726908ba94 tempest-ServerRescueNegativeTestJSON-1471032334 tempest-ServerRescueNegativeTestJSON-1471032334-project] 10.222.0.20 "GET /v2.0/security-groups?id=51d1742f-a1d5-41cc-9ce3-edbf60923fc6&fields=id&fields=name HTTP/1.1" status: 200 len: 286 time: 0.2294927
Jun 07 13:12:36.565389 dv-cinder-844962-1-iscsi neutron-server[104167]: DEBUG neutron.api.rpc.handlers.resources_rpc [None req-41971076-d72b-4898-ba29-bdc81da5b53f service neutron] Pushing event updated for resources: {'Port': ['ID=f1126c3b-69b8-4c60-9364-0df57e08c60a,revision_number=3']} {{(pid=104167) push /opt/stack/neutron/neutron/api/rpc/handlers/resources_rpc.py:237}}
Jun 07 13:12:36.615913 dv-cinder-844962-1-iscsi neutron-server[104168]: DEBUG neutron.scheduler.dhcp_agent_scheduler [req-6494b9bf-4166-4abe-b3b3-89963dc51513 req-a216612c-4567-4a21-afe8-156fdcfa8d60 tempest-AttachVolumeTestJSON-297148601 tempest-AttachVolumeTestJSON-297148601-project] Network b4f4d412-adf4-49aa-8722-e058a81a2829 is already hosted by enough agents. {{(pid=104168) _get_dhcp_agents_hosting_network /opt/stack/neutron/neutron/scheduler/dhcp_agent_scheduler.py:275}}
Jun 07 13:12:36.628795 dv-cinder-844962-1-iscsi neutron-server[104168]: DEBUG neutron.scheduler.base_scheduler [req-6494b9bf-4166-4abe-b3b3-89963dc51513 req-a216612c-4567-4a21-afe8-156fdcfa8d60 tempest-AttachVolumeTestJSON-297148601 tempest-AttachVolumeTestJSON-297148601-project] Resources bound (agent type, host, resource id): {{(pid=104168) schedule /opt/stack/neutron/neutron/scheduler/base_scheduler.py:57}}
Jun 07 13:12:36.628936 dv-cinder-844962-1-iscsi neutron-server[104167]: DEBUG neutron_lib.callbacks.manager [req-dc12536a-7625-47ff-9ac7-d4eb11d47dcf req-e5cbe970-a0d7-4867-9f7e-51cd17292218 tempest-AttachVolumeShelveTestJSON-820175996 tempest-AttachVolumeShelveTestJSON-820175996-project] Publish callbacks ['neutron.plugins.ml2.plugin.SecurityGroupServerNotifierRpcMixin._notify_sg_on_port_change-3665634', 'neutron.plugins.ml2.ovo_rpc._ObjectChangeHandler.handle_event-199761', 'neutron.api.rpc.agentnotifiers.dhcp_rpc_agent_api.DhcpAgentNotifyAPI._native_event_send_dhcp_notification-530852', 'neutron.db.l3_dvrscheduler_db._notify_l3_agent_new_port-8771658041101'] for port (5192c62f-d8c6-4ff1-88e1-16c2a8f9e987), after_create {{(pid=104167) _notify_loop /usr/local/lib/python3.8/dist-packages/neutron_lib/callbacks/manager.py:176}}
Jun 07 13:12:36.637823 dv-cinder-844962-1-iscsi neutron-server[104168]: DEBUG neutron.api.rpc.handlers.resources_rpc [None req-a216612c-4567-4a21-afe8-156fdcfa8d60 tempest-AttachVolumeTestJSON-297148601 tempest-AttachVolumeTestJSON-297148601-project] Pushing event updated for resources: {'Port': ['ID=749be2dc-b22c-4710-8386-8d454b1b5992,revision_number=1']} {{(pid=104168) push /opt/stack/neutron/neutron/api/rpc/handlers/resources_rpc.py:237}}
Jun 07 13:12:36.640386 dv-cinder-844962-1-iscsi neutron-server[104168]: DEBUG neutron.db.l3_dvrscheduler_db [req-6494b9bf-4166-4abe-b3b3-89963dc51513 req-a216612c-4567-4a21-afe8-156fdcfa8d60 tempest-AttachVolumeTestJSON-297148601 tempest-AttachVolumeTestJSON-297148601-project] Received port after_create {{(pid=104168) _notify_l3_agent_new_port /opt/stack/neutron/neutron/db/l3_dvrscheduler_db.py:542}}
Jun 07 13:12:36.666500 dv-cinder-844962-1-iscsi neutron-server[104168]: DEBUG neutron.pecan_wsgi.hooks.policy_enforcement [req-6494b9bf-4166-4abe-b3b3-89963dc51513 req-a216612c-4567-4a21-afe8-156fdcfa8d60 tempest-AttachVolumeTestJSON-297148601 tempest-AttachVolumeTestJSON-297148601-project] Attributes excluded by policy engine: ['standard_attr_id', 'binding:profile', 'binding:host_id', 'binding:vif_type', 'binding:vif_details', 'network'] {{(pid=104168) _exclude_attributes_by_policy /opt/stack/neutron/neutron/pecan_wsgi/hooks/policy_enforcement.py:259}}
Jun 07 13:12:36.667192 dv-cinder-844962-1-iscsi neutron-server[104168]: DEBUG neutron_lib.callbacks.manager [req-6494b9bf-4166-4abe-b3b3-89963dc51513 req-a216612c-4567-4a21-afe8-156fdcfa8d60 tempest-AttachVolumeTestJSON-297148601 tempest-AttachVolumeTestJSON-297148601-project] Publish callbacks ['neutron.notifiers.nova.Notifier._send_nova_notification-164070', 'neutron.api.rpc.agentnotifiers.dhcp_rpc_agent_api.DhcpAgentNotifyAPI._send_dhcp_notification-530826'] for port (None), before_response {{(pid=104168) _notify_loop /usr/local/lib/python3.8/dist-packages/neutron_lib/callbacks/manager.py:176}}
Jun 07 13:12:36.686531 dv-cinder-844962-1-iscsi neutron-server[104168]: DEBUG neutron.wsgi [-] (104168) accepted ('10.222.0.20', 48194) {{(pid=104168) server /usr/local/lib/python3.8/dist-packages/eventlet/wsgi.py:1004}}
Jun 07 13:12:36.702797 dv-cinder-844962-1-iscsi neutron-server[104168]: INFO neutron.wsgi [req-6494b9bf-4166-4abe-b3b3-89963dc51513 req-a216612c-4567-4a21-afe8-156fdcfa8d60 tempest-AttachVolumeTestJSON-297148601 tempest-AttachVolumeTestJSON-297148601-project] 10.222.0.50 "POST /v2.0/ports HTTP/1.1" status: 201 len: 933 time: 2.1890922
Jun 07 13:12:36.713351 dv-cinder-844962-1-iscsi neutron-server[104167]: DEBUG novaclient.v2.client [-] RESP: [200] Connection: close Content-Length: 179 Content-Type: application/json Date: Tue, 07 Jun 2022 13:12:36 GMT OpenStack-API-Version: compute 2.1 Server: Apache/2.4.41 (Ubuntu) Vary: OpenStack-API-Version,X-OpenStack-Nova-API-Version X-OpenStack-Nova-API-Version: 2.1 x-compute-request-id: req-93daad59-e978-4ddf-b5a1-5e1690c448be x-openstack-request-id: req-93daad59-e978-4ddf-b5a1-5e1690c448be {{(pid=104167) _http_log_response /usr/local/lib/python3.8/dist-packages/keystoneauth1/session.py:550}}
Jun 07 13:12:36.713642 dv-cinder-844962-1-iscsi neutron-server[104167]: DEBUG novaclient.v2.client [-] RESP BODY: {"events": [{"name": "network-changed", "server_uuid": "17cd04a7-3053-43a2-8e39-d59bb0687ee4", "tag": "f1126c3b-69b8-4c60-9364-0df57e08c60a", "status": "completed", "code": 200}]} {{(pid=104167) _http_log_response /usr/local/lib/python3.8/dist-packages/keystoneauth1/session.py:582}}
Jun 07 13:12:36.715115 dv-cinder-844962-1-iscsi neutron-server[104167]: DEBUG novaclient.v2.client [-] POST call to compute for http://10.222.0.20/compute/v2.1/os-server-external-events used request id req-93daad59-e978-4ddf-b5a1-5e1690c448be {{(pid=104167) request /usr/local/lib/python3.8/dist-packages/keystoneauth1/session.py:954}}
Jun 07 13:12:36.715115 dv-cinder-844962-1-iscsi neutron-server[104167]: INFO neutron.notifiers.nova [-] Nova event matching ['req-93daad59-e978-4ddf-b5a1-5e1690c448be'] response: {'name': 'network-changed', 'server_uuid': '17cd04a7-3053-43a2-8e39-d59bb0687ee4', 'tag': 'f1126c3b-69b8-4c60-9364-0df57e08c60a', 'status': 'completed', 'code': 200}
Jun 07 13:12:36.715115 dv-cinder-844962-1-iscsi neutron-server[104167]: DEBUG neutron.api.rpc.handlers.resources_rpc [None req-e5cbe970-a0d7-4867-9f7e-51cd17292218 tempest-AttachVolumeShelveTestJSON-820175996 tempest-AttachVolumeShelveTestJSON-820175996-project] Pushing event updated for resources: {'Port': ['ID=5192c62f-d8c6-4ff1-88e1-16c2a8f9e987,revision_number=1']} {{(pid=104167) push /opt/stack/neutron/neutron/api/rpc/handlers/resources_rpc.py:237}}
Jun 07 13:12:36.717730 dv-cinder-844962-1-iscsi neutron-server[104168]: DEBUG neutron_lib.callbacks.manager [None req-19a4bae8-67fd-4fe1-a8e7-f18edca3ccac admin admin] Publish callbacks [] for security_group (None), before_create {{(pid=104168) _notify_loop /usr/local/lib/python3.8/dist-packages/neutron_lib/callbacks/manager.py:176}}
Jun 07 13:12:36.726638 dv-cinder-844962-1-iscsi neutron-server[104167]: DEBUG neutron.scheduler.dhcp_agent_scheduler [req-dc12536a-7625-47ff-9ac7-d4eb11d47dcf req-e5cbe970-a0d7-4867-9f7e-51cd17292218 tempest-AttachVolumeShelveTestJSON-820175996 tempest-AttachVolumeShelveTestJSON-820175996-project] Network 11e6938c-b8f3-4ebe-9f3a-91e0b1c73c1c is already hosted by enough agents. {{(pid=104167) _get_dhcp_agents_hosting_network /opt/stack/neutron/neutron/scheduler/dhcp_agent_scheduler.py:275}}
Jun 07 13:12:36.730770 dv-cinder-844962-1-iscsi neutron-server[104167]: DEBUG neutron.scheduler.base_scheduler [req-dc12536a-7625-47ff-9ac7-d4eb11d47dcf req-e5cbe970-a0d7-4867-9f7e-51cd17292218 tempest-AttachVolumeShelveTestJSON-820175996 tempest-AttachVolumeShelveTestJSON-820175996-project] Resources bound (agent type, host, resource id): {{(pid=104167) schedule /opt/stack/neutron/neutron/scheduler/base_scheduler.py:57}}
Jun 07 13:12:36.734609 dv-cinder-844962-1-iscsi neutron-server[104167]: DEBUG neutron.db.l3_dvrscheduler_db [req-dc12536a-7625-47ff-9ac7-d4eb11d47dcf req-e5cbe970-a0d7-4867-9f7e-51cd17292218 tempest-AttachVolumeShelveTestJSON-820175996 tempest-AttachVolumeShelveTestJSON-820175996-project] Received port after_create {{(pid=104167) _notify_l3_agent_new_port /opt/stack/neutron/neutron/db/l3_dvrscheduler_db.py:542}}
Jun 07 13:12:36.743281 dv-cinder-844962-1-iscsi neutron-server[104167]: DEBUG neutron.pecan_wsgi.hooks.policy_enforcement [req-dc12536a-7625-47ff-9ac7-d4eb11d47dcf req-e5cbe970-a0d7-4867-9f7e-51cd17292218 tempest-AttachVolumeShelveTestJSON-820175996 tempest-AttachVolumeShelveTestJSON-820175996-project] Attributes excluded by policy engine: ['standard_attr_id', 'binding:profile', 'binding:host_id', 'binding:vif_type', 'binding:vif_details', 'network'] {{(pid=104167) _exclude_attributes_by_policy /opt/stack/neutron/neutron/pecan_wsgi/hooks/policy_enforcement.py:259}}
Jun 07 13:12:36.749872 dv-cinder-844962-1-iscsi neutron-server[104167]: DEBUG neutron_lib.callbacks.manager [req-dc12536a-7625-47ff-9ac7-d4eb11d47dcf req-e5cbe970-a0d7-4867-9f7e-51cd17292218 tempest-AttachVolumeShelveTestJSON-820175996 tempest-AttachVolumeShelveTestJSON-820175996-project] Publish callbacks ['neutron.notifiers.nova.Notifier._send_nova_notification-164070', 'neutron.api.rpc.agentnotifiers.dhcp_rpc_agent_api.DhcpAgentNotifyAPI._send_dhcp_notification-530826'] for port (None), before_response {{(pid=104167) _notify_loop /usr/local/lib/python3.8/dist-packages/neutron_lib/callbacks/manager.py:176}}
Jun 07 13:12:36.777894 dv-cinder-844962-1-iscsi neutron-server[104168]: DEBUG neutron_lib.callbacks.manager [req-e82b97c6-f616-4d64-bf57-13ee115d87f5 req-e8b60c3e-ac4d-4f9a-80e9-01e5f82ffcac tempest-VolumesActionsTest-367529791 tempest-VolumesActionsTest-367529791-project] Publish callbacks [] for port (2a4245a9-b510-4749-8d5c-bbc49e30e457), precommit_create {{(pid=104168) _notify_loop /usr/local/lib/python3.8/dist-packages/neutron_lib/callbacks/manager.py:176}}
Jun 07 13:12:36.845515 dv-cinder-844962-1-iscsi neutron-server[104167]: INFO neutron.wsgi [req-dc12536a-7625-47ff-9ac7-d4eb11d47dcf req-e5cbe970-a0d7-4867-9f7e-51cd17292218 tempest-AttachVolumeShelveTestJSON-820175996 tempest-AttachVolumeShelveTestJSON-820175996-project] 10.222.0.50 "POST /v2.0/ports HTTP/1.1" status: 201 len: 933 time: 2.2044606
Jun 07 13:12:36.850830 dv-cinder-844962-1-iscsi neutron-server[104168]: DEBUG dbcounter [-] [104168] Writing DB stats neutron:SELECT=91,neutron:INSERT=4,neutron:UPDATE=3,neutron:DELETE=2 {{(pid=104168) stat_writer /usr/local/lib/python3.8/dist-packages/dbcounter.py:114}}
Jun 07 13:12:36.859055 dv-cinder-844962-1-iscsi neutron-server[104167]: INFO neutron.wsgi [req-8ba4bf07-893e-4699-a072-2dfae5717b9a req-7ec98f52-5903-4c3f-b235-f93f9ea5a0ce tempest-VolumesActionsTest-367529791 tempest-VolumesActionsTest-367529791-project] 10.222.0.20 "GET /v2.0/ports?device_id=3e776100-542e-451a-b985-daa5c5341bfd HTTP/1.1" status: 200 len: 210 time: 0.0913799
Jun 07 13:12:36.902317 dv-cinder-844962-1-iscsi neutron-server[104168]: DEBUG neutron_lib.callbacks.manager [req-e82b97c6-f616-4d64-bf57-13ee115d87f5 req-e8b60c3e-ac4d-4f9a-80e9-01e5f82ffcac tempest-VolumesActionsTest-367529791 tempest-VolumesActionsTest-367529791-project] Publish callbacks ['neutron.plugins.ml2.plugin.SecurityGroupServerNotifierRpcMixin._notify_sg_on_port_change-3665634', 'neutron.plugins.ml2.ovo_rpc._ObjectChangeHandler.handle_event-199761', 'neutron.api.rpc.agentnotifiers.dhcp_rpc_agent_api.DhcpAgentNotifyAPI._native_event_send_dhcp_notification-530852', 'neutron.db.l3_dvrscheduler_db._notify_l3_agent_new_port-8771658041101'] for port (2a4245a9-b510-4749-8d5c-bbc49e30e457), after_create {{(pid=104168) _notify_loop /usr/local/lib/python3.8/dist-packages/neutron_lib/callbacks/manager.py:176}}
Jun 07 13:12:37.042067 dv-cinder-844962-1-iscsi neutron-server[104168]: DEBUG neutron.api.rpc.handlers.resources_rpc [None req-e8b60c3e-ac4d-4f9a-80e9-01e5f82ffcac tempest-VolumesActionsTest-367529791 tempest-VolumesActionsTest-367529791-project] Pushing event updated for resources: {'Port': ['ID=2a4245a9-b510-4749-8d5c-bbc49e30e457,revision_number=1']} {{(pid=104168) push /opt/stack/neutron/neutron/api/rpc/handlers/resources_rpc.py:237}}
Jun 07 13:12:37.064852 dv-cinder-844962-1-iscsi neutron-server[104167]: DEBUG neutron.wsgi [-] (104167) accepted ('10.222.0.20', 48200) {{(pid=104167) server /usr/local/lib/python3.8/dist-packages/eventlet/wsgi.py:1004}}
Jun 07 13:12:37.067458 dv-cinder-844962-1-iscsi neutron-server[104168]: DEBUG neutron.scheduler.dhcp_agent_scheduler [req-e82b97c6-f616-4d64-bf57-13ee115d87f5 req-e8b60c3e-ac4d-4f9a-80e9-01e5f82ffcac tempest-VolumesActionsTest-367529791 tempest-VolumesActionsTest-367529791-project] Network 55fc1070-3007-41c4-b494-234a45a2d448 is already hosted by enough agents. {{(pid=104168) _get_dhcp_agents_hosting_network /opt/stack/neutron/neutron/scheduler/dhcp_agent_scheduler.py:275}}
Jun 07 13:12:37.073851 dv-cinder-844962-1-iscsi neutron-server[104167]: DEBUG dbcounter [-] [104167] Writing DB stats neutron:SELECT=85,neutron:INSERT=4,neutron:UPDATE=5,neutron:DELETE=6 {{(pid=104167) stat_writer /usr/local/lib/python3.8/dist-packages/dbcounter.py:114}}
Jun 07 13:12:37.079366 dv-cinder-844962-1-iscsi neutron-server[104168]: DEBUG neutron.scheduler.base_scheduler [req-e82b97c6-f616-4d64-bf57-13ee115d87f5 req-e8b60c3e-ac4d-4f9a-80e9-01e5f82ffcac tempest-VolumesActionsTest-367529791 tempest-VolumesActionsTest-367529791-project] Resources bound (agent type, host, resource id): {{(pid=104168) schedule /opt/stack/neutron/neutron/scheduler/base_scheduler.py:57}}
Jun 07 13:12:37.081921 dv-cinder-844962-1-iscsi neutron-server[104168]: DEBUG neutron.db.l3_dvrscheduler_db [req-e82b97c6-f616-4d64-bf57-13ee115d87f5 req-e8b60c3e-ac4d-4f9a-80e9-01e5f82ffcac tempest-VolumesActionsTest-367529791 tempest-VolumesActionsTest-367529791-project] Received port after_create {{(pid=104168) _notify_l3_agent_new_port /opt/stack/neutron/neutron/db/l3_dvrscheduler_db.py:542}}
Jun 07 13:12:37.086230 dv-cinder-844962-1-iscsi neutron-server[104167]: DEBUG neutron_lib.callbacks.manager [None req-b7e56956-f1d4-4f39-b8b0-58ebfe183962 admin admin] Publish callbacks [] for security_group (None), before_create {{(pid=104167) _notify_loop /usr/local/lib/python3.8/dist-packages/neutron_lib/callbacks/manager.py:176}}
Jun 07 13:12:37.087253 dv-cinder-844962-1-iscsi neutron-server[104168]: DEBUG neutron.pecan_wsgi.hooks.policy_enforcement [req-e82b97c6-f616-4d64-bf57-13ee115d87f5 req-e8b60c3e-ac4d-4f9a-80e9-01e5f82ffcac tempest-VolumesActionsTest-367529791 tempest-VolumesActionsTest-367529791-project] Attributes excluded by policy engine: ['standard_attr_id', 'binding:profile', 'binding:host_id', 'binding:vif_type', 'binding:vif_details', 'network'] {{(pid=104168) _exclude_attributes_by_policy /opt/stack/neutron/neutron/pecan_wsgi/hooks/policy_enforcement.py:259}}
Jun 07 13:12:37.088057 dv-cinder-844962-1-iscsi neutron-server[104168]: DEBUG neutron_lib.callbacks.manager [req-e82b97c6-f616-4d64-bf57-13ee115d87f5 req-e8b60c3e-ac4d-4f9a-80e9-01e5f82ffcac tempest-VolumesActionsTest-367529791 tempest-VolumesActionsTest-367529791-project] Publish callbacks ['neutron.notifiers.nova.Notifier._send_nova_notification-164070', 'neutron.api.rpc.agentnotifiers.dhcp_rpc_agent_api.DhcpAgentNotifyAPI._send_dhcp_notification-530826'] for port (None), before_response {{(pid=104168) _notify_loop /usr/local/lib/python3.8/dist-packages/neutron_lib/callbacks/manager.py:176}}
Jun 07 13:12:37.100893 dv-cinder-844962-1-iscsi neutron-server[104168]: DEBUG neutron.pecan_wsgi.hooks.policy_enforcement [req-fc56c82b-dec8-454f-8ea9-a2bafb998dc9 req-96f4a838-be9e-48f2-b44a-47c0597548c9 tempest-DeleteServersTestJSON-1220422411 tempest-DeleteServersTestJSON-1220422411-project] Attributes excluded by policy engine: ['standard_attr_id', 'binding:profile', 'binding:host_id', 'binding:vif_type', 'binding:vif_details'] {{(pid=104168) _exclude_attributes_by_policy /opt/stack/neutron/neutron/pecan_wsgi/hooks/policy_enforcement.py:259}}
Jun 07 13:12:37.102405 dv-cinder-844962-1-iscsi neutron-server[104168]: INFO neutron.wsgi [req-fc56c82b-dec8-454f-8ea9-a2bafb998dc9 req-96f4a838-be9e-48f2-b44a-47c0597548c9 tempest-DeleteServersTestJSON-1220422411 tempest-DeleteServersTestJSON-1220422411-project] 10.222.0.20 "GET /v2.0/ports?device_id=5202ded4-7dfd-4c8c-880d-5a3bf04a494d HTTP/1.1" status: 200 len: 944 time: 0.1859896
Jun 07 13:12:37.104290 dv-cinder-844962-1-iscsi neutron-server[104168]: DEBUG neutron_lib.callbacks.manager [None req-19a4bae8-67fd-4fe1-a8e7-f18edca3ccac admin admin] Publish callbacks [] for security_group (3a952ee2-f73a-4b7e-89a2-573d775563f5), precommit_create {{(pid=104168) _notify_loop /usr/local/lib/python3.8/dist-packages/neutron_lib/callbacks/manager.py:176}}
Jun 07 13:12:37.104867 dv-cinder-844962-1-iscsi neutron-server[104167]: DEBUG neutron.pecan_wsgi.hooks.policy_enforcement [req-afd589e2-b9f0-44a7-8f93-64e4214852bd req-bf688b8b-8da6-4d58-a1e8-2302626b5ba2 tempest-AttachVolumeShelveTestJSON-820175996 tempest-AttachVolumeShelveTestJSON-820175996-project] Attributes excluded by policy engine: ['standard_attr_id', 'binding:profile', 'binding:host_id', 'binding:vif_type', 'binding:vif_details'] {{(pid=104167) _exclude_attributes_by_policy /opt/stack/neutron/neutron/pecan_wsgi/hooks/policy_enforcement.py:259}}
Jun 07 13:12:37.106405 dv-cinder-844962-1-iscsi neutron-server[104167]: INFO neutron.wsgi [req-afd589e2-b9f0-44a7-8f93-64e4214852bd req-bf688b8b-8da6-4d58-a1e8-2302626b5ba2 tempest-AttachVolumeShelveTestJSON-820175996 tempest-AttachVolumeShelveTestJSON-820175996-project] 10.222.0.20 "GET /v2.0/ports?device_id=4f0a617c-95aa-46f2-8159-056830649054 HTTP/1.1" status: 200 len: 931 time: 0.0765193
Jun 07 13:12:37.121074 dv-cinder-844962-1-iscsi neutron-server[104168]: DEBUG neutron_lib.callbacks.manager [None req-19a4bae8-67fd-4fe1-a8e7-f18edca3ccac admin admin] Publish callbacks ['neutron.plugins.ml2.ovo_rpc._ObjectChangeHandler.handle_event-517415'] for security_group (3a952ee2-f73a-4b7e-89a2-573d775563f5), after_create {{(pid=104168) _notify_loop /usr/local/lib/python3.8/dist-packages/neutron_lib/callbacks/manager.py:176}}
Jun 07 13:12:37.133689 dv-cinder-844962-1-iscsi neutron-server[104169]: DEBUG neutron.db.provisioning_blocks [None req-b37e5a0d-28b4-45b8-99f6-6cd03f1cd135 None None] Provisioning complete for port 749be2dc-b22c-4710-8386-8d454b1b5992 triggered by entity DHCP. {{(pid=104169) provisioning_complete /opt/stack/neutron/neutron/db/provisioning_blocks.py:145}}
Jun 07 13:12:37.134323 dv-cinder-844962-1-iscsi neutron-server[104169]: DEBUG neutron_lib.callbacks.manager [None req-b37e5a0d-28b4-45b8-99f6-6cd03f1cd135 None None] Publish callbacks ['neutron.plugins.ml2.plugin.Ml2Plugin._port_provisioned-3552864'] for port (749be2dc-b22c-4710-8386-8d454b1b5992), provisioning_complete {{(pid=104169) _notify_loop /usr/local/lib/python3.8/dist-packages/neutron_lib/callbacks/manager.py:176}}
Jun 07 13:12:37.140430 dv-cinder-844962-1-iscsi neutron-server[104167]: DEBUG dbcounter [-] [104167] Writing DB stats neutron:SELECT=92,neutron:DELETE=4,neutron:INSERT=4 {{(pid=104167) stat_writer /usr/local/lib/python3.8/dist-packages/dbcounter.py:114}}
Jun 07 13:12:37.152543 dv-cinder-844962-1-iscsi neutron-server[104168]: INFO neutron.wsgi [req-e82b97c6-f616-4d64-bf57-13ee115d87f5 req-e8b60c3e-ac4d-4f9a-80e9-01e5f82ffcac tempest-VolumesActionsTest-367529791 tempest-VolumesActionsTest-367529791-project] 10.222.0.50 "POST /v2.0/ports HTTP/1.1" status: 201 len: 934 time: 1.9972470
Jun 07 13:12:37.163891 dv-cinder-844962-1-iscsi neutron-server[104169]: DEBUG dbcounter [-] [104169] Writing DB stats neutron:SELECT=96,neutron:UPDATE=4 {{(pid=104169) stat_writer /usr/local/lib/python3.8/dist-packages/dbcounter.py:114}}
Jun 07 13:12:37.174924 dv-cinder-844962-1-iscsi neutron-server[104169]: DEBUG neutron.plugins.ml2.plugin [None req-b37e5a0d-28b4-45b8-99f6-6cd03f1cd135 None None] Port 749be2dc-b22c-4710-8386-8d454b1b5992 cannot update to ACTIVE because it is not bound. {{(pid=104169) _port_provisioned /opt/stack/neutron/neutron/plugins/ml2/plugin.py:354}}
Jun 07 13:12:37.184789 dv-cinder-844962-1-iscsi neutron-server[104169]: DEBUG neutron.db.provisioning_blocks [None req-b37e5a0d-28b4-45b8-99f6-6cd03f1cd135 None None] Provisioning complete for port 5192c62f-d8c6-4ff1-88e1-16c2a8f9e987 triggered by entity DHCP. {{(pid=104169) provisioning_complete /opt/stack/neutron/neutron/db/provisioning_blocks.py:145}}
Jun 07 13:12:37.185243 dv-cinder-844962-1-iscsi neutron-server[104169]: DEBUG neutron_lib.callbacks.manager [None req-b37e5a0d-28b4-45b8-99f6-6cd03f1cd135 None None] Publish callbacks ['neutron.plugins.ml2.plugin.Ml2Plugin._port_provisioned-3552864'] for port (5192c62f-d8c6-4ff1-88e1-16c2a8f9e987), provisioning_complete {{(pid=104169) _notify_loop /usr/local/lib/python3.8/dist-packages/neutron_lib/callbacks/manager.py:176}}
Jun 07 13:12:37.188732 dv-cinder-844962-1-iscsi neutron-server[104168]: DEBUG dbcounter [-] [104168] Writing DB stats neutron:SELECT=83,neutron:INSERT=15,neutron:UPDATE=2 {{(pid=104168) stat_writer /usr/local/lib/python3.8/dist-packages/dbcounter.py:114}}
Jun 07 13:12:37.194507 dv-cinder-844962-1-iscsi neutron-server[104167]: INFO neutron.wsgi [req-afd589e2-b9f0-44a7-8f93-64e4214852bd req-4f91e3bb-3ffb-49da-961f-e3c32e99d7c8 tempest-AttachVolumeShelveTestJSON-820175996 tempest-AttachVolumeShelveTestJSON-820175996-project] 10.222.0.20 "GET /v2.0/security-groups?id=18dc49d1-d4ff-4d8f-bd18-2f8e33549873&fields=id&fields=name HTTP/1.1" status: 200 len: 313 time: 0.0773246
Jun 07 13:12:37.204492 dv-cinder-844962-1-iscsi neutron-server[104168]: INFO neutron.wsgi [None req-19a4bae8-67fd-4fe1-a8e7-f18edca3ccac admin admin] 10.222.0.20 "GET /v2.0/security-groups?tenant_id=2b8f23f31ae64d7fa4f8781115c4bfc9&name=default HTTP/1.1" status: 200 len: 2996 time: 0.5160539
Jun 07 13:12:37.215615 dv-cinder-844962-1-iscsi neutron-server[104168]: DEBUG neutron.api.rpc.handlers.resources_rpc [None req-19a4bae8-67fd-4fe1-a8e7-f18edca3ccac admin admin] Pushing event updated for resources: {'SecurityGroup': ['ID=3a952ee2-f73a-4b7e-89a2-573d775563f5,revision_number=1']} {{(pid=104168) push /opt/stack/neutron/neutron/api/rpc/handlers/resources_rpc.py:237}}
Jun 07 13:12:37.224051 dv-cinder-844962-1-iscsi neutron-server[104168]: DEBUG neutron.wsgi [-] (104168) accepted ('10.222.0.20', 48204) {{(pid=104168) server /usr/local/lib/python3.8/dist-packages/eventlet/wsgi.py:1004}}
Jun 07 13:12:37.235351 dv-cinder-844962-1-iscsi neutron-server[104169]: DEBUG neutron.plugins.ml2.plugin [None req-b37e5a0d-28b4-45b8-99f6-6cd03f1cd135 None None] Port 5192c62f-d8c6-4ff1-88e1-16c2a8f9e987 cannot update to ACTIVE because it is not bound. {{(pid=104169) _port_provisioned /opt/stack/neutron/neutron/plugins/ml2/plugin.py:354}}
Jun 07 13:12:37.244391 dv-cinder-844962-1-iscsi neutron-server[104167]: DEBUG neutron_lib.callbacks.manager [None req-b7e56956-f1d4-4f39-b8b0-58ebfe183962 admin admin] Publish callbacks [] for security_group (6186ae8f-11ab-4144-9c04-f5a9b227c519), precommit_create {{(pid=104167) _notify_loop /usr/local/lib/python3.8/dist-packages/neutron_lib/callbacks/manager.py:176}}
Jun 07 13:12:37.244729 dv-cinder-844962-1-iscsi neutron-server[104168]: INFO neutron.wsgi [req-fc56c82b-dec8-454f-8ea9-a2bafb998dc9 req-70116f8d-e31b-43d6-92a6-f964664925b6 tempest-DeleteServersTestJSON-1220422411 tempest-DeleteServersTestJSON-1220422411-project] 10.222.0.20 "GET /v2.0/security-groups?id=6d39318f-8980-4955-9528-cea4ec5b997f&fields=id&fields=name HTTP/1.1" status: 200 len: 286 time: 0.1357794
Jun 07 13:12:37.251270 dv-cinder-844962-1-iscsi neutron-server[104167]: DEBUG neutron_lib.callbacks.manager [None req-b7e56956-f1d4-4f39-b8b0-58ebfe183962 admin admin] Publish callbacks ['neutron.plugins.ml2.ovo_rpc._ObjectChangeHandler.handle_event-517415'] for security_group (6186ae8f-11ab-4144-9c04-f5a9b227c519), after_create {{(pid=104167) _notify_loop /usr/local/lib/python3.8/dist-packages/neutron_lib/callbacks/manager.py:176}}
Jun 07 13:12:37.288222 dv-cinder-844962-1-iscsi neutron-server[104168]: DEBUG neutron_lib.callbacks.manager [None req-d99b27d8-98e5-400d-9d85-da0461b8bb98 admin admin] Publish callbacks [] for security_group (3a952ee2-f73a-4b7e-89a2-573d775563f5), before_delete {{(pid=104168) _notify_loop /usr/local/lib/python3.8/dist-packages/neutron_lib/callbacks/manager.py:176}}
Jun 07 13:12:37.302778 dv-cinder-844962-1-iscsi neutron-server[104167]: INFO neutron.wsgi [None req-b7e56956-f1d4-4f39-b8b0-58ebfe183962 admin admin] 10.222.0.20 "GET /v2.0/security-groups?tenant_id=d35577d99d15411e9791ee866e260644&name=default HTTP/1.1" status: 200 len: 2996 time: 0.2367053
Jun 07 13:12:37.307791 dv-cinder-844962-1-iscsi neutron-server[104168]: DEBUG neutron.wsgi [-] (104168) accepted ('10.222.0.20', 48206) {{(pid=104168) server /usr/local/lib/python3.8/dist-packages/eventlet/wsgi.py:1004}}
Jun 07 13:12:37.319087 dv-cinder-844962-1-iscsi neutron-server[104168]: DEBUG neutron_lib.callbacks.manager [None req-d99b27d8-98e5-400d-9d85-da0461b8bb98 admin admin] Publish callbacks [] for security_group (3a952ee2-f73a-4b7e-89a2-573d775563f5), precommit_delete {{(pid=104168) _notify_loop /usr/local/lib/python3.8/dist-packages/neutron_lib/callbacks/manager.py:176}}
Jun 07 13:12:37.334243 dv-cinder-844962-1-iscsi neutron-server[104167]: DEBUG neutron.api.rpc.handlers.resources_rpc [None req-b7e56956-f1d4-4f39-b8b0-58ebfe183962 admin admin] Pushing event updated for resources: {'SecurityGroup': ['ID=6186ae8f-11ab-4144-9c04-f5a9b227c519,revision_number=1']} {{(pid=104167) push /opt/stack/neutron/neutron/api/rpc/handlers/resources_rpc.py:237}}
Jun 07 13:12:37.361555 dv-cinder-844962-1-iscsi neutron-server[104167]: DEBUG neutron.pecan_wsgi.hooks.policy_enforcement [req-39885934-da30-4798-8b46-2465c7f42e20 req-6f5a85fd-2e34-45f8-8ca0-a1d9f0933933 tempest-AttachVolumeTestJSON-297148601 tempest-AttachVolumeTestJSON-297148601-project] Attributes excluded by policy engine: ['standard_attr_id', 'binding:profile', 'binding:host_id', 'binding:vif_type', 'binding:vif_details'] {{(pid=104167) _exclude_attributes_by_policy /opt/stack/neutron/neutron/pecan_wsgi/hooks/policy_enforcement.py:259}}
Jun 07 13:12:37.368480 dv-cinder-844962-1-iscsi neutron-server[104167]: INFO neutron.wsgi [req-39885934-da30-4798-8b46-2465c7f42e20 req-6f5a85fd-2e34-45f8-8ca0-a1d9f0933933 tempest-AttachVolumeTestJSON-297148601 tempest-AttachVolumeTestJSON-297148601-project] 10.222.0.20 "GET /v2.0/ports?device_id=d5202ff0-c8c1-4c4f-a89c-f536f724298f HTTP/1.1" status: 200 len: 931 time: 0.0954821
Jun 07 13:12:37.398767 dv-cinder-844962-1-iscsi neutron-server[104168]: DEBUG neutron_lib.callbacks.manager [None req-615cefde-32bb-478e-baef-d173e4279cb0 admin admin] Publish callbacks [] for security_group (6186ae8f-11ab-4144-9c04-f5a9b227c519), before_delete {{(pid=104168) _notify_loop /usr/local/lib/python3.8/dist-packages/neutron_lib/callbacks/manager.py:176}}
Jun 07 13:12:37.414041 dv-cinder-844962-1-iscsi neutron-server[104167]: INFO neutron.wsgi [req-39885934-da30-4798-8b46-2465c7f42e20 req-ba2e8924-0e8b-448b-91c8-06e8c90e0ee3 tempest-AttachVolumeTestJSON-297148601 tempest-AttachVolumeTestJSON-297148601-project] 10.222.0.20 "GET /v2.0/security-groups?id=fe7f787c-1e59-40cc-9a11-cd445aee047f&fields=id&fields=name HTTP/1.1" status: 200 len: 313 time: 0.0445943
Jun 07 13:12:37.421972 dv-cinder-844962-1-iscsi neutron-server[104168]: DEBUG neutron_lib.callbacks.manager [None req-d99b27d8-98e5-400d-9d85-da0461b8bb98 admin admin] Publish callbacks ['neutron.plugins.ml2.ovo_rpc._ObjectChangeHandler.handle_event-517415'] for security_group (3a952ee2-f73a-4b7e-89a2-573d775563f5), after_delete {{(pid=104168) _notify_loop /usr/local/lib/python3.8/dist-packages/neutron_lib/callbacks/manager.py:176}}
Jun 07 13:12:37.424433 dv-cinder-844962-1-iscsi neutron-server[104168]: DEBUG neutron_lib.callbacks.manager [None req-d99b27d8-98e5-400d-9d85-da0461b8bb98 admin admin] Publish callbacks [] for security_group (None), before_response {{(pid=104168) _notify_loop /usr/local/lib/python3.8/dist-packages/neutron_lib/callbacks/manager.py:176}}
Jun 07 13:12:37.427936 dv-cinder-844962-1-iscsi neutron-server[104168]: INFO neutron.wsgi [None req-d99b27d8-98e5-400d-9d85-da0461b8bb98 admin admin] 10.222.0.20 "DELETE /v2.0/security-groups/3a952ee2-f73a-4b7e-89a2-573d775563f5 HTTP/1.1" status: 204 len: 168 time: 0.2006128
Jun 07 13:12:37.427936 dv-cinder-844962-1-iscsi neutron-server[104168]: DEBUG neutron_lib.callbacks.manager [None req-615cefde-32bb-478e-baef-d173e4279cb0 admin admin] Publish callbacks [] for security_group (6186ae8f-11ab-4144-9c04-f5a9b227c519), precommit_delete {{(pid=104168) _notify_loop /usr/local/lib/python3.8/dist-packages/neutron_lib/callbacks/manager.py:176}}
Jun 07 13:12:37.442777 dv-cinder-844962-1-iscsi neutron-server[104168]: DEBUG neutron.api.rpc.handlers.resources_rpc [None req-d99b27d8-98e5-400d-9d85-da0461b8bb98 admin admin] Pushing event deleted for resources: {'SecurityGroup': ['ID=3a952ee2-f73a-4b7e-89a2-573d775563f5,revision_number=None']} {{(pid=104168) push /opt/stack/neutron/neutron/api/rpc/handlers/resources_rpc.py:237}}
Jun 07 13:12:37.490270 dv-cinder-844962-1-iscsi neutron-server[104168]: DEBUG neutron_lib.callbacks.manager [None req-615cefde-32bb-478e-baef-d173e4279cb0 admin admin] Publish callbacks ['neutron.plugins.ml2.ovo_rpc._ObjectChangeHandler.handle_event-517415'] for security_group (6186ae8f-11ab-4144-9c04-f5a9b227c519), after_delete {{(pid=104168) _notify_loop /usr/local/lib/python3.8/dist-packages/neutron_lib/callbacks/manager.py:176}}
Jun 07 13:12:37.492939 dv-cinder-844962-1-iscsi neutron-server[104168]: DEBUG neutron_lib.callbacks.manager [None req-615cefde-32bb-478e-baef-d173e4279cb0 admin admin] Publish callbacks [] for security_group (None), before_response {{(pid=104168) _notify_loop /usr/local/lib/python3.8/dist-packages/neutron_lib/callbacks/manager.py:176}}
Jun 07 13:12:37.494135 dv-cinder-844962-1-iscsi neutron-server[104168]: INFO neutron.wsgi [None req-615cefde-32bb-478e-baef-d173e4279cb0 admin admin] 10.222.0.20 "DELETE /v2.0/security-groups/6186ae8f-11ab-4144-9c04-f5a9b227c519 HTTP/1.1" status: 204 len: 168 time: 0.1853583
Jun 07 13:12:37.503004 dv-cinder-844962-1-iscsi neutron-server[104168]: DEBUG neutron.api.rpc.handlers.resources_rpc [None req-615cefde-32bb-478e-baef-d173e4279cb0 admin admin] Pushing event deleted for resources: {'SecurityGroup': ['ID=6186ae8f-11ab-4144-9c04-f5a9b227c519,revision_number=None']} {{(pid=104168) push /opt/stack/neutron/neutron/api/rpc/handlers/resources_rpc.py:237}}
Jun 07 13:12:37.690970 dv-cinder-844962-1-iscsi neutron-server[104168]: DEBUG neutron.pecan_wsgi.hooks.policy_enforcement [req-e1143912-a198-4e49-a6ca-67177b45f8d4 req-dd443d9f-abbf-4d09-9da2-4cd574652d35 tempest-ServerRescueNegativeTestJSON-1471032334 tempest-ServerRescueNegativeTestJSON-1471032334-project] Attributes excluded by policy engine: ['standard_attr_id', 'binding:profile', 'binding:host_id', 'binding:vif_type', 'binding:vif_details'] {{(pid=104168) _exclude_attributes_by_policy /opt/stack/neutron/neutron/pecan_wsgi/hooks/policy_enforcement.py:259}}
Jun 07 13:12:37.692663 dv-cinder-844962-1-iscsi neutron-server[104168]: INFO neutron.wsgi [req-e1143912-a198-4e49-a6ca-67177b45f8d4 req-dd443d9f-abbf-4d09-9da2-4cd574652d35 tempest-ServerRescueNegativeTestJSON-1471032334 tempest-ServerRescueNegativeTestJSON-1471032334-project] 10.222.0.20 "GET /v2.0/ports?device_id=17cd04a7-3053-43a2-8e39-d59bb0687ee4 HTTP/1.1" status: 200 len: 944 time: 0.0624828
Jun 07 13:12:37.758132 dv-cinder-844962-1-iscsi neutron-server[104168]: INFO neutron.wsgi [req-e1143912-a198-4e49-a6ca-67177b45f8d4 req-c9bf8ffa-7a29-4992-963a-c30d498319b7 tempest-ServerRescueNegativeTestJSON-1471032334 tempest-ServerRescueNegativeTestJSON-1471032334-project] 10.222.0.20 "GET /v2.0/security-groups?id=51d1742f-a1d5-41cc-9ce3-edbf60923fc6&fields=id&fields=name HTTP/1.1" status: 200 len: 286 time: 0.0584822
Jun 07 13:12:37.981282 dv-cinder-844962-1-iscsi neutron-server[104167]: DEBUG neutron.pecan_wsgi.hooks.policy_enforcement [req-cd4a2760-4099-48e4-ac04-628f28b3d5c9 req-014b70b9-13f4-4542-b870-503a24a36a1d tempest-VolumesActionsTest-367529791 tempest-VolumesActionsTest-367529791-project] Attributes excluded by policy engine: ['standard_attr_id', 'binding:profile', 'binding:host_id', 'binding:vif_type', 'binding:vif_details'] {{(pid=104167) _exclude_attributes_by_policy /opt/stack/neutron/neutron/pecan_wsgi/hooks/policy_enforcement.py:259}}
Jun 07 13:12:37.982879 dv-cinder-844962-1-iscsi neutron-server[104167]: INFO neutron.wsgi [req-cd4a2760-4099-48e4-ac04-628f28b3d5c9 req-014b70b9-13f4-4542-b870-503a24a36a1d tempest-VolumesActionsTest-367529791 tempest-VolumesActionsTest-367529791-project] 10.222.0.20 "GET /v2.0/ports?device_id=3e776100-542e-451a-b985-daa5c5341bfd HTTP/1.1" status: 200 len: 932 time: 0.0538733
Jun 07 13:12:38.033788 dv-cinder-844962-1-iscsi neutron-server[104167]: INFO neutron.wsgi [req-cd4a2760-4099-48e4-ac04-628f28b3d5c9 req-dbc455ec-bbf8-4024-b13d-6757deb3edf1 tempest-VolumesActionsTest-367529791 tempest-VolumesActionsTest-367529791-project] 10.222.0.20 "GET /v2.0/security-groups?id=7438150f-5383-4f52-a0bc-339efbee2b01&fields=id&fields=name HTTP/1.1" status: 200 len: 286 time: 0.0446901
Jun 07 13:12:38.321025 dv-cinder-844962-1-iscsi neutron-server[104168]: DEBUG neutron.pecan_wsgi.hooks.policy_enforcement [req-f6ad9f91-a1e8-4413-adf8-9a9033f8976e req-f190946f-d589-443a-a3d0-71b9bce2ef5b tempest-AttachVolumeShelveTestJSON-820175996 tempest-AttachVolumeShelveTestJSON-820175996-project] Attributes excluded by policy engine: ['standard_attr_id', 'binding:profile', 'binding:host_id', 'binding:vif_type', 'binding:vif_details'] {{(pid=104168) _exclude_attributes_by_policy /opt/stack/neutron/neutron/pecan_wsgi/hooks/policy_enforcement.py:259}}
Jun 07 13:12:38.322885 dv-cinder-844962-1-iscsi neutron-server[104168]: INFO neutron.wsgi [req-f6ad9f91-a1e8-4413-adf8-9a9033f8976e req-f190946f-d589-443a-a3d0-71b9bce2ef5b tempest-AttachVolumeShelveTestJSON-820175996 tempest-AttachVolumeShelveTestJSON-820175996-project] 10.222.0.20 "GET /v2.0/ports?device_id=4f0a617c-95aa-46f2-8159-056830649054 HTTP/1.1" status: 200 len: 931 time: 0.0560355
Jun 07 13:12:38.392876 dv-cinder-844962-1-iscsi neutron-server[104167]: DEBUG neutron.pecan_wsgi.hooks.policy_enforcement [req-f1c5314e-968b-44ab-822a-6c2109ac2b1c req-26493c50-c5c9-4d19-a6a1-2bc63901bc37 tempest-DeleteServersTestJSON-1220422411 tempest-DeleteServersTestJSON-1220422411-project] Attributes excluded by policy engine: ['standard_attr_id', 'binding:profile', 'binding:host_id', 'binding:vif_type', 'binding:vif_details'] {{(pid=104167) _exclude_attributes_by_policy /opt/stack/neutron/neutron/pecan_wsgi/hooks/policy_enforcement.py:259}}
Jun 07 13:12:38.400057 dv-cinder-844962-1-iscsi neutron-server[104167]: INFO neutron.wsgi [req-f1c5314e-968b-44ab-822a-6c2109ac2b1c req-26493c50-c5c9-4d19-a6a1-2bc63901bc37 tempest-DeleteServersTestJSON-1220422411 tempest-DeleteServersTestJSON-1220422411-project] 10.222.0.20 "GET /v2.0/ports?device_id=5202ded4-7dfd-4c8c-880d-5a3bf04a494d HTTP/1.1" status: 200 len: 944 time: 0.0674829
Jun 07 13:12:38.414095 dv-cinder-844962-1-iscsi neutron-server[104168]: INFO neutron.wsgi [req-f6ad9f91-a1e8-4413-adf8-9a9033f8976e req-952caf0e-1d91-446a-8eb6-e342fe97e099 tempest-AttachVolumeShelveTestJSON-820175996 tempest-AttachVolumeShelveTestJSON-820175996-project] 10.222.0.20 "GET /v2.0/security-groups?id=18dc49d1-d4ff-4d8f-bd18-2f8e33549873&fields=id&fields=name HTTP/1.1" status: 200 len: 313 time: 0.0819938
Jun 07 13:12:38.464874 dv-cinder-844962-1-iscsi neutron-server[104167]: INFO neutron.wsgi [req-f1c5314e-968b-44ab-822a-6c2109ac2b1c req-5488213f-26bc-4536-9f41-3ae1c3e1b4c8 tempest-DeleteServersTestJSON-1220422411 tempest-DeleteServersTestJSON-1220422411-project] 10.222.0.20 "GET /v2.0/security-groups?id=6d39318f-8980-4955-9528-cea4ec5b997f&fields=id&fields=name HTTP/1.1" status: 200 len: 286 time: 0.0638158
Jun 07 13:12:38.553855 dv-cinder-844962-1-iscsi neutron-server[104168]: DEBUG neutron.pecan_wsgi.hooks.policy_enforcement [req-9c644e0c-4869-4f38-a1ff-f3d1eac5227f req-896b6e7c-97f9-4d35-a164-1828668e21c4 tempest-AttachVolumeTestJSON-297148601 tempest-AttachVolumeTestJSON-297148601-project] Attributes excluded by policy engine: ['standard_attr_id', 'binding:profile', 'binding:host_id', 'binding:vif_type', 'binding:vif_details'] {{(pid=104168) _exclude_attributes_by_policy /opt/stack/neutron/neutron/pecan_wsgi/hooks/policy_enforcement.py:259}}
Jun 07 13:12:38.553855 dv-cinder-844962-1-iscsi neutron-server[104168]: INFO neutron.wsgi [req-9c644e0c-4869-4f38-a1ff-f3d1eac5227f req-896b6e7c-97f9-4d35-a164-1828668e21c4 tempest-AttachVolumeTestJSON-297148601 tempest-AttachVolumeTestJSON-297148601-project] 10.222.0.20 "GET /v2.0/ports?device_id=d5202ff0-c8c1-4c4f-a89c-f536f724298f HTTP/1.1" status: 200 len: 931 time: 0.0517850
Jun 07 13:12:38.565280 dv-cinder-844962-1-iscsi neutron-server[104168]: DEBUG dbcounter [-] [104168] Writing DB stats neutron:SELECT=94,neutron:INSERT=1,neutron:DELETE=5 {{(pid=104168) stat_writer /usr/local/lib/python3.8/dist-packages/dbcounter.py:114}}
Jun 07 13:12:38.606220 dv-cinder-844962-1-iscsi neutron-server[104168]: INFO neutron.wsgi [req-9c644e0c-4869-4f38-a1ff-f3d1eac5227f req-67fe010f-84f3-4d7a-9c74-ec7771eef4b3 tempest-AttachVolumeTestJSON-297148601 tempest-AttachVolumeTestJSON-297148601-project] 10.222.0.20 "GET /v2.0/security-groups?id=fe7f787c-1e59-40cc-9a11-cd445aee047f&fields=id&fields=name HTTP/1.1" status: 200 len: 313 time: 0.0488429
Jun 07 13:12:38.778141 dv-cinder-844962-1-iscsi neutron-server[104168]: DEBUG neutron.wsgi [-] (104168) accepted ('10.222.0.20', 48276) {{(pid=104168) server /usr/local/lib/python3.8/dist-packages/eventlet/wsgi.py:1004}}
Jun 07 13:12:38.879955 dv-cinder-844962-1-iscsi neutron-server[104167]: DEBUG neutron.pecan_wsgi.hooks.policy_enforcement [req-ec2e72ba-1b03-4af5-9294-0f60a5d897a5 req-0b640949-1042-46be-9b58-01174975de14 tempest-ServerRescueNegativeTestJSON-1471032334 tempest-ServerRescueNegativeTestJSON-1471032334-project] Attributes excluded by policy engine: ['standard_attr_id', 'binding:profile', 'binding:host_id', 'binding:vif_type', 'binding:vif_details'] {{(pid=104167) _exclude_attributes_by_policy /opt/stack/neutron/neutron/pecan_wsgi/hooks/policy_enforcement.py:259}}
Jun 07 13:12:38.881886 dv-cinder-844962-1-iscsi neutron-server[104167]: INFO neutron.wsgi [req-ec2e72ba-1b03-4af5-9294-0f60a5d897a5 req-0b640949-1042-46be-9b58-01174975de14 tempest-ServerRescueNegativeTestJSON-1471032334 tempest-ServerRescueNegativeTestJSON-1471032334-project] 10.222.0.20 "GET /v2.0/ports?device_id=17cd04a7-3053-43a2-8e39-d59bb0687ee4 HTTP/1.1" status: 200 len: 944 time: 0.0507240
Jun 07 13:12:38.933301 dv-cinder-844962-1-iscsi neutron-server[104167]: INFO neutron.wsgi [req-ec2e72ba-1b03-4af5-9294-0f60a5d897a5 req-68392a1e-08f3-4ff8-a7a2-a7bbb83180fc tempest-ServerRescueNegativeTestJSON-1471032334 tempest-ServerRescueNegativeTestJSON-1471032334-project] 10.222.0.20 "GET /v2.0/security-groups?id=51d1742f-a1d5-41cc-9ce3-edbf60923fc6&fields=id&fields=name HTTP/1.1" status: 200 len: 286 time: 0.0455844
Jun 07 13:12:39.004689 dv-cinder-844962-1-iscsi neutron-server[104168]: DEBUG neutron_lib.callbacks.manager [None req-0628df87-1667-432c-a3e1-07b546d90e99 admin admin] Publish callbacks [] for security_group (None), before_create {{(pid=104168) _notify_loop /usr/local/lib/python3.8/dist-packages/neutron_lib/callbacks/manager.py:176}}
Jun 07 13:12:39.080562 dv-cinder-844962-1-iscsi neutron-server[104168]: DEBUG neutron_lib.callbacks.manager [None req-0628df87-1667-432c-a3e1-07b546d90e99 admin admin] Publish callbacks [] for security_group (df659de6-0e7a-4160-a4ac-495378b936b3), precommit_create {{(pid=104168) _notify_loop /usr/local/lib/python3.8/dist-packages/neutron_lib/callbacks/manager.py:176}}
Jun 07 13:12:39.086685 dv-cinder-844962-1-iscsi neutron-server[104168]: DEBUG neutron_lib.callbacks.manager [None req-0628df87-1667-432c-a3e1-07b546d90e99 admin admin] Publish callbacks ['neutron.plugins.ml2.ovo_rpc._ObjectChangeHandler.handle_event-517415'] for security_group (df659de6-0e7a-4160-a4ac-495378b936b3), after_create {{(pid=104168) _notify_loop /usr/local/lib/python3.8/dist-packages/neutron_lib/callbacks/manager.py:176}}
Jun 07 13:12:39.155312 dv-cinder-844962-1-iscsi neutron-server[104168]: INFO neutron.wsgi [None req-0628df87-1667-432c-a3e1-07b546d90e99 admin admin] 10.222.0.20 "GET /v2.0/security-groups?tenant_id=6e57ef4d6c3e4243b8dcc59a2897f6d0&name=default HTTP/1.1" status: 200 len: 2996 time: 0.3757758
Jun 07 13:12:39.158301 dv-cinder-844962-1-iscsi neutron-server[104168]: DEBUG neutron.api.rpc.handlers.resources_rpc [None req-0628df87-1667-432c-a3e1-07b546d90e99 admin admin] Pushing event updated for resources: {'SecurityGroup': ['ID=df659de6-0e7a-4160-a4ac-495378b936b3,revision_number=1']} {{(pid=104168) push /opt/stack/neutron/neutron/api/rpc/handlers/resources_rpc.py:237}}
Jun 07 13:12:39.158436 dv-cinder-844962-1-iscsi neutron-server[104167]: DEBUG neutron.wsgi [-] (104167) accepted ('10.222.0.20', 48298) {{(pid=104167) server /usr/local/lib/python3.8/dist-packages/eventlet/wsgi.py:1004}}
Jun 07 13:12:39.179474 dv-cinder-844962-1-iscsi neutron-server[104168]: DEBUG neutron.pecan_wsgi.hooks.policy_enforcement [req-1309cd43-50e9-42ad-a82c-24a592c308df req-eedce960-d632-459e-a293-5381b2d147a4 tempest-VolumesActionsTest-367529791 tempest-VolumesActionsTest-367529791-project] Attributes excluded by policy engine: ['standard_attr_id', 'binding:profile', 'binding:host_id', 'binding:vif_type', 'binding:vif_details'] {{(pid=104168) _exclude_attributes_by_policy /opt/stack/neutron/neutron/pecan_wsgi/hooks/policy_enforcement.py:259}}
Jun 07 13:12:39.181388 dv-cinder-844962-1-iscsi neutron-server[104168]: INFO neutron.wsgi [req-1309cd43-50e9-42ad-a82c-24a592c308df req-eedce960-d632-459e-a293-5381b2d147a4 tempest-VolumesActionsTest-367529791 tempest-VolumesActionsTest-367529791-project] 10.222.0.20 "GET /v2.0/ports?device_id=3e776100-542e-451a-b985-daa5c5341bfd HTTP/1.1" status: 200 len: 932 time: 0.0730453
Jun 07 13:12:39.218039 dv-cinder-844962-1-iscsi neutron-server[104167]: DEBUG neutron_lib.callbacks.manager [None req-82dce5b2-4cec-448a-8629-dff358cb31d5 admin admin] Publish callbacks [] for security_group (df659de6-0e7a-4160-a4ac-495378b936b3), before_delete {{(pid=104167) _notify_loop /usr/local/lib/python3.8/dist-packages/neutron_lib/callbacks/manager.py:176}}
Jun 07 13:12:39.232231 dv-cinder-844962-1-iscsi neutron-server[104168]: INFO neutron.wsgi [req-1309cd43-50e9-42ad-a82c-24a592c308df req-d9c379db-8640-404d-8593-31200badf222 tempest-VolumesActionsTest-367529791 tempest-VolumesActionsTest-367529791-project] 10.222.0.20 "GET /v2.0/security-groups?id=7438150f-5383-4f52-a0bc-339efbee2b01&fields=id&fields=name HTTP/1.1" status: 200 len: 286 time: 0.0452745
Jun 07 13:12:39.250538 dv-cinder-844962-1-iscsi neutron-server[104167]: DEBUG neutron_lib.callbacks.manager [None req-82dce5b2-4cec-448a-8629-dff358cb31d5 admin admin] Publish callbacks [] for security_group (df659de6-0e7a-4160-a4ac-495378b936b3), precommit_delete {{(pid=104167) _notify_loop /usr/local/lib/python3.8/dist-packages/neutron_lib/callbacks/manager.py:176}}
Jun 07 13:12:39.301351 dv-cinder-844962-1-iscsi neutron-server[104167]: DEBUG neutron_lib.callbacks.manager [None req-82dce5b2-4cec-448a-8629-dff358cb31d5 admin admin] Publish callbacks ['neutron.plugins.ml2.ovo_rpc._ObjectChangeHandler.handle_event-517415'] for security_group (df659de6-0e7a-4160-a4ac-495378b936b3), after_delete {{(pid=104167) _notify_loop /usr/local/lib/python3.8/dist-packages/neutron_lib/callbacks/manager.py:176}}
Jun 07 13:12:39.304232 dv-cinder-844962-1-iscsi neutron-server[104167]: DEBUG neutron_lib.callbacks.manager [None req-82dce5b2-4cec-448a-8629-dff358cb31d5 admin admin] Publish callbacks [] for security_group (None), before_response {{(pid=104167) _notify_loop /usr/local/lib/python3.8/dist-packages/neutron_lib/callbacks/manager.py:176}}
Jun 07 13:12:39.305834 dv-cinder-844962-1-iscsi neutron-server[104167]: INFO neutron.wsgi [None req-82dce5b2-4cec-448a-8629-dff358cb31d5 admin admin] 10.222.0.20 "DELETE /v2.0/security-groups/df659de6-0e7a-4160-a4ac-495378b936b3 HTTP/1.1" status: 204 len: 168 time: 0.1464281
Jun 07 13:12:39.314041 dv-cinder-844962-1-iscsi neutron-server[104167]: DEBUG neutron.api.rpc.handlers.resources_rpc [None req-82dce5b2-4cec-448a-8629-dff358cb31d5 admin admin] Pushing event deleted for resources: {'SecurityGroup': ['ID=df659de6-0e7a-4160-a4ac-495378b936b3,revision_number=None']} {{(pid=104167) push /opt/stack/neutron/neutron/api/rpc/handlers/resources_rpc.py:237}}
Jun 07 13:12:39.347405 dv-cinder-844962-1-iscsi neutron-server[104167]: DEBUG neutron.api.v2.base [req-dc12536a-7625-47ff-9ac7-d4eb11d47dcf req-707c08d8-b4a8-4598-afa3-79f44588205a service neutron] Request body: {'port': {'device_id': '4f0a617c-95aa-46f2-8159-056830649054', 'device_owner': 'compute:nova', 'binding:host_id': 'hv-cinder-84496'}} {{(pid=104167) prepare_request_body /opt/stack/neutron/neutron/api/v2/base.py:730}}
Jun 07 13:12:39.373940 dv-cinder-844962-1-iscsi neutron-server[104168]: DEBUG neutron.api.v2.base [req-6494b9bf-4166-4abe-b3b3-89963dc51513 req-71db1795-e1d9-45fc-8ef6-79c6b3b29eef service neutron] Request body: {'port': {'device_id': 'd5202ff0-c8c1-4c4f-a89c-f536f724298f', 'device_owner': 'compute:nova', 'binding:host_id': 'hv-cinder-84496'}} {{(pid=104168) prepare_request_body /opt/stack/neutron/neutron/api/v2/base.py:730}}
Jun 07 13:12:39.422929 dv-cinder-844962-1-iscsi neutron-server[104168]: DEBUG dbcounter [-] [104168] Writing DB stats neutron:SELECT=89,neutron:DELETE=5,neutron:INSERT=5,neutron:UPDATE=1 {{(pid=104168) stat_writer /usr/local/lib/python3.8/dist-packages/dbcounter.py:114}}
