Jun 06 21:05:21.309677 dv-cinder-844880-1-iscsi neutron-server[104188]: DEBUG neutron.notifiers.nova [req-b2181159-3609-4908-9682-a4d01a1aeffe req-43702558-242c-4463-8411-9be214740918 service neutron] Ignoring state change previous_port_status: DOWN current_port_status: DOWN port_id 2e4dc91b-9fa1-4ca1-9827-0ca3ef02a18e {{(pid=104188) record_port_status_changed /opt/stack/neutron/neutron/notifiers/nova.py:233}}
Jun 06 21:05:21.325394 dv-cinder-844880-1-iscsi neutron-server[104188]: DEBUG neutron_lib.callbacks.manager [req-b2181159-3609-4908-9682-a4d01a1aeffe req-43702558-242c-4463-8411-9be214740918 service neutron] Publish callbacks [] for port (2e4dc91b-9fa1-4ca1-9827-0ca3ef02a18e), precommit_update {{(pid=104188) _notify_loop /usr/local/lib/python3.8/dist-packages/neutron_lib/callbacks/manager.py:176}}
Jun 06 21:05:21.345272 dv-cinder-844880-1-iscsi neutron-server[104187]: DEBUG neutron.api.rpc.handlers.resources_rpc [None req-dce751d6-f4e6-4b55-9883-d44c8c4002a9 admin admin] Pushing event deleted for resources: {'SecurityGroup': ['ID=95d903fd-d564-4399-bb66-1d87c25ee2e2,revision_number=None']} {{(pid=104187) push /opt/stack/neutron/neutron/api/rpc/handlers/resources_rpc.py:237}}
Jun 06 21:05:21.383284 dv-cinder-844880-1-iscsi neutron-server[104188]: DEBUG neutron.db.provisioning_blocks [req-b2181159-3609-4908-9682-a4d01a1aeffe req-43702558-242c-4463-8411-9be214740918 service neutron] Transition to ACTIVE for port object 2e4dc91b-9fa1-4ca1-9827-0ca3ef02a18e will not be triggered until provisioned by entity L2. {{(pid=104188) add_provisioning_component /opt/stack/neutron/neutron/db/provisioning_blocks.py:75}}
Jun 06 21:05:21.393124 dv-cinder-844880-1-iscsi neutron-server[104188]: DEBUG neutron_lib.callbacks.manager [req-b2181159-3609-4908-9682-a4d01a1aeffe req-43702558-242c-4463-8411-9be214740918 service neutron] Publish callbacks ['neutron.plugins.ml2.plugin.SecurityGroupServerNotifierRpcMixin._notify_sg_on_port_change-611816', 'neutron.plugins.ml2.ovo_rpc._ObjectChangeHandler.handle_event-185390', 'neutron.api.rpc.agentnotifiers.dhcp_rpc_agent_api.DhcpAgentNotifyAPI._native_event_send_dhcp_notification-1632192', 'neutron.db.l3_db.L3RpcNotifierMixin._notify_gateway_port_ip_changed-8784650007682', 'neutron.db.l3_dvrscheduler_db._notify_l3_agent_port_update-8784649722673', 'neutron.db.l3_hascheduler_db._notify_l3_agent_ha_port_update-8784649722691', 'neutron.services.segments.plugin.NovaSegmentNotifier._notify_port_updated-3569183'] for port (2e4dc91b-9fa1-4ca1-9827-0ca3ef02a18e), after_update {{(pid=104188) _notify_loop /usr/local/lib/python3.8/dist-packages/neutron_lib/callbacks/manager.py:176}}
Jun 06 21:05:21.488786 dv-cinder-844880-1-iscsi neutron-server[104188]: DEBUG dbcounter [-] [104188] Writing DB stats neutron:SELECT=91,neutron:INSERT=3,neutron:UPDATE=5,neutron:DELETE=1 {{(pid=104188) stat_writer /usr/local/lib/python3.8/dist-packages/dbcounter.py:114}}
Jun 06 21:05:21.563956 dv-cinder-844880-1-iscsi neutron-server[104188]: DEBUG neutron.api.rpc.handlers.resources_rpc [None req-43702558-242c-4463-8411-9be214740918 service neutron] Pushing event updated for resources: {'Port': ['ID=2e4dc91b-9fa1-4ca1-9827-0ca3ef02a18e,revision_number=2']} {{(pid=104188) push /opt/stack/neutron/neutron/api/rpc/handlers/resources_rpc.py:237}}
Jun 06 21:05:21.601229 dv-cinder-844880-1-iscsi neutron-server[104187]: INFO neutron.wsgi [req-7936d957-ff80-4144-92f6-d6158d5434ba req-5b17a255-06bd-4aaa-8b95-280a5ae62258 tempest-AttachVolumeShelveTestJSON-440411712 tempest-AttachVolumeShelveTestJSON-440411712-project] 10.222.0.33 "GET /v2.0/security-groups?id=03aee96f-a020-4744-8cf8-2ae2a17b47df&fields=id&fields=name HTTP/1.1" status: 200 len: 313 time: 0.2652254
Jun 06 21:05:21.810137 dv-cinder-844880-1-iscsi neutron-server[104187]: INFO neutron.wsgi [req-06742727-f58c-4a29-a0ad-a8e6a0608289 req-3eefc3bc-709f-4eac-987b-130b0c3ad470 service neutron] 10.222.0.17 "GET /v2.0/networks/caa56bb2-4a47-4aeb-99db-1e89b9e32e70?fields=provider%3Aphysical_network&fields=provider%3Anetwork_type HTTP/1.1" status: 200 len: 281 time: 0.7052479
Jun 06 21:05:21.897544 dv-cinder-844880-1-iscsi neutron-server[104187]: DEBUG neutron_lib.callbacks.manager [None req-8f377cee-4095-4411-8a69-242b4b279e1d admin admin] Publish callbacks [] for security_group (1abef232-6ade-4077-923e-55c59faa842a), precommit_create {{(pid=104187) _notify_loop /usr/local/lib/python3.8/dist-packages/neutron_lib/callbacks/manager.py:176}}
Jun 06 21:05:21.913839 dv-cinder-844880-1-iscsi neutron-server[104187]: DEBUG neutron_lib.callbacks.manager [None req-8f377cee-4095-4411-8a69-242b4b279e1d admin admin] Publish callbacks ['neutron.plugins.ml2.ovo_rpc._ObjectChangeHandler.handle_event-2009403'] for security_group (1abef232-6ade-4077-923e-55c59faa842a), after_create {{(pid=104187) _notify_loop /usr/local/lib/python3.8/dist-packages/neutron_lib/callbacks/manager.py:176}}
Jun 06 21:05:21.980750 dv-cinder-844880-1-iscsi neutron-server[104187]: DEBUG neutron.wsgi [-] (104187) accepted ('10.222.0.33', 48110) {{(pid=104187) server /usr/local/lib/python3.8/dist-packages/eventlet/wsgi.py:1004}}
Jun 06 21:05:22.004760 dv-cinder-844880-1-iscsi neutron-server[104187]: DEBUG neutron.api.rpc.handlers.resources_rpc [None req-8f377cee-4095-4411-8a69-242b4b279e1d admin admin] Pushing event updated for resources: {'SecurityGroup': ['ID=1abef232-6ade-4077-923e-55c59faa842a,revision_number=1']} {{(pid=104187) push /opt/stack/neutron/neutron/api/rpc/handlers/resources_rpc.py:237}}
Jun 06 21:05:22.072632 dv-cinder-844880-1-iscsi neutron-server[104187]: DEBUG neutron_lib.callbacks.manager [None req-97d54332-b6ac-445b-b93d-0a78bb4f2756 admin admin] Publish callbacks [] for security_group (None), before_create {{(pid=104187) _notify_loop /usr/local/lib/python3.8/dist-packages/neutron_lib/callbacks/manager.py:176}}
Jun 06 21:05:22.107453 dv-cinder-844880-1-iscsi neutron-server[104187]: INFO neutron.wsgi [None req-8f377cee-4095-4411-8a69-242b4b279e1d admin admin] 10.222.0.33 "GET /v2.0/security-groups?tenant_id=1c0db83101ae45ab94b6d0c9ccecd5e0&name=default HTTP/1.1" status: 200 len: 2996 time: 2.2104497
Jun 06 21:05:22.107453 dv-cinder-844880-1-iscsi neutron-server[104187]: DEBUG neutron.wsgi [-] (104187) accepted ('10.222.0.33', 48120) {{(pid=104187) server /usr/local/lib/python3.8/dist-packages/eventlet/wsgi.py:1004}}
Jun 06 21:05:22.224583 dv-cinder-844880-1-iscsi neutron-server[104188]: DEBUG neutron.pecan_wsgi.hooks.policy_enforcement [req-6dc86430-7c3a-4c31-a335-c390b6c2ee34 req-1a2a7c80-f681-46fc-85ae-f4a3f66e5cae tempest-AttachVolumeNegativeTest-664033950 tempest-AttachVolumeNegativeTest-664033950-project] Attributes excluded by policy engine: ['standard_attr_id', 'binding:profile', 'binding:host_id', 'binding:vif_type', 'binding:vif_details'] {{(pid=104188) _exclude_attributes_by_policy /opt/stack/neutron/neutron/pecan_wsgi/hooks/policy_enforcement.py:259}}
Jun 06 21:05:22.227179 dv-cinder-844880-1-iscsi neutron-server[104188]: INFO neutron.wsgi [req-6dc86430-7c3a-4c31-a335-c390b6c2ee34 req-1a2a7c80-f681-46fc-85ae-f4a3f66e5cae tempest-AttachVolumeNegativeTest-664033950 tempest-AttachVolumeNegativeTest-664033950-project] 10.222.0.33 "GET /v2.0/ports?device_id=67813627-cc4f-453f-8b8f-9cec9b130583 HTTP/1.1" status: 200 len: 944 time: 0.1481817
Jun 06 21:05:22.290108 dv-cinder-844880-1-iscsi neutron-server[104187]: DEBUG dbcounter [-] [104187] Writing DB stats neutron:SELECT=88,neutron:DELETE=4,neutron:INSERT=7,neutron:UPDATE=1 {{(pid=104187) stat_writer /usr/local/lib/python3.8/dist-packages/dbcounter.py:114}}
Jun 06 21:05:22.291967 dv-cinder-844880-1-iscsi neutron-server[104188]: DEBUG neutron.plugins.ml2.managers [req-b2181159-3609-4908-9682-a4d01a1aeffe req-43702558-242c-4463-8411-9be214740918 service neutron] Attempting to bind port 2e4dc91b-9fa1-4ca1-9827-0ca3ef02a18e on host hv-cinder-84488 for vnic_type normal with profile {{(pid=104188) bind_port /opt/stack/neutron/neutron/plugins/ml2/managers.py:811}}
Jun 06 21:05:22.292331 dv-cinder-844880-1-iscsi neutron-server[104188]: DEBUG neutron.plugins.ml2.managers [req-b2181159-3609-4908-9682-a4d01a1aeffe req-43702558-242c-4463-8411-9be214740918 service neutron] Attempting to bind port 2e4dc91b-9fa1-4ca1-9827-0ca3ef02a18e by drivers openvswitch,hyperv on host hv-cinder-84488 at level 0 using segments [{'id': '823a2bd4-302f-4e17-b52e-9686d9550911', 'network_type': 'vlan', 'physical_network': 'physnet1', 'segmentation_id': 239, 'network_id': 'a66e5149-d2b2-496e-8506-4294d2b66e2c'}] {{(pid=104188) _bind_port_level /opt/stack/neutron/neutron/plugins/ml2/managers.py:836}}
Jun 06 21:05:22.292650 dv-cinder-844880-1-iscsi neutron-server[104188]: DEBUG neutron.plugins.ml2.drivers.mech_agent [req-b2181159-3609-4908-9682-a4d01a1aeffe req-43702558-242c-4463-8411-9be214740918 service neutron] Attempting to bind port 2e4dc91b-9fa1-4ca1-9827-0ca3ef02a18e on network a66e5149-d2b2-496e-8506-4294d2b66e2c {{(pid=104188) bind_port /opt/stack/neutron/neutron/plugins/ml2/drivers/mech_agent.py:91}}
Jun 06 21:05:22.301877 dv-cinder-844880-1-iscsi neutron-server[104187]: DEBUG neutron_lib.callbacks.manager [None req-10b670c7-eec2-4a17-a10d-1d98a11bcdcd admin admin] Publish callbacks [] for security_group (1abef232-6ade-4077-923e-55c59faa842a), before_delete {{(pid=104187) _notify_loop /usr/local/lib/python3.8/dist-packages/neutron_lib/callbacks/manager.py:176}}
Jun 06 21:05:22.302031 dv-cinder-844880-1-iscsi neutron-server[104188]: DEBUG neutron.plugins.ml2.drivers.mech_agent [req-b2181159-3609-4908-9682-a4d01a1aeffe req-43702558-242c-4463-8411-9be214740918 service neutron] Port 2e4dc91b-9fa1-4ca1-9827-0ca3ef02a18e on network a66e5149-d2b2-496e-8506-4294d2b66e2c not bound, no agent of type Open vSwitch agent registered on host hv-cinder-84488 {{(pid=104188) bind_port /opt/stack/neutron/neutron/plugins/ml2/drivers/mech_agent.py:103}}
Jun 06 21:05:22.302406 dv-cinder-844880-1-iscsi neutron-server[104188]: DEBUG neutron.plugins.ml2.drivers.mech_agent [req-b2181159-3609-4908-9682-a4d01a1aeffe req-43702558-242c-4463-8411-9be214740918 service neutron] Attempting to bind port 2e4dc91b-9fa1-4ca1-9827-0ca3ef02a18e on network a66e5149-d2b2-496e-8506-4294d2b66e2c {{(pid=104188) bind_port /opt/stack/neutron/neutron/plugins/ml2/drivers/mech_agent.py:91}}
Jun 06 21:05:22.319917 dv-cinder-844880-1-iscsi neutron-server[104188]: DEBUG neutron.plugins.ml2.drivers.mech_agent [req-b2181159-3609-4908-9682-a4d01a1aeffe req-43702558-242c-4463-8411-9be214740918 service neutron] Checking agent: {'id': '0bad493b-e691-45cf-a5c8-0a2410484fab', 'agent_type': 'HyperV agent', 'binary': 'neutron-hyperv-agent', 'topic': 'N/A', 'host': 'hv-cinder-84488', 'admin_state_up': True, 'created_at': datetime.datetime(2022, 6, 6, 21, 2, 28), 'started_at': datetime.datetime(2022, 6, 6, 21, 2, 28), 'heartbeat_timestamp': datetime.datetime(2022, 6, 6, 21, 4, 58), 'description': None, 'resources_synced': None, 'availability_zone': None, 'alive': True, 'configurations': {'vswitch_mappings': {'physnet1$': 'br-data'}}, 'resource_versions': {}} {{(pid=104188) bind_port /opt/stack/neutron/neutron/plugins/ml2/drivers/mech_agent.py:110}}
Jun 06 21:05:22.320991 dv-cinder-844880-1-iscsi neutron-server[104188]: DEBUG neutron.plugins.ml2.drivers.mech_agent [req-b2181159-3609-4908-9682-a4d01a1aeffe req-43702558-242c-4463-8411-9be214740918 service neutron] Checking segment: {'id': '823a2bd4-302f-4e17-b52e-9686d9550911', 'network_type': 'vlan', 'physical_network': 'physnet1', 'segmentation_id': 239, 'network_id': 'a66e5149-d2b2-496e-8506-4294d2b66e2c'} for mappings: {'physnet1$': 'br-data'} with network types: ['local', 'flat', 'vlan'] {{(pid=104188) check_segment_for_agent /opt/stack/neutron/neutron/plugins/ml2/drivers/mech_agent.py:373}}
Jun 06 21:05:22.320991 dv-cinder-844880-1-iscsi neutron-server[104188]: DEBUG neutron.plugins.ml2.drivers.mech_agent [req-b2181159-3609-4908-9682-a4d01a1aeffe req-43702558-242c-4463-8411-9be214740918 service neutron] Bound using segment: {'id': '823a2bd4-302f-4e17-b52e-9686d9550911', 'network_type': 'vlan', 'physical_network': 'physnet1', 'segmentation_id': 239, 'network_id': 'a66e5149-d2b2-496e-8506-4294d2b66e2c'} {{(pid=104188) bind_port /opt/stack/neutron/neutron/plugins/ml2/drivers/mech_agent.py:120}}
Jun 06 21:05:22.321396 dv-cinder-844880-1-iscsi neutron-server[104188]: DEBUG neutron.plugins.ml2.managers [req-b2181159-3609-4908-9682-a4d01a1aeffe req-43702558-242c-4463-8411-9be214740918 service neutron] Bound port: 2e4dc91b-9fa1-4ca1-9827-0ca3ef02a18e, host: hv-cinder-84488, vif_type: hyperv, vif_details: {"connectivity": "legacy", "port_filter": false}, binding_levels: [{'bound_driver': 'hyperv', 'bound_segment': {'id': '823a2bd4-302f-4e17-b52e-9686d9550911', 'network_type': 'vlan', 'physical_network': 'physnet1', 'segmentation_id': 239, 'network_id': 'a66e5149-d2b2-496e-8506-4294d2b66e2c'}}] {{(pid=104188) _bind_port_level /opt/stack/neutron/neutron/plugins/ml2/managers.py:948}}
Jun 06 21:05:22.321576 dv-cinder-844880-1-iscsi neutron-server[104188]: DEBUG neutron_lib.callbacks.manager [req-b2181159-3609-4908-9682-a4d01a1aeffe req-43702558-242c-4463-8411-9be214740918 service neutron] Publish callbacks ['neutron.plugins.ml2.plugin.SecurityGroupDbMixin._ensure_default_security_group_handler-611625'] for port (2e4dc91b-9fa1-4ca1-9827-0ca3ef02a18e), before_update {{(pid=104188) _notify_loop /usr/local/lib/python3.8/dist-packages/neutron_lib/callbacks/manager.py:176}}
Jun 06 21:05:22.344099 dv-cinder-844880-1-iscsi neutron-server[104187]: DEBUG neutron_lib.callbacks.manager [None req-10b670c7-eec2-4a17-a10d-1d98a11bcdcd admin admin] Publish callbacks [] for security_group (1abef232-6ade-4077-923e-55c59faa842a), precommit_delete {{(pid=104187) _notify_loop /usr/local/lib/python3.8/dist-packages/neutron_lib/callbacks/manager.py:176}}
Jun 06 21:05:22.364637 dv-cinder-844880-1-iscsi neutron-server[104188]: INFO neutron.wsgi [req-6dc86430-7c3a-4c31-a335-c390b6c2ee34 req-31801a39-ad84-4bfe-9a75-09f3bd196679 tempest-AttachVolumeNegativeTest-664033950 tempest-AttachVolumeNegativeTest-664033950-project] 10.222.0.33 "GET /v2.0/security-groups?id=6cdd7139-eff0-41b6-81ad-a283c4e277a7&fields=id&fields=name HTTP/1.1" status: 200 len: 312 time: 0.1297956
Jun 06 21:05:22.410274 dv-cinder-844880-1-iscsi neutron-server[104187]: DEBUG neutron_lib.callbacks.manager [None req-97d54332-b6ac-445b-b93d-0a78bb4f2756 admin admin] Publish callbacks [] for security_group (db91df64-c90f-41d0-9ade-36ae36b161ee), precommit_create {{(pid=104187) _notify_loop /usr/local/lib/python3.8/dist-packages/neutron_lib/callbacks/manager.py:176}}
Jun 06 21:05:22.418947 dv-cinder-844880-1-iscsi neutron-server[104187]: DEBUG neutron_lib.callbacks.manager [None req-97d54332-b6ac-445b-b93d-0a78bb4f2756 admin admin] Publish callbacks ['neutron.plugins.ml2.ovo_rpc._ObjectChangeHandler.handle_event-2009403'] for security_group (db91df64-c90f-41d0-9ade-36ae36b161ee), after_create {{(pid=104187) _notify_loop /usr/local/lib/python3.8/dist-packages/neutron_lib/callbacks/manager.py:176}}
Jun 06 21:05:22.452452 dv-cinder-844880-1-iscsi neutron-server[104189]: DEBUG neutron_lib.callbacks.manager [None req-cee98e23-c2b2-4616-8f51-d5048acd6c1d None None] Publish callbacks ['neutron.services.segments.db._update_segment_host_mapping_for_agent-8784650209271', 'neutron.plugins.ml2.plugin.Ml2Plugin._retry_binding_revived_agents-634636'] for agent (e8939db1-e959-440d-b3d8-621dfe1bcb3c), after_update {{(pid=104189) _notify_loop /usr/local/lib/python3.8/dist-packages/neutron_lib/callbacks/manager.py:176}}
Jun 06 21:05:22.483603 dv-cinder-844880-1-iscsi neutron-server[104187]: INFO neutron.wsgi [None req-97d54332-b6ac-445b-b93d-0a78bb4f2756 admin admin] 10.222.0.33 "GET /v2.0/security-groups?tenant_id=a8dbeed7d0c745cd87af59173ffc3d6c&name=default HTTP/1.1" status: 200 len: 2996 time: 0.4660518
Jun 06 21:05:22.484371 dv-cinder-844880-1-iscsi neutron-server[104187]: DEBUG neutron.wsgi [-] (104187) accepted ('10.222.0.33', 48134) {{(pid=104187) server /usr/local/lib/python3.8/dist-packages/eventlet/wsgi.py:1004}}
Jun 06 21:05:22.506250 dv-cinder-844880-1-iscsi neutron-server[104188]: DEBUG neutron.plugins.ml2.db [req-b2181159-3609-4908-9682-a4d01a1aeffe req-43702558-242c-4463-8411-9be214740918 service neutron] For port 2e4dc91b-9fa1-4ca1-9827-0ca3ef02a18e, host hv-cinder-84488, cleared binding levels {{(pid=104188) clear_binding_levels /opt/stack/neutron/neutron/plugins/ml2/db.py:87}}
Jun 06 21:05:22.536833 dv-cinder-844880-1-iscsi neutron-server[104188]: DEBUG neutron.plugins.ml2.db [req-b2181159-3609-4908-9682-a4d01a1aeffe req-43702558-242c-4463-8411-9be214740918 service neutron] For port 2e4dc91b-9fa1-4ca1-9827-0ca3ef02a18e, host hv-cinder-84488, set binding levels [PortBindingLevel(driver='hyperv',host='hv-cinder-84488',level=0,port_id=2e4dc91b-9fa1-4ca1-9827-0ca3ef02a18e,segment=NetworkSegment(823a2bd4-302f-4e17-b52e-9686d9550911),segment_id=823a2bd4-302f-4e17-b52e-9686d9550911)] {{(pid=104188) set_binding_levels /opt/stack/neutron/neutron/plugins/ml2/db.py:59}}
Jun 06 21:05:22.542758 dv-cinder-844880-1-iscsi neutron-server[104187]: DEBUG neutron_lib.callbacks.manager [None req-10b670c7-eec2-4a17-a10d-1d98a11bcdcd admin admin] Publish callbacks ['neutron.plugins.ml2.ovo_rpc._ObjectChangeHandler.handle_event-2009403'] for security_group (1abef232-6ade-4077-923e-55c59faa842a), after_delete {{(pid=104187) _notify_loop /usr/local/lib/python3.8/dist-packages/neutron_lib/callbacks/manager.py:176}}
Jun 06 21:05:22.546229 dv-cinder-844880-1-iscsi neutron-server[104187]: DEBUG neutron_lib.callbacks.manager [None req-10b670c7-eec2-4a17-a10d-1d98a11bcdcd admin admin] Publish callbacks [] for security_group (None), before_response {{(pid=104187) _notify_loop /usr/local/lib/python3.8/dist-packages/neutron_lib/callbacks/manager.py:176}}
Jun 06 21:05:22.548265 dv-cinder-844880-1-iscsi neutron-server[104187]: INFO neutron.wsgi [None req-10b670c7-eec2-4a17-a10d-1d98a11bcdcd admin admin] 10.222.0.33 "DELETE /v2.0/security-groups/1abef232-6ade-4077-923e-55c59faa842a HTTP/1.1" status: 204 len: 168 time: 0.4396112
Jun 06 21:05:22.549296 dv-cinder-844880-1-iscsi neutron-server[104188]: DEBUG neutron_lib.callbacks.manager [req-b2181159-3609-4908-9682-a4d01a1aeffe req-43702558-242c-4463-8411-9be214740918 service neutron] Publish callbacks ['neutron.plugins.ml2.plugin.SecurityGroupServerNotifierRpcMixin._notify_sg_on_port_change-611816', 'neutron.plugins.ml2.ovo_rpc._ObjectChangeHandler.handle_event-185390', 'neutron.api.rpc.agentnotifiers.dhcp_rpc_agent_api.DhcpAgentNotifyAPI._native_event_send_dhcp_notification-1632192', 'neutron.db.l3_db.L3RpcNotifierMixin._notify_gateway_port_ip_changed-8784650007682', 'neutron.db.l3_dvrscheduler_db._notify_l3_agent_port_update-8784649722673', 'neutron.db.l3_hascheduler_db._notify_l3_agent_ha_port_update-8784649722691', 'neutron.services.segments.plugin.NovaSegmentNotifier._notify_port_updated-3569183'] for port (2e4dc91b-9fa1-4ca1-9827-0ca3ef02a18e), after_update {{(pid=104188) _notify_loop /usr/local/lib/python3.8/dist-packages/neutron_lib/callbacks/manager.py:176}}
Jun 06 21:05:22.557415 dv-cinder-844880-1-iscsi neutron-server[104187]: DEBUG neutron.api.rpc.handlers.resources_rpc [None req-97d54332-b6ac-445b-b93d-0a78bb4f2756 admin admin] Pushing event updated for resources: {'SecurityGroup': ['ID=db91df64-c90f-41d0-9ade-36ae36b161ee,revision_number=1']} {{(pid=104187) push /opt/stack/neutron/neutron/api/rpc/handlers/resources_rpc.py:237}}
Jun 06 21:05:22.569641 dv-cinder-844880-1-iscsi neutron-server[104187]: DEBUG dbcounter [-] [104187] Writing DB stats neutron:SELECT=81,neutron:INSERT=15,neutron:UPDATE=1,neutron:DELETE=3 {{(pid=104187) stat_writer /usr/local/lib/python3.8/dist-packages/dbcounter.py:114}}
Jun 06 21:05:22.593324 dv-cinder-844880-1-iscsi neutron-server[104187]: DEBUG neutron.api.rpc.handlers.resources_rpc [None req-10b670c7-eec2-4a17-a10d-1d98a11bcdcd admin admin] Pushing event deleted for resources: {'SecurityGroup': ['ID=1abef232-6ade-4077-923e-55c59faa842a,revision_number=None']} {{(pid=104187) push /opt/stack/neutron/neutron/api/rpc/handlers/resources_rpc.py:237}}
Jun 06 21:05:22.631826 dv-cinder-844880-1-iscsi neutron-server[104187]: DEBUG neutron_lib.callbacks.manager [None req-62e09d29-4671-4fc5-ba97-0ec8ba895077 admin admin] Publish callbacks [] for security_group (db91df64-c90f-41d0-9ade-36ae36b161ee), before_delete {{(pid=104187) _notify_loop /usr/local/lib/python3.8/dist-packages/neutron_lib/callbacks/manager.py:176}}
Jun 06 21:05:22.706822 dv-cinder-844880-1-iscsi neutron-server[104188]: DEBUG neutron.pecan_wsgi.hooks.policy_enforcement [req-b2181159-3609-4908-9682-a4d01a1aeffe req-43702558-242c-4463-8411-9be214740918 service neutron] Attributes excluded by policy engine: ['standard_attr_id'] {{(pid=104188) _exclude_attributes_by_policy /opt/stack/neutron/neutron/pecan_wsgi/hooks/policy_enforcement.py:259}}
Jun 06 21:05:22.708348 dv-cinder-844880-1-iscsi neutron-server[104188]: DEBUG neutron_lib.callbacks.manager [req-b2181159-3609-4908-9682-a4d01a1aeffe req-43702558-242c-4463-8411-9be214740918 service neutron] Publish callbacks ['neutron.notifiers.nova.Notifier._send_nova_notification-81645', 'neutron.api.rpc.agentnotifiers.dhcp_rpc_agent_api.DhcpAgentNotifyAPI._send_dhcp_notification-1632238'] for port (None), before_response {{(pid=104188) _notify_loop /usr/local/lib/python3.8/dist-packages/neutron_lib/callbacks/manager.py:176}}
Jun 06 21:05:22.710162 dv-cinder-844880-1-iscsi neutron-server[104187]: DEBUG neutron_lib.callbacks.manager [None req-62e09d29-4671-4fc5-ba97-0ec8ba895077 admin admin] Publish callbacks [] for security_group (db91df64-c90f-41d0-9ade-36ae36b161ee), precommit_delete {{(pid=104187) _notify_loop /usr/local/lib/python3.8/dist-packages/neutron_lib/callbacks/manager.py:176}}
Jun 06 21:05:22.713831 dv-cinder-844880-1-iscsi neutron-server[104188]: INFO neutron.wsgi [req-b2181159-3609-4908-9682-a4d01a1aeffe req-43702558-242c-4463-8411-9be214740918 service neutron] 10.222.0.17 "PUT /v2.0/ports/2e4dc91b-9fa1-4ca1-9827-0ca3ef02a18e HTTP/1.1" status: 200 len: 1093 time: 2.0908637
Jun 06 21:05:22.715552 dv-cinder-844880-1-iscsi neutron-server[104188]: DEBUG neutron.notifiers.nova [-] Sending events: [{'name': 'network-changed', 'server_uuid': '1886e3bf-c735-4f91-8a2f-0bc6996982e0', 'tag': '2e4dc91b-9fa1-4ca1-9827-0ca3ef02a18e'}] {{(pid=104188) send_events /opt/stack/neutron/neutron/notifiers/nova.py:271}}
Jun 06 21:05:22.787448 dv-cinder-844880-1-iscsi neutron-server[104188]: DEBUG dbcounter [-] [104188] Writing DB stats neutron:SELECT=95,neutron:UPDATE=3,neutron:INSERT=2 {{(pid=104188) stat_writer /usr/local/lib/python3.8/dist-packages/dbcounter.py:114}}
Jun 06 21:05:22.949270 dv-cinder-844880-1-iscsi neutron-server[104187]: DEBUG neutron_lib.callbacks.manager [None req-62e09d29-4671-4fc5-ba97-0ec8ba895077 admin admin] Publish callbacks ['neutron.plugins.ml2.ovo_rpc._ObjectChangeHandler.handle_event-2009403'] for security_group (db91df64-c90f-41d0-9ade-36ae36b161ee), after_delete {{(pid=104187) _notify_loop /usr/local/lib/python3.8/dist-packages/neutron_lib/callbacks/manager.py:176}}
Jun 06 21:05:22.958205 dv-cinder-844880-1-iscsi neutron-server[104187]: DEBUG neutron_lib.callbacks.manager [None req-62e09d29-4671-4fc5-ba97-0ec8ba895077 admin admin] Publish callbacks [] for security_group (None), before_response {{(pid=104187) _notify_loop /usr/local/lib/python3.8/dist-packages/neutron_lib/callbacks/manager.py:176}}
Jun 06 21:05:22.974882 dv-cinder-844880-1-iscsi neutron-server[104187]: INFO neutron.wsgi [None req-62e09d29-4671-4fc5-ba97-0ec8ba895077 admin admin] 10.222.0.33 "DELETE /v2.0/security-groups/db91df64-c90f-41d0-9ade-36ae36b161ee HTTP/1.1" status: 204 len: 168 time: 0.4889328
Jun 06 21:05:23.034716 dv-cinder-844880-1-iscsi neutron-server[104187]: DEBUG neutron.api.rpc.handlers.resources_rpc [None req-62e09d29-4671-4fc5-ba97-0ec8ba895077 admin admin] Pushing event deleted for resources: {'SecurityGroup': ['ID=db91df64-c90f-41d0-9ade-36ae36b161ee,revision_number=None']} {{(pid=104187) push /opt/stack/neutron/neutron/api/rpc/handlers/resources_rpc.py:237}}
Jun 06 21:05:23.087698 dv-cinder-844880-1-iscsi neutron-server[104187]: DEBUG neutron.pecan_wsgi.hooks.policy_enforcement [req-6cf187e1-8169-4604-9aa7-082d785e4354 req-70434d7a-ac5e-41c9-ad56-0977ee0acc9b tempest-AttachVolumeShelveTestJSON-440411712 tempest-AttachVolumeShelveTestJSON-440411712-project] Attributes excluded by policy engine: ['standard_attr_id', 'binding:profile', 'binding:host_id', 'binding:vif_type', 'binding:vif_details'] {{(pid=104187) _exclude_attributes_by_policy /opt/stack/neutron/neutron/pecan_wsgi/hooks/policy_enforcement.py:259}}
Jun 06 21:05:23.093278 dv-cinder-844880-1-iscsi neutron-server[104187]: INFO neutron.wsgi [req-6cf187e1-8169-4604-9aa7-082d785e4354 req-70434d7a-ac5e-41c9-ad56-0977ee0acc9b tempest-AttachVolumeShelveTestJSON-440411712 tempest-AttachVolumeShelveTestJSON-440411712-project] 10.222.0.33 "GET /v2.0/ports?device_id=1886e3bf-c735-4f91-8a2f-0bc6996982e0 HTTP/1.1" status: 200 len: 943 time: 0.2883132
Jun 06 21:05:23.155754 dv-cinder-844880-1-iscsi neutron-server[104188]: DEBUG neutron.api.rpc.handlers.resources_rpc [None req-43702558-242c-4463-8411-9be214740918 service neutron] Pushing event updated for resources: {'Port': ['ID=2e4dc91b-9fa1-4ca1-9827-0ca3ef02a18e,revision_number=3']} {{(pid=104188) push /opt/stack/neutron/neutron/api/rpc/handlers/resources_rpc.py:237}}
Jun 06 21:05:23.181930 dv-cinder-844880-1-iscsi neutron-server[104188]: DEBUG neutron.pecan_wsgi.hooks.policy_enforcement [req-b2181159-3609-4908-9682-a4d01a1aeffe req-e130af79-d746-4fc5-8f6d-5b5fd51fe7ff service neutron] Attributes excluded by policy engine: ['standard_attr_id'] {{(pid=104188) _exclude_attributes_by_policy /opt/stack/neutron/neutron/pecan_wsgi/hooks/policy_enforcement.py:259}}
Jun 06 21:05:23.186247 dv-cinder-844880-1-iscsi neutron-server[104188]: INFO neutron.wsgi [req-b2181159-3609-4908-9682-a4d01a1aeffe req-e130af79-d746-4fc5-8f6d-5b5fd51fe7ff service neutron] 10.222.0.17 "GET /v2.0/ports?tenant_id=576ccf22c37f44fcbe449838cb5673f6&device_id=1886e3bf-c735-4f91-8a2f-0bc6996982e0 HTTP/1.1" status: 200 len: 1127 time: 0.3990502
Jun 06 21:05:23.246779 dv-cinder-844880-1-iscsi neutron-server[104187]: INFO neutron.wsgi [req-6cf187e1-8169-4604-9aa7-082d785e4354 req-b93cee64-2620-4a38-a556-d1ea5ed8c01c tempest-AttachVolumeShelveTestJSON-440411712 tempest-AttachVolumeShelveTestJSON-440411712-project] 10.222.0.33 "GET /v2.0/security-groups?id=03aee96f-a020-4744-8cf8-2ae2a17b47df&fields=id&fields=name HTTP/1.1" status: 200 len: 313 time: 0.1439762
Jun 06 21:05:23.395042 dv-cinder-844880-1-iscsi neutron-server[104188]: INFO neutron.wsgi [req-b2181159-3609-4908-9682-a4d01a1aeffe req-0bbe6edc-2d91-4fc2-8ed1-8916731a779c service neutron] 10.222.0.17 "GET /v2.0/floatingips?fixed_ip_address=172.20.0.9&port_id=2e4dc91b-9fa1-4ca1-9827-0ca3ef02a18e HTTP/1.1" status: 200 len: 217 time: 0.1971865
Jun 06 21:05:23.460986 dv-cinder-844880-1-iscsi neutron-server[104187]: DEBUG neutron.wsgi [-] (104187) accepted ('10.222.0.33', 48170) {{(pid=104187) server /usr/local/lib/python3.8/dist-packages/eventlet/wsgi.py:1004}}
Jun 06 21:05:23.501892 dv-cinder-844880-1-iscsi neutron-server[104187]: DEBUG neutron_lib.callbacks.manager [None req-8fd4b4c9-af7c-436f-a29e-02503600de1f admin admin] Publish callbacks [] for security_group (None), before_create {{(pid=104187) _notify_loop /usr/local/lib/python3.8/dist-packages/neutron_lib/callbacks/manager.py:176}}
Jun 06 21:05:23.536508 dv-cinder-844880-1-iscsi neutron-server[104188]: DEBUG neutron.pecan_wsgi.hooks.policy_enforcement [req-b2181159-3609-4908-9682-a4d01a1aeffe req-143de164-e752-43b4-86e5-d4da687f2807 service neutron] Attributes excluded by policy engine: ['standard_attr_id', 'shared', 'segment_id'] {{(pid=104188) _exclude_attributes_by_policy /opt/stack/neutron/neutron/pecan_wsgi/hooks/policy_enforcement.py:259}}
Jun 06 21:05:23.539725 dv-cinder-844880-1-iscsi neutron-server[104188]: INFO neutron.wsgi [req-b2181159-3609-4908-9682-a4d01a1aeffe req-143de164-e752-43b4-86e5-d4da687f2807 service neutron] 10.222.0.17 "GET /v2.0/subnets?id=56ce17bb-42bc-4ece-98de-f638a1d1d8d5 HTTP/1.1" status: 200 len: 855 time: 0.1376691
Jun 06 21:05:23.671868 dv-cinder-844880-1-iscsi neutron-server[104188]: DEBUG neutron.pecan_wsgi.hooks.policy_enforcement [req-b2181159-3609-4908-9682-a4d01a1aeffe req-591c938b-e237-4583-bde2-59f0b3b6a78a service neutron] Attributes excluded by policy engine: ['standard_attr_id'] {{(pid=104188) _exclude_attributes_by_policy /opt/stack/neutron/neutron/pecan_wsgi/hooks/policy_enforcement.py:259}}
Jun 06 21:05:23.674637 dv-cinder-844880-1-iscsi neutron-server[104188]: INFO neutron.wsgi [req-b2181159-3609-4908-9682-a4d01a1aeffe req-591c938b-e237-4583-bde2-59f0b3b6a78a service neutron] 10.222.0.17 "GET /v2.0/ports?network_id=a66e5149-d2b2-496e-8506-4294d2b66e2c&device_owner=network%3Adhcp HTTP/1.1" status: 200 len: 1212 time: 0.1278093
Jun 06 21:05:23.683324 dv-cinder-844880-1-iscsi neutron-server[104188]: DEBUG novaclient.v2.client [-] REQ: curl -g -i --cacert "/opt/stack/data/ca-bundle.pem" -X POST http://10.222.0.33/compute/v2.1/os-server-external-events -H "Accept: application/json" -H "Content-Type: application/json" -H "User-Agent: python-novaclient" -H "X-Auth-Token: {SHA256}a26cfb5fecd8153f4d2cc5d19b747183fa94044cbf6ab35da2635a90614a1918" -H "X-OpenStack-Nova-API-Version: 2.1" -H "X-OpenStack-Request-ID: req-3263ba5d-2e49-43e1-b334-64c3a6f2d3bd" -d '{"events": [{"name": "network-changed", "server_uuid": "1886e3bf-c735-4f91-8a2f-0bc6996982e0", "tag": "2e4dc91b-9fa1-4ca1-9827-0ca3ef02a18e"}]}' {{(pid=104188) _http_log_request /usr/local/lib/python3.8/dist-packages/keystoneauth1/session.py:519}}
Jun 06 21:05:23.688607 dv-cinder-844880-1-iscsi neutron-server[104187]: DEBUG neutron.pecan_wsgi.hooks.policy_enforcement [req-ab94067c-2e67-4f06-a60e-71784d5c9092 req-dab3f206-5902-4978-9a88-57bc358571e8 tempest-AttachVolumeNegativeTest-664033950 tempest-AttachVolumeNegativeTest-664033950-project] Attributes excluded by policy engine: ['standard_attr_id', 'binding:profile', 'binding:host_id', 'binding:vif_type', 'binding:vif_details'] {{(pid=104187) _exclude_attributes_by_policy /opt/stack/neutron/neutron/pecan_wsgi/hooks/policy_enforcement.py:259}}
Jun 06 21:05:23.695913 dv-cinder-844880-1-iscsi neutron-server[104187]: INFO neutron.wsgi [req-ab94067c-2e67-4f06-a60e-71784d5c9092 req-dab3f206-5902-4978-9a88-57bc358571e8 tempest-AttachVolumeNegativeTest-664033950 tempest-AttachVolumeNegativeTest-664033950-project] 10.222.0.33 "GET /v2.0/ports?device_id=67813627-cc4f-453f-8b8f-9cec9b130583 HTTP/1.1" status: 200 len: 944 time: 0.1786017
Jun 06 21:05:23.775800 dv-cinder-844880-1-iscsi neutron-server[104187]: INFO neutron.wsgi [req-ab94067c-2e67-4f06-a60e-71784d5c9092 req-8cfc078a-76ff-4705-827e-d2c94a9d05b9 tempest-AttachVolumeNegativeTest-664033950 tempest-AttachVolumeNegativeTest-664033950-project] 10.222.0.33 "GET /v2.0/security-groups?id=6cdd7139-eff0-41b6-81ad-a283c4e277a7&fields=id&fields=name HTTP/1.1" status: 200 len: 312 time: 0.0788217
Jun 06 21:05:23.851324 dv-cinder-844880-1-iscsi neutron-server[104187]: DEBUG neutron_lib.callbacks.manager [None req-8fd4b4c9-af7c-436f-a29e-02503600de1f admin admin] Publish callbacks [] for security_group (d579083e-af68-4e5a-99bb-5bff7b341a20), precommit_create {{(pid=104187) _notify_loop /usr/local/lib/python3.8/dist-packages/neutron_lib/callbacks/manager.py:176}}
Jun 06 21:05:23.861511 dv-cinder-844880-1-iscsi neutron-server[104187]: DEBUG neutron_lib.callbacks.manager [None req-8fd4b4c9-af7c-436f-a29e-02503600de1f admin admin] Publish callbacks ['neutron.plugins.ml2.ovo_rpc._ObjectChangeHandler.handle_event-2009403'] for security_group (d579083e-af68-4e5a-99bb-5bff7b341a20), after_create {{(pid=104187) _notify_loop /usr/local/lib/python3.8/dist-packages/neutron_lib/callbacks/manager.py:176}}
Jun 06 21:05:23.892591 dv-cinder-844880-1-iscsi neutron-server[104187]: INFO neutron.wsgi [None req-8fd4b4c9-af7c-436f-a29e-02503600de1f admin admin] 10.222.0.33 "GET /v2.0/security-groups?tenant_id=92c286db330f433e8649b7de9ce56ac0&name=default HTTP/1.1" status: 200 len: 2996 time: 0.4302514
Jun 06 21:05:23.895207 dv-cinder-844880-1-iscsi neutron-server[104187]: DEBUG neutron.wsgi [-] (104187) accepted ('10.222.0.33', 48186) {{(pid=104187) server /usr/local/lib/python3.8/dist-packages/eventlet/wsgi.py:1004}}
Jun 06 21:05:23.910379 dv-cinder-844880-1-iscsi neutron-server[104188]: INFO neutron.wsgi [req-b2181159-3609-4908-9682-a4d01a1aeffe req-d8292f38-25a6-4f64-b14c-ed33cf5a442d service neutron] 10.222.0.17 "GET /v2.0/networks/a66e5149-d2b2-496e-8506-4294d2b66e2c?fields=segments HTTP/1.1" status: 200 len: 212 time: 0.2123864
Jun 06 21:05:23.990231 dv-cinder-844880-1-iscsi neutron-server[104187]: DEBUG neutron.api.rpc.handlers.resources_rpc [None req-8fd4b4c9-af7c-436f-a29e-02503600de1f admin admin] Pushing event updated for resources: {'SecurityGroup': ['ID=d579083e-af68-4e5a-99bb-5bff7b341a20,revision_number=1']} {{(pid=104187) push /opt/stack/neutron/neutron/api/rpc/handlers/resources_rpc.py:237}}
Jun 06 21:05:24.049802 dv-cinder-844880-1-iscsi neutron-server[104187]: DEBUG neutron_lib.callbacks.manager [None req-ed5d4376-5039-423f-ad3b-47e9b7793aa3 admin admin] Publish callbacks [] for security_group (d579083e-af68-4e5a-99bb-5bff7b341a20), before_delete {{(pid=104187) _notify_loop /usr/local/lib/python3.8/dist-packages/neutron_lib/callbacks/manager.py:176}}
Jun 06 21:05:24.101767 dv-cinder-844880-1-iscsi neutron-server[104187]: DEBUG neutron_lib.callbacks.manager [None req-ed5d4376-5039-423f-ad3b-47e9b7793aa3 admin admin] Publish callbacks [] for security_group (d579083e-af68-4e5a-99bb-5bff7b341a20), precommit_delete {{(pid=104187) _notify_loop /usr/local/lib/python3.8/dist-packages/neutron_lib/callbacks/manager.py:176}}
Jun 06 21:05:24.162851 dv-cinder-844880-1-iscsi neutron-server[104188]: INFO neutron.wsgi [req-b2181159-3609-4908-9682-a4d01a1aeffe req-f66c3c35-8350-4d1e-b04d-632480389454 service neutron] 10.222.0.17 "GET /v2.0/networks/a66e5149-d2b2-496e-8506-4294d2b66e2c?fields=provider%3Aphysical_network&fields=provider%3Anetwork_type HTTP/1.1" status: 200 len: 281 time: 0.2457006
Jun 06 21:05:24.199098 dv-cinder-844880-1-iscsi neutron-server[104187]: DEBUG neutron_lib.callbacks.manager [None req-ed5d4376-5039-423f-ad3b-47e9b7793aa3 admin admin] Publish callbacks ['neutron.plugins.ml2.ovo_rpc._ObjectChangeHandler.handle_event-2009403'] for security_group (d579083e-af68-4e5a-99bb-5bff7b341a20), after_delete {{(pid=104187) _notify_loop /usr/local/lib/python3.8/dist-packages/neutron_lib/callbacks/manager.py:176}}
Jun 06 21:05:24.202777 dv-cinder-844880-1-iscsi neutron-server[104187]: DEBUG neutron_lib.callbacks.manager [None req-ed5d4376-5039-423f-ad3b-47e9b7793aa3 admin admin] Publish callbacks [] for security_group (None), before_response {{(pid=104187) _notify_loop /usr/local/lib/python3.8/dist-packages/neutron_lib/callbacks/manager.py:176}}
Jun 06 21:05:24.205277 dv-cinder-844880-1-iscsi neutron-server[104187]: INFO neutron.wsgi [None req-ed5d4376-5039-423f-ad3b-47e9b7793aa3 admin admin] 10.222.0.33 "DELETE /v2.0/security-groups/d579083e-af68-4e5a-99bb-5bff7b341a20 HTTP/1.1" status: 204 len: 168 time: 0.3084345
Jun 06 21:05:24.215035 dv-cinder-844880-1-iscsi neutron-server[104187]: DEBUG neutron.api.rpc.handlers.resources_rpc [None req-ed5d4376-5039-423f-ad3b-47e9b7793aa3 admin admin] Pushing event deleted for resources: {'SecurityGroup': ['ID=d579083e-af68-4e5a-99bb-5bff7b341a20,revision_number=None']} {{(pid=104187) push /opt/stack/neutron/neutron/api/rpc/handlers/resources_rpc.py:237}}
Jun 06 21:05:24.261532 dv-cinder-844880-1-iscsi neutron-server[104189]: DEBUG neutron.plugins.ml2.rpc [None req-d15b9ab6-befb-4403-a191-3c90585def99 None None] Device efe64743-231a-4a9a-84a9-a1c7d29a5935 details requested by agent hyperv_hv-cinder-84488 with host hv-cinder-84488 {{(pid=104189) get_device_details /opt/stack/neutron/neutron/plugins/ml2/rpc.py:102}}
Jun 06 21:05:24.349466 dv-cinder-844880-1-iscsi neutron-server[104188]: DEBUG neutron.wsgi [-] (104188) accepted ('10.222.0.33', 48210) {{(pid=104188) server /usr/local/lib/python3.8/dist-packages/eventlet/wsgi.py:1004}}
Jun 06 21:05:24.377267 dv-cinder-844880-1-iscsi neutron-server[104188]: DEBUG novaclient.v2.client [-] RESP: [200] Connection: close Content-Length: 179 Content-Type: application/json Date: Mon, 06 Jun 2022 21:05:23 GMT OpenStack-API-Version: compute 2.1 Server: Apache/2.4.41 (Ubuntu) Vary: OpenStack-API-Version,X-OpenStack-Nova-API-Version X-OpenStack-Nova-API-Version: 2.1 x-compute-request-id: req-334d9b50-ed9d-44bb-9b5e-01666667626c x-openstack-request-id: req-334d9b50-ed9d-44bb-9b5e-01666667626c {{(pid=104188) _http_log_response /usr/local/lib/python3.8/dist-packages/keystoneauth1/session.py:550}}
Jun 06 21:05:24.377630 dv-cinder-844880-1-iscsi neutron-server[104188]: DEBUG novaclient.v2.client [-] RESP BODY: {"events": [{"name": "network-changed", "server_uuid": "1886e3bf-c735-4f91-8a2f-0bc6996982e0", "tag": "2e4dc91b-9fa1-4ca1-9827-0ca3ef02a18e", "status": "completed", "code": 200}]} {{(pid=104188) _http_log_response /usr/local/lib/python3.8/dist-packages/keystoneauth1/session.py:582}}
Jun 06 21:05:24.378038 dv-cinder-844880-1-iscsi neutron-server[104188]: DEBUG novaclient.v2.client [-] POST call to compute for http://10.222.0.33/compute/v2.1/os-server-external-events used request id req-334d9b50-ed9d-44bb-9b5e-01666667626c {{(pid=104188) request /usr/local/lib/python3.8/dist-packages/keystoneauth1/session.py:954}}
Jun 06 21:05:24.378767 dv-cinder-844880-1-iscsi neutron-server[104188]: INFO neutron.notifiers.nova [-] Nova event matching ['req-334d9b50-ed9d-44bb-9b5e-01666667626c'] response: {'name': 'network-changed', 'server_uuid': '1886e3bf-c735-4f91-8a2f-0bc6996982e0', 'tag': '2e4dc91b-9fa1-4ca1-9827-0ca3ef02a18e', 'status': 'completed', 'code': 200}
Jun 06 21:05:24.569659 dv-cinder-844880-1-iscsi neutron-server[104189]: DEBUG neutron.plugins.ml2.db [None req-d15b9ab6-befb-4403-a191-3c90585def99 None None] For port efe64743-231a-4a9a-84a9-a1c7d29a5935, host hv-cinder-84488, got binding levels [PortBindingLevel(driver='hyperv',host='hv-cinder-84488',level=0,port_id=efe64743-231a-4a9a-84a9-a1c7d29a5935,segment=NetworkSegment(35989351-aa08-48d5-a08e-b6c3261d6848),segment_id=35989351-aa08-48d5-a08e-b6c3261d6848)] {{(pid=104189) get_binding_level_objs /opt/stack/neutron/neutron/plugins/ml2/db.py:74}}
Jun 06 21:05:24.593152 dv-cinder-844880-1-iscsi neutron-server[104189]: DEBUG neutron.plugins.ml2.rpc [None req-d15b9ab6-befb-4403-a191-3c90585def99 None None] Returning: {'device': 'efe64743-231a-4a9a-84a9-a1c7d29a5935', 'network_id': 'caa56bb2-4a47-4aeb-99db-1e89b9e32e70', 'port_id': 'efe64743-231a-4a9a-84a9-a1c7d29a5935', 'mac_address': 'fa:16:3e:56:7b:41', 'admin_state_up': True, 'network_type': 'vlan', 'segmentation_id': 215, 'physical_network': 'physnet1', 'mtu': 1500, 'fixed_ips': [{'subnet_id': 'aa935986-f731-4b41-b3cc-9ec7ccaf855d', 'ip_address': '172.20.0.12'}], 'device_owner': 'compute:nova', 'allowed_address_pairs': [], 'port_security_enabled': True, 'qos_policy_id': None, 'qos_network_policy_id': None, 'profile': {}, 'propagate_uplink_status': False} {{(pid=104189) _get_device_details /opt/stack/neutron/neutron/plugins/ml2/rpc.py:184}}
Jun 06 21:05:24.600771 dv-cinder-844880-1-iscsi neutron-server[104188]: DEBUG neutron.pecan_wsgi.hooks.policy_enforcement [req-febbcb3d-ce5d-4f41-b00b-3692c8935c18 req-61395bf5-c3f6-404b-9c6f-77190bfa1639 tempest-AttachVolumeShelveTestJSON-440411712 tempest-AttachVolumeShelveTestJSON-440411712-project] Attributes excluded by policy engine: ['standard_attr_id', 'binding:profile', 'binding:host_id', 'binding:vif_type', 'binding:vif_details'] {{(pid=104188) _exclude_attributes_by_policy /opt/stack/neutron/neutron/pecan_wsgi/hooks/policy_enforcement.py:259}}
Jun 06 21:05:24.605108 dv-cinder-844880-1-iscsi neutron-server[104188]: INFO neutron.wsgi [req-febbcb3d-ce5d-4f41-b00b-3692c8935c18 req-61395bf5-c3f6-404b-9c6f-77190bfa1639 tempest-AttachVolumeShelveTestJSON-440411712 tempest-AttachVolumeShelveTestJSON-440411712-project] 10.222.0.33 "GET /v2.0/ports?device_id=1886e3bf-c735-4f91-8a2f-0bc6996982e0 HTTP/1.1" status: 200 len: 943 time: 0.1158402
Jun 06 21:05:24.660775 dv-cinder-844880-1-iscsi neutron-server[104189]: DEBUG neutron.plugins.ml2.plugin [None req-d15b9ab6-befb-4403-a191-3c90585def99 None None] Current status of the port efe64743-231a-4a9a-84a9-a1c7d29a5935 is: DOWN; New status is: BUILD {{(pid=104189) _update_individual_port_db_status /opt/stack/neutron/neutron/plugins/ml2/plugin.py:2298}}
Jun 06 21:05:24.661667 dv-cinder-844880-1-iscsi neutron-server[104189]: DEBUG neutron_lib.callbacks.manager [None req-d15b9ab6-befb-4403-a191-3c90585def99 None None] Publish callbacks ['neutron.plugins.ml2.plugin.SecurityGroupDbMixin._ensure_default_security_group_handler-611625'] for port (efe64743-231a-4a9a-84a9-a1c7d29a5935), before_update {{(pid=104189) _notify_loop /usr/local/lib/python3.8/dist-packages/neutron_lib/callbacks/manager.py:176}}
Jun 06 21:05:24.688613 dv-cinder-844880-1-iscsi neutron-server[104189]: DEBUG neutron.notifiers.nova [None req-d15b9ab6-befb-4403-a191-3c90585def99 None None] Ignoring state change previous_port_status: DOWN current_port_status: BUILD port_id efe64743-231a-4a9a-84a9-a1c7d29a5935 {{(pid=104189) record_port_status_changed /opt/stack/neutron/neutron/notifiers/nova.py:233}}
Jun 06 21:05:24.719508 dv-cinder-844880-1-iscsi neutron-server[104188]: INFO neutron.wsgi [req-febbcb3d-ce5d-4f41-b00b-3692c8935c18 req-1333f122-a414-470d-b52d-687afb604aa6 tempest-AttachVolumeShelveTestJSON-440411712 tempest-AttachVolumeShelveTestJSON-440411712-project] 10.222.0.33 "GET /v2.0/security-groups?id=03aee96f-a020-4744-8cf8-2ae2a17b47df&fields=id&fields=name HTTP/1.1" status: 200 len: 313 time: 0.1045687
Jun 06 21:05:24.720141 dv-cinder-844880-1-iscsi neutron-server[104189]: DEBUG neutron.plugins.ml2.db [None req-d15b9ab6-befb-4403-a191-3c90585def99 None None] For port efe64743-231a-4a9a-84a9-a1c7d29a5935, host hv-cinder-84488, got binding levels [PortBindingLevel(driver='hyperv',host='hv-cinder-84488',level=0,port_id=efe64743-231a-4a9a-84a9-a1c7d29a5935,segment=NetworkSegment(35989351-aa08-48d5-a08e-b6c3261d6848),segment_id=35989351-aa08-48d5-a08e-b6c3261d6848)] {{(pid=104189) get_binding_level_objs /opt/stack/neutron/neutron/plugins/ml2/db.py:74}}
Jun 06 21:05:24.727807 dv-cinder-844880-1-iscsi neutron-server[104189]: DEBUG neutron_lib.callbacks.manager [None req-d15b9ab6-befb-4403-a191-3c90585def99 None None] Publish callbacks ['neutron.plugins.ml2.plugin.SecurityGroupServerNotifierRpcMixin._notify_sg_on_port_change-611816', 'neutron.plugins.ml2.ovo_rpc._ObjectChangeHandler.handle_event-185390', 'neutron.api.rpc.agentnotifiers.dhcp_rpc_agent_api.DhcpAgentNotifyAPI._native_event_send_dhcp_notification-1632192', 'neutron.db.l3_db.L3RpcNotifierMixin._notify_gateway_port_ip_changed-8784650007682', 'neutron.db.l3_dvrscheduler_db._notify_l3_agent_port_update-8784649722673', 'neutron.db.l3_hascheduler_db._notify_l3_agent_ha_port_update-8784649722691'] for port (efe64743-231a-4a9a-84a9-a1c7d29a5935), after_update {{(pid=104189) _notify_loop /usr/local/lib/python3.8/dist-packages/neutron_lib/callbacks/manager.py:176}}
Jun 06 21:05:24.808599 dv-cinder-844880-1-iscsi neutron-server[104189]: DEBUG neutron_lib.callbacks.manager [None req-1c0b4a44-718d-496d-8a46-e517dd7ae1a4 None None] Publish callbacks ['neutron.services.segments.db._update_segment_host_mapping_for_agent-8784650209271', 'neutron.plugins.ml2.plugin.Ml2Plugin._retry_binding_revived_agents-634636'] for agent (5e4c0393-455c-45cf-9b34-6738a80626d3), after_update {{(pid=104189) _notify_loop /usr/local/lib/python3.8/dist-packages/neutron_lib/callbacks/manager.py:176}}
Jun 06 21:05:24.816114 dv-cinder-844880-1-iscsi neutron-server[104189]: DEBUG neutron.api.rpc.handlers.resources_rpc [None req-d15b9ab6-befb-4403-a191-3c90585def99 None None] Pushing event updated for resources: {'Port': ['ID=efe64743-231a-4a9a-84a9-a1c7d29a5935,revision_number=4']} {{(pid=104189) push /opt/stack/neutron/neutron/api/rpc/handlers/resources_rpc.py:237}}
Jun 06 21:05:24.898321 dv-cinder-844880-1-iscsi neutron-server[104187]: DEBUG dbcounter [-] [104187] Writing DB stats neutron:SELECT=85,neutron:DELETE=8,neutron:INSERT=7 {{(pid=104187) stat_writer /usr/local/lib/python3.8/dist-packages/dbcounter.py:114}}
Jun 06 21:05:24.907445 dv-cinder-844880-1-iscsi neutron-server[104188]: DEBUG neutron_lib.callbacks.manager [None req-8c2c4ca8-de6a-4538-838a-cccd78e3d386 admin admin] Publish callbacks [] for security_group (None), before_create {{(pid=104188) _notify_loop /usr/local/lib/python3.8/dist-packages/neutron_lib/callbacks/manager.py:176}}
Jun 06 21:05:24.969262 dv-cinder-844880-1-iscsi neutron-server[104189]: DEBUG neutron.plugins.ml2.db [None req-d15b9ab6-befb-4403-a191-3c90585def99 None None] get_ports_and_sgs() called for port_ids ['efe64743-231a-4a9a-84a9-a1c7d29a5935'] {{(pid=104189) get_ports_and_sgs /opt/stack/neutron/neutron/plugins/ml2/db.py:156}}
Jun 06 21:05:24.972255 dv-cinder-844880-1-iscsi neutron-server[104187]: DEBUG neutron.pecan_wsgi.hooks.policy_enforcement [req-f3625461-41be-497b-abe3-b25c290931db req-f5e9ffc5-0078-4723-ac68-4bc452addb47 tempest-AttachVolumeNegativeTest-664033950 tempest-AttachVolumeNegativeTest-664033950-project] Attributes excluded by policy engine: ['standard_attr_id', 'binding:profile', 'binding:host_id', 'binding:vif_type', 'binding:vif_details'] {{(pid=104187) _exclude_attributes_by_policy /opt/stack/neutron/neutron/pecan_wsgi/hooks/policy_enforcement.py:259}}
Jun 06 21:05:24.974751 dv-cinder-844880-1-iscsi neutron-server[104187]: INFO neutron.wsgi [req-f3625461-41be-497b-abe3-b25c290931db req-f5e9ffc5-0078-4723-ac68-4bc452addb47 tempest-AttachVolumeNegativeTest-664033950 tempest-AttachVolumeNegativeTest-664033950-project] 10.222.0.33 "GET /v2.0/ports?device_id=67813627-cc4f-453f-8b8f-9cec9b130583 HTTP/1.1" status: 200 len: 945 time: 0.0882714
Jun 06 21:05:25.053072 dv-cinder-844880-1-iscsi neutron-server[104188]: DEBUG dbcounter [-] [104188] Writing DB stats neutron:SELECT=94,neutron:UPDATE=2,neutron:INSERT=4 {{(pid=104188) stat_writer /usr/local/lib/python3.8/dist-packages/dbcounter.py:114}}
Jun 06 21:05:25.081392 dv-cinder-844880-1-iscsi neutron-server[104188]: DEBUG neutron_lib.callbacks.manager [None req-8c2c4ca8-de6a-4538-838a-cccd78e3d386 admin admin] Publish callbacks [] for security_group (bab98f55-6fe0-46cd-89ed-006c4bea11ab), precommit_create {{(pid=104188) _notify_loop /usr/local/lib/python3.8/dist-packages/neutron_lib/callbacks/manager.py:176}}
Jun 06 21:05:25.092997 dv-cinder-844880-1-iscsi neutron-server[104188]: DEBUG neutron_lib.callbacks.manager [None req-8c2c4ca8-de6a-4538-838a-cccd78e3d386 admin admin] Publish callbacks ['neutron.plugins.ml2.ovo_rpc._ObjectChangeHandler.handle_event-2009403'] for security_group (bab98f55-6fe0-46cd-89ed-006c4bea11ab), after_create {{(pid=104188) _notify_loop /usr/local/lib/python3.8/dist-packages/neutron_lib/callbacks/manager.py:176}}
Jun 06 21:05:25.099183 dv-cinder-844880-1-iscsi neutron-server[104189]: DEBUG dbcounter [-] [104189] Writing DB stats neutron:SELECT=98,neutron:UPDATE=2 {{(pid=104189) stat_writer /usr/local/lib/python3.8/dist-packages/dbcounter.py:114}}
Jun 06 21:05:25.120110 dv-cinder-844880-1-iscsi neutron-server[104187]: INFO neutron.wsgi [req-f3625461-41be-497b-abe3-b25c290931db req-5999cb87-6fc4-45a1-9157-8a130438aca2 tempest-AttachVolumeNegativeTest-664033950 tempest-AttachVolumeNegativeTest-664033950-project] 10.222.0.33 "GET /v2.0/security-groups?id=6cdd7139-eff0-41b6-81ad-a283c4e277a7&fields=id&fields=name HTTP/1.1" status: 200 len: 312 time: 0.1318347
Jun 06 21:05:25.165692 dv-cinder-844880-1-iscsi neutron-server[104189]: DEBUG dbcounter [-] [104189] Writing DB stats neutron:SELECT=96,neutron:UPDATE=4 {{(pid=104189) stat_writer /usr/local/lib/python3.8/dist-packages/dbcounter.py:114}}
Jun 06 21:05:25.174325 dv-cinder-844880-1-iscsi neutron-server[104188]: DEBUG neutron.api.rpc.handlers.resources_rpc [None req-8c2c4ca8-de6a-4538-838a-cccd78e3d386 admin admin] Pushing event updated for resources: {'SecurityGroup': ['ID=bab98f55-6fe0-46cd-89ed-006c4bea11ab,revision_number=1']} {{(pid=104188) push /opt/stack/neutron/neutron/api/rpc/handlers/resources_rpc.py:237}}
Jun 06 21:05:25.179540 dv-cinder-844880-1-iscsi neutron-server[104188]: INFO neutron.wsgi [None req-8c2c4ca8-de6a-4538-838a-cccd78e3d386 admin admin] 10.222.0.33 "GET /v2.0/security-groups?tenant_id=1b681057d1de415193f3e1ead78bf2aa&name=default HTTP/1.1" status: 200 len: 2996 time: 0.8290195
Jun 06 21:05:25.186140 dv-cinder-844880-1-iscsi neutron-server[104187]: DEBUG neutron.wsgi [-] (104187) accepted ('10.222.0.33', 48240) {{(pid=104187) server /usr/local/lib/python3.8/dist-packages/eventlet/wsgi.py:1004}}
Jun 06 21:05:25.293222 dv-cinder-844880-1-iscsi neutron-server[104187]: DEBUG neutron_lib.callbacks.manager [None req-e91da28d-ea50-4d48-ad17-d0242af89e16 admin admin] Publish callbacks [] for security_group (bab98f55-6fe0-46cd-89ed-006c4bea11ab), before_delete {{(pid=104187) _notify_loop /usr/local/lib/python3.8/dist-packages/neutron_lib/callbacks/manager.py:176}}
Jun 06 21:05:25.343710 dv-cinder-844880-1-iscsi neutron-server[104188]: DEBUG neutron.pecan_wsgi.hooks.policy_enforcement [req-3263ba5d-2e49-43e1-b334-64c3a6f2d3bd req-2da7750e-b05c-43a7-aa08-9c737b040a6e service neutron] Attributes excluded by policy engine: ['standard_attr_id'] {{(pid=104188) _exclude_attributes_by_policy /opt/stack/neutron/neutron/pecan_wsgi/hooks/policy_enforcement.py:259}}
