Jun 06 21:05:31.635654 dv-cinder-844880-1-iscsi neutron-server[104189]: INFO neutron.notifiers.nova [-] Nova event matching ['req-1cead91b-1205-4f5c-969d-35040a2ca4cf'] response: {'server_uuid': '1886e3bf-c735-4f91-8a2f-0bc6996982e0', 'name': 'network-vif-plugged', 'status': 'completed', 'tag': '2e4dc91b-9fa1-4ca1-9827-0ca3ef02a18e', 'code': 200}
Jun 06 21:05:31.670654 dv-cinder-844880-1-iscsi neutron-server[104188]: DEBUG dbcounter [-] [104188] Writing DB stats neutron:SELECT=97,neutron:INSERT=1,neutron:DELETE=2 {{(pid=104188) stat_writer /usr/local/lib/python3.8/dist-packages/dbcounter.py:114}}
Jun 06 21:05:31.718108 dv-cinder-844880-1-iscsi neutron-server[104189]: DEBUG neutron.api.rpc.handlers.resources_rpc [None req-d15b9ab6-befb-4403-a191-3c90585def99 None None] Pushing event updated for resources: {'Port': ['ID=2e4dc91b-9fa1-4ca1-9827-0ca3ef02a18e,revision_number=5']} {{(pid=104189) push /opt/stack/neutron/neutron/api/rpc/handlers/resources_rpc.py:237}}
Jun 06 21:05:32.163325 dv-cinder-844880-1-iscsi neutron-server[104188]: DEBUG neutron.pecan_wsgi.hooks.policy_enforcement [req-b90d2486-00a5-4167-9c53-4dda02d43e7a req-31e2a6f4-6027-4f49-9a6c-1e9c47f8729e tempest-AttachVolumeShelveTestJSON-440411712 tempest-AttachVolumeShelveTestJSON-440411712-project] Attributes excluded by policy engine: ['standard_attr_id', 'binding:profile', 'binding:host_id', 'binding:vif_type', 'binding:vif_details'] {{(pid=104188) _exclude_attributes_by_policy /opt/stack/neutron/neutron/pecan_wsgi/hooks/policy_enforcement.py:259}}
Jun 06 21:05:32.166180 dv-cinder-844880-1-iscsi neutron-server[104188]: INFO neutron.wsgi [req-b90d2486-00a5-4167-9c53-4dda02d43e7a req-31e2a6f4-6027-4f49-9a6c-1e9c47f8729e tempest-AttachVolumeShelveTestJSON-440411712 tempest-AttachVolumeShelveTestJSON-440411712-project] 10.222.0.33 "GET /v2.0/ports?device_id=1886e3bf-c735-4f91-8a2f-0bc6996982e0 HTTP/1.1" status: 200 len: 945 time: 0.1201677
Jun 06 21:05:32.489075 dv-cinder-844880-1-iscsi neutron-server[104188]: INFO neutron.wsgi [req-b90d2486-00a5-4167-9c53-4dda02d43e7a req-b35fa4c3-fe23-4d60-a00b-364359db4fcb tempest-AttachVolumeShelveTestJSON-440411712 tempest-AttachVolumeShelveTestJSON-440411712-project] 10.222.0.33 "GET /v2.0/security-groups?id=03aee96f-a020-4744-8cf8-2ae2a17b47df&fields=id&fields=name HTTP/1.1" status: 200 len: 313 time: 0.3064375
Jun 06 21:05:32.723574 dv-cinder-844880-1-iscsi neutron-server[104188]: DEBUG neutron_lib.callbacks.manager [None req-de0b1aa6-3f2e-414b-9321-e9a87957bc7d tempest-AttachVolumeNegativeTest-664033950 tempest-AttachVolumeNegativeTest-664033950-project] Publish callbacks [] for floatingip (None), precommit_update {{(pid=104188) _notify_loop /usr/local/lib/python3.8/dist-packages/neutron_lib/callbacks/manager.py:176}}
Jun 06 21:05:32.730600 dv-cinder-844880-1-iscsi neutron-server[104188]: DEBUG neutron_lib.callbacks.manager [None req-de0b1aa6-3f2e-414b-9321-e9a87957bc7d tempest-AttachVolumeNegativeTest-664033950 tempest-AttachVolumeNegativeTest-664033950-project] Publish callbacks ['neutron.services.l3_router.l3_router_plugin.DVRResourceOperationHandler._create_dvr_floating_gw_port-1926205'] for floatingip (48587d47-378c-4c02-af91-3a039fd39015), after_update {{(pid=104188) _notify_loop /usr/local/lib/python3.8/dist-packages/neutron_lib/callbacks/manager.py:176}}
Jun 06 21:05:32.856967 dv-cinder-844880-1-iscsi neutron-server[104187]: DEBUG neutron.wsgi [-] (104187) accepted ('10.222.0.33', 48574) {{(pid=104187) server /usr/local/lib/python3.8/dist-packages/eventlet/wsgi.py:1004}}
Jun 06 21:05:32.914073 dv-cinder-844880-1-iscsi neutron-server[104188]: INFO neutron.db.l3_db [None req-de0b1aa6-3f2e-414b-9321-e9a87957bc7d tempest-AttachVolumeNegativeTest-664033950 tempest-AttachVolumeNegativeTest-664033950-project] Floating IP 48587d47-378c-4c02-af91-3a039fd39015 associated. External IP: 172.27.2.210, port: efe64743-231a-4a9a-84a9-a1c7d29a5935.
Jun 06 21:05:32.981103 dv-cinder-844880-1-iscsi neutron-server[104188]: DEBUG dbcounter [-] [104188] Writing DB stats neutron:SELECT=97,neutron:DELETE=2,neutron:UPDATE=1 {{(pid=104188) stat_writer /usr/local/lib/python3.8/dist-packages/dbcounter.py:114}}
Jun 06 21:05:33.026075 dv-cinder-844880-1-iscsi neutron-server[104187]: DEBUG neutron_lib.callbacks.manager [None req-14db21f3-9bb0-4019-8f62-36891f60adad admin admin] Publish callbacks [] for security_group (None), before_create {{(pid=104187) _notify_loop /usr/local/lib/python3.8/dist-packages/neutron_lib/callbacks/manager.py:176}}
Jun 06 21:05:33.069778 dv-cinder-844880-1-iscsi neutron-server[104187]: DEBUG dbcounter [-] [104187] Writing DB stats neutron:SELECT=98,neutron:INSERT=2 {{(pid=104187) stat_writer /usr/local/lib/python3.8/dist-packages/dbcounter.py:114}}
Jun 06 21:05:33.137715 dv-cinder-844880-1-iscsi neutron-server[104187]: DEBUG neutron_lib.callbacks.manager [None req-14db21f3-9bb0-4019-8f62-36891f60adad admin admin] Publish callbacks [] for security_group (21b69345-4d54-4f93-ace3-c2505e2f75e2), precommit_create {{(pid=104187) _notify_loop /usr/local/lib/python3.8/dist-packages/neutron_lib/callbacks/manager.py:176}}
Jun 06 21:05:33.144332 dv-cinder-844880-1-iscsi neutron-server[104187]: DEBUG neutron_lib.callbacks.manager [None req-14db21f3-9bb0-4019-8f62-36891f60adad admin admin] Publish callbacks ['neutron.plugins.ml2.ovo_rpc._ObjectChangeHandler.handle_event-2009403'] for security_group (21b69345-4d54-4f93-ace3-c2505e2f75e2), after_create {{(pid=104187) _notify_loop /usr/local/lib/python3.8/dist-packages/neutron_lib/callbacks/manager.py:176}}
Jun 06 21:05:33.200986 dv-cinder-844880-1-iscsi neutron-server[104187]: INFO neutron.wsgi [None req-14db21f3-9bb0-4019-8f62-36891f60adad admin admin] 10.222.0.33 "GET /v2.0/security-groups?tenant_id=6f15340c21b045c3a95d0fe0f39ebd4d&name=default HTTP/1.1" status: 200 len: 2996 time: 0.3398252
Jun 06 21:05:33.201416 dv-cinder-844880-1-iscsi neutron-server[104188]: DEBUG neutron.wsgi [-] (104188) accepted ('10.222.0.33', 48592) {{(pid=104188) server /usr/local/lib/python3.8/dist-packages/eventlet/wsgi.py:1004}}
Jun 06 21:05:33.210633 dv-cinder-844880-1-iscsi neutron-server[104187]: DEBUG neutron.api.rpc.handlers.resources_rpc [None req-14db21f3-9bb0-4019-8f62-36891f60adad admin admin] Pushing event updated for resources: {'SecurityGroup': ['ID=21b69345-4d54-4f93-ace3-c2505e2f75e2,revision_number=1']} {{(pid=104187) push /opt/stack/neutron/neutron/api/rpc/handlers/resources_rpc.py:237}}
Jun 06 21:05:33.226368 dv-cinder-844880-1-iscsi neutron-server[104187]: DEBUG neutron.api.rpc.callbacks.version_manager [None req-14db21f3-9bb0-4019-8f62-36891f60adad admin admin] Version for resource type AddressGroup changed None to 1.2 on consumer Open vSwitch agent@dv-cinder-844880-1-iscsi {{(pid=104187) _set_version /opt/stack/neutron/neutron/api/rpc/callbacks/version_manager.py:113}}
Jun 06 21:05:33.226753 dv-cinder-844880-1-iscsi neutron-server[104187]: DEBUG neutron.api.rpc.callbacks.version_manager [None req-14db21f3-9bb0-4019-8f62-36891f60adad admin admin] Version for resource type Agent changed None to 1.1 on consumer Open vSwitch agent@dv-cinder-844880-1-iscsi {{(pid=104187) _set_version /opt/stack/neutron/neutron/api/rpc/callbacks/version_manager.py:113}}
Jun 06 21:05:33.227147 dv-cinder-844880-1-iscsi neutron-server[104187]: DEBUG neutron.api.rpc.callbacks.version_manager [None req-14db21f3-9bb0-4019-8f62-36891f60adad admin admin] Version for resource type ConntrackHelper changed None to 1.0 on consumer Open vSwitch agent@dv-cinder-844880-1-iscsi {{(pid=104187) _set_version /opt/stack/neutron/neutron/api/rpc/callbacks/version_manager.py:113}}
Jun 06 21:05:33.227541 dv-cinder-844880-1-iscsi neutron-server[104187]: DEBUG neutron.api.rpc.callbacks.version_manager [None req-14db21f3-9bb0-4019-8f62-36891f60adad admin admin] Version for resource type LocalIPAssociation changed None to 1.0 on consumer Open vSwitch agent@dv-cinder-844880-1-iscsi {{(pid=104187) _set_version /opt/stack/neutron/neutron/api/rpc/callbacks/version_manager.py:113}}
Jun 06 21:05:33.227959 dv-cinder-844880-1-iscsi neutron-server[104187]: DEBUG neutron.api.rpc.callbacks.version_manager [None req-14db21f3-9bb0-4019-8f62-36891f60adad admin admin] Version for resource type Log changed None to 1.0 on consumer Open vSwitch agent@dv-cinder-844880-1-iscsi {{(pid=104187) _set_version /opt/stack/neutron/neutron/api/rpc/callbacks/version_manager.py:113}}
Jun 06 21:05:33.228501 dv-cinder-844880-1-iscsi neutron-server[104187]: DEBUG neutron.api.rpc.callbacks.version_manager [None req-14db21f3-9bb0-4019-8f62-36891f60adad admin admin] Version for resource type NDPProxy changed None to 1.0 on consumer Open vSwitch agent@dv-cinder-844880-1-iscsi {{(pid=104187) _set_version /opt/stack/neutron/neutron/api/rpc/callbacks/version_manager.py:113}}
Jun 06 21:05:33.228832 dv-cinder-844880-1-iscsi neutron-server[104187]: DEBUG neutron.api.rpc.callbacks.version_manager [None req-14db21f3-9bb0-4019-8f62-36891f60adad admin admin] Version for resource type Network changed None to 1.1 on consumer Open vSwitch agent@dv-cinder-844880-1-iscsi {{(pid=104187) _set_version /opt/stack/neutron/neutron/api/rpc/callbacks/version_manager.py:113}}
Jun 06 21:05:33.229276 dv-cinder-844880-1-iscsi neutron-server[104187]: DEBUG neutron.api.rpc.callbacks.version_manager [None req-14db21f3-9bb0-4019-8f62-36891f60adad admin admin] Version for resource type Port changed None to 1.7 on consumer Open vSwitch agent@dv-cinder-844880-1-iscsi {{(pid=104187) _set_version /opt/stack/neutron/neutron/api/rpc/callbacks/version_manager.py:113}}
Jun 06 21:05:33.229596 dv-cinder-844880-1-iscsi neutron-server[104187]: DEBUG neutron.api.rpc.callbacks.version_manager [None req-14db21f3-9bb0-4019-8f62-36891f60adad admin admin] Version for resource type PortForwarding changed None to 1.3 on consumer Open vSwitch agent@dv-cinder-844880-1-iscsi {{(pid=104187) _set_version /opt/stack/neutron/neutron/api/rpc/callbacks/version_manager.py:113}}
Jun 06 21:05:33.229966 dv-cinder-844880-1-iscsi neutron-server[104187]: DEBUG neutron.api.rpc.callbacks.version_manager [None req-14db21f3-9bb0-4019-8f62-36891f60adad admin admin] Version for resource type QosPolicy changed None to 1.10 on consumer Open vSwitch agent@dv-cinder-844880-1-iscsi {{(pid=104187) _set_version /opt/stack/neutron/neutron/api/rpc/callbacks/version_manager.py:113}}
Jun 06 21:05:33.230305 dv-cinder-844880-1-iscsi neutron-server[104187]: DEBUG neutron.api.rpc.callbacks.version_manager [None req-14db21f3-9bb0-4019-8f62-36891f60adad admin admin] Version for resource type SecurityGroup changed None to 1.5 on consumer Open vSwitch agent@dv-cinder-844880-1-iscsi {{(pid=104187) _set_version /opt/stack/neutron/neutron/api/rpc/callbacks/version_manager.py:113}}
Jun 06 21:05:33.230631 dv-cinder-844880-1-iscsi neutron-server[104187]: DEBUG neutron.api.rpc.callbacks.version_manager [None req-14db21f3-9bb0-4019-8f62-36891f60adad admin admin] Version for resource type SecurityGroupRule changed None to 1.2 on consumer Open vSwitch agent@dv-cinder-844880-1-iscsi {{(pid=104187) _set_version /opt/stack/neutron/neutron/api/rpc/callbacks/version_manager.py:113}}
Jun 06 21:05:33.230983 dv-cinder-844880-1-iscsi neutron-server[104187]: DEBUG neutron.api.rpc.callbacks.version_manager [None req-14db21f3-9bb0-4019-8f62-36891f60adad admin admin] Version for resource type SubPort changed None to 1.0 on consumer Open vSwitch agent@dv-cinder-844880-1-iscsi {{(pid=104187) _set_version /opt/stack/neutron/neutron/api/rpc/callbacks/version_manager.py:113}}
Jun 06 21:05:33.231963 dv-cinder-844880-1-iscsi neutron-server[104187]: DEBUG neutron.api.rpc.callbacks.version_manager [None req-14db21f3-9bb0-4019-8f62-36891f60adad admin admin] Version for resource type Subnet changed None to 1.1 on consumer Open vSwitch agent@dv-cinder-844880-1-iscsi {{(pid=104187) _set_version /opt/stack/neutron/neutron/api/rpc/callbacks/version_manager.py:113}}
Jun 06 21:05:33.232559 dv-cinder-844880-1-iscsi neutron-server[104187]: DEBUG neutron.api.rpc.callbacks.version_manager [None req-14db21f3-9bb0-4019-8f62-36891f60adad admin admin] Version for resource type Trunk changed None to 1.1 on consumer Open vSwitch agent@dv-cinder-844880-1-iscsi {{(pid=104187) _set_version /opt/stack/neutron/neutron/api/rpc/callbacks/version_manager.py:113}}
Jun 06 21:05:33.241203 dv-cinder-844880-1-iscsi neutron-server[104188]: DEBUG neutron.scheduler.l3_agent_scheduler [None req-de0b1aa6-3f2e-414b-9321-e9a87957bc7d tempest-AttachVolumeNegativeTest-664033950 tempest-AttachVolumeNegativeTest-664033950-project] Router 57d470f4-db84-4635-bc40-9fb93aa1b543 has already been hosted by L3 agent 5e4c0393-455c-45cf-9b34-6738a80626d3 {{(pid=104188) _get_candidates /opt/stack/neutron/neutron/scheduler/l3_agent_scheduler.py:126}}
Jun 06 21:05:33.313368 dv-cinder-844880-1-iscsi neutron-server[104188]: DEBUG neutron_lib.callbacks.manager [None req-5e836c79-66e1-4e0e-b602-5ced10a86eb5 admin admin] Publish callbacks [] for security_group (21b69345-4d54-4f93-ace3-c2505e2f75e2), before_delete {{(pid=104188) _notify_loop /usr/local/lib/python3.8/dist-packages/neutron_lib/callbacks/manager.py:176}}
Jun 06 21:05:33.383615 dv-cinder-844880-1-iscsi neutron-server[104188]: DEBUG neutron_lib.callbacks.manager [None req-5e836c79-66e1-4e0e-b602-5ced10a86eb5 admin admin] Publish callbacks [] for security_group (21b69345-4d54-4f93-ace3-c2505e2f75e2), precommit_delete {{(pid=104188) _notify_loop /usr/local/lib/python3.8/dist-packages/neutron_lib/callbacks/manager.py:176}}
Jun 06 21:05:33.385468 dv-cinder-844880-1-iscsi neutron-server[104188]: DEBUG dbcounter [-] [104188] Writing DB stats neutron:SELECT=97,neutron:UPDATE=3 {{(pid=104188) stat_writer /usr/local/lib/python3.8/dist-packages/dbcounter.py:114}}
Jun 06 21:05:33.446256 dv-cinder-844880-1-iscsi neutron-server[104188]: DEBUG neutron.api.rpc.agentnotifiers.l3_rpc_agent_api [None req-de0b1aa6-3f2e-414b-9321-e9a87957bc7d tempest-AttachVolumeNegativeTest-664033950 tempest-AttachVolumeNegativeTest-664033950-project] Notify agent at l3_agent.dv-cinder-844880-1-iscsi the message routers_updated {{(pid=104188) _agent_notification /opt/stack/neutron/neutron/api/rpc/agentnotifiers/l3_rpc_agent_api.py:65}}
Jun 06 21:05:33.454085 dv-cinder-844880-1-iscsi neutron-server[104188]: DEBUG neutron_lib.callbacks.manager [None req-de0b1aa6-3f2e-414b-9321-e9a87957bc7d tempest-AttachVolumeNegativeTest-664033950 tempest-AttachVolumeNegativeTest-664033950-project] Publish callbacks ['neutron.notifiers.nova.Notifier._send_nova_notification-81645'] for floatingip (None), before_response {{(pid=104188) _notify_loop /usr/local/lib/python3.8/dist-packages/neutron_lib/callbacks/manager.py:176}}
Jun 06 21:05:33.465966 dv-cinder-844880-1-iscsi neutron-server[104190]: DEBUG neutron.api.rpc.handlers.l3_rpc [None req-2a95ab2b-5e22-4e98-b01f-209334edef1e None None] Sync routers for ids ['57d470f4-db84-4635-bc40-9fb93aa1b543'] in dv-cinder-844880-1-iscsi {{(pid=104190) sync_routers /opt/stack/neutron/neutron/api/rpc/handlers/l3_rpc.py:125}}
Jun 06 21:05:33.490863 dv-cinder-844880-1-iscsi neutron-server[104190]: DEBUG neutron.db.l3_dvrscheduler_db [None req-2a95ab2b-5e22-4e98-b01f-209334edef1e None None] Routers {'57d470f4-db84-4635-bc40-9fb93aa1b543'} bound to L3 agent in host dv-cinder-844880-1-iscsi {{(pid=104190) _get_router_ids_for_agent /opt/stack/neutron/neutron/db/l3_dvrscheduler_db.py:426}}
Jun 06 21:05:33.492664 dv-cinder-844880-1-iscsi neutron-server[104190]: DEBUG neutron.db.l3_hamode_db [None req-2a95ab2b-5e22-4e98-b01f-209334edef1e None None] neutron.services.l3_router.l3_router_plugin.L3RouterPlugin method get_ha_sync_data_for_host called with arguments (, 'dv-cinder-844880-1-iscsi', Agent(admin_state_up=True,agent_type='L3 agent',availability_zone='nova',binary='neutron-l3-agent',configurations={"agent_mode": "legacy", "ex_gw_ports": 3, "extensions": [], "floating_ips": 0, "handle_internal_only_routers": true, "interface_driver": "openvswitch", "interfaces": 3, "log_agent_heartbeats": false, "routers": 3},created_at=2022-06-06T20:55:55Z,description=,heartbeat_timestamp=2022-06-06T21:05:25Z,host='dv-cinder-844880-1-iscsi',id=5e4c0393-455c-45cf-9b34-6738a80626d3,load=0,resource_versions=,resources_synced=,started_at=2022-06-06T20:55:55Z,topic='l3_agent')) {'router_ids': ['57d470f4-db84-4635-bc40-9fb93aa1b543'], 'active': True} {{(pid=104190) wrapper /usr/local/lib/python3.8/dist-packages/oslo_log/helpers.py:65}}
Jun 06 21:05:33.505365 dv-cinder-844880-1-iscsi neutron-server[104188]: INFO neutron.wsgi [None req-de0b1aa6-3f2e-414b-9321-e9a87957bc7d tempest-AttachVolumeNegativeTest-664033950 tempest-AttachVolumeNegativeTest-664033950-project] 10.222.0.33 "PUT /v2.0/floatingips/48587d47-378c-4c02-af91-3a039fd39015 HTTP/1.1" status: 200 len: 992 time: 2.3880115
Jun 06 21:05:33.506703 dv-cinder-844880-1-iscsi neutron-server[104188]: DEBUG neutron.notifiers.nova [-] Sending events: [{'name': 'network-changed', 'server_uuid': '67813627-cc4f-453f-8b8f-9cec9b130583', 'tag': 'efe64743-231a-4a9a-84a9-a1c7d29a5935'}] {{(pid=104188) send_events /opt/stack/neutron/neutron/notifiers/nova.py:271}}
Jun 06 21:05:33.509661 dv-cinder-844880-1-iscsi neutron-server[104188]: DEBUG novaclient.v2.client [-] REQ: curl -g -i --cacert "/opt/stack/data/ca-bundle.pem" -X POST http://10.222.0.33/compute/v2.1/os-server-external-events -H "Accept: application/json" -H "Content-Type: application/json" -H "User-Agent: python-novaclient" -H "X-Auth-Token: {SHA256}a26cfb5fecd8153f4d2cc5d19b747183fa94044cbf6ab35da2635a90614a1918" -H "X-OpenStack-Nova-API-Version: 2.1" -H "X-OpenStack-Request-ID: req-08c45d92-748c-4da8-b3df-6c78f3f5496a" -d '{"events": [{"name": "network-changed", "server_uuid": "67813627-cc4f-453f-8b8f-9cec9b130583", "tag": "efe64743-231a-4a9a-84a9-a1c7d29a5935"}]}' {{(pid=104188) _http_log_request /usr/local/lib/python3.8/dist-packages/keystoneauth1/session.py:519}}
Jun 06 21:05:33.538499 dv-cinder-844880-1-iscsi neutron-server[104188]: DEBUG neutron_lib.callbacks.manager [None req-5e836c79-66e1-4e0e-b602-5ced10a86eb5 admin admin] Publish callbacks ['neutron.plugins.ml2.ovo_rpc._ObjectChangeHandler.handle_event-2009403'] for security_group (21b69345-4d54-4f93-ace3-c2505e2f75e2), after_delete {{(pid=104188) _notify_loop /usr/local/lib/python3.8/dist-packages/neutron_lib/callbacks/manager.py:176}}
Jun 06 21:05:33.542752 dv-cinder-844880-1-iscsi neutron-server[104188]: DEBUG neutron_lib.callbacks.manager [None req-5e836c79-66e1-4e0e-b602-5ced10a86eb5 admin admin] Publish callbacks [] for security_group (None), before_response {{(pid=104188) _notify_loop /usr/local/lib/python3.8/dist-packages/neutron_lib/callbacks/manager.py:176}}
Jun 06 21:05:33.544794 dv-cinder-844880-1-iscsi neutron-server[104188]: INFO neutron.wsgi [None req-5e836c79-66e1-4e0e-b602-5ced10a86eb5 admin admin] 10.222.0.33 "DELETE /v2.0/security-groups/21b69345-4d54-4f93-ace3-c2505e2f75e2 HTTP/1.1" status: 204 len: 168 time: 0.3404164
Jun 06 21:05:33.557861 dv-cinder-844880-1-iscsi neutron-server[104188]: DEBUG neutron.api.rpc.handlers.resources_rpc [None req-5e836c79-66e1-4e0e-b602-5ced10a86eb5 admin admin] Pushing event deleted for resources: {'SecurityGroup': ['ID=21b69345-4d54-4f93-ace3-c2505e2f75e2,revision_number=None']} {{(pid=104188) push /opt/stack/neutron/neutron/api/rpc/handlers/resources_rpc.py:237}}
Jun 06 21:05:33.570328 dv-cinder-844880-1-iscsi neutron-server[104188]: DEBUG neutron.api.rpc.callbacks.version_manager [None req-5e836c79-66e1-4e0e-b602-5ced10a86eb5 admin admin] Version for resource type AddressGroup changed None to 1.2 on consumer Open vSwitch agent@dv-cinder-844880-1-iscsi {{(pid=104188) _set_version /opt/stack/neutron/neutron/api/rpc/callbacks/version_manager.py:113}}
Jun 06 21:05:33.571073 dv-cinder-844880-1-iscsi neutron-server[104188]: DEBUG neutron.api.rpc.callbacks.version_manager [None req-5e836c79-66e1-4e0e-b602-5ced10a86eb5 admin admin] Version for resource type Agent changed None to 1.1 on consumer Open vSwitch agent@dv-cinder-844880-1-iscsi {{(pid=104188) _set_version /opt/stack/neutron/neutron/api/rpc/callbacks/version_manager.py:113}}
Jun 06 21:05:33.571621 dv-cinder-844880-1-iscsi neutron-server[104188]: DEBUG neutron.api.rpc.callbacks.version_manager [None req-5e836c79-66e1-4e0e-b602-5ced10a86eb5 admin admin] Version for resource type ConntrackHelper changed None to 1.0 on consumer Open vSwitch agent@dv-cinder-844880-1-iscsi {{(pid=104188) _set_version /opt/stack/neutron/neutron/api/rpc/callbacks/version_manager.py:113}}
Jun 06 21:05:33.572152 dv-cinder-844880-1-iscsi neutron-server[104188]: DEBUG neutron.api.rpc.callbacks.version_manager [None req-5e836c79-66e1-4e0e-b602-5ced10a86eb5 admin admin] Version for resource type LocalIPAssociation changed None to 1.0 on consumer Open vSwitch agent@dv-cinder-844880-1-iscsi {{(pid=104188) _set_version /opt/stack/neutron/neutron/api/rpc/callbacks/version_manager.py:113}}
Jun 06 21:05:33.572659 dv-cinder-844880-1-iscsi neutron-server[104188]: DEBUG neutron.api.rpc.callbacks.version_manager [None req-5e836c79-66e1-4e0e-b602-5ced10a86eb5 admin admin] Version for resource type Log changed None to 1.0 on consumer Open vSwitch agent@dv-cinder-844880-1-iscsi {{(pid=104188) _set_version /opt/stack/neutron/neutron/api/rpc/callbacks/version_manager.py:113}}
Jun 06 21:05:33.573395 dv-cinder-844880-1-iscsi neutron-server[104188]: DEBUG neutron.api.rpc.callbacks.version_manager [None req-5e836c79-66e1-4e0e-b602-5ced10a86eb5 admin admin] Version for resource type NDPProxy changed None to 1.0 on consumer Open vSwitch agent@dv-cinder-844880-1-iscsi {{(pid=104188) _set_version /opt/stack/neutron/neutron/api/rpc/callbacks/version_manager.py:113}}
Jun 06 21:05:33.573978 dv-cinder-844880-1-iscsi neutron-server[104188]: DEBUG neutron.api.rpc.callbacks.version_manager [None req-5e836c79-66e1-4e0e-b602-5ced10a86eb5 admin admin] Version for resource type Network changed None to 1.1 on consumer Open vSwitch agent@dv-cinder-844880-1-iscsi {{(pid=104188) _set_version /opt/stack/neutron/neutron/api/rpc/callbacks/version_manager.py:113}}
Jun 06 21:05:33.574515 dv-cinder-844880-1-iscsi neutron-server[104188]: DEBUG neutron.api.rpc.callbacks.version_manager [None req-5e836c79-66e1-4e0e-b602-5ced10a86eb5 admin admin] Version for resource type Port changed None to 1.7 on consumer Open vSwitch agent@dv-cinder-844880-1-iscsi {{(pid=104188) _set_version /opt/stack/neutron/neutron/api/rpc/callbacks/version_manager.py:113}}
Jun 06 21:05:33.575413 dv-cinder-844880-1-iscsi neutron-server[104188]: DEBUG neutron.api.rpc.callbacks.version_manager [None req-5e836c79-66e1-4e0e-b602-5ced10a86eb5 admin admin] Version for resource type PortForwarding changed None to 1.3 on consumer Open vSwitch agent@dv-cinder-844880-1-iscsi {{(pid=104188) _set_version /opt/stack/neutron/neutron/api/rpc/callbacks/version_manager.py:113}}
Jun 06 21:05:33.575951 dv-cinder-844880-1-iscsi neutron-server[104188]: DEBUG neutron.api.rpc.callbacks.version_manager [None req-5e836c79-66e1-4e0e-b602-5ced10a86eb5 admin admin] Version for resource type QosPolicy changed None to 1.10 on consumer Open vSwitch agent@dv-cinder-844880-1-iscsi {{(pid=104188) _set_version /opt/stack/neutron/neutron/api/rpc/callbacks/version_manager.py:113}}
Jun 06 21:05:33.576441 dv-cinder-844880-1-iscsi neutron-server[104188]: DEBUG neutron.api.rpc.callbacks.version_manager [None req-5e836c79-66e1-4e0e-b602-5ced10a86eb5 admin admin] Version for resource type SecurityGroup changed None to 1.5 on consumer Open vSwitch agent@dv-cinder-844880-1-iscsi {{(pid=104188) _set_version /opt/stack/neutron/neutron/api/rpc/callbacks/version_manager.py:113}}
Jun 06 21:05:33.577342 dv-cinder-844880-1-iscsi neutron-server[104188]: DEBUG neutron.api.rpc.callbacks.version_manager [None req-5e836c79-66e1-4e0e-b602-5ced10a86eb5 admin admin] Version for resource type SecurityGroupRule changed None to 1.2 on consumer Open vSwitch agent@dv-cinder-844880-1-iscsi {{(pid=104188) _set_version /opt/stack/neutron/neutron/api/rpc/callbacks/version_manager.py:113}}
Jun 06 21:05:33.577956 dv-cinder-844880-1-iscsi neutron-server[104188]: DEBUG neutron.api.rpc.callbacks.version_manager [None req-5e836c79-66e1-4e0e-b602-5ced10a86eb5 admin admin] Version for resource type SubPort changed None to 1.0 on consumer Open vSwitch agent@dv-cinder-844880-1-iscsi {{(pid=104188) _set_version /opt/stack/neutron/neutron/api/rpc/callbacks/version_manager.py:113}}
Jun 06 21:05:33.578391 dv-cinder-844880-1-iscsi neutron-server[104188]: DEBUG neutron.api.rpc.callbacks.version_manager [None req-5e836c79-66e1-4e0e-b602-5ced10a86eb5 admin admin] Version for resource type Subnet changed None to 1.1 on consumer Open vSwitch agent@dv-cinder-844880-1-iscsi {{(pid=104188) _set_version /opt/stack/neutron/neutron/api/rpc/callbacks/version_manager.py:113}}
Jun 06 21:05:33.578688 dv-cinder-844880-1-iscsi neutron-server[104188]: DEBUG neutron.api.rpc.callbacks.version_manager [None req-5e836c79-66e1-4e0e-b602-5ced10a86eb5 admin admin] Version for resource type Trunk changed None to 1.1 on consumer Open vSwitch agent@dv-cinder-844880-1-iscsi {{(pid=104188) _set_version /opt/stack/neutron/neutron/api/rpc/callbacks/version_manager.py:113}}
Jun 06 21:05:33.675004 dv-cinder-844880-1-iscsi neutron-server[104188]: DEBUG novaclient.v2.client [-] RESP: [200] Connection: close Content-Length: 179 Content-Type: application/json Date: Mon, 06 Jun 2022 21:05:33 GMT OpenStack-API-Version: compute 2.1 Server: Apache/2.4.41 (Ubuntu) Vary: OpenStack-API-Version,X-OpenStack-Nova-API-Version X-OpenStack-Nova-API-Version: 2.1 x-compute-request-id: req-c962e769-c0cb-4a34-bcd6-b7f6feb95ea0 x-openstack-request-id: req-c962e769-c0cb-4a34-bcd6-b7f6feb95ea0 {{(pid=104188) _http_log_response /usr/local/lib/python3.8/dist-packages/keystoneauth1/session.py:550}}
Jun 06 21:05:33.675860 dv-cinder-844880-1-iscsi neutron-server[104188]: DEBUG novaclient.v2.client [-] RESP BODY: {"events": [{"name": "network-changed", "server_uuid": "67813627-cc4f-453f-8b8f-9cec9b130583", "tag": "efe64743-231a-4a9a-84a9-a1c7d29a5935", "status": "completed", "code": 200}]} {{(pid=104188) _http_log_response /usr/local/lib/python3.8/dist-packages/keystoneauth1/session.py:582}}
Jun 06 21:05:33.676488 dv-cinder-844880-1-iscsi neutron-server[104188]: DEBUG novaclient.v2.client [-] POST call to compute for http://10.222.0.33/compute/v2.1/os-server-external-events used request id req-c962e769-c0cb-4a34-bcd6-b7f6feb95ea0 {{(pid=104188) request /usr/local/lib/python3.8/dist-packages/keystoneauth1/session.py:954}}
Jun 06 21:05:33.677164 dv-cinder-844880-1-iscsi neutron-server[104188]: INFO neutron.notifiers.nova [-] Nova event matching ['req-c962e769-c0cb-4a34-bcd6-b7f6feb95ea0'] response: {'name': 'network-changed', 'server_uuid': '67813627-cc4f-453f-8b8f-9cec9b130583', 'tag': 'efe64743-231a-4a9a-84a9-a1c7d29a5935', 'status': 'completed', 'code': 200}
Jun 06 21:05:33.686480 dv-cinder-844880-1-iscsi neutron-server[104190]: DEBUG neutron.db.l3_dvr_db [None req-2a95ab2b-5e22-4e98-b01f-209334edef1e None None] Set router 57d470f4-db84-4635-bc40-9fb93aa1b543 gateway port host: dv-cinder-844880-1-iscsi {{(pid=104190) _build_routers_list /opt/stack/neutron/neutron/db/l3_dvr_db.py:907}}
Jun 06 21:05:33.770667 dv-cinder-844880-1-iscsi neutron-server[104188]: DEBUG neutron.pecan_wsgi.hooks.policy_enforcement [req-2c811fb8-f729-471c-84d3-3662f1250475 req-d12e34f9-31e1-481b-9947-e7017de46be5 tempest-AttachVolumeShelveTestJSON-440411712 tempest-AttachVolumeShelveTestJSON-440411712-project] Attributes excluded by policy engine: ['standard_attr_id', 'binding:profile', 'binding:host_id', 'binding:vif_type', 'binding:vif_details'] {{(pid=104188) _exclude_attributes_by_policy /opt/stack/neutron/neutron/pecan_wsgi/hooks/policy_enforcement.py:259}}
Jun 06 21:05:33.773691 dv-cinder-844880-1-iscsi neutron-server[104188]: INFO neutron.wsgi [req-2c811fb8-f729-471c-84d3-3662f1250475 req-d12e34f9-31e1-481b-9947-e7017de46be5 tempest-AttachVolumeShelveTestJSON-440411712 tempest-AttachVolumeShelveTestJSON-440411712-project] 10.222.0.33 "GET /v2.0/ports?device_id=1886e3bf-c735-4f91-8a2f-0bc6996982e0 HTTP/1.1" status: 200 len: 945 time: 0.1052659
Jun 06 21:05:33.843848 dv-cinder-844880-1-iscsi neutron-server[104187]: DEBUG neutron.wsgi [-] (104187) accepted ('10.222.0.33', 48622) {{(pid=104187) server /usr/local/lib/python3.8/dist-packages/eventlet/wsgi.py:1004}}
Jun 06 21:05:33.874274 dv-cinder-844880-1-iscsi neutron-server[104188]: INFO neutron.wsgi [req-2c811fb8-f729-471c-84d3-3662f1250475 req-0e5ba889-27ec-4338-811d-0f4aa7c244cf tempest-AttachVolumeShelveTestJSON-440411712 tempest-AttachVolumeShelveTestJSON-440411712-project] 10.222.0.33 "GET /v2.0/security-groups?id=03aee96f-a020-4744-8cf8-2ae2a17b47df&fields=id&fields=name HTTP/1.1" status: 200 len: 313 time: 0.0921760
Jun 06 21:05:34.109917 dv-cinder-844880-1-iscsi neutron-server[104188]: DEBUG neutron.wsgi [-] (104188) accepted ('10.222.0.33', 48636) {{(pid=104188) server /usr/local/lib/python3.8/dist-packages/eventlet/wsgi.py:1004}}
Jun 06 21:05:34.136453 dv-cinder-844880-1-iscsi neutron-server[104188]: DEBUG neutron_lib.callbacks.manager [None req-bf8d3c12-c9e9-41ca-ae76-097e21ed1b7c admin admin] Publish callbacks [] for security_group (None), before_create {{(pid=104188) _notify_loop /usr/local/lib/python3.8/dist-packages/neutron_lib/callbacks/manager.py:176}}
Jun 06 21:05:34.170212 dv-cinder-844880-1-iscsi neutron-server[104187]: DEBUG neutron_lib.callbacks.manager [None req-0d80f353-082a-4f64-a07b-1962c2377b93 admin admin] Publish callbacks [] for security_group (None), before_create {{(pid=104187) _notify_loop /usr/local/lib/python3.8/dist-packages/neutron_lib/callbacks/manager.py:176}}
Jun 06 21:05:34.218359 dv-cinder-844880-1-iscsi neutron-server[104187]: DEBUG neutron.pecan_wsgi.hooks.policy_enforcement [req-08c45d92-748c-4da8-b3df-6c78f3f5496a req-9f70b0f6-41ff-4ee9-acba-184990064f9f service neutron] Attributes excluded by policy engine: ['standard_attr_id'] {{(pid=104187) _exclude_attributes_by_policy /opt/stack/neutron/neutron/pecan_wsgi/hooks/policy_enforcement.py:259}}
Jun 06 21:05:34.235696 dv-cinder-844880-1-iscsi neutron-server[104187]: INFO neutron.wsgi [req-08c45d92-748c-4da8-b3df-6c78f3f5496a req-9f70b0f6-41ff-4ee9-acba-184990064f9f service neutron] 10.222.0.17 "GET /v2.0/ports?tenant_id=5a771f1ab27f40aca2d546901cdcecda&device_id=67813627-cc4f-453f-8b8f-9cec9b130583 HTTP/1.1" status: 200 len: 1130 time: 0.2337456
Jun 06 21:05:34.237088 dv-cinder-844880-1-iscsi neutron-server[104190]: DEBUG neutron.db.l3_hamode_db [None req-2a95ab2b-5e22-4e98-b01f-209334edef1e None None] neutron.services.l3_router.l3_router_plugin.L3RouterPlugin method _process_sync_ha_data called with arguments (, [{'id': '57d470f4-db84-4635-bc40-9fb93aa1b543', 'name': 'tempest-AttachVolumeNegativeTest-1235345783-router', 'tenant_id': '5a771f1ab27f40aca2d546901cdcecda', 'admin_state_up': True, 'status': 'ACTIVE', 'external_gateway_info': {'network_id': '250fde45-77d7-4e51-b7ef-1aa5eb05ddf6', 'external_fixed_ips': [{'subnet_id': '9cf32431-da28-4c85-990f-5c422c8f7760', 'ip_address': '172.27.2.70'}], 'enable_snat': True}, 'gw_port_id': '03cd0f75-7391-43ca-8486-a9351cc725b6', 'description': '', 'availability_zones': ['nova'], 'distributed': False, 'ha': False, 'ha_vr_id': 0, 'availability_zone_hints': [], 'routes': [], 'flavor_id': None, 'tags': [], 'created_at': '2022-06-06T21:04:30Z', 'updated_at': '2022-06-06T21:04:43Z', 'revision_number': 4, 'project_id': '5a771f1ab27f40aca2d546901cdcecda', 'gw_port': {'id': '03cd0f75-7391-43ca-8486-a9351cc725b6', 'name': '', 'network_id': '250fde45-77d7-4e51-b7ef-1aa5eb05ddf6', 'tenant_id': '', 'mac_address': 'fa:16:3e:e2:a3:6c', 'admin_state_up': True, 'status': 'ACTIVE', 'device_id': '57d470f4-db84-4635-bc40-9fb93aa1b543', 'device_owner': 'network:router_gateway', 'standard_attr_id': 49, 'fixed_ips': [{'subnet_id': '9cf32431-da28-4c85-990f-5c422c8f7760', 'ip_address': '172.27.2.70', 'prefixlen': 24}], 'allowed_address_pairs': [], 'extra_dhcp_opts': [], 'security_groups': [], 'description': '', 'binding:vnic_type': 'normal', 'binding:profile': {}, 'binding:host_id': 'dv-cinder-844880-1-iscsi', 'binding:vif_type': 'ovs', 'binding:vif_details': {'connectivity': 'l2', 'port_filter': True, 'ovs_hybrid_plug': False, 'datapath_type': 'system', 'bridge_name': 'br-int', 'bound_drivers': {'0': 'openvswitch'}}, 'port_security_enabled': False, 'tags': [], 'created_at': '2022-06-06T21:04:31Z', 'updated_at': '2022-06-06T21:04:44Z', 'revision_number': 4, 'project_id': '', 'subnets': [{'id': '9cf32431-da28-4c85-990f-5c422c8f7760', 'cidr': '172.27.2.0/24', 'gateway_ip': '172.27.2.1', 'dns_nameservers': [], 'ipv6_ra_mode': None, 'subnetpool_id': None}], 'extra_subnets': [], 'address_scopes': {4: None, 6: None}, 'mtu': 1500}, 'enable_snat': True, 'gw_port_host': 'dv-cinder-844880-1-iscsi', '_floatingips': [{'id': '48587d47-378c-4c02-af91-3a039fd39015', 'tenant_id': '5a771f1ab27f40aca2d546901cdcecda', 'floating_ip_address': '172.27.2.210', 'floating_network_id': '250fde45-77d7-4e51-b7ef-1aa5eb05ddf6', 'router_id': '57d470f4-db84-4635-bc40-9fb93aa1b543', 'port_id': 'efe64743-231a-4a9a-84a9-a1c7d29a5935', 'fixed_ip_address': '172.20.0.12', 'status': 'DOWN', 'standard_attr_id': 131, 'description': '', 'qos_policy_id': None, 'qos_network_policy_id': None, 'port_details': {'name': '', 'network_id': 'caa56bb2-4a47-4aeb-99db-1e89b9e32e70', 'mac_address': 'fa:16:3e:56:7b:41', 'admin_state_up': True, 'status': 'ACTIVE', 'device_id': '67813627-cc4f-453f-8b8f-9cec9b130583', 'device_owner': 'compute:nova'}, 'dns_domain': '', 'dns_name': '', 'tags': [], 'created_at': '2022-06-06T21:05:02Z', 'updated_at': '2022-06-06T21:05:32Z', 'revision_number': 1, 'project_id': '5a771f1ab27f40aca2d546901cdcecda', 'fixed_ip_address_scope': None}], '_interfaces': [{'id': 'a64d0d8d-10b4-43c8-bb33-11a098979bee', 'name': '', 'network_id': 'caa56bb2-4a47-4aeb-99db-1e89b9e32e70', 'tenant_id': '5a771f1ab27f40aca2d546901cdcecda', 'mac_address': 'fa:16:3e:4d:9c:db', 'admin_state_up': True, 'status': 'ACTIVE', 'device_id': '57d470f4-db84-4635-bc40-9fb93aa1b543', 'device_owner': 'network:router_interface', 'standard_attr_id': 79, 'fixed_ips': [{'subnet_id': 'aa935986-f731-4b41-b3cc-9ec7ccaf855d', 'ip_address': '172.20.0.1', 'prefixlen': 28}], 'allowed_address_pairs': [], 'extra_dhcp_opts': [], 'security_groups': [], 'description': '', 'binding:vnic_type': 'normal', 'binding:profile': {}, 'binding:host_id': 'dv-cinder-844880-1-iscsi', 'binding:vif_type': 'ovs', 'binding:vif_details': {'connectivity': 'l2', 'port_filter': True, 'ovs_hybrid_plug': False, 'datapath_type': 'system', 'bridge_name': 'br-int', 'bound_drivers': {'0': 'openvswitch'}}, 'port_security_enabled': False, 'tags': [], 'created_at': '2022-06-06T21:04:37Z', 'updated_at': '2022-06-06T21:04:54Z', 'revision_number': 5, 'project_id': '5a771f1ab27f40aca2d546901cdcecda', 'subnets': [{'id': 'aa935986-f731-4b41-b3cc-9ec7ccaf855d', 'cidr': '172.20.0.0/28', 'gateway_ip': '172.20.0.1', 'dns_nameservers': [], 'ipv6_ra_mode': None, 'subnetpool_id': None}], 'extra_subnets': [], 'address_scopes': {4: None, 6: None}, 'mtu': 1500}]}], 'dv-cinder-844880-1-iscsi', False) {} {{(pid=104190) wrapper /usr/local/lib/python3.8/dist-packages/oslo_log/helpers.py:65}}
Jun 06 21:05:34.286554 dv-cinder-844880-1-iscsi neutron-server[104190]: DEBUG neutron.api.rpc.handlers.l3_rpc [None req-2a95ab2b-5e22-4e98-b01f-209334edef1e None None] Checking router: 57d470f4-db84-4635-bc40-9fb93aa1b543 for host: dv-cinder-844880-1-iscsi {{(pid=104190) _ensure_host_set_on_ports /opt/stack/neutron/neutron/api/rpc/handlers/l3_rpc.py:155}}
Jun 06 21:05:34.298548 dv-cinder-844880-1-iscsi neutron-server[104190]: DEBUG neutron.db.l3_dvrscheduler_db [None req-2a95ab2b-5e22-4e98-b01f-209334edef1e None None] Routers {'57d470f4-db84-4635-bc40-9fb93aa1b543'} bound to L3 agent in host dv-cinder-844880-1-iscsi {{(pid=104190) _get_router_ids_for_agent /opt/stack/neutron/neutron/db/l3_dvrscheduler_db.py:426}}
Jun 06 21:05:34.299642 dv-cinder-844880-1-iscsi neutron-server[104190]: DEBUG neutron.db.l3_hamode_db [None req-2a95ab2b-5e22-4e98-b01f-209334edef1e None None] neutron.services.l3_router.l3_router_plugin.L3RouterPlugin method get_ha_sync_data_for_host called with arguments (, 'dv-cinder-844880-1-iscsi', Agent(admin_state_up=True,agent_type='L3 agent',availability_zone='nova',binary='neutron-l3-agent',configurations={"agent_mode": "legacy", "ex_gw_ports": 3, "extensions": [], "floating_ips": 0, "handle_internal_only_routers": true, "interface_driver": "openvswitch", "interfaces": 3, "log_agent_heartbeats": false, "routers": 3},created_at=2022-06-06T20:55:55Z,description=,heartbeat_timestamp=2022-06-06T21:05:25Z,host='dv-cinder-844880-1-iscsi',id=5e4c0393-455c-45cf-9b34-6738a80626d3,load=0,resource_versions=,resources_synced=,started_at=2022-06-06T20:55:55Z,topic='l3_agent')) {'router_ids': ['57d470f4-db84-4635-bc40-9fb93aa1b543'], 'active': True} {{(pid=104190) wrapper /usr/local/lib/python3.8/dist-packages/oslo_log/helpers.py:65}}
Jun 06 21:05:34.345657 dv-cinder-844880-1-iscsi neutron-server[104188]: DEBUG neutron_lib.callbacks.manager [None req-bf8d3c12-c9e9-41ca-ae76-097e21ed1b7c admin admin] Publish callbacks [] for security_group (2a880227-91e6-4704-8868-d8afd5211bef), precommit_create {{(pid=104188) _notify_loop /usr/local/lib/python3.8/dist-packages/neutron_lib/callbacks/manager.py:176}}
Jun 06 21:05:34.353250 dv-cinder-844880-1-iscsi neutron-server[104188]: DEBUG neutron_lib.callbacks.manager [None req-bf8d3c12-c9e9-41ca-ae76-097e21ed1b7c admin admin] Publish callbacks ['neutron.plugins.ml2.ovo_rpc._ObjectChangeHandler.handle_event-2009403'] for security_group (2a880227-91e6-4704-8868-d8afd5211bef), after_create {{(pid=104188) _notify_loop /usr/local/lib/python3.8/dist-packages/neutron_lib/callbacks/manager.py:176}}
Jun 06 21:05:34.389967 dv-cinder-844880-1-iscsi neutron-server[104187]: DEBUG neutron_lib.callbacks.manager [None req-0d80f353-082a-4f64-a07b-1962c2377b93 admin admin] Publish callbacks [] for security_group (a9fa99c5-bd97-4dfd-8feb-98459cc1334c), precommit_create {{(pid=104187) _notify_loop /usr/local/lib/python3.8/dist-packages/neutron_lib/callbacks/manager.py:176}}
Jun 06 21:05:34.398387 dv-cinder-844880-1-iscsi neutron-server[104187]: DEBUG neutron_lib.callbacks.manager [None req-0d80f353-082a-4f64-a07b-1962c2377b93 admin admin] Publish callbacks ['neutron.plugins.ml2.ovo_rpc._ObjectChangeHandler.handle_event-2009403'] for security_group (a9fa99c5-bd97-4dfd-8feb-98459cc1334c), after_create {{(pid=104187) _notify_loop /usr/local/lib/python3.8/dist-packages/neutron_lib/callbacks/manager.py:176}}
Jun 06 21:05:34.488744 dv-cinder-844880-1-iscsi neutron-server[104188]: INFO neutron.wsgi [None req-bf8d3c12-c9e9-41ca-ae76-097e21ed1b7c admin admin] 10.222.0.33 "GET /v2.0/security-groups?tenant_id=41d8a7d23a264ccb8e5a65592f5f9c6c&name=default HTTP/1.1" status: 200 len: 2996 time: 0.3776891
Jun 06 21:05:34.493997 dv-cinder-844880-1-iscsi neutron-server[104188]: DEBUG neutron.wsgi [-] (104188) accepted ('10.222.0.33', 48654) {{(pid=104188) server /usr/local/lib/python3.8/dist-packages/eventlet/wsgi.py:1004}}
Jun 06 21:05:34.507847 dv-cinder-844880-1-iscsi neutron-server[104187]: DEBUG neutron.api.rpc.handlers.resources_rpc [None req-0d80f353-082a-4f64-a07b-1962c2377b93 admin admin] Pushing event updated for resources: {'SecurityGroup': ['ID=a9fa99c5-bd97-4dfd-8feb-98459cc1334c,revision_number=1']} {{(pid=104187) push /opt/stack/neutron/neutron/api/rpc/handlers/resources_rpc.py:237}}
Jun 06 21:05:34.605087 dv-cinder-844880-1-iscsi neutron-server[104190]: DEBUG neutron.db.l3_dvr_db [None req-2a95ab2b-5e22-4e98-b01f-209334edef1e None None] Set router 57d470f4-db84-4635-bc40-9fb93aa1b543 gateway port host: dv-cinder-844880-1-iscsi {{(pid=104190) _build_routers_list /opt/stack/neutron/neutron/db/l3_dvr_db.py:907}}
Jun 06 21:05:34.647036 dv-cinder-844880-1-iscsi neutron-server[104188]: DEBUG neutron.api.rpc.handlers.resources_rpc [None req-bf8d3c12-c9e9-41ca-ae76-097e21ed1b7c admin admin] Pushing event updated for resources: {'SecurityGroup': ['ID=2a880227-91e6-4704-8868-d8afd5211bef,revision_number=1']} {{(pid=104188) push /opt/stack/neutron/neutron/api/rpc/handlers/resources_rpc.py:237}}
Jun 06 21:05:34.695002 dv-cinder-844880-1-iscsi neutron-server[104187]: INFO neutron.wsgi [None req-0d80f353-082a-4f64-a07b-1962c2377b93 admin admin] 10.222.0.33 "GET /v2.0/security-groups?tenant_id=a7843ef21a444a0fa76b061c2b91c0ad&name=default HTTP/1.1" status: 200 len: 2996 time: 0.8489697
Jun 06 21:05:34.695754 dv-cinder-844880-1-iscsi neutron-server[104187]: DEBUG neutron.wsgi [-] (104187) accepted ('10.222.0.33', 48660) {{(pid=104187) server /usr/local/lib/python3.8/dist-packages/eventlet/wsgi.py:1004}}
Jun 06 21:05:34.760782 dv-cinder-844880-1-iscsi neutron-server[104188]: DEBUG neutron.pecan_wsgi.hooks.policy_enforcement [req-eb2a7708-489e-4328-a739-40b1240012c0 req-96f6b970-984d-48f0-9de2-957dbd71d000 service neutron] Attributes excluded by policy engine: ['standard_attr_id'] {{(pid=104188) _exclude_attributes_by_policy /opt/stack/neutron/neutron/pecan_wsgi/hooks/policy_enforcement.py:259}}
Jun 06 21:05:34.771458 dv-cinder-844880-1-iscsi neutron-server[104188]: INFO neutron.wsgi [req-eb2a7708-489e-4328-a739-40b1240012c0 req-96f6b970-984d-48f0-9de2-957dbd71d000 service neutron] 10.222.0.17 "GET /v2.0/ports?device_id=1886e3bf-c735-4f91-8a2f-0bc6996982e0 HTTP/1.1" status: 200 len: 1129 time: 0.3131990
Jun 06 21:05:34.808459 dv-cinder-844880-1-iscsi neutron-server[104187]: DEBUG neutron_lib.callbacks.manager [None req-aa8b234c-4d06-43bc-a60e-30bd9e560d81 admin admin] Publish callbacks [] for security_group (a9fa99c5-bd97-4dfd-8feb-98459cc1334c), before_delete {{(pid=104187) _notify_loop /usr/local/lib/python3.8/dist-packages/neutron_lib/callbacks/manager.py:176}}
Jun 06 21:05:34.831849 dv-cinder-844880-1-iscsi neutron-server[104188]: DEBUG dbcounter [-] [104188] Writing DB stats neutron:SELECT=94,neutron:DELETE=3,neutron:INSERT=3 {{(pid=104188) stat_writer /usr/local/lib/python3.8/dist-packages/dbcounter.py:114}}
Jun 06 21:05:34.835135 dv-cinder-844880-1-iscsi neutron-server[104187]: DEBUG neutron.pecan_wsgi.hooks.policy_enforcement [req-08c45d92-748c-4da8-b3df-6c78f3f5496a req-b7e15c27-3f76-4c70-9239-df50d69eeb16 service neutron] Attributes excluded by policy engine: ['standard_attr_id', 'vlan_transparent'] {{(pid=104187) _exclude_attributes_by_policy /opt/stack/neutron/neutron/pecan_wsgi/hooks/policy_enforcement.py:259}}
Jun 06 21:05:34.837001 dv-cinder-844880-1-iscsi neutron-server[104188]: DEBUG neutron_lib.callbacks.manager [None req-49e43325-be68-494a-b83d-1ba9af7eed24 admin admin] Publish callbacks [] for security_group (2a880227-91e6-4704-8868-d8afd5211bef), before_delete {{(pid=104188) _notify_loop /usr/local/lib/python3.8/dist-packages/neutron_lib/callbacks/manager.py:176}}
Jun 06 21:05:34.837166 dv-cinder-844880-1-iscsi neutron-server[104187]: INFO neutron.wsgi [req-08c45d92-748c-4da8-b3df-6c78f3f5496a req-b7e15c27-3f76-4c70-9239-df50d69eeb16 service neutron] 10.222.0.17 "GET /v2.0/networks?id=caa56bb2-4a47-4aeb-99db-1e89b9e32e70 HTTP/1.1" status: 200 len: 916 time: 0.3375170
Jun 06 21:05:34.864889 dv-cinder-844880-1-iscsi neutron-server[104188]: INFO neutron.wsgi [req-eb2a7708-489e-4328-a739-40b1240012c0 req-d3a8cfa6-71f0-4bc6-815d-ad028c63756c service neutron] 10.222.0.17 "GET /v2.0/security-groups?id=03aee96f-a020-4744-8cf8-2ae2a17b47df&fields=id&fields=name HTTP/1.1" status: 200 len: 313 time: 0.0897253
Jun 06 21:05:34.877918 dv-cinder-844880-1-iscsi neutron-server[104188]: DEBUG neutron_lib.callbacks.manager [None req-49e43325-be68-494a-b83d-1ba9af7eed24 admin admin] Publish callbacks [] for security_group (2a880227-91e6-4704-8868-d8afd5211bef), precommit_delete {{(pid=104188) _notify_loop /usr/local/lib/python3.8/dist-packages/neutron_lib/callbacks/manager.py:176}}
Jun 06 21:05:34.906116 dv-cinder-844880-1-iscsi neutron-server[104187]: DEBUG neutron_lib.callbacks.manager [None req-aa8b234c-4d06-43bc-a60e-30bd9e560d81 admin admin] Publish callbacks [] for security_group (a9fa99c5-bd97-4dfd-8feb-98459cc1334c), precommit_delete {{(pid=104187) _notify_loop /usr/local/lib/python3.8/dist-packages/neutron_lib/callbacks/manager.py:176}}
Jun 06 21:05:34.958310 dv-cinder-844880-1-iscsi neutron-server[104188]: DEBUG neutron_lib.callbacks.manager [None req-49e43325-be68-494a-b83d-1ba9af7eed24 admin admin] Publish callbacks ['neutron.plugins.ml2.ovo_rpc._ObjectChangeHandler.handle_event-2009403'] for security_group (2a880227-91e6-4704-8868-d8afd5211bef), after_delete {{(pid=104188) _notify_loop /usr/local/lib/python3.8/dist-packages/neutron_lib/callbacks/manager.py:176}}
Jun 06 21:05:34.961855 dv-cinder-844880-1-iscsi neutron-server[104188]: DEBUG neutron_lib.callbacks.manager [None req-49e43325-be68-494a-b83d-1ba9af7eed24 admin admin] Publish callbacks [] for security_group (None), before_response {{(pid=104188) _notify_loop /usr/local/lib/python3.8/dist-packages/neutron_lib/callbacks/manager.py:176}}
Jun 06 21:05:34.967328 dv-cinder-844880-1-iscsi neutron-server[104188]: INFO neutron.wsgi [None req-49e43325-be68-494a-b83d-1ba9af7eed24 admin admin] 10.222.0.33 "DELETE /v2.0/security-groups/2a880227-91e6-4704-8868-d8afd5211bef HTTP/1.1" status: 204 len: 168 time: 0.4498940
Jun 06 21:05:34.974210 dv-cinder-844880-1-iscsi neutron-server[104187]: DEBUG dbcounter [-] [104187] Writing DB stats neutron:SELECT=87,neutron:INSERT=11,neutron:UPDATE=2 {{(pid=104187) stat_writer /usr/local/lib/python3.8/dist-packages/dbcounter.py:114}}
Jun 06 21:05:34.985716 dv-cinder-844880-1-iscsi neutron-server[104188]: DEBUG neutron.api.rpc.handlers.resources_rpc [None req-49e43325-be68-494a-b83d-1ba9af7eed24 admin admin] Pushing event deleted for resources: {'SecurityGroup': ['ID=2a880227-91e6-4704-8868-d8afd5211bef,revision_number=None']} {{(pid=104188) push /opt/stack/neutron/neutron/api/rpc/handlers/resources_rpc.py:237}}
Jun 06 21:05:35.030870 dv-cinder-844880-1-iscsi neutron-server[104187]: INFO neutron.wsgi [req-08c45d92-748c-4da8-b3df-6c78f3f5496a req-35d72761-2c10-407d-835a-a834805b5c3f service neutron] 10.222.0.17 "GET /v2.0/floatingips?fixed_ip_address=172.20.0.12&port_id=efe64743-231a-4a9a-84a9-a1c7d29a5935 HTTP/1.1" status: 200 len: 1000 time: 0.1829119
