Jun 06 21:05:57.847011 dv-cinder-844880-1-iscsi neutron-server[104188]: DEBUG neutron.api.rpc.handlers.resources_rpc [None req-a526d768-dd89-42cf-87f2-7c5eb8fae061 admin admin] Pushing event updated for resources: {'Port': ['ID=2058df77-c083-427f-82c9-3094bf55bb7c,revision_number=1']} {{(pid=104188) push /opt/stack/neutron/neutron/api/rpc/handlers/resources_rpc.py:237}}
Jun 06 21:05:58.121162 dv-cinder-844880-1-iscsi neutron-server[104189]: DEBUG neutron_lib.callbacks.manager [None req-71489968-6b3f-4565-a33b-13af98a847bc None None] Publish callbacks ['neutron.services.segments.db._update_segment_host_mapping_for_agent-8784650209271', 'neutron.plugins.ml2.plugin.Ml2Plugin._retry_binding_revived_agents-634636'] for agent (19ccdeee-a943-454d-a45c-3d90aca65998), after_update {{(pid=104189) _notify_loop /usr/local/lib/python3.8/dist-packages/neutron_lib/callbacks/manager.py:176}}
Jun 06 21:05:58.145588 dv-cinder-844880-1-iscsi neutron-server[104188]: DEBUG neutron_lib.callbacks.manager [None req-a526d768-dd89-42cf-87f2-7c5eb8fae061 admin admin] Publish callbacks [] for router_gateway (070d3463-e989-4216-8014-06190f536999), after_create {{(pid=104188) _notify_loop /usr/local/lib/python3.8/dist-packages/neutron_lib/callbacks/manager.py:176}}
Jun 06 21:05:58.148297 dv-cinder-844880-1-iscsi neutron-server[104188]: DEBUG dbcounter [-] [104188] Writing DB stats neutron:SELECT=96,neutron:UPDATE=2,neutron:INSERT=2 {{(pid=104188) stat_writer /usr/local/lib/python3.8/dist-packages/dbcounter.py:114}}
Jun 06 21:05:58.380706 dv-cinder-844880-1-iscsi neutron-server[104188]: DEBUG neutron_lib.callbacks.manager [None req-a526d768-dd89-42cf-87f2-7c5eb8fae061 admin admin] Publish callbacks ['neutron.services.l3_router.l3_router_plugin.L3_HA_NAT_db_mixin._after_router_create-1926515', 'neutron.services.l3_router.l3_router_plugin.DVRResourceOperationHandler._create_snat_interfaces_after_change-1926356'] for router (070d3463-e989-4216-8014-06190f536999), after_create {{(pid=104188) _notify_loop /usr/local/lib/python3.8/dist-packages/neutron_lib/callbacks/manager.py:176}}
Jun 06 21:05:58.545497 dv-cinder-844880-1-iscsi neutron-server[104189]: DEBUG neutron.api.rpc.handlers.dhcp_rpc [None req-411bd540-0688-4222-a3d3-5352fa890a8e None None] Network 9bdfa114-ca93-4485-b7b6-8e22817f3380 requested from dv-cinder-844880-1-iscsi {{(pid=104189) get_network_info /opt/stack/neutron/neutron/api/rpc/handlers/dhcp_rpc.py:191}}
Jun 06 21:05:58.545761 dv-cinder-844880-1-iscsi neutron-server[104188]: DEBUG neutron.scheduler.l3_agent_scheduler [None req-a526d768-dd89-42cf-87f2-7c5eb8fae061 admin admin] Router 070d3463-e989-4216-8014-06190f536999 is scheduled to L3 agent 5e4c0393-455c-45cf-9b34-6738a80626d3 with binding_index 1 {{(pid=104188) bind_router /opt/stack/neutron/neutron/scheduler/l3_agent_scheduler.py:209}}
Jun 06 21:05:58.560133 dv-cinder-844880-1-iscsi neutron-server[104189]: DEBUG dbcounter [-] [104189] Writing DB stats neutron:SELECT=92,neutron:UPDATE=5,neutron:INSERT=3 {{(pid=104189) stat_writer /usr/local/lib/python3.8/dist-packages/dbcounter.py:114}}
Jun 06 21:05:58.639385 dv-cinder-844880-1-iscsi neutron-server[104189]: DEBUG dbcounter [-] [104189] Writing DB stats neutron:SELECT=89,neutron:UPDATE=7,neutron:INSERT=4 {{(pid=104189) stat_writer /usr/local/lib/python3.8/dist-packages/dbcounter.py:114}}
Jun 06 21:05:58.652190 dv-cinder-844880-1-iscsi neutron-server[104189]: DEBUG neutron.db.provisioning_blocks [None req-d6bbf040-54d0-40ad-8bc8-18e0fee91a00 None None] Provisioning complete for port 9087f153-23e7-47cc-9738-4a5c2771de55 triggered by entity DHCP. {{(pid=104189) provisioning_complete /opt/stack/neutron/neutron/db/provisioning_blocks.py:145}}
Jun 06 21:05:58.652554 dv-cinder-844880-1-iscsi neutron-server[104189]: DEBUG neutron_lib.callbacks.manager [None req-d6bbf040-54d0-40ad-8bc8-18e0fee91a00 None None] Publish callbacks ['neutron.plugins.ml2.plugin.Ml2Plugin._port_provisioned-634730'] for port (9087f153-23e7-47cc-9738-4a5c2771de55), provisioning_complete {{(pid=104189) _notify_loop /usr/local/lib/python3.8/dist-packages/neutron_lib/callbacks/manager.py:176}}
Jun 06 21:05:58.695575 dv-cinder-844880-1-iscsi neutron-server[104188]: DEBUG neutron.api.rpc.agentnotifiers.l3_rpc_agent_api [None req-a526d768-dd89-42cf-87f2-7c5eb8fae061 admin admin] Notify agent at l3_agent.dv-cinder-844880-1-iscsi the message routers_updated {{(pid=104188) _agent_notification /opt/stack/neutron/neutron/api/rpc/agentnotifiers/l3_rpc_agent_api.py:65}}
Jun 06 21:05:58.717272 dv-cinder-844880-1-iscsi neutron-server[104190]: DEBUG neutron.api.rpc.handlers.l3_rpc [None req-7d6102ca-de18-4b6a-a677-b05d5f2072fb None None] Sync routers for ids ['070d3463-e989-4216-8014-06190f536999'] in dv-cinder-844880-1-iscsi {{(pid=104190) sync_routers /opt/stack/neutron/neutron/api/rpc/handlers/l3_rpc.py:125}}
Jun 06 21:05:58.722459 dv-cinder-844880-1-iscsi neutron-server[104188]: DEBUG neutron_lib.callbacks.manager [None req-a526d768-dd89-42cf-87f2-7c5eb8fae061 admin admin] Publish callbacks [] for router (None), before_response {{(pid=104188) _notify_loop /usr/local/lib/python3.8/dist-packages/neutron_lib/callbacks/manager.py:176}}
Jun 06 21:05:58.725378 dv-cinder-844880-1-iscsi neutron-server[104188]: INFO neutron.wsgi [None req-a526d768-dd89-42cf-87f2-7c5eb8fae061 admin admin] 10.222.0.33 "POST /v2.0/routers HTTP/1.1" status: 201 len: 929 time: 2.1998355
Jun 06 21:05:58.727513 dv-cinder-844880-1-iscsi neutron-server[104188]: DEBUG neutron.wsgi [-] (104188) accepted ('10.222.0.33', 49498) {{(pid=104188) server /usr/local/lib/python3.8/dist-packages/eventlet/wsgi.py:1004}}
Jun 06 21:05:58.731032 dv-cinder-844880-1-iscsi neutron-server[104187]: INFO neutron.wsgi [req-847437dc-8bb4-4a21-80cb-07b3f21d1d05 req-a24b54f2-dd4e-4dd8-baf9-d91efd1f349e tempest-VolumesActionsTest-481127680 tempest-VolumesActionsTest-481127680-project] 10.222.0.33 "GET /v2.0/ports?device_id=f03e0091-74a5-4481-8832-6c3c63a05513 HTTP/1.1" status: 200 len: 210 time: 0.0444217
Jun 06 21:05:58.757289 dv-cinder-844880-1-iscsi neutron-server[104190]: DEBUG neutron.db.l3_dvrscheduler_db [None req-7d6102ca-de18-4b6a-a677-b05d5f2072fb None None] Routers {'070d3463-e989-4216-8014-06190f536999'} bound to L3 agent in host dv-cinder-844880-1-iscsi {{(pid=104190) _get_router_ids_for_agent /opt/stack/neutron/neutron/db/l3_dvrscheduler_db.py:426}}
Jun 06 21:05:58.758013 dv-cinder-844880-1-iscsi neutron-server[104190]: DEBUG neutron.db.l3_hamode_db [None req-7d6102ca-de18-4b6a-a677-b05d5f2072fb None None] neutron.services.l3_router.l3_router_plugin.L3RouterPlugin method get_ha_sync_data_for_host called with arguments (, 'dv-cinder-844880-1-iscsi', Agent(admin_state_up=True,agent_type='L3 agent',availability_zone='nova',binary='neutron-l3-agent',configurations={"agent_mode": "legacy", "ex_gw_ports": 3, "extensions": [], "floating_ips": 2, "handle_internal_only_routers": true, "interface_driver": "openvswitch", "interfaces": 3, "log_agent_heartbeats": false, "routers": 3},created_at=2022-06-06T20:55:55Z,description=,heartbeat_timestamp=2022-06-06T21:05:55Z,host='dv-cinder-844880-1-iscsi',id=5e4c0393-455c-45cf-9b34-6738a80626d3,load=0,resource_versions=,resources_synced=,started_at=2022-06-06T20:55:55Z,topic='l3_agent')) {'router_ids': ['070d3463-e989-4216-8014-06190f536999'], 'active': True} {{(pid=104190) wrapper /usr/local/lib/python3.8/dist-packages/oslo_log/helpers.py:65}}
Jun 06 21:05:58.780371 dv-cinder-844880-1-iscsi neutron-server[104189]: DEBUG neutron.plugins.ml2.plugin [None req-d6bbf040-54d0-40ad-8bc8-18e0fee91a00 None None] Current status of the port 9087f153-23e7-47cc-9738-4a5c2771de55 is: DOWN; New status is: ACTIVE {{(pid=104189) _update_individual_port_db_status /opt/stack/neutron/neutron/plugins/ml2/plugin.py:2298}}
Jun 06 21:05:58.781184 dv-cinder-844880-1-iscsi neutron-server[104189]: DEBUG neutron_lib.callbacks.manager [None req-d6bbf040-54d0-40ad-8bc8-18e0fee91a00 None None] Publish callbacks ['neutron.plugins.ml2.plugin.SecurityGroupDbMixin._ensure_default_security_group_handler-611625'] for port (9087f153-23e7-47cc-9738-4a5c2771de55), before_update {{(pid=104189) _notify_loop /usr/local/lib/python3.8/dist-packages/neutron_lib/callbacks/manager.py:176}}
Jun 06 21:05:58.824773 dv-cinder-844880-1-iscsi neutron-server[104189]: DEBUG neutron.plugins.ml2.db [None req-d6bbf040-54d0-40ad-8bc8-18e0fee91a00 None None] For port 9087f153-23e7-47cc-9738-4a5c2771de55, host dv-cinder-844880-1-iscsi, got binding levels [PortBindingLevel(driver='openvswitch',host='dv-cinder-844880-1-iscsi',level=0,port_id=9087f153-23e7-47cc-9738-4a5c2771de55,segment=NetworkSegment(3988c373-9d8a-47e1-8d6a-156380e8cb8b),segment_id=3988c373-9d8a-47e1-8d6a-156380e8cb8b)] {{(pid=104189) get_binding_level_objs /opt/stack/neutron/neutron/plugins/ml2/db.py:74}}
Jun 06 21:05:58.834529 dv-cinder-844880-1-iscsi neutron-server[104189]: DEBUG neutron_lib.callbacks.manager [None req-d6bbf040-54d0-40ad-8bc8-18e0fee91a00 None None] Publish callbacks ['neutron.plugins.ml2.plugin.SecurityGroupServerNotifierRpcMixin._notify_sg_on_port_change-611816', 'neutron.plugins.ml2.ovo_rpc._ObjectChangeHandler.handle_event-185390', 'neutron.api.rpc.agentnotifiers.dhcp_rpc_agent_api.DhcpAgentNotifyAPI._native_event_send_dhcp_notification-1632192', 'neutron.db.l3_db.L3RpcNotifierMixin._notify_gateway_port_ip_changed-8784650007682', 'neutron.db.l3_dvrscheduler_db._notify_l3_agent_port_update-8784649722673', 'neutron.db.l3_hascheduler_db._notify_l3_agent_ha_port_update-8784649722691'] for port (9087f153-23e7-47cc-9738-4a5c2771de55), after_update {{(pid=104189) _notify_loop /usr/local/lib/python3.8/dist-packages/neutron_lib/callbacks/manager.py:176}}
Jun 06 21:05:58.906377 dv-cinder-844880-1-iscsi neutron-server[104189]: DEBUG neutron.api.rpc.handlers.resources_rpc [None req-d6bbf040-54d0-40ad-8bc8-18e0fee91a00 None None] Pushing event updated for resources: {'Port': ['ID=9087f153-23e7-47cc-9738-4a5c2771de55,revision_number=3']} {{(pid=104189) push /opt/stack/neutron/neutron/api/rpc/handlers/resources_rpc.py:237}}
Jun 06 21:05:58.968793 dv-cinder-844880-1-iscsi neutron-server[104190]: DEBUG neutron.db.l3_dvr_db [None req-7d6102ca-de18-4b6a-a677-b05d5f2072fb None None] Set router 070d3463-e989-4216-8014-06190f536999 gateway port host: dv-cinder-844880-1-iscsi {{(pid=104190) _build_routers_list /opt/stack/neutron/neutron/db/l3_dvr_db.py:907}}
Jun 06 21:05:59.010044 dv-cinder-844880-1-iscsi neutron-server[104187]: DEBUG neutron.pecan_wsgi.hooks.policy_enforcement [req-a85675b0-7d5e-4d55-bc9c-cf959f32b14b req-d03ccaeb-5842-4a0e-9a64-ee20fd3b61c8 tempest-VolumesActionsTest-481127680 tempest-VolumesActionsTest-481127680-project] Attributes excluded by policy engine: ['standard_attr_id', 'vlan_transparent', 'provider:network_type', 'provider:physical_network', 'provider:segmentation_id'] {{(pid=104187) _exclude_attributes_by_policy /opt/stack/neutron/neutron/pecan_wsgi/hooks/policy_enforcement.py:259}}
Jun 06 21:05:59.013060 dv-cinder-844880-1-iscsi neutron-server[104187]: INFO neutron.wsgi [req-a85675b0-7d5e-4d55-bc9c-cf959f32b14b req-d03ccaeb-5842-4a0e-9a64-ee20fd3b61c8 tempest-VolumesActionsTest-481127680 tempest-VolumesActionsTest-481127680-project] 10.222.0.17 "GET /v2.0/networks?id=d022549a-4a85-4392-8e6a-5d4d29f676e1 HTTP/1.1" status: 200 len: 808 time: 0.1559689
Jun 06 21:05:59.031628 dv-cinder-844880-1-iscsi neutron-server[104187]: DEBUG neutron.api.v2.base [req-a85675b0-7d5e-4d55-bc9c-cf959f32b14b req-181cc59b-7446-4af3-8042-155d2847bc52 tempest-VolumesActionsTest-481127680 tempest-VolumesActionsTest-481127680-project] Request body: {'port': {'device_id': 'f03e0091-74a5-4481-8832-6c3c63a05513', 'network_id': 'd022549a-4a85-4392-8e6a-5d4d29f676e1', 'admin_state_up': True, 'tenant_id': 'f1a72d23da2148c598c119821ec8a513'}} {{(pid=104187) prepare_request_body /opt/stack/neutron/neutron/api/v2/base.py:730}}
Jun 06 21:05:59.116763 dv-cinder-844880-1-iscsi neutron-server[104188]: DEBUG dbcounter [-] [104188] Writing DB stats neutron:SELECT=96,neutron:UPDATE=2,neutron:INSERT=1,neutron:DELETE=1 {{(pid=104188) stat_writer /usr/local/lib/python3.8/dist-packages/dbcounter.py:114}}
Jun 06 21:05:59.182286 dv-cinder-844880-1-iscsi neutron-server[104189]: DEBUG neutron.db.provisioning_blocks [None req-47047f06-079c-4585-bd8a-3b4f1f9f59a3 None None] Provisioning complete for port 9087f153-23e7-47cc-9738-4a5c2771de55 triggered by entity DHCP. {{(pid=104189) provisioning_complete /opt/stack/neutron/neutron/db/provisioning_blocks.py:145}}
Jun 06 21:05:59.182854 dv-cinder-844880-1-iscsi neutron-server[104189]: DEBUG neutron_lib.callbacks.manager [None req-47047f06-079c-4585-bd8a-3b4f1f9f59a3 None None] Publish callbacks ['neutron.plugins.ml2.plugin.Ml2Plugin._port_provisioned-634730'] for port (9087f153-23e7-47cc-9738-4a5c2771de55), provisioning_complete {{(pid=104189) _notify_loop /usr/local/lib/python3.8/dist-packages/neutron_lib/callbacks/manager.py:176}}
Jun 06 21:05:59.184630 dv-cinder-844880-1-iscsi neutron-server[104190]: DEBUG neutron.db.l3_hamode_db [None req-7d6102ca-de18-4b6a-a677-b05d5f2072fb None None] neutron.services.l3_router.l3_router_plugin.L3RouterPlugin method _process_sync_ha_data called with arguments (, [{'id': '070d3463-e989-4216-8014-06190f536999', 'name': 'tempest-ServerRescueNegativeTestJSON-90079148-router', 'tenant_id': 'f0246519bc2240cf8d1ba54172c0faca', 'admin_state_up': True, 'status': 'ACTIVE', 'external_gateway_info': {'network_id': '250fde45-77d7-4e51-b7ef-1aa5eb05ddf6', 'external_fixed_ips': [{'subnet_id': '9cf32431-da28-4c85-990f-5c422c8f7760', 'ip_address': '172.27.2.232'}], 'enable_snat': True}, 'gw_port_id': '2058df77-c083-427f-82c9-3094bf55bb7c', 'description': '', 'availability_zones': ['nova'], 'distributed': False, 'ha': False, 'ha_vr_id': 0, 'availability_zone_hints': [], 'routes': [], 'flavor_id': None, 'tags': [], 'created_at': '2022-06-06T21:05:56Z', 'updated_at': '2022-06-06T21:05:57Z', 'revision_number': 3, 'project_id': 'f0246519bc2240cf8d1ba54172c0faca', 'gw_port': {'id': '2058df77-c083-427f-82c9-3094bf55bb7c', 'name': '', 'network_id': '250fde45-77d7-4e51-b7ef-1aa5eb05ddf6', 'tenant_id': '', 'mac_address': 'fa:16:3e:02:57:22', 'admin_state_up': True, 'status': 'DOWN', 'device_id': '070d3463-e989-4216-8014-06190f536999', 'device_owner': 'network:router_gateway', 'standard_attr_id': 279, 'fixed_ips': [{'subnet_id': '9cf32431-da28-4c85-990f-5c422c8f7760', 'ip_address': '172.27.2.232', 'prefixlen': 24}], 'allowed_address_pairs': [], 'extra_dhcp_opts': [], 'security_groups': [], 'description': '', 'binding:vnic_type': 'normal', 'binding:profile': {}, 'binding:host_id': '', 'binding:vif_type': 'unbound', 'binding:vif_details': {}, 'port_security_enabled': False, 'tags': [], 'created_at': '2022-06-06T21:05:57Z', 'updated_at': '2022-06-06T21:05:57Z', 'revision_number': 1, 'project_id': '', 'subnets': [{'id': '9cf32431-da28-4c85-990f-5c422c8f7760', 'cidr': '172.27.2.0/24', 'gateway_ip': '172.27.2.1', 'dns_nameservers': [], 'ipv6_ra_mode': None, 'subnetpool_id': None}], 'extra_subnets': [], 'address_scopes': {4: None, 6: None}, 'mtu': 1500}, 'enable_snat': True, 'gw_port_host': 'dv-cinder-844880-1-iscsi'}], 'dv-cinder-844880-1-iscsi', False) {} {{(pid=104190) wrapper /usr/local/lib/python3.8/dist-packages/oslo_log/helpers.py:65}}
Jun 06 21:05:59.210863 dv-cinder-844880-1-iscsi neutron-server[104187]: DEBUG neutron.pecan_wsgi.hooks.quota_enforcement [req-a85675b0-7d5e-4d55-bc9c-cf959f32b14b req-181cc59b-7446-4af3-8042-155d2847bc52 tempest-VolumesActionsTest-481127680 tempest-VolumesActionsTest-481127680-project] Made reservation on behalf of f1a72d23da2148c598c119821ec8a513 for: {'port': 1} {{(pid=104187) before /opt/stack/neutron/neutron/pecan_wsgi/hooks/quota_enforcement.py:53}}
Jun 06 21:05:59.215484 dv-cinder-844880-1-iscsi neutron-server[104187]: DEBUG neutron_lib.callbacks.manager [req-a85675b0-7d5e-4d55-bc9c-cf959f32b14b req-181cc59b-7446-4af3-8042-155d2847bc52 tempest-VolumesActionsTest-481127680 tempest-VolumesActionsTest-481127680-project] Publish callbacks ['neutron.plugins.ml2.plugin.SecurityGroupDbMixin._ensure_default_security_group_handler-611625'] for port (None), before_create {{(pid=104187) _notify_loop /usr/local/lib/python3.8/dist-packages/neutron_lib/callbacks/manager.py:176}}
Jun 06 21:05:59.223037 dv-cinder-844880-1-iscsi neutron-server[104190]: DEBUG neutron.api.rpc.handlers.l3_rpc [None req-7d6102ca-de18-4b6a-a677-b05d5f2072fb None None] Checking router: 070d3463-e989-4216-8014-06190f536999 for host: dv-cinder-844880-1-iscsi {{(pid=104190) _ensure_host_set_on_ports /opt/stack/neutron/neutron/api/rpc/handlers/l3_rpc.py:155}}
Jun 06 21:05:59.223372 dv-cinder-844880-1-iscsi neutron-server[104190]: DEBUG neutron.api.rpc.handlers.l3_rpc [None req-7d6102ca-de18-4b6a-a677-b05d5f2072fb None None] Updating router 070d3463-e989-4216-8014-06190f536999 port 2058df77-c083-427f-82c9-3094bf55bb7c binding host dv-cinder-844880-1-iscsi {{(pid=104190) _ensure_host_set_on_port /opt/stack/neutron/neutron/api/rpc/handlers/l3_rpc.py:205}}
Jun 06 21:05:59.309023 dv-cinder-844880-1-iscsi neutron-server[104189]: DEBUG neutron.plugins.ml2.plugin [None req-47047f06-079c-4585-bd8a-3b4f1f9f59a3 None None] Current status of the port 9087f153-23e7-47cc-9738-4a5c2771de55 is: ACTIVE; New status is: ACTIVE {{(pid=104189) _update_individual_port_db_status /opt/stack/neutron/neutron/plugins/ml2/plugin.py:2298}}
Jun 06 21:05:59.375421 dv-cinder-844880-1-iscsi neutron-server[104188]: DEBUG dbcounter [-] [104188] Writing DB stats neutron:SELECT=99,neutron:DELETE=1 {{(pid=104188) stat_writer /usr/local/lib/python3.8/dist-packages/dbcounter.py:114}}
Jun 06 21:05:59.387206 dv-cinder-844880-1-iscsi neutron-server[104190]: DEBUG neutron_lib.callbacks.manager [None req-7d6102ca-de18-4b6a-a677-b05d5f2072fb None None] Publish callbacks ['neutron.plugins.ml2.plugin.SecurityGroupDbMixin._ensure_default_security_group_handler-611625'] for port (2058df77-c083-427f-82c9-3094bf55bb7c), before_update {{(pid=104190) _notify_loop /usr/local/lib/python3.8/dist-packages/neutron_lib/callbacks/manager.py:176}}
Jun 06 21:05:59.389855 dv-cinder-844880-1-iscsi neutron-server[104188]: DEBUG neutron_lib.callbacks.manager [None req-02dd13c0-a76f-4c2f-b68f-9cff766886f9 admin admin] Publish callbacks ['neutron.plugins.ml2.plugin.SecurityGroupDbMixin._ensure_default_security_group_handler-611625'] for port (None), before_create {{(pid=104188) _notify_loop /usr/local/lib/python3.8/dist-packages/neutron_lib/callbacks/manager.py:176}}
Jun 06 21:05:59.418829 dv-cinder-844880-1-iscsi neutron-server[104187]: DEBUG neutron.db.db_base_plugin_common [req-a85675b0-7d5e-4d55-bc9c-cf959f32b14b req-181cc59b-7446-4af3-8042-155d2847bc52 tempest-VolumesActionsTest-481127680 tempest-VolumesActionsTest-481127680-project] Allocated IP 172.20.0.7 (d022549a-4a85-4392-8e6a-5d4d29f676e1/8a319a65-aaae-4bf5-a863-a03e5eee4153/7365f89f-bf7b-41fa-b1b6-79e6861ba5fc) {{(pid=104187) _store_ip_allocation /opt/stack/neutron/neutron/db/db_base_plugin_common.py:131}}
Jun 06 21:05:59.487743 dv-cinder-844880-1-iscsi neutron-server[104189]: DEBUG neutron_lib.callbacks.manager [None req-0f4b97dc-a510-469f-958a-1de96086a790 None None] Publish callbacks ['neutron.services.segments.db._update_segment_host_mapping_for_agent-8784650209271', 'neutron.plugins.ml2.plugin.Ml2Plugin._retry_binding_revived_agents-634636'] for agent (0ccb2941-f582-4a48-ad59-42b787d5a2c7), after_update {{(pid=104189) _notify_loop /usr/local/lib/python3.8/dist-packages/neutron_lib/callbacks/manager.py:176}}
Jun 06 21:05:59.582224 dv-cinder-844880-1-iscsi neutron-server[104187]: DEBUG dbcounter [-] [104187] Writing DB stats neutron:SELECT=87,neutron:DELETE=5,neutron:UPDATE=4,neutron:INSERT=4 {{(pid=104187) stat_writer /usr/local/lib/python3.8/dist-packages/dbcounter.py:114}}
Jun 06 21:05:59.636108 dv-cinder-844880-1-iscsi neutron-server[104188]: DEBUG neutron.db.db_base_plugin_common [None req-02dd13c0-a76f-4c2f-b68f-9cff766886f9 admin admin] Allocated IP 172.20.0.1 (9bdfa114-ca93-4485-b7b6-8e22817f3380/f8927850-a56b-4dd1-8e5b-a340813572bb/003aac24-d5cd-4719-a742-40aa3246d277) {{(pid=104188) _store_ip_allocation /opt/stack/neutron/neutron/db/db_base_plugin_common.py:131}}
Jun 06 21:05:59.645062 dv-cinder-844880-1-iscsi neutron-server[104189]: DEBUG neutron.plugins.ml2.rpc [None req-0f4b97dc-a510-469f-958a-1de96086a790 None None] Device 9087f153-23e7-47cc-9738-4a5c2771de55 up at agent ovs-agent-dv-cinder-844880-1-iscsi {{(pid=104189) update_device_up /opt/stack/neutron/neutron/plugins/ml2/rpc.py:296}}
Jun 06 21:05:59.710171 dv-cinder-844880-1-iscsi neutron-server[104189]: DEBUG neutron.db.provisioning_blocks [None req-0f4b97dc-a510-469f-958a-1de96086a790 None None] Provisioning complete for port 9087f153-23e7-47cc-9738-4a5c2771de55 triggered by entity L2. {{(pid=104189) provisioning_complete /opt/stack/neutron/neutron/db/provisioning_blocks.py:145}}
Jun 06 21:05:59.710944 dv-cinder-844880-1-iscsi neutron-server[104189]: DEBUG neutron_lib.callbacks.manager [None req-0f4b97dc-a510-469f-958a-1de96086a790 None None] Publish callbacks ['neutron.plugins.ml2.plugin.Ml2Plugin._port_provisioned-634730'] for port (9087f153-23e7-47cc-9738-4a5c2771de55), provisioning_complete {{(pid=104189) _notify_loop /usr/local/lib/python3.8/dist-packages/neutron_lib/callbacks/manager.py:176}}
Jun 06 21:05:59.733792 dv-cinder-844880-1-iscsi neutron-server[104187]: DEBUG neutron_lib.callbacks.manager [req-a85675b0-7d5e-4d55-bc9c-cf959f32b14b req-181cc59b-7446-4af3-8042-155d2847bc52 tempest-VolumesActionsTest-481127680 tempest-VolumesActionsTest-481127680-project] Publish callbacks [] for port (7365f89f-bf7b-41fa-b1b6-79e6861ba5fc), precommit_create {{(pid=104187) _notify_loop /usr/local/lib/python3.8/dist-packages/neutron_lib/callbacks/manager.py:176}}
Jun 06 21:05:59.797581 dv-cinder-844880-1-iscsi neutron-server[104188]: DEBUG neutron_lib.callbacks.manager [None req-02dd13c0-a76f-4c2f-b68f-9cff766886f9 admin admin] Publish callbacks [] for port (003aac24-d5cd-4719-a742-40aa3246d277), precommit_create {{(pid=104188) _notify_loop /usr/local/lib/python3.8/dist-packages/neutron_lib/callbacks/manager.py:176}}
Jun 06 21:05:59.814954 dv-cinder-844880-1-iscsi neutron-server[104187]: DEBUG neutron_lib.callbacks.manager [req-a85675b0-7d5e-4d55-bc9c-cf959f32b14b req-181cc59b-7446-4af3-8042-155d2847bc52 tempest-VolumesActionsTest-481127680 tempest-VolumesActionsTest-481127680-project] Publish callbacks ['neutron.plugins.ml2.plugin.SecurityGroupServerNotifierRpcMixin._notify_sg_on_port_change-611816', 'neutron.plugins.ml2.ovo_rpc._ObjectChangeHandler.handle_event-185390', 'neutron.api.rpc.agentnotifiers.dhcp_rpc_agent_api.DhcpAgentNotifyAPI._native_event_send_dhcp_notification-1632192', 'neutron.db.l3_dvrscheduler_db._notify_l3_agent_new_port-8784649722655', 'neutron.services.segments.plugin.NovaSegmentNotifier._notify_port_created_or_deleted-18682067'] for port (7365f89f-bf7b-41fa-b1b6-79e6861ba5fc), after_create {{(pid=104187) _notify_loop /usr/local/lib/python3.8/dist-packages/neutron_lib/callbacks/manager.py:176}}
Jun 06 21:05:59.857317 dv-cinder-844880-1-iscsi neutron-server[104189]: DEBUG neutron.plugins.ml2.plugin [None req-0f4b97dc-a510-469f-958a-1de96086a790 None None] Current status of the port 9087f153-23e7-47cc-9738-4a5c2771de55 is: ACTIVE; New status is: ACTIVE {{(pid=104189) _update_individual_port_db_status /opt/stack/neutron/neutron/plugins/ml2/plugin.py:2298}}
Jun 06 21:05:59.881211 dv-cinder-844880-1-iscsi neutron-server[104187]: DEBUG neutron.scheduler.dhcp_agent_scheduler [req-a85675b0-7d5e-4d55-bc9c-cf959f32b14b req-181cc59b-7446-4af3-8042-155d2847bc52 tempest-VolumesActionsTest-481127680 tempest-VolumesActionsTest-481127680-project] Network d022549a-4a85-4392-8e6a-5d4d29f676e1 is already hosted by enough agents. {{(pid=104187) _get_dhcp_agents_hosting_network /opt/stack/neutron/neutron/scheduler/dhcp_agent_scheduler.py:275}}
Jun 06 21:05:59.883154 dv-cinder-844880-1-iscsi neutron-server[104187]: DEBUG neutron.scheduler.base_scheduler [req-a85675b0-7d5e-4d55-bc9c-cf959f32b14b req-181cc59b-7446-4af3-8042-155d2847bc52 tempest-VolumesActionsTest-481127680 tempest-VolumesActionsTest-481127680-project] Resources bound (agent type, host, resource id): {{(pid=104187) schedule /opt/stack/neutron/neutron/scheduler/base_scheduler.py:57}}
Jun 06 21:05:59.885381 dv-cinder-844880-1-iscsi neutron-server[104187]: DEBUG neutron.api.rpc.handlers.resources_rpc [None req-181cc59b-7446-4af3-8042-155d2847bc52 tempest-VolumesActionsTest-481127680 tempest-VolumesActionsTest-481127680-project] Pushing event updated for resources: {'Port': ['ID=7365f89f-bf7b-41fa-b1b6-79e6861ba5fc,revision_number=1']} {{(pid=104187) push /opt/stack/neutron/neutron/api/rpc/handlers/resources_rpc.py:237}}
Jun 06 21:05:59.888216 dv-cinder-844880-1-iscsi neutron-server[104187]: DEBUG neutron.db.l3_dvrscheduler_db [req-a85675b0-7d5e-4d55-bc9c-cf959f32b14b req-181cc59b-7446-4af3-8042-155d2847bc52 tempest-VolumesActionsTest-481127680 tempest-VolumesActionsTest-481127680-project] Received port after_create {{(pid=104187) _notify_l3_agent_new_port /opt/stack/neutron/neutron/db/l3_dvrscheduler_db.py:542}}
Jun 06 21:05:59.893626 dv-cinder-844880-1-iscsi neutron-server[104188]: DEBUG neutron.pecan_wsgi.hooks.policy_enforcement [req-c2dda29b-808b-4f10-afcd-012ce16c6c3a req-37288435-927d-417a-857d-7693c006154e tempest-VolumesActionsTest-481127680 tempest-VolumesActionsTest-481127680-project] Attributes excluded by policy engine: ['standard_attr_id', 'binding:profile', 'binding:host_id', 'binding:vif_type', 'binding:vif_details'] {{(pid=104188) _exclude_attributes_by_policy /opt/stack/neutron/neutron/pecan_wsgi/hooks/policy_enforcement.py:259}}
Jun 06 21:05:59.893626 dv-cinder-844880-1-iscsi neutron-server[104188]: INFO neutron.wsgi [req-c2dda29b-808b-4f10-afcd-012ce16c6c3a req-37288435-927d-417a-857d-7693c006154e tempest-VolumesActionsTest-481127680 tempest-VolumesActionsTest-481127680-project] 10.222.0.33 "GET /v2.0/ports?device_id=f03e0091-74a5-4481-8832-6c3c63a05513 HTTP/1.1" status: 200 len: 931 time: 0.0856268
Jun 06 21:05:59.910599 dv-cinder-844880-1-iscsi neutron-server[104188]: DEBUG neutron_lib.callbacks.manager [None req-02dd13c0-a76f-4c2f-b68f-9cff766886f9 admin admin] Publish callbacks ['neutron.plugins.ml2.plugin.SecurityGroupServerNotifierRpcMixin._notify_sg_on_port_change-611816', 'neutron.plugins.ml2.ovo_rpc._ObjectChangeHandler.handle_event-185390', 'neutron.api.rpc.agentnotifiers.dhcp_rpc_agent_api.DhcpAgentNotifyAPI._native_event_send_dhcp_notification-1632192', 'neutron.db.l3_dvrscheduler_db._notify_l3_agent_new_port-8784649722655', 'neutron.services.segments.plugin.NovaSegmentNotifier._notify_port_created_or_deleted-3569172'] for port (003aac24-d5cd-4719-a742-40aa3246d277), after_create {{(pid=104188) _notify_loop /usr/local/lib/python3.8/dist-packages/neutron_lib/callbacks/manager.py:176}}
Jun 06 21:05:59.929619 dv-cinder-844880-1-iscsi neutron-server[104187]: DEBUG dbcounter [-] [104187] Writing DB stats neutron:SELECT=91,neutron:DELETE=3,neutron:INSERT=5,neutron:UPDATE=1 {{(pid=104187) stat_writer /usr/local/lib/python3.8/dist-packages/dbcounter.py:114}}
Jun 06 21:05:59.944661 dv-cinder-844880-1-iscsi neutron-server[104190]: DEBUG neutron_lib.callbacks.manager [None req-7d6102ca-de18-4b6a-a677-b05d5f2072fb None None] Publish callbacks [] for port (2058df77-c083-427f-82c9-3094bf55bb7c), precommit_update {{(pid=104190) _notify_loop /usr/local/lib/python3.8/dist-packages/neutron_lib/callbacks/manager.py:176}}
Jun 06 21:05:59.957863 dv-cinder-844880-1-iscsi neutron-server[104190]: DEBUG neutron_lib.callbacks.manager [None req-7d6102ca-de18-4b6a-a677-b05d5f2072fb None None] Publish callbacks ['neutron.plugins.ml2.plugin.SecurityGroupServerNotifierRpcMixin._notify_sg_on_port_change-611816', 'neutron.plugins.ml2.ovo_rpc._ObjectChangeHandler.handle_event-185390', 'neutron.api.rpc.agentnotifiers.dhcp_rpc_agent_api.DhcpAgentNotifyAPI._native_event_send_dhcp_notification-1632192', 'neutron.db.l3_db.L3RpcNotifierMixin._notify_gateway_port_ip_changed-8784650007682', 'neutron.db.l3_dvrscheduler_db._notify_l3_agent_port_update-8784649722673', 'neutron.db.l3_hascheduler_db._notify_l3_agent_ha_port_update-8784649722691'] for port (2058df77-c083-427f-82c9-3094bf55bb7c), after_update {{(pid=104190) _notify_loop /usr/local/lib/python3.8/dist-packages/neutron_lib/callbacks/manager.py:176}}
Jun 06 21:05:59.958549 dv-cinder-844880-1-iscsi neutron-server[104187]: DEBUG neutron.pecan_wsgi.hooks.policy_enforcement [req-a85675b0-7d5e-4d55-bc9c-cf959f32b14b req-181cc59b-7446-4af3-8042-155d2847bc52 tempest-VolumesActionsTest-481127680 tempest-VolumesActionsTest-481127680-project] Attributes excluded by policy engine: ['standard_attr_id', 'binding:profile', 'binding:host_id', 'binding:vif_type', 'binding:vif_details', 'network'] {{(pid=104187) _exclude_attributes_by_policy /opt/stack/neutron/neutron/pecan_wsgi/hooks/policy_enforcement.py:259}}
Jun 06 21:05:59.959695 dv-cinder-844880-1-iscsi neutron-server[104187]: DEBUG neutron_lib.callbacks.manager [req-a85675b0-7d5e-4d55-bc9c-cf959f32b14b req-181cc59b-7446-4af3-8042-155d2847bc52 tempest-VolumesActionsTest-481127680 tempest-VolumesActionsTest-481127680-project] Publish callbacks ['neutron.notifiers.nova.Notifier._send_nova_notification-81645'] for port (None), before_response {{(pid=104187) _notify_loop /usr/local/lib/python3.8/dist-packages/neutron_lib/callbacks/manager.py:176}}
Jun 06 21:05:59.974133 dv-cinder-844880-1-iscsi neutron-server[104188]: DEBUG neutron.scheduler.dhcp_agent_scheduler [None req-02dd13c0-a76f-4c2f-b68f-9cff766886f9 admin admin] Network 9bdfa114-ca93-4485-b7b6-8e22817f3380 is already hosted by enough agents. {{(pid=104188) _get_dhcp_agents_hosting_network /opt/stack/neutron/neutron/scheduler/dhcp_agent_scheduler.py:275}}
Jun 06 21:05:59.985770 dv-cinder-844880-1-iscsi neutron-server[104187]: INFO neutron.wsgi [req-a85675b0-7d5e-4d55-bc9c-cf959f32b14b req-181cc59b-7446-4af3-8042-155d2847bc52 tempest-VolumesActionsTest-481127680 tempest-VolumesActionsTest-481127680-project] 10.222.0.17 "POST /v2.0/ports HTTP/1.1" status: 201 len: 933 time: 0.9620817
Jun 06 21:05:59.995387 dv-cinder-844880-1-iscsi neutron-server[104188]: DEBUG neutron.scheduler.base_scheduler [None req-02dd13c0-a76f-4c2f-b68f-9cff766886f9 admin admin] Resources bound (agent type, host, resource id): {{(pid=104188) schedule /opt/stack/neutron/neutron/scheduler/base_scheduler.py:57}}
Jun 06 21:06:00.005532 dv-cinder-844880-1-iscsi neutron-server[104188]: DEBUG neutron.db.l3_dvrscheduler_db [None req-02dd13c0-a76f-4c2f-b68f-9cff766886f9 admin admin] Received port after_create {{(pid=104188) _notify_l3_agent_new_port /opt/stack/neutron/neutron/db/l3_dvrscheduler_db.py:542}}
Jun 06 21:06:00.012022 dv-cinder-844880-1-iscsi neutron-server[104188]: DEBUG neutron.api.rpc.handlers.resources_rpc [None req-02dd13c0-a76f-4c2f-b68f-9cff766886f9 admin admin] Pushing event updated for resources: {'Port': ['ID=003aac24-d5cd-4719-a742-40aa3246d277,revision_number=1']} {{(pid=104188) push /opt/stack/neutron/neutron/api/rpc/handlers/resources_rpc.py:237}}
Jun 06 21:06:00.049117 dv-cinder-844880-1-iscsi neutron-server[104188]: INFO neutron.wsgi [req-c2dda29b-808b-4f10-afcd-012ce16c6c3a req-b2685580-9fe1-4603-9958-9da75a085125 tempest-VolumesActionsTest-481127680 tempest-VolumesActionsTest-481127680-project] 10.222.0.33 "GET /v2.0/security-groups?id=5d42156c-4fdd-4682-95cc-149d6519befa&fields=id&fields=name HTTP/1.1" status: 200 len: 286 time: 0.1493740
Jun 06 21:06:00.057930 dv-cinder-844880-1-iscsi neutron-server[104190]: DEBUG neutron.api.rpc.handlers.resources_rpc [None req-49f57eb5-12af-4e7f-bd21-397204fc5512 None None] Pushing event updated for resources: {'Port': ['ID=2058df77-c083-427f-82c9-3094bf55bb7c,revision_number=2']} {{(pid=104190) push /opt/stack/neutron/neutron/api/rpc/handlers/resources_rpc.py:237}}
Jun 06 21:06:00.062080 dv-cinder-844880-1-iscsi neutron-server[104190]: DEBUG neutron.plugins.ml2.managers [None req-7d6102ca-de18-4b6a-a677-b05d5f2072fb None None] Attempting to bind port 2058df77-c083-427f-82c9-3094bf55bb7c on host dv-cinder-844880-1-iscsi for vnic_type normal with profile {{(pid=104190) bind_port /opt/stack/neutron/neutron/plugins/ml2/managers.py:811}}
Jun 06 21:06:00.062437 dv-cinder-844880-1-iscsi neutron-server[104190]: DEBUG neutron.plugins.ml2.managers [None req-7d6102ca-de18-4b6a-a677-b05d5f2072fb None None] Attempting to bind port 2058df77-c083-427f-82c9-3094bf55bb7c by drivers openvswitch,hyperv on host dv-cinder-844880-1-iscsi at level 0 using segments [{'id': '73dfe7f8-24dc-49f3-b03e-5914a8315af1', 'network_type': 'flat', 'physical_network': 'physnet1', 'segmentation_id': None, 'network_id': '250fde45-77d7-4e51-b7ef-1aa5eb05ddf6'}] {{(pid=104190) _bind_port_level /opt/stack/neutron/neutron/plugins/ml2/managers.py:836}}
Jun 06 21:06:00.063495 dv-cinder-844880-1-iscsi neutron-server[104190]: DEBUG neutron.plugins.ml2.drivers.mech_agent [None req-7d6102ca-de18-4b6a-a677-b05d5f2072fb None None] Attempting to bind port 2058df77-c083-427f-82c9-3094bf55bb7c on network 250fde45-77d7-4e51-b7ef-1aa5eb05ddf6 {{(pid=104190) bind_port /opt/stack/neutron/neutron/plugins/ml2/drivers/mech_agent.py:91}}
Jun 06 21:06:00.071224 dv-cinder-844880-1-iscsi neutron-server[104190]: DEBUG neutron.api.rpc.callbacks.version_manager [None req-49f57eb5-12af-4e7f-bd21-397204fc5512 None None] Version for resource type AddressGroup changed None to 1.2 on consumer Open vSwitch agent@dv-cinder-844880-1-iscsi {{(pid=104190) _set_version /opt/stack/neutron/neutron/api/rpc/callbacks/version_manager.py:113}}
Jun 06 21:06:00.071737 dv-cinder-844880-1-iscsi neutron-server[104190]: DEBUG neutron.api.rpc.callbacks.version_manager [None req-49f57eb5-12af-4e7f-bd21-397204fc5512 None None] Version for resource type Agent changed None to 1.1 on consumer Open vSwitch agent@dv-cinder-844880-1-iscsi {{(pid=104190) _set_version /opt/stack/neutron/neutron/api/rpc/callbacks/version_manager.py:113}}
Jun 06 21:06:00.072063 dv-cinder-844880-1-iscsi neutron-server[104190]: DEBUG neutron.api.rpc.callbacks.version_manager [None req-49f57eb5-12af-4e7f-bd21-397204fc5512 None None] Version for resource type ConntrackHelper changed None to 1.0 on consumer Open vSwitch agent@dv-cinder-844880-1-iscsi {{(pid=104190) _set_version /opt/stack/neutron/neutron/api/rpc/callbacks/version_manager.py:113}}
Jun 06 21:06:00.072357 dv-cinder-844880-1-iscsi neutron-server[104190]: DEBUG neutron.api.rpc.callbacks.version_manager [None req-49f57eb5-12af-4e7f-bd21-397204fc5512 None None] Version for resource type LocalIPAssociation changed None to 1.0 on consumer Open vSwitch agent@dv-cinder-844880-1-iscsi {{(pid=104190) _set_version /opt/stack/neutron/neutron/api/rpc/callbacks/version_manager.py:113}}
Jun 06 21:06:00.072700 dv-cinder-844880-1-iscsi neutron-server[104190]: DEBUG neutron.api.rpc.callbacks.version_manager [None req-49f57eb5-12af-4e7f-bd21-397204fc5512 None None] Version for resource type Log changed None to 1.0 on consumer Open vSwitch agent@dv-cinder-844880-1-iscsi {{(pid=104190) _set_version /opt/stack/neutron/neutron/api/rpc/callbacks/version_manager.py:113}}
Jun 06 21:06:00.073073 dv-cinder-844880-1-iscsi neutron-server[104190]: DEBUG neutron.api.rpc.callbacks.version_manager [None req-49f57eb5-12af-4e7f-bd21-397204fc5512 None None] Version for resource type NDPProxy changed None to 1.0 on consumer Open vSwitch agent@dv-cinder-844880-1-iscsi {{(pid=104190) _set_version /opt/stack/neutron/neutron/api/rpc/callbacks/version_manager.py:113}}
Jun 06 21:06:00.073419 dv-cinder-844880-1-iscsi neutron-server[104190]: DEBUG neutron.api.rpc.callbacks.version_manager [None req-49f57eb5-12af-4e7f-bd21-397204fc5512 None None] Version for resource type Network changed None to 1.1 on consumer Open vSwitch agent@dv-cinder-844880-1-iscsi {{(pid=104190) _set_version /opt/stack/neutron/neutron/api/rpc/callbacks/version_manager.py:113}}
Jun 06 21:06:00.073737 dv-cinder-844880-1-iscsi neutron-server[104190]: DEBUG neutron.api.rpc.callbacks.version_manager [None req-49f57eb5-12af-4e7f-bd21-397204fc5512 None None] Version for resource type Port changed None to 1.7 on consumer Open vSwitch agent@dv-cinder-844880-1-iscsi {{(pid=104190) _set_version /opt/stack/neutron/neutron/api/rpc/callbacks/version_manager.py:113}}
Jun 06 21:06:00.074054 dv-cinder-844880-1-iscsi neutron-server[104190]: DEBUG neutron.api.rpc.callbacks.version_manager [None req-49f57eb5-12af-4e7f-bd21-397204fc5512 None None] Version for resource type PortForwarding changed None to 1.3 on consumer Open vSwitch agent@dv-cinder-844880-1-iscsi {{(pid=104190) _set_version /opt/stack/neutron/neutron/api/rpc/callbacks/version_manager.py:113}}
Jun 06 21:06:00.074367 dv-cinder-844880-1-iscsi neutron-server[104190]: DEBUG neutron.api.rpc.callbacks.version_manager [None req-49f57eb5-12af-4e7f-bd21-397204fc5512 None None] Version for resource type QosPolicy changed None to 1.10 on consumer Open vSwitch agent@dv-cinder-844880-1-iscsi {{(pid=104190) _set_version /opt/stack/neutron/neutron/api/rpc/callbacks/version_manager.py:113}}
Jun 06 21:06:00.074684 dv-cinder-844880-1-iscsi neutron-server[104190]: DEBUG neutron.api.rpc.callbacks.version_manager [None req-49f57eb5-12af-4e7f-bd21-397204fc5512 None None] Version for resource type SecurityGroup changed None to 1.5 on consumer Open vSwitch agent@dv-cinder-844880-1-iscsi {{(pid=104190) _set_version /opt/stack/neutron/neutron/api/rpc/callbacks/version_manager.py:113}}
Jun 06 21:06:00.075180 dv-cinder-844880-1-iscsi neutron-server[104190]: DEBUG neutron.api.rpc.callbacks.version_manager [None req-49f57eb5-12af-4e7f-bd21-397204fc5512 None None] Version for resource type SecurityGroupRule changed None to 1.2 on consumer Open vSwitch agent@dv-cinder-844880-1-iscsi {{(pid=104190) _set_version /opt/stack/neutron/neutron/api/rpc/callbacks/version_manager.py:113}}
Jun 06 21:06:00.075485 dv-cinder-844880-1-iscsi neutron-server[104190]: DEBUG neutron.api.rpc.callbacks.version_manager [None req-49f57eb5-12af-4e7f-bd21-397204fc5512 None None] Version for resource type SubPort changed None to 1.0 on consumer Open vSwitch agent@dv-cinder-844880-1-iscsi {{(pid=104190) _set_version /opt/stack/neutron/neutron/api/rpc/callbacks/version_manager.py:113}}
Jun 06 21:06:00.075803 dv-cinder-844880-1-iscsi neutron-server[104190]: DEBUG neutron.api.rpc.callbacks.version_manager [None req-49f57eb5-12af-4e7f-bd21-397204fc5512 None None] Version for resource type Subnet changed None to 1.1 on consumer Open vSwitch agent@dv-cinder-844880-1-iscsi {{(pid=104190) _set_version /opt/stack/neutron/neutron/api/rpc/callbacks/version_manager.py:113}}
Jun 06 21:06:00.076147 dv-cinder-844880-1-iscsi neutron-server[104190]: DEBUG neutron.api.rpc.callbacks.version_manager [None req-49f57eb5-12af-4e7f-bd21-397204fc5512 None None] Version for resource type Trunk changed None to 1.1 on consumer Open vSwitch agent@dv-cinder-844880-1-iscsi {{(pid=104190) _set_version /opt/stack/neutron/neutron/api/rpc/callbacks/version_manager.py:113}}
Jun 06 21:06:00.082527 dv-cinder-844880-1-iscsi neutron-server[104188]: DEBUG neutron_lib.callbacks.manager [None req-02dd13c0-a76f-4c2f-b68f-9cff766886f9 admin admin] Publish callbacks ['neutron.services.l3_router.l3_router_plugin.DVRResourceOperationHandler._add_csnat_on_interface_create-1927074'] for router_interface (070d3463-e989-4216-8014-06190f536999), before_create {{(pid=104188) _notify_loop /usr/local/lib/python3.8/dist-packages/neutron_lib/callbacks/manager.py:176}}
Jun 06 21:06:00.083263 dv-cinder-844880-1-iscsi neutron-server[104190]: DEBUG neutron.plugins.ml2.drivers.mech_agent [None req-7d6102ca-de18-4b6a-a677-b05d5f2072fb None None] Checking agent: {'id': '0ccb2941-f582-4a48-ad59-42b787d5a2c7', 'agent_type': 'Open vSwitch agent', 'binary': 'neutron-openvswitch-agent', 'topic': 'N/A', 'host': 'dv-cinder-844880-1-iscsi', 'admin_state_up': True, 'created_at': datetime.datetime(2022, 6, 6, 20, 55, 59), 'started_at': datetime.datetime(2022, 6, 6, 20, 56, 29), 'heartbeat_timestamp': datetime.datetime(2022, 6, 6, 21, 5, 59), 'description': None, 'resources_synced': None, 'availability_zone': None, 'alive': True, 'configurations': {'arp_responder_enabled': False, 'baremetal_smartnic': False, 'bridge_mappings': {'physnet1': 'br-data'}, 'datapath_type': 'system', 'devices': 0, 'enable_distributed_routing': False, 'extensions': [], 'in_distributed_mode': False, 'integration_bridge': 'br-int', 'l2_population': False, 'log_agent_heartbeats': False, 'ovs_capabilities': {'datapath_types': ['netdev', 'system'], 'iface_types': ['erspan', 'geneve', 'gre', 'internal', 'ip6erspan', 'ip6gre', 'lisp', 'patch', 'stt', 'system', 'tap', 'vxlan']}, 'ovs_hybrid_plug': False, 'resource_provider_bandwidths': {}, 'resource_provider_hypervisors': {'br-data': 'dv-cinder-844880-1-iscsi'}, 'resource_provider_inventory_defaults': {'allocation_ratio': 1.0, 'min_unit': 1, 'step_size': 1, 'reserved': 0}, 'resource_provider_packet_processing_inventory_defaults': {'allocation_ratio': 1.0, 'min_unit': 1, 'step_size': 1, 'reserved': 0}, 'resource_provider_packet_processing_with_direction': {}, 'resource_provider_packet_processing_without_direction': {}, 'tunnel_types': [], 'tunneling_ip': None, 'vhostuser_socket_dir': '/var/run/openvswitch'}, 'resource_versions': {'AddressGroup': '1.2', 'Agent': '1.1', 'ConntrackHelper': '1.0', 'LocalIPAssociation': '1.0', 'Log': '1.0', 'NDPProxy': '1.0', 'Network': '1.1', 'Port': '1.7', 'PortForwarding': '1.3', 'QosPolicy': '1.10', 'SecurityGroup': '1.5', 'SecurityGroupRule': '1.2', 'SubPort': '1.0', 'Subnet': '1.1', 'Trunk': '1.1'}} {{(pid=104190) bind_port /opt/stack/neutron/neutron/plugins/ml2/drivers/mech_agent.py:110}}
Jun 06 21:06:00.083675 dv-cinder-844880-1-iscsi neutron-server[104190]: DEBUG neutron.plugins.ml2.drivers.mech_agent [None req-7d6102ca-de18-4b6a-a677-b05d5f2072fb None None] Checking segment: {'id': '73dfe7f8-24dc-49f3-b03e-5914a8315af1', 'network_type': 'flat', 'physical_network': 'physnet1', 'segmentation_id': None, 'network_id': '250fde45-77d7-4e51-b7ef-1aa5eb05ddf6'} for mappings: {'physnet1': 'br-data'} with network types: ['local', 'flat', 'vlan'] {{(pid=104190) check_segment_for_agent /opt/stack/neutron/neutron/plugins/ml2/drivers/mech_agent.py:373}}
Jun 06 21:06:00.084123 dv-cinder-844880-1-iscsi neutron-server[104190]: DEBUG neutron_lib.callbacks.manager [None req-7d6102ca-de18-4b6a-a677-b05d5f2072fb None None] Publish callbacks [] for ovs_bridge_name (None), before_read {{(pid=104190) _notify_loop /usr/local/lib/python3.8/dist-packages/neutron_lib/callbacks/manager.py:176}}
Jun 06 21:06:00.084509 dv-cinder-844880-1-iscsi neutron-server[104190]: DEBUG neutron.plugins.ml2.drivers.mech_agent [None req-7d6102ca-de18-4b6a-a677-b05d5f2072fb None None] Bound using segment: {'id': '73dfe7f8-24dc-49f3-b03e-5914a8315af1', 'network_type': 'flat', 'physical_network': 'physnet1', 'segmentation_id': None, 'network_id': '250fde45-77d7-4e51-b7ef-1aa5eb05ddf6'} {{(pid=104190) bind_port /opt/stack/neutron/neutron/plugins/ml2/drivers/mech_agent.py:120}}
Jun 06 21:06:00.085187 dv-cinder-844880-1-iscsi neutron-server[104190]: DEBUG neutron.plugins.ml2.managers [None req-7d6102ca-de18-4b6a-a677-b05d5f2072fb None None] Bound port: 2058df77-c083-427f-82c9-3094bf55bb7c, host: dv-cinder-844880-1-iscsi, vif_type: ovs, vif_details: {"connectivity": "l2", "port_filter": true, "ovs_hybrid_plug": false, "datapath_type": "system", "bridge_name": "br-int"}, binding_levels: [{'bound_driver': 'openvswitch', 'bound_segment': {'id': '73dfe7f8-24dc-49f3-b03e-5914a8315af1', 'network_type': 'flat', 'physical_network': 'physnet1', 'segmentation_id': None, 'network_id': '250fde45-77d7-4e51-b7ef-1aa5eb05ddf6'}}] {{(pid=104190) _bind_port_level /opt/stack/neutron/neutron/plugins/ml2/managers.py:948}}
Jun 06 21:06:00.085390 dv-cinder-844880-1-iscsi neutron-server[104190]: DEBUG neutron_lib.callbacks.manager [None req-7d6102ca-de18-4b6a-a677-b05d5f2072fb None None] Publish callbacks ['neutron.plugins.ml2.plugin.SecurityGroupDbMixin._ensure_default_security_group_handler-611625'] for port (2058df77-c083-427f-82c9-3094bf55bb7c), before_update {{(pid=104190) _notify_loop /usr/local/lib/python3.8/dist-packages/neutron_lib/callbacks/manager.py:176}}
Jun 06 21:06:00.177810 dv-cinder-844880-1-iscsi neutron-server[104190]: DEBUG neutron.plugins.ml2.db [None req-7d6102ca-de18-4b6a-a677-b05d5f2072fb None None] For port 2058df77-c083-427f-82c9-3094bf55bb7c, host dv-cinder-844880-1-iscsi, cleared binding levels {{(pid=104190) clear_binding_levels /opt/stack/neutron/neutron/plugins/ml2/db.py:87}}
Jun 06 21:06:00.183860 dv-cinder-844880-1-iscsi neutron-server[104190]: DEBUG neutron.plugins.ml2.db [None req-7d6102ca-de18-4b6a-a677-b05d5f2072fb None None] For port 2058df77-c083-427f-82c9-3094bf55bb7c, host dv-cinder-844880-1-iscsi, set binding levels [PortBindingLevel(driver='openvswitch',host='dv-cinder-844880-1-iscsi',level=0,port_id=2058df77-c083-427f-82c9-3094bf55bb7c,segment=NetworkSegment(73dfe7f8-24dc-49f3-b03e-5914a8315af1),segment_id=73dfe7f8-24dc-49f3-b03e-5914a8315af1)] {{(pid=104190) set_binding_levels /opt/stack/neutron/neutron/plugins/ml2/db.py:59}}
Jun 06 21:06:00.195394 dv-cinder-844880-1-iscsi neutron-server[104190]: DEBUG neutron_lib.callbacks.manager [None req-7d6102ca-de18-4b6a-a677-b05d5f2072fb None None] Publish callbacks ['neutron.plugins.ml2.plugin.SecurityGroupServerNotifierRpcMixin._notify_sg_on_port_change-611816', 'neutron.plugins.ml2.ovo_rpc._ObjectChangeHandler.handle_event-185390', 'neutron.api.rpc.agentnotifiers.dhcp_rpc_agent_api.DhcpAgentNotifyAPI._native_event_send_dhcp_notification-1632192', 'neutron.db.l3_db.L3RpcNotifierMixin._notify_gateway_port_ip_changed-8784650007682', 'neutron.db.l3_dvrscheduler_db._notify_l3_agent_port_update-8784649722673', 'neutron.db.l3_hascheduler_db._notify_l3_agent_ha_port_update-8784649722691'] for port (2058df77-c083-427f-82c9-3094bf55bb7c), after_update {{(pid=104190) _notify_loop /usr/local/lib/python3.8/dist-packages/neutron_lib/callbacks/manager.py:176}}
Jun 06 21:06:00.201562 dv-cinder-844880-1-iscsi neutron-server[104188]: DEBUG dbcounter [-] [104188] Writing DB stats neutron:SELECT=95,neutron:INSERT=3,neutron:UPDATE=2 {{(pid=104188) stat_writer /usr/local/lib/python3.8/dist-packages/dbcounter.py:114}}
Jun 06 21:06:00.246551 dv-cinder-844880-1-iscsi neutron-server[104188]: DEBUG neutron_lib.callbacks.manager [None req-02dd13c0-a76f-4c2f-b68f-9cff766886f9 admin admin] Publish callbacks ['neutron.plugins.ml2.plugin.SecurityGroupDbMixin._ensure_default_security_group_handler-611625'] for port (003aac24-d5cd-4719-a742-40aa3246d277), before_update {{(pid=104188) _notify_loop /usr/local/lib/python3.8/dist-packages/neutron_lib/callbacks/manager.py:176}}
Jun 06 21:06:00.270185 dv-cinder-844880-1-iscsi neutron-server[104190]: DEBUG neutron.db.l3_dvrscheduler_db [None req-7d6102ca-de18-4b6a-a677-b05d5f2072fb None None] Routers {'070d3463-e989-4216-8014-06190f536999'} bound to L3 agent in host dv-cinder-844880-1-iscsi {{(pid=104190) _get_router_ids_for_agent /opt/stack/neutron/neutron/db/l3_dvrscheduler_db.py:426}}
Jun 06 21:06:00.270821 dv-cinder-844880-1-iscsi neutron-server[104190]: DEBUG neutron.db.l3_hamode_db [None req-7d6102ca-de18-4b6a-a677-b05d5f2072fb None None] neutron.services.l3_router.l3_router_plugin.L3RouterPlugin method get_ha_sync_data_for_host called with arguments (, 'dv-cinder-844880-1-iscsi', Agent(admin_state_up=True,agent_type='L3 agent',availability_zone='nova',binary='neutron-l3-agent',configurations={"agent_mode": "legacy", "ex_gw_ports": 3, "extensions": [], "floating_ips": 2, "handle_internal_only_routers": true, "interface_driver": "openvswitch", "interfaces": 3, "log_agent_heartbeats": false, "routers": 3},created_at=2022-06-06T20:55:55Z,description=,heartbeat_timestamp=2022-06-06T21:05:55Z,host='dv-cinder-844880-1-iscsi',id=5e4c0393-455c-45cf-9b34-6738a80626d3,load=0,resource_versions=,resources_synced=,started_at=2022-06-06T20:55:55Z,topic='l3_agent')) {'router_ids': ['070d3463-e989-4216-8014-06190f536999'], 'active': True} {{(pid=104190) wrapper /usr/local/lib/python3.8/dist-packages/oslo_log/helpers.py:65}}
Jun 06 21:06:00.280869 dv-cinder-844880-1-iscsi neutron-server[104190]: DEBUG dbcounter [-] [104190] Writing DB stats neutron:SELECT=98,neutron:UPDATE=2 {{(pid=104190) stat_writer /usr/local/lib/python3.8/dist-packages/dbcounter.py:114}}
Jun 06 21:06:00.342861 dv-cinder-844880-1-iscsi neutron-server[104190]: DEBUG neutron.api.rpc.handlers.resources_rpc [None req-49f57eb5-12af-4e7f-bd21-397204fc5512 None None] Pushing event updated for resources: {'Port': ['ID=2058df77-c083-427f-82c9-3094bf55bb7c,revision_number=3']} {{(pid=104190) push /opt/stack/neutron/neutron/api/rpc/handlers/resources_rpc.py:237}}
Jun 06 21:06:00.349702 dv-cinder-844880-1-iscsi neutron-server[104189]: DEBUG neutron.db.provisioning_blocks [None req-e195956d-ba49-4bfd-a110-34662f8792fd None None] Provisioning complete for port 003aac24-d5cd-4719-a742-40aa3246d277 triggered by entity DHCP. {{(pid=104189) provisioning_complete /opt/stack/neutron/neutron/db/provisioning_blocks.py:145}}
Jun 06 21:06:00.350980 dv-cinder-844880-1-iscsi neutron-server[104189]: DEBUG neutron_lib.callbacks.manager [None req-e195956d-ba49-4bfd-a110-34662f8792fd None None] Publish callbacks ['neutron.plugins.ml2.plugin.Ml2Plugin._port_provisioned-634730'] for port (003aac24-d5cd-4719-a742-40aa3246d277), provisioning_complete {{(pid=104189) _notify_loop /usr/local/lib/python3.8/dist-packages/neutron_lib/callbacks/manager.py:176}}
Jun 06 21:06:00.376356 dv-cinder-844880-1-iscsi neutron-server[104190]: DEBUG dbcounter [-] [104190] Writing DB stats neutron:SELECT=96,neutron:UPDATE=3,neutron:INSERT=1 {{(pid=104190) stat_writer /usr/local/lib/python3.8/dist-packages/dbcounter.py:114}}
