Jun 06 11:11:33.333499 dv-cinder-844793-1-iscsi neutron-server[102323]: DEBUG neutron.api.rpc.callbacks.version_manager [None req-eb262489-f6cb-4b5e-a4f2-ab76683c254e admin admin] Version for resource type SubPort changed None to 1.0 on consumer Open vSwitch agent@dv-cinder-844793-1-iscsi {{(pid=102323) _set_version /opt/stack/neutron/neutron/api/rpc/callbacks/version_manager.py:113}}
Jun 06 11:11:33.334015 dv-cinder-844793-1-iscsi neutron-server[102323]: DEBUG neutron.api.rpc.callbacks.version_manager [None req-eb262489-f6cb-4b5e-a4f2-ab76683c254e admin admin] Version for resource type Subnet changed None to 1.1 on consumer Open vSwitch agent@dv-cinder-844793-1-iscsi {{(pid=102323) _set_version /opt/stack/neutron/neutron/api/rpc/callbacks/version_manager.py:113}}
Jun 06 11:11:33.334336 dv-cinder-844793-1-iscsi neutron-server[102323]: DEBUG neutron.api.rpc.callbacks.version_manager [None req-eb262489-f6cb-4b5e-a4f2-ab76683c254e admin admin] Version for resource type Trunk changed None to 1.1 on consumer Open vSwitch agent@dv-cinder-844793-1-iscsi {{(pid=102323) _set_version /opt/stack/neutron/neutron/api/rpc/callbacks/version_manager.py:113}}
Jun 06 11:11:33.373390 dv-cinder-844793-1-iscsi neutron-server[102324]: DEBUG neutron.notifiers.nova [-] Sending events: [{'server_uuid': 'a37edd6f-d4c1-4269-bd10-2f00e6c70d6d', 'name': 'network-vif-plugged', 'status': 'completed', 'tag': '6ed3698d-e729-4682-8038-4f947160306b'}] {{(pid=102324) send_events /opt/stack/neutron/neutron/notifiers/nova.py:271}}
Jun 06 11:11:33.475749 dv-cinder-844793-1-iscsi neutron-server[102324]: DEBUG neutron.plugins.ml2.db [None req-19f34b69-6c4d-410c-9d8b-a2302ebe20ce None None] For port 6ed3698d-e729-4682-8038-4f947160306b, host hv-cinder-84479, got binding levels [PortBindingLevel(driver='hyperv',host='hv-cinder-84479',level=0,port_id=6ed3698d-e729-4682-8038-4f947160306b,segment=NetworkSegment(3a367acd-43a2-4117-9c41-50411eec08e8),segment_id=3a367acd-43a2-4117-9c41-50411eec08e8)] {{(pid=102324) get_binding_level_objs /opt/stack/neutron/neutron/plugins/ml2/db.py:74}}
Jun 06 11:11:33.490189 dv-cinder-844793-1-iscsi neutron-server[102324]: DEBUG neutron_lib.callbacks.manager [None req-19f34b69-6c4d-410c-9d8b-a2302ebe20ce None None] Notify callbacks ['neutron.plugins.ml2.plugin.SecurityGroupServerNotifierRpcMixin._notify_sg_on_port_change-678117', 'neutron.plugins.ml2.ovo_rpc._ObjectChangeHandler.handle_event-142342', 'neutron.api.rpc.agentnotifiers.dhcp_rpc_agent_api.DhcpAgentNotifyAPI._native_event_send_dhcp_notification-2091925', 'neutron.db.l3_db.L3RpcNotifierMixin._notify_gateway_port_ip_changed-8751001267577', 'neutron.db.l3_dvrscheduler_db._notify_l3_agent_port_update-8751000807316', 'neutron.db.l3_hascheduler_db._notify_l3_agent_ha_port_update-8751000816442'] for port, after_update {{(pid=102324) _notify_loop /usr/local/lib/python3.8/dist-packages/neutron_lib/callbacks/manager.py:192}}
Jun 06 11:11:33.490589 dv-cinder-844793-1-iscsi neutron-server[102324]: DEBUG neutron.plugins.ml2.rpc [None req-19f34b69-6c4d-410c-9d8b-a2302ebe20ce None None] Device c718f9e1-a123-4133-9966-9059da0b36ff up at agent hyperv_hv-cinder-84479 {{(pid=102324) update_device_up /opt/stack/neutron/neutron/plugins/ml2/rpc.py:296}}
Jun 06 11:11:33.518508 dv-cinder-844793-1-iscsi neutron-server[102323]: DEBUG neutron.pecan_wsgi.hooks.policy_enforcement [req-de0fef8a-75eb-4874-a313-e26f39544f16 req-993be909-8dd8-43d2-a873-aca917e37a96 tempest-AttachVolumeTestJSON-1488578990 tempest-AttachVolumeTestJSON-1488578990-project] Attributes excluded by policy engine: ['standard_attr_id', 'binding:profile', 'binding:host_id', 'binding:vif_type', 'binding:vif_details'] {{(pid=102323) _exclude_attributes_by_policy /opt/stack/neutron/neutron/pecan_wsgi/hooks/policy_enforcement.py:259}}
Jun 06 11:11:33.521674 dv-cinder-844793-1-iscsi neutron-server[102323]: INFO neutron.wsgi [req-de0fef8a-75eb-4874-a313-e26f39544f16 req-993be909-8dd8-43d2-a873-aca917e37a96 tempest-AttachVolumeTestJSON-1488578990 tempest-AttachVolumeTestJSON-1488578990-project] 10.222.0.17 "GET /v2.0/ports?device_id=a37edd6f-d4c1-4269-bd10-2f00e6c70d6d HTTP/1.1" status: 200 len: 944 time: 0.0799067
Jun 06 11:11:33.592585 dv-cinder-844793-1-iscsi neutron-server[102324]: DEBUG neutron.api.rpc.handlers.resources_rpc [None req-19f34b69-6c4d-410c-9d8b-a2302ebe20ce None None] Pushing event updated for resources: {'Port': ['ID=6ed3698d-e729-4682-8038-4f947160306b,revision_number=5']} {{(pid=102324) push /opt/stack/neutron/neutron/api/rpc/handlers/resources_rpc.py:237}}
Jun 06 11:11:33.606558 dv-cinder-844793-1-iscsi neutron-server[102324]: DEBUG neutron.api.rpc.callbacks.version_manager [None req-19f34b69-6c4d-410c-9d8b-a2302ebe20ce None None] Version for resource type AddressGroup changed None to 1.2 on consumer Open vSwitch agent@dv-cinder-844793-1-iscsi {{(pid=102324) _set_version /opt/stack/neutron/neutron/api/rpc/callbacks/version_manager.py:113}}
Jun 06 11:11:33.606985 dv-cinder-844793-1-iscsi neutron-server[102324]: DEBUG neutron.api.rpc.callbacks.version_manager [None req-19f34b69-6c4d-410c-9d8b-a2302ebe20ce None None] Version for resource type ConntrackHelper changed None to 1.0 on consumer Open vSwitch agent@dv-cinder-844793-1-iscsi {{(pid=102324) _set_version /opt/stack/neutron/neutron/api/rpc/callbacks/version_manager.py:113}}
Jun 06 11:11:33.607415 dv-cinder-844793-1-iscsi neutron-server[102324]: DEBUG neutron.api.rpc.callbacks.version_manager [None req-19f34b69-6c4d-410c-9d8b-a2302ebe20ce None None] Version for resource type Log changed None to 1.0 on consumer Open vSwitch agent@dv-cinder-844793-1-iscsi {{(pid=102324) _set_version /opt/stack/neutron/neutron/api/rpc/callbacks/version_manager.py:113}}
Jun 06 11:11:33.607735 dv-cinder-844793-1-iscsi neutron-server[102324]: DEBUG neutron.api.rpc.callbacks.version_manager [None req-19f34b69-6c4d-410c-9d8b-a2302ebe20ce None None] Version for resource type Network changed None to 1.1 on consumer Open vSwitch agent@dv-cinder-844793-1-iscsi {{(pid=102324) _set_version /opt/stack/neutron/neutron/api/rpc/callbacks/version_manager.py:113}}
Jun 06 11:11:33.607971 dv-cinder-844793-1-iscsi neutron-server[102324]: DEBUG neutron.api.rpc.callbacks.version_manager [None req-19f34b69-6c4d-410c-9d8b-a2302ebe20ce None None] Version for resource type Port changed None to 1.7 on consumer Open vSwitch agent@dv-cinder-844793-1-iscsi {{(pid=102324) _set_version /opt/stack/neutron/neutron/api/rpc/callbacks/version_manager.py:113}}
Jun 06 11:11:33.608313 dv-cinder-844793-1-iscsi neutron-server[102324]: DEBUG neutron.api.rpc.callbacks.version_manager [None req-19f34b69-6c4d-410c-9d8b-a2302ebe20ce None None] Version for resource type PortForwarding changed None to 1.2 on consumer Open vSwitch agent@dv-cinder-844793-1-iscsi {{(pid=102324) _set_version /opt/stack/neutron/neutron/api/rpc/callbacks/version_manager.py:113}}
Jun 06 11:11:33.608724 dv-cinder-844793-1-iscsi neutron-server[102324]: DEBUG neutron.api.rpc.callbacks.version_manager [None req-19f34b69-6c4d-410c-9d8b-a2302ebe20ce None None] Version for resource type QosPolicy changed None to 1.9 on consumer Open vSwitch agent@dv-cinder-844793-1-iscsi {{(pid=102324) _set_version /opt/stack/neutron/neutron/api/rpc/callbacks/version_manager.py:113}}
Jun 06 11:11:33.609050 dv-cinder-844793-1-iscsi neutron-server[102324]: DEBUG neutron.api.rpc.callbacks.version_manager [None req-19f34b69-6c4d-410c-9d8b-a2302ebe20ce None None] Version for resource type SecurityGroup changed None to 1.4 on consumer Open vSwitch agent@dv-cinder-844793-1-iscsi {{(pid=102324) _set_version /opt/stack/neutron/neutron/api/rpc/callbacks/version_manager.py:113}}
Jun 06 11:11:33.609517 dv-cinder-844793-1-iscsi neutron-server[102324]: DEBUG neutron.api.rpc.callbacks.version_manager [None req-19f34b69-6c4d-410c-9d8b-a2302ebe20ce None None] Version for resource type SecurityGroupRule changed None to 1.2 on consumer Open vSwitch agent@dv-cinder-844793-1-iscsi {{(pid=102324) _set_version /opt/stack/neutron/neutron/api/rpc/callbacks/version_manager.py:113}}
Jun 06 11:11:33.609843 dv-cinder-844793-1-iscsi neutron-server[102324]: DEBUG neutron.api.rpc.callbacks.version_manager [None req-19f34b69-6c4d-410c-9d8b-a2302ebe20ce None None] Version for resource type SubPort changed None to 1.0 on consumer Open vSwitch agent@dv-cinder-844793-1-iscsi {{(pid=102324) _set_version /opt/stack/neutron/neutron/api/rpc/callbacks/version_manager.py:113}}
Jun 06 11:11:33.610323 dv-cinder-844793-1-iscsi neutron-server[102324]: DEBUG neutron.api.rpc.callbacks.version_manager [None req-19f34b69-6c4d-410c-9d8b-a2302ebe20ce None None] Version for resource type Subnet changed None to 1.1 on consumer Open vSwitch agent@dv-cinder-844793-1-iscsi {{(pid=102324) _set_version /opt/stack/neutron/neutron/api/rpc/callbacks/version_manager.py:113}}
Jun 06 11:11:33.610645 dv-cinder-844793-1-iscsi neutron-server[102324]: DEBUG neutron.api.rpc.callbacks.version_manager [None req-19f34b69-6c4d-410c-9d8b-a2302ebe20ce None None] Version for resource type Trunk changed None to 1.1 on consumer Open vSwitch agent@dv-cinder-844793-1-iscsi {{(pid=102324) _set_version /opt/stack/neutron/neutron/api/rpc/callbacks/version_manager.py:113}}
Jun 06 11:11:33.621064 dv-cinder-844793-1-iscsi neutron-server[102323]: INFO neutron.wsgi [req-de0fef8a-75eb-4874-a313-e26f39544f16 req-005f41b2-4b3a-44f7-84b0-9af60250cc06 tempest-AttachVolumeTestJSON-1488578990 tempest-AttachVolumeTestJSON-1488578990-project] 10.222.0.17 "GET /v2.0/security-groups?id=b235063d-dbe6-4576-b63b-0a18f45f688d&fields=id&fields=name HTTP/1.1" status: 200 len: 313 time: 0.0902116
Jun 06 11:11:33.639946 dv-cinder-844793-1-iscsi neutron-server[102324]: DEBUG neutron.db.provisioning_blocks [None req-19f34b69-6c4d-410c-9d8b-a2302ebe20ce None None] Provisioning for port c718f9e1-a123-4133-9966-9059da0b36ff completed by entity L2. {{(pid=102324) provisioning_complete /opt/stack/neutron/neutron/db/provisioning_blocks.py:133}}
Jun 06 11:11:33.644614 dv-cinder-844793-1-iscsi neutron-server[102324]: DEBUG neutron.db.provisioning_blocks [None req-19f34b69-6c4d-410c-9d8b-a2302ebe20ce None None] Provisioning complete for port c718f9e1-a123-4133-9966-9059da0b36ff triggered by entity L2. {{(pid=102324) provisioning_complete /opt/stack/neutron/neutron/db/provisioning_blocks.py:139}}
Jun 06 11:11:33.645013 dv-cinder-844793-1-iscsi neutron-server[102324]: DEBUG neutron_lib.callbacks.manager [None req-19f34b69-6c4d-410c-9d8b-a2302ebe20ce None None] Notify callbacks ['neutron.plugins.ml2.plugin.Ml2Plugin._port_provisioned-671518'] for port, provisioning_complete {{(pid=102324) _notify_loop /usr/local/lib/python3.8/dist-packages/neutron_lib/callbacks/manager.py:192}}
Jun 06 11:11:33.667826 dv-cinder-844793-1-iscsi neutron-server[102323]: DEBUG neutron.wsgi [-] (102323) accepted ('10.222.0.17', 42662) {{(pid=102323) server /usr/local/lib/python3.8/dist-packages/eventlet/wsgi.py:982}}
Jun 06 11:11:33.740890 dv-cinder-844793-1-iscsi neutron-server[102324]: DEBUG novaclient.v2.client [-] REQ: curl -g -i --cacert "/opt/stack/data/ca-bundle.pem" -X POST http://10.222.0.17/compute/v2.1/os-server-external-events -H "Accept: application/json" -H "Content-Type: application/json" -H "User-Agent: python-novaclient" -H "X-Auth-Token: {SHA256}b9699643c3d224fc33128e87366d0dc591260c7fc0c803f5ffc4f36fe6e758e5" -H "X-OpenStack-Nova-API-Version: 2.1" -H "X-OpenStack-Request-ID: req-289c39bd-09a0-4388-ac6d-73bb449462e5" -d '{"events": [{"server_uuid": "a37edd6f-d4c1-4269-bd10-2f00e6c70d6d", "name": "network-vif-plugged", "status": "completed", "tag": "6ed3698d-e729-4682-8038-4f947160306b"}]}' {{(pid=102324) _http_log_request /usr/local/lib/python3.8/dist-packages/keystoneauth1/session.py:519}}
Jun 06 11:11:33.751449 dv-cinder-844793-1-iscsi neutron-server[102324]: DEBUG neutron.plugins.ml2.plugin [None req-19f34b69-6c4d-410c-9d8b-a2302ebe20ce None None] Current status of the port c718f9e1-a123-4133-9966-9059da0b36ff is: BUILD; New status is: ACTIVE {{(pid=102324) _update_individual_port_db_status /opt/stack/neutron/neutron/plugins/ml2/plugin.py:2238}}
Jun 06 11:11:33.751824 dv-cinder-844793-1-iscsi neutron-server[102324]: DEBUG neutron_lib.callbacks.manager [None req-19f34b69-6c4d-410c-9d8b-a2302ebe20ce None None] Notify callbacks ['neutron.plugins.ml2.plugin.SecurityGroupDbMixin._ensure_default_security_group_handler-678050'] for port, before_update {{(pid=102324) _notify_loop /usr/local/lib/python3.8/dist-packages/neutron_lib/callbacks/manager.py:192}}
Jun 06 11:11:33.809483 dv-cinder-844793-1-iscsi neutron-server[102324]: DEBUG neutron.plugins.ml2.db [None req-19f34b69-6c4d-410c-9d8b-a2302ebe20ce None None] For port c718f9e1-a123-4133-9966-9059da0b36ff, host hv-cinder-84479, got binding levels [PortBindingLevel(driver='hyperv',host='hv-cinder-84479',level=0,port_id=c718f9e1-a123-4133-9966-9059da0b36ff,segment=NetworkSegment(03a77428-13f7-4397-8998-f8f5e1ede220),segment_id=03a77428-13f7-4397-8998-f8f5e1ede220)] {{(pid=102324) get_binding_level_objs /opt/stack/neutron/neutron/plugins/ml2/db.py:74}}
Jun 06 11:11:33.814299 dv-cinder-844793-1-iscsi neutron-server[102324]: DEBUG neutron_lib.callbacks.manager [None req-19f34b69-6c4d-410c-9d8b-a2302ebe20ce None None] Notify callbacks ['neutron.plugins.ml2.plugin.SecurityGroupServerNotifierRpcMixin._notify_sg_on_port_change-678117', 'neutron.plugins.ml2.ovo_rpc._ObjectChangeHandler.handle_event-142342', 'neutron.api.rpc.agentnotifiers.dhcp_rpc_agent_api.DhcpAgentNotifyAPI._native_event_send_dhcp_notification-2091925', 'neutron.db.l3_db.L3RpcNotifierMixin._notify_gateway_port_ip_changed-8751001267577', 'neutron.db.l3_dvrscheduler_db._notify_l3_agent_port_update-8751000807316', 'neutron.db.l3_hascheduler_db._notify_l3_agent_ha_port_update-8751000816442'] for port, after_update {{(pid=102324) _notify_loop /usr/local/lib/python3.8/dist-packages/neutron_lib/callbacks/manager.py:192}}
Jun 06 11:11:33.816052 dv-cinder-844793-1-iscsi neutron-server[102324]: DEBUG neutron.plugins.ml2.rpc [None req-19f34b69-6c4d-410c-9d8b-a2302ebe20ce None None] Device 3ea8fa7a-97b7-4748-8449-774931507fa9 up at agent hyperv_hv-cinder-84479 {{(pid=102324) update_device_up /opt/stack/neutron/neutron/plugins/ml2/rpc.py:296}}
Jun 06 11:11:33.854618 dv-cinder-844793-1-iscsi neutron-server[102323]: DEBUG neutron_lib.callbacks.manager [None req-be2eddca-6567-43b1-8597-884f6ffad7b1 admin admin] Notify callbacks [] for security_group, before_create {{(pid=102323) _notify_loop /usr/local/lib/python3.8/dist-packages/neutron_lib/callbacks/manager.py:192}}
Jun 06 11:11:33.911093 dv-cinder-844793-1-iscsi neutron-server[102324]: DEBUG neutron.api.rpc.handlers.resources_rpc [None req-19f34b69-6c4d-410c-9d8b-a2302ebe20ce None None] Pushing event updated for resources: {'Port': ['ID=c718f9e1-a123-4133-9966-9059da0b36ff,revision_number=5']} {{(pid=102324) push /opt/stack/neutron/neutron/api/rpc/handlers/resources_rpc.py:237}}
Jun 06 11:11:33.927791 dv-cinder-844793-1-iscsi neutron-server[102324]: DEBUG neutron.db.provisioning_blocks [None req-19f34b69-6c4d-410c-9d8b-a2302ebe20ce None None] Provisioning for port 3ea8fa7a-97b7-4748-8449-774931507fa9 completed by entity L2. {{(pid=102324) provisioning_complete /opt/stack/neutron/neutron/db/provisioning_blocks.py:133}}
Jun 06 11:11:33.937793 dv-cinder-844793-1-iscsi neutron-server[102324]: DEBUG neutron.db.provisioning_blocks [None req-19f34b69-6c4d-410c-9d8b-a2302ebe20ce None None] Provisioning complete for port 3ea8fa7a-97b7-4748-8449-774931507fa9 triggered by entity L2. {{(pid=102324) provisioning_complete /opt/stack/neutron/neutron/db/provisioning_blocks.py:139}}
Jun 06 11:11:33.938336 dv-cinder-844793-1-iscsi neutron-server[102324]: DEBUG neutron_lib.callbacks.manager [None req-19f34b69-6c4d-410c-9d8b-a2302ebe20ce None None] Notify callbacks ['neutron.plugins.ml2.plugin.Ml2Plugin._port_provisioned-671518'] for port, provisioning_complete {{(pid=102324) _notify_loop /usr/local/lib/python3.8/dist-packages/neutron_lib/callbacks/manager.py:192}}
Jun 06 11:11:33.989207 dv-cinder-844793-1-iscsi neutron-server[102323]: DEBUG neutron_lib.callbacks.manager [None req-be2eddca-6567-43b1-8597-884f6ffad7b1 admin admin] Notify callbacks [] for security_group, precommit_create {{(pid=102323) _notify_loop /usr/local/lib/python3.8/dist-packages/neutron_lib/callbacks/manager.py:192}}
Jun 06 11:11:33.994838 dv-cinder-844793-1-iscsi neutron-server[102323]: DEBUG neutron_lib.callbacks.manager [None req-be2eddca-6567-43b1-8597-884f6ffad7b1 admin admin] Notify callbacks ['neutron.plugins.ml2.ovo_rpc._ObjectChangeHandler.handle_event-1660149'] for security_group, after_create {{(pid=102323) _notify_loop /usr/local/lib/python3.8/dist-packages/neutron_lib/callbacks/manager.py:192}}
Jun 06 11:11:34.036115 dv-cinder-844793-1-iscsi neutron-server[102323]: DEBUG neutron.api.rpc.handlers.resources_rpc [None req-be2eddca-6567-43b1-8597-884f6ffad7b1 admin admin] Pushing event updated for resources: {'SecurityGroup': ['ID=a0e1c901-0520-43a6-b8e7-00ed6a4ce004,revision_number=1']} {{(pid=102323) push /opt/stack/neutron/neutron/api/rpc/handlers/resources_rpc.py:237}}
Jun 06 11:11:34.063471 dv-cinder-844793-1-iscsi neutron-server[102322]: DEBUG neutron.wsgi [-] (102322) accepted ('10.222.0.17', 42696) {{(pid=102322) server /usr/local/lib/python3.8/dist-packages/eventlet/wsgi.py:982}}
Jun 06 11:11:34.087392 dv-cinder-844793-1-iscsi neutron-server[102323]: INFO neutron.wsgi [None req-be2eddca-6567-43b1-8597-884f6ffad7b1 admin admin] 10.222.0.17 "GET /v2.0/security-groups?tenant_id=e699b118203e4db2bdcde8f6981b43a8&name=default HTTP/1.1" status: 200 len: 2979 time: 0.4165177
Jun 06 11:11:34.090279 dv-cinder-844793-1-iscsi neutron-server[102322]: DEBUG neutron.wsgi [-] (102322) accepted ('10.222.0.17', 42700) {{(pid=102322) server /usr/local/lib/python3.8/dist-packages/eventlet/wsgi.py:982}}
Jun 06 11:11:34.135491 dv-cinder-844793-1-iscsi neutron-server[102324]: DEBUG neutron.plugins.ml2.plugin [None req-19f34b69-6c4d-410c-9d8b-a2302ebe20ce None None] Current status of the port 3ea8fa7a-97b7-4748-8449-774931507fa9 is: BUILD; New status is: ACTIVE {{(pid=102324) _update_individual_port_db_status /opt/stack/neutron/neutron/plugins/ml2/plugin.py:2238}}
Jun 06 11:11:34.136109 dv-cinder-844793-1-iscsi neutron-server[102324]: DEBUG neutron_lib.callbacks.manager [None req-19f34b69-6c4d-410c-9d8b-a2302ebe20ce None None] Notify callbacks ['neutron.plugins.ml2.plugin.SecurityGroupDbMixin._ensure_default_security_group_handler-678050'] for port, before_update {{(pid=102324) _notify_loop /usr/local/lib/python3.8/dist-packages/neutron_lib/callbacks/manager.py:192}}
Jun 06 11:11:34.148306 dv-cinder-844793-1-iscsi neutron-server[102323]: DEBUG neutron.pecan_wsgi.hooks.policy_enforcement [req-579bc4cd-4ecc-4dd5-a35d-e39b10828432 req-c2814014-8f62-4e04-ac25-ccfa1040bf62 tempest-DeleteServersTestJSON-334669344 tempest-DeleteServersTestJSON-334669344-project] Attributes excluded by policy engine: ['standard_attr_id', 'binding:profile', 'binding:host_id', 'binding:vif_type', 'binding:vif_details'] {{(pid=102323) _exclude_attributes_by_policy /opt/stack/neutron/neutron/pecan_wsgi/hooks/policy_enforcement.py:259}}
Jun 06 11:11:34.149876 dv-cinder-844793-1-iscsi neutron-server[102323]: INFO neutron.wsgi [req-579bc4cd-4ecc-4dd5-a35d-e39b10828432 req-c2814014-8f62-4e04-ac25-ccfa1040bf62 tempest-DeleteServersTestJSON-334669344 tempest-DeleteServersTestJSON-334669344-project] 10.222.0.17 "GET /v2.0/ports?device_id=ae48a933-dad9-4223-bdd7-f034bc0a25b9 HTTP/1.1" status: 200 len: 945 time: 0.1440599
Jun 06 11:11:34.179645 dv-cinder-844793-1-iscsi neutron-server[102324]: DEBUG novaclient.v2.client [-] RESP: [200] Connection: close Content-Length: 183 Content-Type: application/json Date: Mon, 06 Jun 2022 11:11:33 GMT OpenStack-API-Version: compute 2.1 Server: Apache/2.4.41 (Ubuntu) Vary: OpenStack-API-Version,X-OpenStack-Nova-API-Version X-OpenStack-Nova-API-Version: 2.1 x-compute-request-id: req-d4df04d4-0a84-494c-a97d-a3c3b01ffbb6 x-openstack-request-id: req-d4df04d4-0a84-494c-a97d-a3c3b01ffbb6 {{(pid=102324) _http_log_response /usr/local/lib/python3.8/dist-packages/keystoneauth1/session.py:550}}
Jun 06 11:11:34.180205 dv-cinder-844793-1-iscsi neutron-server[102324]: DEBUG novaclient.v2.client [-] RESP BODY: {"events": [{"server_uuid": "a37edd6f-d4c1-4269-bd10-2f00e6c70d6d", "name": "network-vif-plugged", "status": "completed", "tag": "6ed3698d-e729-4682-8038-4f947160306b", "code": 200}]} {{(pid=102324) _http_log_response /usr/local/lib/python3.8/dist-packages/keystoneauth1/session.py:582}}
Jun 06 11:11:34.180336 dv-cinder-844793-1-iscsi neutron-server[102324]: DEBUG novaclient.v2.client [-] POST call to compute for http://10.222.0.17/compute/v2.1/os-server-external-events used request id req-d4df04d4-0a84-494c-a97d-a3c3b01ffbb6 {{(pid=102324) request /usr/local/lib/python3.8/dist-packages/keystoneauth1/session.py:954}}
Jun 06 11:11:34.181418 dv-cinder-844793-1-iscsi neutron-server[102324]: INFO neutron.notifiers.nova [-] Nova event matching ['req-d4df04d4-0a84-494c-a97d-a3c3b01ffbb6'] response: {'server_uuid': 'a37edd6f-d4c1-4269-bd10-2f00e6c70d6d', 'name': 'network-vif-plugged', 'status': 'completed', 'tag': '6ed3698d-e729-4682-8038-4f947160306b', 'code': 200}
Jun 06 11:11:34.187748 dv-cinder-844793-1-iscsi neutron-server[102324]: DEBUG neutron.plugins.ml2.db [None req-19f34b69-6c4d-410c-9d8b-a2302ebe20ce None None] For port 3ea8fa7a-97b7-4748-8449-774931507fa9, host hv-cinder-84479, got binding levels [PortBindingLevel(driver='hyperv',host='hv-cinder-84479',level=0,port_id=3ea8fa7a-97b7-4748-8449-774931507fa9,segment=NetworkSegment(b3085479-92db-4eed-89ea-8afb0ed9a26c),segment_id=b3085479-92db-4eed-89ea-8afb0ed9a26c)] {{(pid=102324) get_binding_level_objs /opt/stack/neutron/neutron/plugins/ml2/db.py:74}}
Jun 06 11:11:34.196900 dv-cinder-844793-1-iscsi neutron-server[102322]: DEBUG neutron_lib.callbacks.manager [None req-257ade7e-7788-4e35-9f81-7b623616c773 admin admin] Notify callbacks [] for security_group, before_delete {{(pid=102322) _notify_loop /usr/local/lib/python3.8/dist-packages/neutron_lib/callbacks/manager.py:192}}
Jun 06 11:11:34.202461 dv-cinder-844793-1-iscsi neutron-server[102324]: DEBUG neutron_lib.callbacks.manager [None req-19f34b69-6c4d-410c-9d8b-a2302ebe20ce None None] Notify callbacks ['neutron.plugins.ml2.plugin.SecurityGroupServerNotifierRpcMixin._notify_sg_on_port_change-678117', 'neutron.plugins.ml2.ovo_rpc._ObjectChangeHandler.handle_event-142342', 'neutron.api.rpc.agentnotifiers.dhcp_rpc_agent_api.DhcpAgentNotifyAPI._native_event_send_dhcp_notification-2091925', 'neutron.db.l3_db.L3RpcNotifierMixin._notify_gateway_port_ip_changed-8751001267577', 'neutron.db.l3_dvrscheduler_db._notify_l3_agent_port_update-8751000807316', 'neutron.db.l3_hascheduler_db._notify_l3_agent_ha_port_update-8751000816442'] for port, after_update {{(pid=102324) _notify_loop /usr/local/lib/python3.8/dist-packages/neutron_lib/callbacks/manager.py:192}}
Jun 06 11:11:34.243831 dv-cinder-844793-1-iscsi neutron-server[102323]: INFO neutron.wsgi [req-579bc4cd-4ecc-4dd5-a35d-e39b10828432 req-544c5bae-edce-409f-ab07-55538b31c7bf tempest-DeleteServersTestJSON-334669344 tempest-DeleteServersTestJSON-334669344-project] 10.222.0.17 "GET /v2.0/security-groups?id=3ae28c9f-eda7-44fa-b030-ca169b7c0b31&fields=id&fields=name HTTP/1.1" status: 200 len: 286 time: 0.0872765
Jun 06 11:11:34.256016 dv-cinder-844793-1-iscsi neutron-server[102322]: DEBUG neutron_lib.callbacks.manager [None req-257ade7e-7788-4e35-9f81-7b623616c773 admin admin] Notify callbacks [] for security_group, precommit_delete {{(pid=102322) _notify_loop /usr/local/lib/python3.8/dist-packages/neutron_lib/callbacks/manager.py:192}}
Jun 06 11:11:34.285770 dv-cinder-844793-1-iscsi neutron-server[102324]: DEBUG neutron.api.rpc.handlers.resources_rpc [None req-19f34b69-6c4d-410c-9d8b-a2302ebe20ce None None] Pushing event updated for resources: {'Port': ['ID=3ea8fa7a-97b7-4748-8449-774931507fa9,revision_number=5']} {{(pid=102324) push /opt/stack/neutron/neutron/api/rpc/handlers/resources_rpc.py:237}}
Jun 06 11:11:34.340093 dv-cinder-844793-1-iscsi neutron-server[102322]: DEBUG neutron.pecan_wsgi.hooks.policy_enforcement [req-52c56dc8-b3e3-4b0c-b518-0b35d6552a41 req-b2c5206b-1c5d-4aad-b795-266f5a9a44af tempest-AttachVolumeShelveTestJSON-166061584 tempest-AttachVolumeShelveTestJSON-166061584-project] Attributes excluded by policy engine: ['standard_attr_id', 'binding:profile', 'binding:host_id', 'binding:vif_type', 'binding:vif_details'] {{(pid=102322) _exclude_attributes_by_policy /opt/stack/neutron/neutron/pecan_wsgi/hooks/policy_enforcement.py:259}}
Jun 06 11:11:34.341633 dv-cinder-844793-1-iscsi neutron-server[102322]: INFO neutron.wsgi [req-52c56dc8-b3e3-4b0c-b518-0b35d6552a41 req-b2c5206b-1c5d-4aad-b795-266f5a9a44af tempest-AttachVolumeShelveTestJSON-166061584 tempest-AttachVolumeShelveTestJSON-166061584-project] 10.222.0.17 "GET /v2.0/ports?device_id=e4b8ca9e-bd25-4ff9-a399-06a56b385112 HTTP/1.1" status: 200 len: 945 time: 0.0568843
Jun 06 11:11:34.361765 dv-cinder-844793-1-iscsi neutron-server[102322]: DEBUG neutron_lib.callbacks.manager [None req-257ade7e-7788-4e35-9f81-7b623616c773 admin admin] Notify callbacks ['neutron.plugins.ml2.ovo_rpc._ObjectChangeHandler.handle_event-1660149'] for security_group, after_delete {{(pid=102322) _notify_loop /usr/local/lib/python3.8/dist-packages/neutron_lib/callbacks/manager.py:192}}
Jun 06 11:11:34.364557 dv-cinder-844793-1-iscsi neutron-server[102322]: DEBUG neutron_lib.callbacks.manager [None req-257ade7e-7788-4e35-9f81-7b623616c773 admin admin] Notify callbacks [] for security_group, before_response {{(pid=102322) _notify_loop /usr/local/lib/python3.8/dist-packages/neutron_lib/callbacks/manager.py:192}}
Jun 06 11:11:34.365559 dv-cinder-844793-1-iscsi neutron-server[102322]: INFO neutron.wsgi [None req-257ade7e-7788-4e35-9f81-7b623616c773 admin admin] 10.222.0.17 "DELETE /v2.0/security-groups/a0e1c901-0520-43a6-b8e7-00ed6a4ce004 HTTP/1.1" status: 204 len: 168 time: 0.2741361
Jun 06 11:11:34.396840 dv-cinder-844793-1-iscsi neutron-server[102322]: DEBUG neutron.api.rpc.handlers.resources_rpc [None req-257ade7e-7788-4e35-9f81-7b623616c773 admin admin] Pushing event deleted for resources: {'SecurityGroup': ['ID=a0e1c901-0520-43a6-b8e7-00ed6a4ce004,revision_number=None']} {{(pid=102322) push /opt/stack/neutron/neutron/api/rpc/handlers/resources_rpc.py:237}}
Jun 06 11:11:34.400814 dv-cinder-844793-1-iscsi neutron-server[102322]: DEBUG neutron_lib.callbacks.manager [None req-8af41f29-69b6-4228-9051-87e9ca04d42b admin admin] Notify callbacks [] for security_group, before_create {{(pid=102322) _notify_loop /usr/local/lib/python3.8/dist-packages/neutron_lib/callbacks/manager.py:192}}
Jun 06 11:11:34.430631 dv-cinder-844793-1-iscsi neutron-server[102322]: INFO neutron.wsgi [req-52c56dc8-b3e3-4b0c-b518-0b35d6552a41 req-715dae6d-037f-4dd4-934e-82c6765cfb35 tempest-AttachVolumeShelveTestJSON-166061584 tempest-AttachVolumeShelveTestJSON-166061584-project] 10.222.0.17 "GET /v2.0/security-groups?id=5550404b-61ae-4bde-be58-db723d961109&fields=id&fields=name HTTP/1.1" status: 200 len: 312 time: 0.0769799
Jun 06 11:11:34.517889 dv-cinder-844793-1-iscsi neutron-server[102322]: DEBUG neutron_lib.callbacks.manager [None req-8af41f29-69b6-4228-9051-87e9ca04d42b admin admin] Notify callbacks [] for security_group, precommit_create {{(pid=102322) _notify_loop /usr/local/lib/python3.8/dist-packages/neutron_lib/callbacks/manager.py:192}}
Jun 06 11:11:34.523453 dv-cinder-844793-1-iscsi neutron-server[102322]: DEBUG neutron_lib.callbacks.manager [None req-8af41f29-69b6-4228-9051-87e9ca04d42b admin admin] Notify callbacks ['neutron.plugins.ml2.ovo_rpc._ObjectChangeHandler.handle_event-1660149'] for security_group, after_create {{(pid=102322) _notify_loop /usr/local/lib/python3.8/dist-packages/neutron_lib/callbacks/manager.py:192}}
Jun 06 11:11:34.565868 dv-cinder-844793-1-iscsi neutron-server[102322]: INFO neutron.wsgi [None req-8af41f29-69b6-4228-9051-87e9ca04d42b admin admin] 10.222.0.17 "GET /v2.0/security-groups?tenant_id=c68183156f4146e6aeeef1bf20eae43f&name=default HTTP/1.1" status: 200 len: 2979 time: 0.5009511
Jun 06 11:11:34.568281 dv-cinder-844793-1-iscsi neutron-server[102322]: DEBUG neutron.wsgi [-] (102322) accepted ('10.222.0.17', 42720) {{(pid=102322) server /usr/local/lib/python3.8/dist-packages/eventlet/wsgi.py:982}}
Jun 06 11:11:34.577859 dv-cinder-844793-1-iscsi neutron-server[102322]: DEBUG neutron.api.rpc.handlers.resources_rpc [None req-8af41f29-69b6-4228-9051-87e9ca04d42b admin admin] Pushing event updated for resources: {'SecurityGroup': ['ID=dc80db25-7c8e-4637-911b-40edcfe31f65,revision_number=1']} {{(pid=102322) push /opt/stack/neutron/neutron/api/rpc/handlers/resources_rpc.py:237}}
Jun 06 11:11:34.625756 dv-cinder-844793-1-iscsi neutron-server[102322]: DEBUG neutron_lib.callbacks.manager [None req-7fa4c9fb-bc81-466d-ba2a-c25812f7ec99 admin admin] Notify callbacks [] for security_group, before_delete {{(pid=102322) _notify_loop /usr/local/lib/python3.8/dist-packages/neutron_lib/callbacks/manager.py:192}}
Jun 06 11:11:34.650553 dv-cinder-844793-1-iscsi neutron-server[102322]: DEBUG neutron_lib.callbacks.manager [None req-7fa4c9fb-bc81-466d-ba2a-c25812f7ec99 admin admin] Notify callbacks [] for security_group, precommit_delete {{(pid=102322) _notify_loop /usr/local/lib/python3.8/dist-packages/neutron_lib/callbacks/manager.py:192}}
Jun 06 11:11:34.669901 dv-cinder-844793-1-iscsi neutron-server[102323]: DEBUG neutron.wsgi [-] (102323) accepted ('10.222.0.17', 42726) {{(pid=102323) server /usr/local/lib/python3.8/dist-packages/eventlet/wsgi.py:982}}
Jun 06 11:11:34.717655 dv-cinder-844793-1-iscsi neutron-server[102322]: DEBUG neutron_lib.callbacks.manager [None req-7fa4c9fb-bc81-466d-ba2a-c25812f7ec99 admin admin] Notify callbacks ['neutron.plugins.ml2.ovo_rpc._ObjectChangeHandler.handle_event-1660149'] for security_group, after_delete {{(pid=102322) _notify_loop /usr/local/lib/python3.8/dist-packages/neutron_lib/callbacks/manager.py:192}}
Jun 06 11:11:34.720514 dv-cinder-844793-1-iscsi neutron-server[102322]: DEBUG neutron_lib.callbacks.manager [None req-7fa4c9fb-bc81-466d-ba2a-c25812f7ec99 admin admin] Notify callbacks [] for security_group, before_response {{(pid=102322) _notify_loop /usr/local/lib/python3.8/dist-packages/neutron_lib/callbacks/manager.py:192}}
Jun 06 11:11:34.724114 dv-cinder-844793-1-iscsi neutron-server[102322]: INFO neutron.wsgi [None req-7fa4c9fb-bc81-466d-ba2a-c25812f7ec99 admin admin] 10.222.0.17 "DELETE /v2.0/security-groups/dc80db25-7c8e-4637-911b-40edcfe31f65 HTTP/1.1" status: 204 len: 168 time: 0.1524680
Jun 06 11:11:34.729884 dv-cinder-844793-1-iscsi neutron-server[102322]: DEBUG neutron.api.rpc.handlers.resources_rpc [None req-7fa4c9fb-bc81-466d-ba2a-c25812f7ec99 admin admin] Pushing event deleted for resources: {'SecurityGroup': ['ID=dc80db25-7c8e-4637-911b-40edcfe31f65,revision_number=None']} {{(pid=102322) push /opt/stack/neutron/neutron/api/rpc/handlers/resources_rpc.py:237}}
Jun 06 11:11:34.750746 dv-cinder-844793-1-iscsi neutron-server[102323]: DEBUG neutron.pecan_wsgi.hooks.policy_enforcement [req-b56fb201-1038-42dd-9b8e-8dbd062235c1 req-95d3c65d-0442-433b-996e-373cbc4b4bb7 tempest-AttachVolumeTestJSON-1488578990 tempest-AttachVolumeTestJSON-1488578990-project] Attributes excluded by policy engine: ['standard_attr_id', 'binding:profile', 'binding:host_id', 'binding:vif_type', 'binding:vif_details'] {{(pid=102323) _exclude_attributes_by_policy /opt/stack/neutron/neutron/pecan_wsgi/hooks/policy_enforcement.py:259}}
Jun 06 11:11:34.758648 dv-cinder-844793-1-iscsi neutron-server[102323]: INFO neutron.wsgi [req-b56fb201-1038-42dd-9b8e-8dbd062235c1 req-95d3c65d-0442-433b-996e-373cbc4b4bb7 tempest-AttachVolumeTestJSON-1488578990 tempest-AttachVolumeTestJSON-1488578990-project] 10.222.0.17 "GET /v2.0/ports?device_id=a37edd6f-d4c1-4269-bd10-2f00e6c70d6d HTTP/1.1" status: 200 len: 945 time: 0.0735190
Jun 06 11:11:34.788056 dv-cinder-844793-1-iscsi neutron-server[102323]: DEBUG neutron.wsgi [-] (102323) accepted ('10.222.0.17', 42732) {{(pid=102323) server /usr/local/lib/python3.8/dist-packages/eventlet/wsgi.py:982}}
Jun 06 11:11:34.812946 dv-cinder-844793-1-iscsi neutron-server[102323]: INFO neutron.wsgi [req-b56fb201-1038-42dd-9b8e-8dbd062235c1 req-1c33bbd4-97bb-4587-8a98-47f769b81fff tempest-AttachVolumeTestJSON-1488578990 tempest-AttachVolumeTestJSON-1488578990-project] 10.222.0.17 "GET /v2.0/security-groups?id=b235063d-dbe6-4576-b63b-0a18f45f688d&fields=id&fields=name HTTP/1.1" status: 200 len: 313 time: 0.0525763
Jun 06 11:11:34.816232 dv-cinder-844793-1-iscsi neutron-server[102323]: DEBUG neutron_lib.callbacks.manager [None req-d3f62243-1391-4b33-b73d-2f998532a2e5 admin admin] Notify callbacks [] for security_group, before_create {{(pid=102323) _notify_loop /usr/local/lib/python3.8/dist-packages/neutron_lib/callbacks/manager.py:192}}
Jun 06 11:11:34.821103 dv-cinder-844793-1-iscsi neutron-server[102323]: DEBUG neutron.api.v2.base [None req-20f07b4d-a4d0-46a3-8507-2f7d1ab57bfa admin admin] Request body: {'network': {'name': 'tempest-VolumesActionsTest-784725393-network', 'tenant_id': '9d4bab6890eb49dbb8dbb6a727479922'}} {{(pid=102323) prepare_request_body /opt/stack/neutron/neutron/api/v2/base.py:729}}
Jun 06 11:11:34.859156 dv-cinder-844793-1-iscsi neutron-server[102323]: DEBUG neutron.pecan_wsgi.hooks.quota_enforcement [None req-20f07b4d-a4d0-46a3-8507-2f7d1ab57bfa admin admin] Made reservation on behalf of 9d4bab6890eb49dbb8dbb6a727479922 for: {'network': 1} {{(pid=102323) before /opt/stack/neutron/neutron/pecan_wsgi/hooks/quota_enforcement.py:53}}
Jun 06 11:11:34.861400 dv-cinder-844793-1-iscsi neutron-server[102323]: DEBUG neutron_lib.callbacks.manager [None req-20f07b4d-a4d0-46a3-8507-2f7d1ab57bfa admin admin] Notify callbacks ['neutron.plugins.ml2.plugin.SecurityGroupDbMixin._ensure_default_security_group_handler-678050'] for network, before_create {{(pid=102323) _notify_loop /usr/local/lib/python3.8/dist-packages/neutron_lib/callbacks/manager.py:192}}
Jun 06 11:11:34.877068 dv-cinder-844793-1-iscsi neutron-server[102323]: DEBUG neutron_lib.callbacks.manager [None req-20f07b4d-a4d0-46a3-8507-2f7d1ab57bfa admin admin] Notify callbacks [] for security_group, before_create {{(pid=102323) _notify_loop /usr/local/lib/python3.8/dist-packages/neutron_lib/callbacks/manager.py:192}}
Jun 06 11:11:34.960622 dv-cinder-844793-1-iscsi neutron-server[102323]: DEBUG neutron_lib.callbacks.manager [None req-d3f62243-1391-4b33-b73d-2f998532a2e5 admin admin] Notify callbacks [] for security_group, precommit_create {{(pid=102323) _notify_loop /usr/local/lib/python3.8/dist-packages/neutron_lib/callbacks/manager.py:192}}
Jun 06 11:11:34.970011 dv-cinder-844793-1-iscsi neutron-server[102323]: DEBUG neutron_lib.callbacks.manager [None req-d3f62243-1391-4b33-b73d-2f998532a2e5 admin admin] Notify callbacks ['neutron.plugins.ml2.ovo_rpc._ObjectChangeHandler.handle_event-1660149'] for security_group, after_create {{(pid=102323) _notify_loop /usr/local/lib/python3.8/dist-packages/neutron_lib/callbacks/manager.py:192}}
Jun 06 11:11:35.030215 dv-cinder-844793-1-iscsi neutron-server[102323]: INFO neutron.wsgi [None req-d3f62243-1391-4b33-b73d-2f998532a2e5 admin admin] 10.222.0.17 "GET /v2.0/security-groups?tenant_id=c8ae9af90ae844008b018f16d5a79ee4&name=default HTTP/1.1" status: 200 len: 2979 time: 0.2386441
Jun 06 11:11:35.030638 dv-cinder-844793-1-iscsi neutron-server[102322]: DEBUG neutron.wsgi [-] (102322) accepted ('10.222.0.17', 42736) {{(pid=102322) server /usr/local/lib/python3.8/dist-packages/eventlet/wsgi.py:982}}
Jun 06 11:11:35.031377 dv-cinder-844793-1-iscsi neutron-server[102323]: DEBUG neutron.api.rpc.handlers.resources_rpc [None req-d3f62243-1391-4b33-b73d-2f998532a2e5 admin admin] Pushing event updated for resources: {'SecurityGroup': ['ID=8418c3ed-8548-4756-8be6-6d0b9894148d,revision_number=1']} {{(pid=102323) push /opt/stack/neutron/neutron/api/rpc/handlers/resources_rpc.py:237}}
Jun 06 11:11:35.043685 dv-cinder-844793-1-iscsi neutron-server[102323]: DEBUG neutron_lib.callbacks.manager [None req-20f07b4d-a4d0-46a3-8507-2f7d1ab57bfa admin admin] Notify callbacks [] for security_group, precommit_create {{(pid=102323) _notify_loop /usr/local/lib/python3.8/dist-packages/neutron_lib/callbacks/manager.py:192}}
Jun 06 11:11:35.049402 dv-cinder-844793-1-iscsi neutron-server[102323]: DEBUG neutron_lib.callbacks.manager [None req-20f07b4d-a4d0-46a3-8507-2f7d1ab57bfa admin admin] Notify callbacks ['neutron.plugins.ml2.ovo_rpc._ObjectChangeHandler.handle_event-1660149'] for security_group, after_create {{(pid=102323) _notify_loop /usr/local/lib/python3.8/dist-packages/neutron_lib/callbacks/manager.py:192}}
Jun 06 11:11:35.076776 dv-cinder-844793-1-iscsi neutron-server[102323]: DEBUG neutron.plugins.ml2.drivers.helpers [None req-20f07b4d-a4d0-46a3-8507-2f7d1ab57bfa admin admin] vlan segment allocate from pool success with {'physical_network': 'physnet1', 'vlan_id': 426} {{(pid=102323) allocate_partially_specified_segment /opt/stack/neutron/neutron/plugins/ml2/drivers/helpers.py:153}}
Jun 06 11:11:35.086753 dv-cinder-844793-1-iscsi neutron-server[102322]: DEBUG neutron_lib.callbacks.manager [None req-b027f9d6-6f8d-4482-9420-42db44906044 admin admin] Notify callbacks [] for security_group, before_delete {{(pid=102322) _notify_loop /usr/local/lib/python3.8/dist-packages/neutron_lib/callbacks/manager.py:192}}
Jun 06 11:11:35.092058 dv-cinder-844793-1-iscsi neutron-server[102323]: DEBUG neutron.api.rpc.handlers.resources_rpc [None req-20f07b4d-a4d0-46a3-8507-2f7d1ab57bfa admin admin] Pushing event updated for resources: {'SecurityGroup': ['ID=2144870b-c248-41a5-8b39-41cdd40ab40c,revision_number=1']} {{(pid=102323) push /opt/stack/neutron/neutron/api/rpc/handlers/resources_rpc.py:237}}
Jun 06 11:11:35.098667 dv-cinder-844793-1-iscsi neutron-server[102323]: DEBUG neutron_lib.callbacks.manager [None req-20f07b4d-a4d0-46a3-8507-2f7d1ab57bfa admin admin] Notify callbacks ['neutron.plugins.ml2.plugin.Ml2Plugin._handle_segment_change-671461'] for segment, precommit_create {{(pid=102323) _notify_loop /usr/local/lib/python3.8/dist-packages/neutron_lib/callbacks/manager.py:192}}
Jun 06 11:11:35.099103 dv-cinder-844793-1-iscsi neutron-server[102323]: INFO neutron.db.segments_db [None req-20f07b4d-a4d0-46a3-8507-2f7d1ab57bfa admin admin] Added segment 59861bf5-2a9c-4521-ad0d-d23c6b2a98d1 of type vlan for network 50e2f8a2-875f-4b03-becb-35e69bf7d234
Jun 06 11:11:35.111987 dv-cinder-844793-1-iscsi neutron-server[102322]: DEBUG neutron_lib.callbacks.manager [None req-b027f9d6-6f8d-4482-9420-42db44906044 admin admin] Notify callbacks [] for security_group, precommit_delete {{(pid=102322) _notify_loop /usr/local/lib/python3.8/dist-packages/neutron_lib/callbacks/manager.py:192}}
Jun 06 11:11:35.134833 dv-cinder-844793-1-iscsi neutron-server[102323]: DEBUG neutron.wsgi [-] (102323) accepted ('10.222.0.17', 42738) {{(pid=102323) server /usr/local/lib/python3.8/dist-packages/eventlet/wsgi.py:982}}
Jun 06 11:11:35.154472 dv-cinder-844793-1-iscsi neutron-server[102323]: DEBUG neutron_lib.callbacks.manager [None req-20f07b4d-a4d0-46a3-8507-2f7d1ab57bfa admin admin] Notify callbacks ['neutron.services.auto_allocate.db._ensure_external_network_default_value_callback-8751000786306'] for network, precommit_create {{(pid=102323) _notify_loop /usr/local/lib/python3.8/dist-packages/neutron_lib/callbacks/manager.py:192}}
Jun 06 11:11:35.158636 dv-cinder-844793-1-iscsi neutron-server[102323]: DEBUG neutron_lib.callbacks.manager [None req-0dffba3a-93d1-414e-9b17-c58dde9739e4 admin admin] Notify callbacks [] for security_group, before_create {{(pid=102323) _notify_loop /usr/local/lib/python3.8/dist-packages/neutron_lib/callbacks/manager.py:192}}
Jun 06 11:11:35.166859 dv-cinder-844793-1-iscsi neutron-server[102322]: DEBUG neutron_lib.callbacks.manager [None req-b027f9d6-6f8d-4482-9420-42db44906044 admin admin] Notify callbacks ['neutron.plugins.ml2.ovo_rpc._ObjectChangeHandler.handle_event-1660149'] for security_group, after_delete {{(pid=102322) _notify_loop /usr/local/lib/python3.8/dist-packages/neutron_lib/callbacks/manager.py:192}}
Jun 06 11:11:35.169453 dv-cinder-844793-1-iscsi neutron-server[102322]: DEBUG neutron_lib.callbacks.manager [None req-b027f9d6-6f8d-4482-9420-42db44906044 admin admin] Notify callbacks [] for security_group, before_response {{(pid=102322) _notify_loop /usr/local/lib/python3.8/dist-packages/neutron_lib/callbacks/manager.py:192}}
Jun 06 11:11:35.173024 dv-cinder-844793-1-iscsi neutron-server[102322]: INFO neutron.wsgi [None req-b027f9d6-6f8d-4482-9420-42db44906044 admin admin] 10.222.0.17 "DELETE /v2.0/security-groups/8418c3ed-8548-4756-8be6-6d0b9894148d HTTP/1.1" status: 204 len: 168 time: 0.1389418
Jun 06 11:11:35.179183 dv-cinder-844793-1-iscsi neutron-server[102322]: DEBUG neutron.api.rpc.handlers.resources_rpc [None req-b027f9d6-6f8d-4482-9420-42db44906044 admin admin] Pushing event deleted for resources: {'SecurityGroup': ['ID=8418c3ed-8548-4756-8be6-6d0b9894148d,revision_number=None']} {{(pid=102322) push /opt/stack/neutron/neutron/api/rpc/handlers/resources_rpc.py:237}}
Jun 06 11:11:35.207768 dv-cinder-844793-1-iscsi neutron-server[102323]: DEBUG neutron_lib.callbacks.manager [None req-20f07b4d-a4d0-46a3-8507-2f7d1ab57bfa admin admin] Notify callbacks ['neutron.plugins.ml2.ovo_rpc._ObjectChangeHandler.handle_event-1655326', 'neutron.api.rpc.agentnotifiers.dhcp_rpc_agent_api.DhcpAgentNotifyAPI._native_event_send_dhcp_notification-2091925'] for network, after_create {{(pid=102323) _notify_loop /usr/local/lib/python3.8/dist-packages/neutron_lib/callbacks/manager.py:192}}
Jun 06 11:11:35.208002 dv-cinder-844793-1-iscsi neutron-server[102323]: DEBUG neutron.pecan_wsgi.hooks.policy_enforcement [None req-20f07b4d-a4d0-46a3-8507-2f7d1ab57bfa admin admin] Attributes excluded by policy engine: ['standard_attr_id', 'vlan_transparent'] {{(pid=102323) _exclude_attributes_by_policy /opt/stack/neutron/neutron/pecan_wsgi/hooks/policy_enforcement.py:259}}
Jun 06 11:11:35.208405 dv-cinder-844793-1-iscsi neutron-server[102323]: DEBUG neutron_lib.callbacks.manager [None req-20f07b4d-a4d0-46a3-8507-2f7d1ab57bfa admin admin] Notify callbacks ['neutron.api.rpc.agentnotifiers.dhcp_rpc_agent_api.DhcpAgentNotifyAPI._send_dhcp_notification-2092027'] for network, before_response {{(pid=102323) _notify_loop /usr/local/lib/python3.8/dist-packages/neutron_lib/callbacks/manager.py:192}}
Jun 06 11:11:35.308311 dv-cinder-844793-1-iscsi neutron-server[102322]: DEBUG neutron.wsgi [-] (102322) accepted ('10.222.0.17', 42750) {{(pid=102322) server /usr/local/lib/python3.8/dist-packages/eventlet/wsgi.py:982}}
Jun 06 11:11:35.308446 dv-cinder-844793-1-iscsi neutron-server[102323]: INFO neutron.wsgi [None req-20f07b4d-a4d0-46a3-8507-2f7d1ab57bfa admin admin] 10.222.0.17 "POST /v2.0/networks HTTP/1.1" status: 201 len: 881 time: 0.6373649
Jun 06 11:11:35.314449 dv-cinder-844793-1-iscsi neutron-server[102322]: DEBUG neutron.api.v2.base [None req-5873b191-deeb-40c1-a352-6a575ad3f4c5 admin admin] Request body: {'subnet': {'network_id': '50e2f8a2-875f-4b03-becb-35e69bf7d234', 'cidr': '172.20.0.0/28', 'name': 'tempest-VolumesActionsTest-784725393-subnet', 'tenant_id': '9d4bab6890eb49dbb8dbb6a727479922', 'enable_dhcp': False, 'ip_version': 4}} {{(pid=102322) prepare_request_body /opt/stack/neutron/neutron/api/v2/base.py:729}}
Jun 06 11:11:35.323571 dv-cinder-844793-1-iscsi neutron-server[102323]: DEBUG neutron.api.rpc.handlers.resources_rpc [None req-20f07b4d-a4d0-46a3-8507-2f7d1ab57bfa admin admin] Pushing event updated for resources: {'Network': ['ID=50e2f8a2-875f-4b03-becb-35e69bf7d234,revision_number=1']} {{(pid=102323) push /opt/stack/neutron/neutron/api/rpc/handlers/resources_rpc.py:237}}
Jun 06 11:11:35.337562 dv-cinder-844793-1-iscsi neutron-server[102324]: DEBUG neutron.plugins.ml2.rpc [None req-2357fccd-19c6-47b6-b5ec-63ce3f1f13fb None None] Network 50e2f8a2-875f-4b03-becb-35e69bf7d234 details requested by agent ovs-agent-dv-cinder-844793-1-iscsi with host dv-cinder-844793-1-iscsi {{(pid=102324) get_network_details /opt/stack/neutron/neutron/plugins/ml2/rpc.py:248}}
Jun 06 11:11:35.359236 dv-cinder-844793-1-iscsi neutron-server[102323]: DEBUG neutron_lib.callbacks.manager [None req-0dffba3a-93d1-414e-9b17-c58dde9739e4 admin admin] Notify callbacks [] for security_group, precommit_create {{(pid=102323) _notify_loop /usr/local/lib/python3.8/dist-packages/neutron_lib/callbacks/manager.py:192}}
Jun 06 11:11:35.362152 dv-cinder-844793-1-iscsi neutron-server[102322]: DEBUG neutron.pecan_wsgi.hooks.quota_enforcement [None req-5873b191-deeb-40c1-a352-6a575ad3f4c5 admin admin] Made reservation on behalf of 9d4bab6890eb49dbb8dbb6a727479922 for: {'subnet': 1} {{(pid=102322) before /opt/stack/neutron/neutron/pecan_wsgi/hooks/quota_enforcement.py:53}}
Jun 06 11:11:35.364947 dv-cinder-844793-1-iscsi neutron-server[102323]: DEBUG neutron_lib.callbacks.manager [None req-0dffba3a-93d1-414e-9b17-c58dde9739e4 admin admin] Notify callbacks ['neutron.plugins.ml2.ovo_rpc._ObjectChangeHandler.handle_event-1660149'] for security_group, after_create {{(pid=102323) _notify_loop /usr/local/lib/python3.8/dist-packages/neutron_lib/callbacks/manager.py:192}}
Jun 06 11:11:35.365256 dv-cinder-844793-1-iscsi neutron-server[102322]: DEBUG neutron_lib.callbacks.manager [None req-5873b191-deeb-40c1-a352-6a575ad3f4c5 admin admin] Notify callbacks ['neutron.services.segments.plugin.SegmentHostRoutes.host_routes_before_create-5183846'] for subnet, before_create {{(pid=102322) _notify_loop /usr/local/lib/python3.8/dist-packages/neutron_lib/callbacks/manager.py:192}}
Jun 06 11:11:35.413677 dv-cinder-844793-1-iscsi neutron-server[102323]: INFO neutron.wsgi [None req-0dffba3a-93d1-414e-9b17-c58dde9739e4 admin admin] 10.222.0.17 "GET /v2.0/security-groups?tenant_id=c4ce399997e64cfa81a17eb6bd5efa03&name=default HTTP/1.1" status: 200 len: 2979 time: 0.2777131
Jun 06 11:11:35.416121 dv-cinder-844793-1-iscsi neutron-server[102323]: DEBUG neutron.wsgi [-] (102323) accepted ('10.222.0.17', 42754) {{(pid=102323) server /usr/local/lib/python3.8/dist-packages/eventlet/wsgi.py:982}}
Jun 06 11:11:35.422190 dv-cinder-844793-1-iscsi neutron-server[102323]: DEBUG neutron.api.rpc.handlers.resources_rpc [None req-0dffba3a-93d1-414e-9b17-c58dde9739e4 admin admin] Pushing event updated for resources: {'SecurityGroup': ['ID=cd5a5685-449e-442f-aa75-fa77cfd2f14c,revision_number=1']} {{(pid=102323) push /opt/stack/neutron/neutron/api/rpc/handlers/resources_rpc.py:237}}
Jun 06 11:11:35.482579 dv-cinder-844793-1-iscsi neutron-server[102322]: DEBUG neutron.pecan_wsgi.hooks.policy_enforcement [req-ba60bb63-925e-465a-8710-32fe402fdbc3 req-5c21085b-ba9e-4db8-90de-e2c931e45c9a tempest-DeleteServersTestJSON-334669344 tempest-DeleteServersTestJSON-334669344-project] Attributes excluded by policy engine: ['standard_attr_id', 'binding:profile', 'binding:host_id', 'binding:vif_type', 'binding:vif_details'] {{(pid=102322) _exclude_attributes_by_policy /opt/stack/neutron/neutron/pecan_wsgi/hooks/policy_enforcement.py:259}}
Jun 06 11:11:35.484822 dv-cinder-844793-1-iscsi neutron-server[102322]: INFO neutron.wsgi [req-ba60bb63-925e-465a-8710-32fe402fdbc3 req-5c21085b-ba9e-4db8-90de-e2c931e45c9a tempest-DeleteServersTestJSON-334669344 tempest-DeleteServersTestJSON-334669344-project] 10.222.0.17 "GET /v2.0/ports?device_id=ae48a933-dad9-4223-bdd7-f034bc0a25b9 HTTP/1.1" status: 200 len: 945 time: 0.1336353
Jun 06 11:11:35.491984 dv-cinder-844793-1-iscsi neutron-server[102323]: DEBUG neutron_lib.callbacks.manager [None req-77cf41a9-74e8-49d9-9821-979f2aba8466 admin admin] Notify callbacks [] for security_group, before_delete {{(pid=102323) _notify_loop /usr/local/lib/python3.8/dist-packages/neutron_lib/callbacks/manager.py:192}}
Jun 06 11:11:35.521309 dv-cinder-844793-1-iscsi neutron-server[102323]: DEBUG neutron_lib.callbacks.manager [None req-77cf41a9-74e8-49d9-9821-979f2aba8466 admin admin] Notify callbacks [] for security_group, precommit_delete {{(pid=102323) _notify_loop /usr/local/lib/python3.8/dist-packages/neutron_lib/callbacks/manager.py:192}}
Jun 06 11:11:35.544448 dv-cinder-844793-1-iscsi neutron-server[102322]: INFO neutron.wsgi [req-ba60bb63-925e-465a-8710-32fe402fdbc3 req-b82d4d2f-a322-450a-8eb3-37063d3cac1c tempest-DeleteServersTestJSON-334669344 tempest-DeleteServersTestJSON-334669344-project] 10.222.0.17 "GET /v2.0/security-groups?id=3ae28c9f-eda7-44fa-b030-ca169b7c0b31&fields=id&fields=name HTTP/1.1" status: 200 len: 286 time: 0.0522127
Jun 06 11:11:35.602720 dv-cinder-844793-1-iscsi neutron-server[102323]: DEBUG neutron.pecan_wsgi.hooks.policy_enforcement [req-49fb5cab-05d2-4543-a033-8672ed433e19 req-3be40377-e382-4a80-8bee-b7dd276e5c81 tempest-AttachVolumeShelveTestJSON-166061584 tempest-AttachVolumeShelveTestJSON-166061584-project] Attributes excluded by policy engine: ['standard_attr_id', 'binding:profile', 'binding:host_id', 'binding:vif_type', 'binding:vif_details'] {{(pid=102323) _exclude_attributes_by_policy /opt/stack/neutron/neutron/pecan_wsgi/hooks/policy_enforcement.py:259}}
Jun 06 11:11:35.604347 dv-cinder-844793-1-iscsi neutron-server[102323]: INFO neutron.wsgi [req-49fb5cab-05d2-4543-a033-8672ed433e19 req-3be40377-e382-4a80-8bee-b7dd276e5c81 tempest-AttachVolumeShelveTestJSON-166061584 tempest-AttachVolumeShelveTestJSON-166061584-project] 10.222.0.17 "GET /v2.0/ports?device_id=e4b8ca9e-bd25-4ff9-a399-06a56b385112 HTTP/1.1" status: 200 len: 945 time: 0.0701990
