Jul 01 19:52:54.038620 dv-cinder-844601-7-iscsi neutron-server[110545]: DEBUG neutron.scheduler.dhcp_agent_scheduler [None req-e22187b0-071c-4c2d-9ba1-76777bbd1e2d admin admin] Network 345d49d7-38ed-4bce-826c-0115d69ba214 is already hosted by enough agents. {{(pid=110545) _get_dhcp_agents_hosting_network /opt/stack/neutron/neutron/scheduler/dhcp_agent_scheduler.py:275}}
Jul 01 19:52:54.042639 dv-cinder-844601-7-iscsi neutron-server[110545]: DEBUG neutron_lib.callbacks.manager [None req-035f8fd1-20a1-4755-8173-2fcfeed20f71 admin admin] Publish callbacks [] for security_group (2f103516-092a-4fed-b9c1-65d9e01ba7f6), before_delete {{(pid=110545) _notify_loop /usr/local/lib/python3.8/dist-packages/neutron_lib/callbacks/manager.py:176}}
Jul 01 19:52:54.055209 dv-cinder-844601-7-iscsi neutron-server[110545]: DEBUG neutron.scheduler.base_scheduler [None req-e22187b0-071c-4c2d-9ba1-76777bbd1e2d admin admin] Resources bound (agent type, host, resource id): {{(pid=110545) schedule /opt/stack/neutron/neutron/scheduler/base_scheduler.py:57}}
Jul 01 19:52:54.058307 dv-cinder-844601-7-iscsi neutron-server[110545]: DEBUG neutron.api.rpc.handlers.resources_rpc [None req-e22187b0-071c-4c2d-9ba1-76777bbd1e2d admin admin] Pushing event updated for resources: {'Port': ['ID=5355a7ae-4c16-4e26-bc96-c6681d00f176,revision_number=1']} {{(pid=110545) push /opt/stack/neutron/neutron/api/rpc/handlers/resources_rpc.py:237}}
Jul 01 19:52:54.060555 dv-cinder-844601-7-iscsi neutron-server[110545]: DEBUG neutron.db.l3_dvrscheduler_db [None req-e22187b0-071c-4c2d-9ba1-76777bbd1e2d admin admin] Received port after_create {{(pid=110545) _notify_l3_agent_new_port /opt/stack/neutron/neutron/db/l3_dvrscheduler_db.py:542}}
Jul 01 19:52:54.062502 dv-cinder-844601-7-iscsi neutron-server[110545]: DEBUG neutron_lib.callbacks.manager [None req-e22187b0-071c-4c2d-9ba1-76777bbd1e2d admin admin] Publish callbacks ['neutron.services.l3_router.l3_router_plugin.DVRResourceOperationHandler._add_csnat_on_interface_create-1730226'] for router_interface (7a0bccdd-efac-4757-a0ec-0ccec1bd1b6b), before_create {{(pid=110545) _notify_loop /usr/local/lib/python3.8/dist-packages/neutron_lib/callbacks/manager.py:176}}
Jul 01 19:52:54.079579 dv-cinder-844601-7-iscsi neutron-server[110545]: DEBUG dbcounter [-] [110545] Writing DB stats neutron:SELECT=94,neutron:UPDATE=4,neutron:INSERT=2 {{(pid=110545) stat_writer /usr/local/lib/python3.8/dist-packages/dbcounter.py:114}}
Jul 01 19:52:54.092929 dv-cinder-844601-7-iscsi neutron-server[110546]: DEBUG neutron_lib.db.api [None req-520f6246-b665-4881-9a48-4c544643b810 None None] Retry wrapper got retriable exception: UPDATE statement on table 'standardattributes' expected to update 1 row(s); 0 were matched. {{(pid=110546) wrapped /usr/local/lib/python3.8/dist-packages/neutron_lib/db/api.py:188}}
Jul 01 19:52:54.093609 dv-cinder-844601-7-iscsi neutron-server[110546]: DEBUG oslo_db.api [None req-520f6246-b665-4881-9a48-4c544643b810 None None] Performing DB retry for function neutron.plugins.ml2.plugin.Ml2Plugin.update_port_statuses {{(pid=110546) wrapper /usr/local/lib/python3.8/dist-packages/oslo_db/api.py:155}}
Jul 01 19:52:54.101750 dv-cinder-844601-7-iscsi neutron-server[110546]: DEBUG neutron.api.rpc.handlers.l3_rpc [None req-377ec10b-185f-48c1-97ce-430cc2073e5e None None] The sync data for ids ['f0b73d37-ca2a-4a69-9b0e-75f5d7905146'] in dv-cinder-844601-7-iscsi is: [{'id': 'f0b73d37-ca2a-4a69-9b0e-75f5d7905146', 'name': 'tempest-ServerRescueNegativeTestJSON-1058585110-router', 'tenant_id': '0ba0ddfd3efd41ee9687efe014c40bf0', 'admin_state_up': True, 'status': 'ACTIVE', 'external_gateway_info': {'network_id': 'b87c582a-5096-4c62-aa69-ad30066bb691', 'external_fixed_ips': [{'subnet_id': '43041981-54e5-4bd9-88ea-5b274131eeee', 'ip_address': '172.27.1.243'}], 'enable_snat': True}, 'gw_port_id': 'ba7951e3-b026-49c7-8a88-11de1be77fd1', 'description': '', 'availability_zones': ['nova'], 'distributed': False, 'ha': False, 'ha_vr_id': 0, 'availability_zone_hints': [], 'routes': [], 'flavor_id': None, 'tags': [], 'created_at': '2022-07-01T19:52:42Z', 'updated_at': '2022-07-01T19:52:51Z', 'revision_number': 4, 'project_id': '0ba0ddfd3efd41ee9687efe014c40bf0', 'gw_port': {'id': 'ba7951e3-b026-49c7-8a88-11de1be77fd1', 'name': '', 'network_id': 'b87c582a-5096-4c62-aa69-ad30066bb691', 'tenant_id': '', 'mac_address': 'fa:16:3e:e1:30:ea', 'admin_state_up': True, 'status': 'DOWN', 'device_id': 'f0b73d37-ca2a-4a69-9b0e-75f5d7905146', 'device_owner': 'network:router_gateway', 'standard_attr_id': 70, 'fixed_ips': [{'subnet_id': '43041981-54e5-4bd9-88ea-5b274131eeee', 'ip_address': '172.27.1.243', 'prefixlen': 24}], 'allowed_address_pairs': [], 'extra_dhcp_opts': [], 'security_groups': [], 'description': '', 'binding:vnic_type': 'normal', 'binding:profile': {}, 'binding:host_id': 'dv-cinder-844601-7-iscsi', 'binding:vif_type': 'ovs', 'binding:vif_details': {'connectivity': 'l2', 'port_filter': True, 'ovs_hybrid_plug': False, 'datapath_type': 'system', 'bridge_name': 'br-int', 'bound_drivers': {'0': 'openvswitch'}}, 'port_security_enabled': False, 'tags': [], 'created_at': '2022-07-01T19:52:42Z', 'updated_at': '2022-07-01T19:52:51Z', 'revision_number': 3, 'project_id': '', 'subnets': [{'id': '43041981-54e5-4bd9-88ea-5b274131eeee', 'cidr': '172.27.1.0/24', 'gateway_ip': '172.27.1.1', 'dns_nameservers': [], 'ipv6_ra_mode': None, 'subnetpool_id': None}], 'extra_subnets': [], 'address_scopes': {4: None, 6: None}, 'mtu': 1500}, 'enable_snat': True, 'gw_port_host': 'dv-cinder-844601-7-iscsi', '_interfaces': [{'id': 'ea0633f7-f0a0-4a40-abfd-8db578b8da37', 'name': '', 'network_id': '13dd580c-809a-4f73-9432-a6d0838269e1', 'tenant_id': '0ba0ddfd3efd41ee9687efe014c40bf0', 'mac_address': 'fa:16:3e:e5:38:43', 'admin_state_up': True, 'status': 'DOWN', 'device_id': 'f0b73d37-ca2a-4a69-9b0e-75f5d7905146', 'device_owner': 'network:router_interface', 'standard_attr_id': 86, 'fixed_ips': [{'subnet_id': 'b109ae2e-b5c6-4eef-8a69-a246d16af692', 'ip_address': '172.20.0.1', 'prefixlen': 28}], 'allowed_address_pairs': [], 'extra_dhcp_opts': [], 'security_groups': [], 'description': '', 'binding:vnic_type': 'normal', 'binding:profile': {}, 'binding:host_id': '', 'binding:vif_type': 'unbound', 'binding:vif_details': {}, 'port_security_enabled': False, 'tags': [], 'created_at': '2022-07-01T19:52:49Z', 'updated_at': '2022-07-01T19:52:50Z', 'revision_number': 1, 'project_id': '0ba0ddfd3efd41ee9687efe014c40bf0', 'subnets': [{'id': 'b109ae2e-b5c6-4eef-8a69-a246d16af692', 'cidr': '172.20.0.0/28', 'gateway_ip': '172.20.0.1', 'dns_nameservers': [], 'ipv6_ra_mode': None, 'subnetpool_id': None}], 'extra_subnets': [], 'address_scopes': {4: None, 6: None}, 'mtu': 1500}]}] {{(pid=110546) sync_routers /opt/stack/neutron/neutron/api/rpc/handlers/l3_rpc.py:137}}
Jul 01 19:52:54.115980 dv-cinder-844601-7-iscsi neutron-server[110544]: DEBUG neutron_lib.callbacks.manager [None req-e65da00a-2c85-4be5-b4b3-51cb09b1bc3d tempest-AttachVolumeShelveTestJSON-1048603376 tempest-AttachVolumeShelveTestJSON-1048603376-project] Publish callbacks [] for security_group_rule (f7d253ae-5808-4b8f-b79e-d97ab2658378), precommit_create {{(pid=110544) _notify_loop /usr/local/lib/python3.8/dist-packages/neutron_lib/callbacks/manager.py:176}}
Jul 01 19:52:54.124518 dv-cinder-844601-7-iscsi neutron-server[110544]: DEBUG neutron_lib.callbacks.manager [None req-e65da00a-2c85-4be5-b4b3-51cb09b1bc3d tempest-AttachVolumeShelveTestJSON-1048603376 tempest-AttachVolumeShelveTestJSON-1048603376-project] Publish callbacks ['neutron.plugins.ml2.ovo_rpc._ObjectChangeHandler.handle_event-1629716'] for security_group_rule (f7d253ae-5808-4b8f-b79e-d97ab2658378), after_create {{(pid=110544) _notify_loop /usr/local/lib/python3.8/dist-packages/neutron_lib/callbacks/manager.py:176}}
Jul 01 19:52:54.188828 dv-cinder-844601-7-iscsi neutron-server[110544]: DEBUG neutron.api.rpc.handlers.resources_rpc [None req-e65da00a-2c85-4be5-b4b3-51cb09b1bc3d tempest-AttachVolumeShelveTestJSON-1048603376 tempest-AttachVolumeShelveTestJSON-1048603376-project] Pushing event updated for resources: {'SecurityGroupRule': ['ID=f7d253ae-5808-4b8f-b79e-d97ab2658378,revision_number=0']} {{(pid=110544) push /opt/stack/neutron/neutron/api/rpc/handlers/resources_rpc.py:237}}
Jul 01 19:52:54.225621 dv-cinder-844601-7-iscsi neutron-server[110546]: DEBUG neutron.plugins.ml2.plugin [None req-0a82c2aa-7333-4113-b4a8-9374faec8a05 None None] Port 48953ab3-78b5-40da-bb7f-cd29125c557e cannot update to ACTIVE because it is not bound. {{(pid=110546) _port_provisioned /opt/stack/neutron/neutron/plugins/ml2/plugin.py:348}}
Jul 01 19:52:54.246128 dv-cinder-844601-7-iscsi neutron-server[110546]: DEBUG neutron.db.l3_dvrscheduler_db [None req-d96ee02e-ba3f-4cd2-a293-26f4fc449de5 None None] Routers {'7a0bccdd-efac-4757-a0ec-0ccec1bd1b6b'} bound to L3 agent in host dv-cinder-844601-7-iscsi {{(pid=110546) _get_router_ids_for_agent /opt/stack/neutron/neutron/db/l3_dvrscheduler_db.py:426}}
Jul 01 19:52:54.246767 dv-cinder-844601-7-iscsi neutron-server[110546]: DEBUG neutron.db.l3_hamode_db [None req-d96ee02e-ba3f-4cd2-a293-26f4fc449de5 None None] neutron.services.l3_router.l3_router_plugin.L3RouterPlugin method get_ha_sync_data_for_host called with arguments (, 'dv-cinder-844601-7-iscsi', Agent(admin_state_up=True,agent_type='L3 agent',availability_zone='nova',binary='neutron-l3-agent',configurations={"agent_mode": "legacy", "ex_gw_ports": 1, "extensions": [], "floating_ips": 0, "handle_internal_only_routers": true, "interface_driver": "openvswitch", "interfaces": 1, "log_agent_heartbeats": false, "routers": 1},created_at=2022-07-01T19:44:39Z,description=,heartbeat_timestamp=2022-07-01T19:52:39Z,host='dv-cinder-844601-7-iscsi',id=92102641-59bc-4b31-9151-065046da5b4e,load=0,resource_versions=,resources_synced=,started_at=2022-07-01T19:44:39Z,topic='l3_agent')) {'router_ids': ['7a0bccdd-efac-4757-a0ec-0ccec1bd1b6b'], 'active': True} {{(pid=110546) wrapper /usr/local/lib/python3.8/dist-packages/oslo_log/helpers.py:65}}
Jul 01 19:52:54.256459 dv-cinder-844601-7-iscsi neutron-server[110545]: DEBUG neutron_lib.callbacks.manager [None req-035f8fd1-20a1-4755-8173-2fcfeed20f71 admin admin] Publish callbacks [] for security_group (2f103516-092a-4fed-b9c1-65d9e01ba7f6), precommit_delete {{(pid=110545) _notify_loop /usr/local/lib/python3.8/dist-packages/neutron_lib/callbacks/manager.py:176}}
Jul 01 19:52:54.262534 dv-cinder-844601-7-iscsi neutron-server[110544]: DEBUG neutron_lib.callbacks.manager [None req-e65da00a-2c85-4be5-b4b3-51cb09b1bc3d tempest-AttachVolumeShelveTestJSON-1048603376 tempest-AttachVolumeShelveTestJSON-1048603376-project] Publish callbacks [] for security_group_rule (None), before_response {{(pid=110544) _notify_loop /usr/local/lib/python3.8/dist-packages/neutron_lib/callbacks/manager.py:176}}
Jul 01 19:52:54.264298 dv-cinder-844601-7-iscsi neutron-server[110544]: INFO neutron.wsgi [None req-e65da00a-2c85-4be5-b4b3-51cb09b1bc3d tempest-AttachVolumeShelveTestJSON-1048603376 tempest-AttachVolumeShelveTestJSON-1048603376-project] 10.222.0.66 "POST /v2.0/security-group-rules HTTP/1.1" status: 201 len: 764 time: 0.4152951
Jul 01 19:52:54.268330 dv-cinder-844601-7-iscsi neutron-server[110544]: DEBUG neutron.wsgi [-] (110544) accepted ('10.222.0.66', 53800) {{(pid=110544) server /usr/local/lib/python3.8/dist-packages/eventlet/wsgi.py:1004}}
Jul 01 19:52:54.284373 dv-cinder-844601-7-iscsi neutron-server[110547]: DEBUG dbcounter [-] [110547] Writing DB stats neutron:SELECT=96,neutron:UPDATE=3,neutron:INSERT=1 {{(pid=110547) stat_writer /usr/local/lib/python3.8/dist-packages/dbcounter.py:114}}
Jul 01 19:52:54.284867 dv-cinder-844601-7-iscsi neutron-server[110544]: DEBUG neutron.api.v2.base [None req-12c179ca-8d54-4c6f-9a5e-9d99a0e7a49b tempest-AttachVolumeShelveTestJSON-1048603376 tempest-AttachVolumeShelveTestJSON-1048603376-project] Request body: {'security_group_rule': {'security_group_id': 'c27c56a0-57a1-4cdf-8519-c6e59cb5ae71', 'protocol': 'icmp', 'ethertype': 'IPv4', 'direction': 'ingress'}} {{(pid=110544) prepare_request_body /opt/stack/neutron/neutron/api/v2/base.py:730}}
Jul 01 19:52:54.322013 dv-cinder-844601-7-iscsi neutron-server[110547]: DEBUG neutron_lib.callbacks.manager [None req-673f0f75-2a88-4e91-a87b-6f47c306a939 None None] Publish callbacks [] for port (48953ab3-78b5-40da-bb7f-cd29125c557e), precommit_update {{(pid=110547) _notify_loop /usr/local/lib/python3.8/dist-packages/neutron_lib/callbacks/manager.py:176}}
Jul 01 19:52:54.341250 dv-cinder-844601-7-iscsi neutron-server[110547]: DEBUG neutron_lib.callbacks.manager [None req-673f0f75-2a88-4e91-a87b-6f47c306a939 None None] Publish callbacks ['neutron.plugins.ml2.plugin.SecurityGroupServerNotifierRpcMixin._notify_sg_on_port_change-3672251', 'neutron.plugins.ml2.ovo_rpc._ObjectChangeHandler.handle_event-73037', 'neutron.api.rpc.agentnotifiers.dhcp_rpc_agent_api.DhcpAgentNotifyAPI._native_event_send_dhcp_notification-1603372', 'neutron.db.l3_db.L3RpcNotifierMixin._notify_gateway_port_ip_changed-8766990164938', 'neutron.db.l3_dvrscheduler_db._notify_l3_agent_port_update-8766989768807', 'neutron.db.l3_hascheduler_db._notify_l3_agent_ha_port_update-8766989768825'] for port (48953ab3-78b5-40da-bb7f-cd29125c557e), after_update {{(pid=110547) _notify_loop /usr/local/lib/python3.8/dist-packages/neutron_lib/callbacks/manager.py:176}}
Jul 01 19:52:54.422869 dv-cinder-844601-7-iscsi neutron-server[110544]: DEBUG neutron_lib.callbacks.manager [None req-12c179ca-8d54-4c6f-9a5e-9d99a0e7a49b tempest-AttachVolumeShelveTestJSON-1048603376 tempest-AttachVolumeShelveTestJSON-1048603376-project] Publish callbacks [] for security_group_rule (d14088c9-5cbe-4af7-9220-2ed91aba45d8), before_create {{(pid=110544) _notify_loop /usr/local/lib/python3.8/dist-packages/neutron_lib/callbacks/manager.py:176}}
Jul 01 19:52:54.513909 dv-cinder-844601-7-iscsi neutron-server[110545]: DEBUG neutron_lib.callbacks.manager [None req-f49780d4-76cb-4e82-821f-4945aea489f0 admin admin] Publish callbacks [] for port (6c3ed9fe-6c95-4d90-b9c9-3e75b3c7f921), precommit_update {{(pid=110545) _notify_loop /usr/local/lib/python3.8/dist-packages/neutron_lib/callbacks/manager.py:176}}
Jul 01 19:52:54.515655 dv-cinder-844601-7-iscsi neutron-server[110545]: DEBUG neutron_lib.callbacks.manager [None req-035f8fd1-20a1-4755-8173-2fcfeed20f71 admin admin] Publish callbacks ['neutron.plugins.ml2.ovo_rpc._ObjectChangeHandler.handle_event-1629895'] for security_group (2f103516-092a-4fed-b9c1-65d9e01ba7f6), after_delete {{(pid=110545) _notify_loop /usr/local/lib/python3.8/dist-packages/neutron_lib/callbacks/manager.py:176}}
Jul 01 19:52:54.518514 dv-cinder-844601-7-iscsi neutron-server[110545]: DEBUG neutron_lib.callbacks.manager [None req-035f8fd1-20a1-4755-8173-2fcfeed20f71 admin admin] Publish callbacks [] for security_group (None), before_response {{(pid=110545) _notify_loop /usr/local/lib/python3.8/dist-packages/neutron_lib/callbacks/manager.py:176}}
Jul 01 19:52:54.519702 dv-cinder-844601-7-iscsi neutron-server[110545]: INFO neutron.wsgi [None req-035f8fd1-20a1-4755-8173-2fcfeed20f71 admin admin] 10.222.0.66 "DELETE /v2.0/security-groups/2f103516-092a-4fed-b9c1-65d9e01ba7f6 HTTP/1.1" status: 204 len: 168 time: 0.7247813
Jul 01 19:52:54.591913 dv-cinder-844601-7-iscsi neutron-server[110545]: DEBUG neutron.api.rpc.handlers.resources_rpc [None req-035f8fd1-20a1-4755-8173-2fcfeed20f71 admin admin] Pushing event deleted for resources: {'SecurityGroup': ['ID=2f103516-092a-4fed-b9c1-65d9e01ba7f6,revision_number=None']} {{(pid=110545) push /opt/stack/neutron/neutron/api/rpc/handlers/resources_rpc.py:237}}
Jul 01 19:52:54.606543 dv-cinder-844601-7-iscsi neutron-server[110547]: DEBUG neutron.api.rpc.handlers.resources_rpc [None req-3447b728-ee99-4504-8591-bb32fb58f0e4 None None] Pushing event updated for resources: {'Port': ['ID=48953ab3-78b5-40da-bb7f-cd29125c557e,revision_number=3']} {{(pid=110547) push /opt/stack/neutron/neutron/api/rpc/handlers/resources_rpc.py:237}}
Jul 01 19:52:54.612330 dv-cinder-844601-7-iscsi neutron-server[110545]: DEBUG neutron_lib.callbacks.manager [None req-f49780d4-76cb-4e82-821f-4945aea489f0 admin admin] Publish callbacks ['neutron.plugins.ml2.plugin.SecurityGroupServerNotifierRpcMixin._notify_sg_on_port_change-3672251', 'neutron.plugins.ml2.ovo_rpc._ObjectChangeHandler.handle_event-73037', 'neutron.api.rpc.agentnotifiers.dhcp_rpc_agent_api.DhcpAgentNotifyAPI._native_event_send_dhcp_notification-1603372', 'neutron.db.l3_db.L3RpcNotifierMixin._notify_gateway_port_ip_changed-8766990164938', 'neutron.db.l3_dvrscheduler_db._notify_l3_agent_port_update-8766989768807', 'neutron.db.l3_hascheduler_db._notify_l3_agent_ha_port_update-8766989768825'] for port (6c3ed9fe-6c95-4d90-b9c9-3e75b3c7f921), after_update {{(pid=110545) _notify_loop /usr/local/lib/python3.8/dist-packages/neutron_lib/callbacks/manager.py:176}}
Jul 01 19:52:54.617004 dv-cinder-844601-7-iscsi neutron-server[110545]: DEBUG neutron_lib.callbacks.manager [None req-f49780d4-76cb-4e82-821f-4945aea489f0 admin admin] Publish callbacks ['neutron.api.rpc.agentnotifiers.dhcp_rpc_agent_api.DhcpAgentNotifyAPI._after_router_interface_created-1603386', 'neutron.services.l3_router.l3_router_plugin.DVRResourceOperationHandler._update_snat_v6_addrs_after_intf_update-1730094'] for router_interface (c2243065-4dd3-416f-a3f1-69bed13e411d), after_create {{(pid=110545) _notify_loop /usr/local/lib/python3.8/dist-packages/neutron_lib/callbacks/manager.py:176}}
Jul 01 19:52:54.754346 dv-cinder-844601-7-iscsi neutron-server[110544]: DEBUG neutron_lib.callbacks.manager [None req-12c179ca-8d54-4c6f-9a5e-9d99a0e7a49b tempest-AttachVolumeShelveTestJSON-1048603376 tempest-AttachVolumeShelveTestJSON-1048603376-project] Publish callbacks [] for security_group_rule (d14088c9-5cbe-4af7-9220-2ed91aba45d8), precommit_create {{(pid=110544) _notify_loop /usr/local/lib/python3.8/dist-packages/neutron_lib/callbacks/manager.py:176}}
Jul 01 19:52:54.763029 dv-cinder-844601-7-iscsi neutron-server[110544]: DEBUG neutron.wsgi [-] (110544) accepted ('10.222.0.66', 53838) {{(pid=110544) server /usr/local/lib/python3.8/dist-packages/eventlet/wsgi.py:1004}}
Jul 01 19:52:54.770053 dv-cinder-844601-7-iscsi neutron-server[110544]: WARNING keystonemiddleware.auth_token [-] A valid token was submitted as a service token, but it was not a valid service token. This is incorrect but backwards compatible behaviour. This will be removed in future releases.
Jul 01 19:52:54.861163 dv-cinder-844601-7-iscsi neutron-server[110545]: DEBUG dbcounter [-] [110545] Writing DB stats neutron:SELECT=93,neutron:INSERT=2,neutron:UPDATE=1,neutron:DELETE=4 {{(pid=110545) stat_writer /usr/local/lib/python3.8/dist-packages/dbcounter.py:114}}
Jul 01 19:52:54.923692 dv-cinder-844601-7-iscsi neutron-server[110546]: DEBUG neutron.api.rpc.handlers.resources_rpc [None req-0a82c2aa-7333-4113-b4a8-9374faec8a05 None None] Pushing event updated for resources: {'Port': ['ID=079a3ffd-9359-456d-911b-e66cb58267d7,revision_number=3']} {{(pid=110546) push /opt/stack/neutron/neutron/api/rpc/handlers/resources_rpc.py:237}}
Jul 01 19:52:54.926559 dv-cinder-844601-7-iscsi neutron-server[110544]: DEBUG neutron_lib.callbacks.manager [None req-12c179ca-8d54-4c6f-9a5e-9d99a0e7a49b tempest-AttachVolumeShelveTestJSON-1048603376 tempest-AttachVolumeShelveTestJSON-1048603376-project] Publish callbacks ['neutron.plugins.ml2.ovo_rpc._ObjectChangeHandler.handle_event-1629716'] for security_group_rule (d14088c9-5cbe-4af7-9220-2ed91aba45d8), after_create {{(pid=110544) _notify_loop /usr/local/lib/python3.8/dist-packages/neutron_lib/callbacks/manager.py:176}}
Jul 01 19:52:54.947014 dv-cinder-844601-7-iscsi neutron-server[110547]: DEBUG neutron.plugins.ml2.managers [None req-673f0f75-2a88-4e91-a87b-6f47c306a939 None None] Attempting to bind port 48953ab3-78b5-40da-bb7f-cd29125c557e on host dv-cinder-844601-7-iscsi for vnic_type normal with profile {{(pid=110547) bind_port /opt/stack/neutron/neutron/plugins/ml2/managers.py:811}}
Jul 01 19:52:54.948447 dv-cinder-844601-7-iscsi neutron-server[110547]: DEBUG neutron.plugins.ml2.managers [None req-673f0f75-2a88-4e91-a87b-6f47c306a939 None None] Attempting to bind port 48953ab3-78b5-40da-bb7f-cd29125c557e by drivers openvswitch,hyperv on host dv-cinder-844601-7-iscsi at level 0 using segments [{'id': '5d68873e-3f85-40c5-96cd-ad37b7501d85', 'network_type': 'vlan', 'physical_network': 'physnet1', 'segmentation_id': 618, 'network_id': '7e9d88c7-2969-402f-b3c2-096acc062b79'}] {{(pid=110547) _bind_port_level /opt/stack/neutron/neutron/plugins/ml2/managers.py:836}}
Jul 01 19:52:54.950560 dv-cinder-844601-7-iscsi neutron-server[110547]: DEBUG neutron.plugins.ml2.drivers.mech_agent [None req-673f0f75-2a88-4e91-a87b-6f47c306a939 None None] Attempting to bind port 48953ab3-78b5-40da-bb7f-cd29125c557e on network 7e9d88c7-2969-402f-b3c2-096acc062b79 {{(pid=110547) bind_port /opt/stack/neutron/neutron/plugins/ml2/drivers/mech_agent.py:91}}
Jul 01 19:52:54.977005 dv-cinder-844601-7-iscsi neutron-server[110547]: DEBUG neutron.plugins.ml2.drivers.mech_agent [None req-673f0f75-2a88-4e91-a87b-6f47c306a939 None None] Checking agent: {'id': '29b1a75b-836a-4c45-87de-0068e7577a81', 'agent_type': 'Open vSwitch agent', 'binary': 'neutron-openvswitch-agent', 'topic': 'N/A', 'host': 'dv-cinder-844601-7-iscsi', 'admin_state_up': True, 'created_at': datetime.datetime(2022, 7, 1, 19, 44, 41), 'started_at': datetime.datetime(2022, 7, 1, 19, 45, 11), 'heartbeat_timestamp': datetime.datetime(2022, 7, 1, 19, 52, 41), 'description': None, 'resources_synced': None, 'availability_zone': None, 'alive': True, 'configurations': {'arp_responder_enabled': False, 'baremetal_smartnic': False, 'bridge_mappings': {'physnet1': 'br-data'}, 'datapath_type': 'system', 'devices': 0, 'enable_distributed_routing': False, 'extensions': [], 'in_distributed_mode': False, 'integration_bridge': 'br-int', 'l2_population': False, 'log_agent_heartbeats': False, 'ovs_capabilities': {'datapath_types': ['netdev', 'system'], 'iface_types': ['erspan', 'geneve', 'gre', 'internal', 'ip6erspan', 'ip6gre', 'lisp', 'patch', 'stt', 'system', 'tap', 'vxlan']}, 'ovs_hybrid_plug': False, 'resource_provider_bandwidths': {}, 'resource_provider_hypervisors': {'br-data': 'dv-cinder-844601-7-iscsi'}, 'resource_provider_inventory_defaults': {'allocation_ratio': 1.0, 'min_unit': 1, 'step_size': 1, 'reserved': 0}, 'resource_provider_packet_processing_inventory_defaults': {'allocation_ratio': 1.0, 'min_unit': 1, 'step_size': 1, 'reserved': 0}, 'resource_provider_packet_processing_with_direction': {}, 'resource_provider_packet_processing_without_direction': {}, 'tunnel_types': [], 'tunneling_ip': None, 'vhostuser_socket_dir': '/var/run/openvswitch'}, 'resource_versions': {'AddressGroup': '1.2', 'Agent': '1.1', 'ConntrackHelper': '1.0', 'LocalIPAssociation': '1.0', 'Log': '1.0', 'NDPProxy': '1.0', 'Network': '1.1', 'Port': '1.7', 'PortForwarding': '1.3', 'QosPolicy': '1.10', 'SecurityGroup': '1.5', 'SecurityGroupRule': '1.2', 'SubPort': '1.0', 'Subnet': '1.1', 'Trunk': '1.1'}} {{(pid=110547) bind_port /opt/stack/neutron/neutron/plugins/ml2/drivers/mech_agent.py:110}}
Jul 01 19:52:54.977667 dv-cinder-844601-7-iscsi neutron-server[110547]: DEBUG neutron.plugins.ml2.drivers.mech_agent [None req-673f0f75-2a88-4e91-a87b-6f47c306a939 None None] Checking segment: {'id': '5d68873e-3f85-40c5-96cd-ad37b7501d85', 'network_type': 'vlan', 'physical_network': 'physnet1', 'segmentation_id': 618, 'network_id': '7e9d88c7-2969-402f-b3c2-096acc062b79'} for mappings: {'physnet1': 'br-data'} with network types: ['local', 'flat', 'vlan'] {{(pid=110547) check_segment_for_agent /opt/stack/neutron/neutron/plugins/ml2/drivers/mech_agent.py:373}}
Jul 01 19:52:54.978971 dv-cinder-844601-7-iscsi neutron-server[110547]: DEBUG neutron_lib.callbacks.manager [None req-673f0f75-2a88-4e91-a87b-6f47c306a939 None None] Publish callbacks [] for ovs_bridge_name (None), before_read {{(pid=110547) _notify_loop /usr/local/lib/python3.8/dist-packages/neutron_lib/callbacks/manager.py:176}}
Jul 01 19:52:54.981887 dv-cinder-844601-7-iscsi neutron-server[110547]: DEBUG neutron.plugins.ml2.drivers.mech_agent [None req-673f0f75-2a88-4e91-a87b-6f47c306a939 None None] Bound using segment: {'id': '5d68873e-3f85-40c5-96cd-ad37b7501d85', 'network_type': 'vlan', 'physical_network': 'physnet1', 'segmentation_id': 618, 'network_id': '7e9d88c7-2969-402f-b3c2-096acc062b79'} {{(pid=110547) bind_port /opt/stack/neutron/neutron/plugins/ml2/drivers/mech_agent.py:120}}
Jul 01 19:52:54.984337 dv-cinder-844601-7-iscsi neutron-server[110547]: DEBUG neutron.plugins.ml2.managers [None req-673f0f75-2a88-4e91-a87b-6f47c306a939 None None] Bound port: 48953ab3-78b5-40da-bb7f-cd29125c557e, host: dv-cinder-844601-7-iscsi, vif_type: ovs, vif_details: {"connectivity": "l2", "port_filter": true, "ovs_hybrid_plug": false, "datapath_type": "system", "bridge_name": "br-int"}, binding_levels: [{'bound_driver': 'openvswitch', 'bound_segment': {'id': '5d68873e-3f85-40c5-96cd-ad37b7501d85', 'network_type': 'vlan', 'physical_network': 'physnet1', 'segmentation_id': 618, 'network_id': '7e9d88c7-2969-402f-b3c2-096acc062b79'}}] {{(pid=110547) _bind_port_level /opt/stack/neutron/neutron/plugins/ml2/managers.py:948}}
Jul 01 19:52:55.002788 dv-cinder-844601-7-iscsi neutron-server[110547]: DEBUG neutron_lib.callbacks.manager [None req-673f0f75-2a88-4e91-a87b-6f47c306a939 None None] Publish callbacks ['neutron.plugins.ml2.plugin.SecurityGroupDbMixin._ensure_default_security_group_handler-3672308'] for port (48953ab3-78b5-40da-bb7f-cd29125c557e), before_update {{(pid=110547) _notify_loop /usr/local/lib/python3.8/dist-packages/neutron_lib/callbacks/manager.py:176}}
Jul 01 19:52:55.053483 dv-cinder-844601-7-iscsi neutron-server[110546]: DEBUG neutron.db.provisioning_blocks [None req-594a195a-8e26-4abf-b248-04dc643b2580 None None] Provisioning complete for port ea0633f7-f0a0-4a40-abfd-8db578b8da37 triggered by entity DHCP. {{(pid=110546) provisioning_complete /opt/stack/neutron/neutron/db/provisioning_blocks.py:145}}
Jul 01 19:52:55.064374 dv-cinder-844601-7-iscsi neutron-server[110544]: DEBUG neutron.api.rpc.handlers.resources_rpc [None req-12c179ca-8d54-4c6f-9a5e-9d99a0e7a49b tempest-AttachVolumeShelveTestJSON-1048603376 tempest-AttachVolumeShelveTestJSON-1048603376-project] Pushing event updated for resources: {'SecurityGroupRule': ['ID=d14088c9-5cbe-4af7-9220-2ed91aba45d8,revision_number=0']} {{(pid=110544) push /opt/stack/neutron/neutron/api/rpc/handlers/resources_rpc.py:237}}
Jul 01 19:52:55.066603 dv-cinder-844601-7-iscsi neutron-server[110546]: DEBUG neutron_lib.callbacks.manager [None req-594a195a-8e26-4abf-b248-04dc643b2580 None None] Publish callbacks ['neutron.plugins.ml2.plugin.Ml2Plugin._port_provisioned-3482127'] for port (ea0633f7-f0a0-4a40-abfd-8db578b8da37), provisioning_complete {{(pid=110546) _notify_loop /usr/local/lib/python3.8/dist-packages/neutron_lib/callbacks/manager.py:176}}
Jul 01 19:52:55.132347 dv-cinder-844601-7-iscsi neutron-server[110545]: DEBUG neutron.api.rpc.handlers.resources_rpc [None req-f49780d4-76cb-4e82-821f-4945aea489f0 admin admin] Pushing event updated for resources: {'Port': ['ID=6c3ed9fe-6c95-4d90-b9c9-3e75b3c7f921,revision_number=2']} {{(pid=110545) push /opt/stack/neutron/neutron/api/rpc/handlers/resources_rpc.py:237}}
Jul 01 19:52:55.133796 dv-cinder-844601-7-iscsi neutron-server[110544]: DEBUG neutron_lib.callbacks.manager [None req-12c179ca-8d54-4c6f-9a5e-9d99a0e7a49b tempest-AttachVolumeShelveTestJSON-1048603376 tempest-AttachVolumeShelveTestJSON-1048603376-project] Publish callbacks [] for security_group_rule (None), before_response {{(pid=110544) _notify_loop /usr/local/lib/python3.8/dist-packages/neutron_lib/callbacks/manager.py:176}}
Jul 01 19:52:55.140934 dv-cinder-844601-7-iscsi neutron-server[110544]: INFO neutron.wsgi [None req-12c179ca-8d54-4c6f-9a5e-9d99a0e7a49b tempest-AttachVolumeShelveTestJSON-1048603376 tempest-AttachVolumeShelveTestJSON-1048603376-project] 10.222.0.66 "POST /v2.0/security-group-rules HTTP/1.1" status: 201 len: 769 time: 0.8715124
Jul 01 19:52:55.158391 dv-cinder-844601-7-iscsi neutron-server[110545]: DEBUG neutron.wsgi [-] (110545) accepted ('10.222.0.66', 53854) {{(pid=110545) server /usr/local/lib/python3.8/dist-packages/eventlet/wsgi.py:1004}}
Jul 01 19:52:55.195902 dv-cinder-844601-7-iscsi neutron-server[110546]: DEBUG neutron.api.rpc.handlers.resources_rpc [None req-a629e6d5-3bbb-46fa-97b4-0e3e47d0a3d1 None None] Pushing event updated for resources: {'Port': ['ID=c155756c-9d1c-4f5a-a981-32c24d9044b1,revision_number=3']} {{(pid=110546) push /opt/stack/neutron/neutron/api/rpc/handlers/resources_rpc.py:237}}
Jul 01 19:52:55.213916 dv-cinder-844601-7-iscsi neutron-server[110546]: DEBUG neutron.plugins.ml2.plugin [None req-520f6246-b665-4881-9a48-4c544643b810 None None] Current status of the port 079a3ffd-9359-456d-911b-e66cb58267d7 is: ACTIVE; New status is: ACTIVE {{(pid=110546) _update_individual_port_db_status /opt/stack/neutron/neutron/plugins/ml2/plugin.py:2292}}
Jul 01 19:52:55.215172 dv-cinder-844601-7-iscsi neutron-server[110546]: DEBUG neutron.plugins.ml2.rpc [None req-520f6246-b665-4881-9a48-4c544643b810 None None] Device 004adf03-b733-4aff-86fd-9a09d2ce6b68 up at agent ovs-agent-dv-cinder-844601-7-iscsi {{(pid=110546) update_device_up /opt/stack/neutron/neutron/plugins/ml2/rpc.py:296}}
Jul 01 19:52:55.222906 dv-cinder-844601-7-iscsi neutron-server[110545]: DEBUG neutron.api.v2.base [None req-9cb7b0f7-266b-4b49-af8c-02d2b43858fa tempest-AttachVolumeShelveTestJSON-1048603376 tempest-AttachVolumeShelveTestJSON-1048603376-project] Request body: {'floatingip': {'floating_network_id': 'b87c582a-5096-4c62-aa69-ad30066bb691'}} {{(pid=110545) prepare_request_body /opt/stack/neutron/neutron/api/v2/base.py:730}}
Jul 01 19:52:55.253430 dv-cinder-844601-7-iscsi neutron-server[110547]: DEBUG neutron.plugins.ml2.db [None req-673f0f75-2a88-4e91-a87b-6f47c306a939 None None] For port 48953ab3-78b5-40da-bb7f-cd29125c557e, host dv-cinder-844601-7-iscsi, cleared binding levels {{(pid=110547) clear_binding_levels /opt/stack/neutron/neutron/plugins/ml2/db.py:87}}
Jul 01 19:52:55.265228 dv-cinder-844601-7-iscsi neutron-server[110547]: DEBUG neutron.plugins.ml2.db [None req-673f0f75-2a88-4e91-a87b-6f47c306a939 None None] For port 48953ab3-78b5-40da-bb7f-cd29125c557e, host dv-cinder-844601-7-iscsi, set binding levels [PortBindingLevel(driver='openvswitch',host='dv-cinder-844601-7-iscsi',level=0,port_id=48953ab3-78b5-40da-bb7f-cd29125c557e,segment=NetworkSegment(5d68873e-3f85-40c5-96cd-ad37b7501d85),segment_id=5d68873e-3f85-40c5-96cd-ad37b7501d85)] {{(pid=110547) set_binding_levels /opt/stack/neutron/neutron/plugins/ml2/db.py:59}}
Jul 01 19:52:55.288711 dv-cinder-844601-7-iscsi neutron-server[110547]: DEBUG neutron_lib.callbacks.manager [None req-673f0f75-2a88-4e91-a87b-6f47c306a939 None None] Publish callbacks ['neutron.plugins.ml2.plugin.SecurityGroupServerNotifierRpcMixin._notify_sg_on_port_change-3672251', 'neutron.plugins.ml2.ovo_rpc._ObjectChangeHandler.handle_event-73037', 'neutron.api.rpc.agentnotifiers.dhcp_rpc_agent_api.DhcpAgentNotifyAPI._native_event_send_dhcp_notification-1603372', 'neutron.db.l3_db.L3RpcNotifierMixin._notify_gateway_port_ip_changed-8766990164938', 'neutron.db.l3_dvrscheduler_db._notify_l3_agent_port_update-8766989768807', 'neutron.db.l3_hascheduler_db._notify_l3_agent_ha_port_update-8766989768825'] for port (48953ab3-78b5-40da-bb7f-cd29125c557e), after_update {{(pid=110547) _notify_loop /usr/local/lib/python3.8/dist-packages/neutron_lib/callbacks/manager.py:176}}
Jul 01 19:52:55.330554 dv-cinder-844601-7-iscsi neutron-server[110546]: DEBUG dbcounter [-] [110546] Writing DB stats neutron:SELECT=96,neutron:UPDATE=3,neutron:INSERT=1 {{(pid=110546) stat_writer /usr/local/lib/python3.8/dist-packages/dbcounter.py:114}}
Jul 01 19:52:55.339778 dv-cinder-844601-7-iscsi neutron-server[110545]: DEBUG neutron_lib.callbacks.manager [None req-e22187b0-071c-4c2d-9ba1-76777bbd1e2d admin admin] Publish callbacks ['neutron.plugins.ml2.plugin.SecurityGroupDbMixin._ensure_default_security_group_handler-3672308'] for port (5355a7ae-4c16-4e26-bc96-c6681d00f176), before_update {{(pid=110545) _notify_loop /usr/local/lib/python3.8/dist-packages/neutron_lib/callbacks/manager.py:176}}
Jul 01 19:52:55.396782 dv-cinder-844601-7-iscsi neutron-server[110545]: DEBUG neutron_lib.callbacks.manager [None req-9cb7b0f7-266b-4b49-af8c-02d2b43858fa tempest-AttachVolumeShelveTestJSON-1048603376 tempest-AttachVolumeShelveTestJSON-1048603376-project] Publish callbacks [] for floatingip (None), before_create {{(pid=110545) _notify_loop /usr/local/lib/python3.8/dist-packages/neutron_lib/callbacks/manager.py:176}}
Jul 01 19:52:55.421472 dv-cinder-844601-7-iscsi neutron-server[110546]: DEBUG neutron.db.provisioning_blocks [None req-520f6246-b665-4881-9a48-4c544643b810 None None] Provisioning complete for port 004adf03-b733-4aff-86fd-9a09d2ce6b68 triggered by entity L2. {{(pid=110546) provisioning_complete /opt/stack/neutron/neutron/db/provisioning_blocks.py:145}}
Jul 01 19:52:55.431181 dv-cinder-844601-7-iscsi neutron-server[110546]: DEBUG neutron_lib.callbacks.manager [None req-520f6246-b665-4881-9a48-4c544643b810 None None] Publish callbacks ['neutron.plugins.ml2.plugin.Ml2Plugin._port_provisioned-3482127'] for port (004adf03-b733-4aff-86fd-9a09d2ce6b68), provisioning_complete {{(pid=110546) _notify_loop /usr/local/lib/python3.8/dist-packages/neutron_lib/callbacks/manager.py:176}}
Jul 01 19:52:55.550938 dv-cinder-844601-7-iscsi neutron-server[110546]: DEBUG neutron.plugins.ml2.plugin [None req-594a195a-8e26-4abf-b248-04dc643b2580 None None] Port ea0633f7-f0a0-4a40-abfd-8db578b8da37 cannot update to ACTIVE because it is not bound. {{(pid=110546) _port_provisioned /opt/stack/neutron/neutron/plugins/ml2/plugin.py:348}}
Jul 01 19:52:55.581850 dv-cinder-844601-7-iscsi neutron-server[110546]: DEBUG neutron.db.provisioning_blocks [None req-594a195a-8e26-4abf-b248-04dc643b2580 None None] Provisioning complete for port 6c3ed9fe-6c95-4d90-b9c9-3e75b3c7f921 triggered by entity DHCP. {{(pid=110546) provisioning_complete /opt/stack/neutron/neutron/db/provisioning_blocks.py:145}}
Jul 01 19:52:55.590316 dv-cinder-844601-7-iscsi neutron-server[110546]: DEBUG neutron_lib.callbacks.manager [None req-594a195a-8e26-4abf-b248-04dc643b2580 None None] Publish callbacks ['neutron.plugins.ml2.plugin.Ml2Plugin._port_provisioned-3482127'] for port (6c3ed9fe-6c95-4d90-b9c9-3e75b3c7f921), provisioning_complete {{(pid=110546) _notify_loop /usr/local/lib/python3.8/dist-packages/neutron_lib/callbacks/manager.py:176}}
Jul 01 19:52:55.593858 dv-cinder-844601-7-iscsi neutron-server[110547]: DEBUG neutron.db.l3_dvrscheduler_db [None req-673f0f75-2a88-4e91-a87b-6f47c306a939 None None] Routers {'b0e58633-c4aa-422b-8607-4a78d1fc72ca'} bound to L3 agent in host dv-cinder-844601-7-iscsi {{(pid=110547) _get_router_ids_for_agent /opt/stack/neutron/neutron/db/l3_dvrscheduler_db.py:426}}
Jul 01 19:52:55.600922 dv-cinder-844601-7-iscsi neutron-server[110547]: DEBUG neutron.db.l3_hamode_db [None req-673f0f75-2a88-4e91-a87b-6f47c306a939 None None] neutron.services.l3_router.l3_router_plugin.L3RouterPlugin method get_ha_sync_data_for_host called with arguments (, 'dv-cinder-844601-7-iscsi', Agent(admin_state_up=True,agent_type='L3 agent',availability_zone='nova',binary='neutron-l3-agent',configurations={"agent_mode": "legacy", "ex_gw_ports": 1, "extensions": [], "floating_ips": 0, "handle_internal_only_routers": true, "interface_driver": "openvswitch", "interfaces": 1, "log_agent_heartbeats": false, "routers": 1},created_at=2022-07-01T19:44:39Z,description=,heartbeat_timestamp=2022-07-01T19:52:39Z,host='dv-cinder-844601-7-iscsi',id=92102641-59bc-4b31-9151-065046da5b4e,load=0,resource_versions=,resources_synced=,started_at=2022-07-01T19:44:39Z,topic='l3_agent')) {'router_ids': ['b0e58633-c4aa-422b-8607-4a78d1fc72ca'], 'active': True} {{(pid=110547) wrapper /usr/local/lib/python3.8/dist-packages/oslo_log/helpers.py:65}}
Jul 01 19:52:55.671275 dv-cinder-844601-7-iscsi neutron-server[110544]: DEBUG neutron.wsgi [-] (110544) accepted ('10.222.0.66', 53876) {{(pid=110544) server /usr/local/lib/python3.8/dist-packages/eventlet/wsgi.py:1004}}
Jul 01 19:52:55.684860 dv-cinder-844601-7-iscsi neutron-server[110546]: DEBUG neutron.db.l3_dvr_db [None req-d96ee02e-ba3f-4cd2-a293-26f4fc449de5 None None] Set router 7a0bccdd-efac-4757-a0ec-0ccec1bd1b6b gateway port host: dv-cinder-844601-7-iscsi {{(pid=110546) _build_routers_list /opt/stack/neutron/neutron/db/l3_dvr_db.py:907}}
Jul 01 19:52:55.729520 dv-cinder-844601-7-iscsi neutron-server[110547]: DEBUG neutron.api.rpc.handlers.resources_rpc [None req-3447b728-ee99-4504-8591-bb32fb58f0e4 None None] Pushing event updated for resources: {'Port': ['ID=48953ab3-78b5-40da-bb7f-cd29125c557e,revision_number=4']} {{(pid=110547) push /opt/stack/neutron/neutron/api/rpc/handlers/resources_rpc.py:237}}
Jul 01 19:52:55.730849 dv-cinder-844601-7-iscsi neutron-server[110544]: DEBUG neutron.pecan_wsgi.hooks.policy_enforcement [req-f2183618-7d4d-4766-9bf8-55b861c17904 req-f3a7e4f2-c51f-423d-80cd-835987bec267 tempest-ServerRescueNegativeTestJSON-1358235872 tempest-ServerRescueNegativeTestJSON-1358235872-project] Attributes excluded by policy engine: ['standard_attr_id', 'vlan_transparent', 'provider:network_type', 'provider:physical_network', 'provider:segmentation_id'] {{(pid=110544) _exclude_attributes_by_policy /opt/stack/neutron/neutron/pecan_wsgi/hooks/policy_enforcement.py:259}}
Jul 01 19:52:55.750472 dv-cinder-844601-7-iscsi neutron-server[110544]: INFO neutron.wsgi [req-f2183618-7d4d-4766-9bf8-55b861c17904 req-f3a7e4f2-c51f-423d-80cd-835987bec267 tempest-ServerRescueNegativeTestJSON-1358235872 tempest-ServerRescueNegativeTestJSON-1358235872-project] 10.222.0.66 "GET /v2.0/networks?id=13dd580c-809a-4f73-9432-a6d0838269e1 HTTP/1.1" status: 200 len: 819 time: 0.9853156
Jul 01 19:52:55.752998 dv-cinder-844601-7-iscsi neutron-server[110544]: DEBUG neutron_lib.callbacks.manager [None req-b3dfcb81-cd8f-48f3-ac83-7a43c105ce78 admin admin] Publish callbacks [] for security_group (None), before_create {{(pid=110544) _notify_loop /usr/local/lib/python3.8/dist-packages/neutron_lib/callbacks/manager.py:176}}
Jul 01 19:52:55.854317 dv-cinder-844601-7-iscsi neutron-server[110545]: DEBUG neutron.scheduler.dhcp_agent_scheduler [None req-f49780d4-76cb-4e82-821f-4945aea489f0 admin admin] Network b31a2a85-453d-4d0b-bc1f-fd678ffc85ef is already hosted by enough agents. {{(pid=110545) _get_dhcp_agents_hosting_network /opt/stack/neutron/neutron/scheduler/dhcp_agent_scheduler.py:275}}
Jul 01 19:52:55.866255 dv-cinder-844601-7-iscsi neutron-server[110545]: DEBUG neutron.scheduler.base_scheduler [None req-f49780d4-76cb-4e82-821f-4945aea489f0 admin admin] Resources bound (agent type, host, resource id): {{(pid=110545) schedule /opt/stack/neutron/neutron/scheduler/base_scheduler.py:57}}
Jul 01 19:52:55.975156 dv-cinder-844601-7-iscsi neutron-server[110547]: DEBUG neutron.db.l3_dvr_db [None req-673f0f75-2a88-4e91-a87b-6f47c306a939 None None] Set router b0e58633-c4aa-422b-8607-4a78d1fc72ca gateway port host: dv-cinder-844601-7-iscsi {{(pid=110547) _build_routers_list /opt/stack/neutron/neutron/db/l3_dvr_db.py:907}}
Jul 01 19:52:55.990382 dv-cinder-844601-7-iscsi neutron-server[110544]: DEBUG neutron_lib.callbacks.manager [None req-b3dfcb81-cd8f-48f3-ac83-7a43c105ce78 admin admin] Publish callbacks [] for security_group (37c6fd6c-180a-4288-b6b5-fe69778bd27b), precommit_create {{(pid=110544) _notify_loop /usr/local/lib/python3.8/dist-packages/neutron_lib/callbacks/manager.py:176}}
Jul 01 19:52:56.000077 dv-cinder-844601-7-iscsi neutron-server[110544]: DEBUG dbcounter [-] [110544] Writing DB stats neutron:INSERT=16,neutron:SELECT=79,neutron:UPDATE=2,neutron:DELETE=3 {{(pid=110544) stat_writer /usr/local/lib/python3.8/dist-packages/dbcounter.py:114}}
Jul 01 19:52:56.001915 dv-cinder-844601-7-iscsi neutron-server[110544]: DEBUG neutron_lib.callbacks.manager [None req-b3dfcb81-cd8f-48f3-ac83-7a43c105ce78 admin admin] Publish callbacks ['neutron.plugins.ml2.ovo_rpc._ObjectChangeHandler.handle_event-1629895'] for security_group (37c6fd6c-180a-4288-b6b5-fe69778bd27b), after_create {{(pid=110544) _notify_loop /usr/local/lib/python3.8/dist-packages/neutron_lib/callbacks/manager.py:176}}
Jul 01 19:52:56.031537 dv-cinder-844601-7-iscsi neutron-server[110544]: INFO neutron.wsgi [req-f2183618-7d4d-4766-9bf8-55b861c17904 req-cd020097-fff7-4ed4-a71e-4b3575c36aad tempest-ServerRescueNegativeTestJSON-1358235872 tempest-ServerRescueNegativeTestJSON-1358235872-project] 10.222.0.66 "GET /v2.0/quotas/0ba0ddfd3efd41ee9687efe014c40bf0 HTTP/1.1" status: 200 len: 375 time: 0.2792320
Jul 01 19:52:56.118914 dv-cinder-844601-7-iscsi neutron-server[110544]: DEBUG neutron.api.rpc.handlers.resources_rpc [None req-b3dfcb81-cd8f-48f3-ac83-7a43c105ce78 admin admin] Pushing event updated for resources: {'SecurityGroup': ['ID=37c6fd6c-180a-4288-b6b5-fe69778bd27b,revision_number=1']} {{(pid=110544) push /opt/stack/neutron/neutron/api/rpc/handlers/resources_rpc.py:237}}
Jul 01 19:52:56.176400 dv-cinder-844601-7-iscsi neutron-server[110546]: DEBUG neutron.plugins.ml2.plugin [None req-594a195a-8e26-4abf-b248-04dc643b2580 None None] Port 6c3ed9fe-6c95-4d90-b9c9-3e75b3c7f921 cannot update to ACTIVE because it is not bound. {{(pid=110546) _port_provisioned /opt/stack/neutron/neutron/plugins/ml2/plugin.py:348}}
Jul 01 19:52:56.208708 dv-cinder-844601-7-iscsi neutron-server[110544]: INFO neutron.wsgi [None req-b3dfcb81-cd8f-48f3-ac83-7a43c105ce78 admin admin] 10.222.0.66 "GET /v2.0/security-groups?tenant_id=388c31e0cd074222aac4acbebcdfd507&name=default HTTP/1.1" status: 200 len: 2996 time: 0.5206163
Jul 01 19:52:56.220696 dv-cinder-844601-7-iscsi neutron-server[110546]: DEBUG neutron.plugins.ml2.plugin [None req-520f6246-b665-4881-9a48-4c544643b810 None None] Current status of the port 004adf03-b733-4aff-86fd-9a09d2ce6b68 is: DOWN; New status is: ACTIVE {{(pid=110546) _update_individual_port_db_status /opt/stack/neutron/neutron/plugins/ml2/plugin.py:2292}}
Jul 01 19:52:56.221309 dv-cinder-844601-7-iscsi neutron-server[110546]: DEBUG neutron_lib.callbacks.manager [None req-520f6246-b665-4881-9a48-4c544643b810 None None] Publish callbacks ['neutron.plugins.ml2.plugin.SecurityGroupDbMixin._ensure_default_security_group_handler-3672308'] for port (004adf03-b733-4aff-86fd-9a09d2ce6b68), before_update {{(pid=110546) _notify_loop /usr/local/lib/python3.8/dist-packages/neutron_lib/callbacks/manager.py:176}}
Jul 01 19:52:56.254938 dv-cinder-844601-7-iscsi neutron-server[110546]: DEBUG neutron.plugins.ml2.db [None req-520f6246-b665-4881-9a48-4c544643b810 None None] For port 004adf03-b733-4aff-86fd-9a09d2ce6b68, host dv-cinder-844601-7-iscsi, got binding levels [PortBindingLevel(driver='openvswitch',host='dv-cinder-844601-7-iscsi',level=0,port_id=004adf03-b733-4aff-86fd-9a09d2ce6b68,segment=NetworkSegment(c5cdb51f-650b-430e-bcb0-f8fbfe7b5a63),segment_id=c5cdb51f-650b-430e-bcb0-f8fbfe7b5a63)] {{(pid=110546) get_binding_level_objs /opt/stack/neutron/neutron/plugins/ml2/db.py:74}}
Jul 01 19:52:56.256088 dv-cinder-844601-7-iscsi neutron-server[110546]: DEBUG neutron.db.provisioning_blocks [None req-594a195a-8e26-4abf-b248-04dc643b2580 None None] Provisioning complete for port 079a3ffd-9359-456d-911b-e66cb58267d7 triggered by entity DHCP. {{(pid=110546) provisioning_complete /opt/stack/neutron/neutron/db/provisioning_blocks.py:145}}
Jul 01 19:52:56.256404 dv-cinder-844601-7-iscsi neutron-server[110546]: DEBUG neutron_lib.callbacks.manager [None req-594a195a-8e26-4abf-b248-04dc643b2580 None None] Publish callbacks ['neutron.plugins.ml2.plugin.Ml2Plugin._port_provisioned-3482127'] for port (079a3ffd-9359-456d-911b-e66cb58267d7), provisioning_complete {{(pid=110546) _notify_loop /usr/local/lib/python3.8/dist-packages/neutron_lib/callbacks/manager.py:176}}
Jul 01 19:52:56.260827 dv-cinder-844601-7-iscsi neutron-server[110544]: DEBUG neutron.wsgi [-] (110544) accepted ('10.222.0.66', 53886) {{(pid=110544) server /usr/local/lib/python3.8/dist-packages/eventlet/wsgi.py:1004}}
Jul 01 19:52:56.319763 dv-cinder-844601-7-iscsi neutron-server[110546]: DEBUG neutron_lib.callbacks.manager [None req-520f6246-b665-4881-9a48-4c544643b810 None None] Publish callbacks ['neutron.plugins.ml2.plugin.SecurityGroupServerNotifierRpcMixin._notify_sg_on_port_change-3672251', 'neutron.plugins.ml2.ovo_rpc._ObjectChangeHandler.handle_event-73037', 'neutron.api.rpc.agentnotifiers.dhcp_rpc_agent_api.DhcpAgentNotifyAPI._native_event_send_dhcp_notification-1603372', 'neutron.db.l3_db.L3RpcNotifierMixin._notify_gateway_port_ip_changed-8766990164938', 'neutron.db.l3_dvrscheduler_db._notify_l3_agent_port_update-8766989768807', 'neutron.db.l3_hascheduler_db._notify_l3_agent_ha_port_update-8766989768825'] for port (004adf03-b733-4aff-86fd-9a09d2ce6b68), after_update {{(pid=110546) _notify_loop /usr/local/lib/python3.8/dist-packages/neutron_lib/callbacks/manager.py:176}}
Jul 01 19:52:56.350415 dv-cinder-844601-7-iscsi neutron-server[110545]: DEBUG neutron_lib.callbacks.manager [None req-9cb7b0f7-266b-4b49-af8c-02d2b43858fa tempest-AttachVolumeShelveTestJSON-1048603376 tempest-AttachVolumeShelveTestJSON-1048603376-project] Publish callbacks ['neutron.plugins.ml2.plugin.SecurityGroupDbMixin._ensure_default_security_group_handler-3672308'] for port (None), before_create {{(pid=110545) _notify_loop /usr/local/lib/python3.8/dist-packages/neutron_lib/callbacks/manager.py:176}}
Jul 01 19:52:56.396664 dv-cinder-844601-7-iscsi neutron-server[110544]: DEBUG dbcounter [-] [110544] Writing DB stats neutron:SELECT=86,neutron:INSERT=9,neutron:DELETE=3,neutron:UPDATE=2 {{(pid=110544) stat_writer /usr/local/lib/python3.8/dist-packages/dbcounter.py:114}}
Jul 01 19:52:56.510989 dv-cinder-844601-7-iscsi neutron-server[110544]: INFO neutron.wsgi [req-f2183618-7d4d-4766-9bf8-55b861c17904 req-4f00e580-3398-45f8-bf7f-2a36d8ee8b19 tempest-ServerRescueNegativeTestJSON-1358235872 tempest-ServerRescueNegativeTestJSON-1358235872-project] 10.222.0.66 "GET /v2.0/ports?tenant_id=0ba0ddfd3efd41ee9687efe014c40bf0&fields=id HTTP/1.1" status: 200 len: 302 time: 0.4782999
Jul 01 19:52:56.530546 dv-cinder-844601-7-iscsi neutron-server[110544]: DEBUG neutron_lib.callbacks.manager [None req-ee3e945b-5110-41c1-a6b0-9e403dbbce8d admin admin] Publish callbacks [] for security_group (37c6fd6c-180a-4288-b6b5-fe69778bd27b), before_delete {{(pid=110544) _notify_loop /usr/local/lib/python3.8/dist-packages/neutron_lib/callbacks/manager.py:176}}
Jul 01 19:52:56.616354 dv-cinder-844601-7-iscsi neutron-server[110544]: DEBUG neutron_lib.callbacks.manager [None req-ee3e945b-5110-41c1-a6b0-9e403dbbce8d admin admin] Publish callbacks [] for security_group (37c6fd6c-180a-4288-b6b5-fe69778bd27b), precommit_delete {{(pid=110544) _notify_loop /usr/local/lib/python3.8/dist-packages/neutron_lib/callbacks/manager.py:176}}
Jul 01 19:52:56.756813 dv-cinder-844601-7-iscsi neutron-server[110544]: DEBUG neutron_lib.callbacks.manager [None req-ee3e945b-5110-41c1-a6b0-9e403dbbce8d admin admin] Publish callbacks ['neutron.plugins.ml2.ovo_rpc._ObjectChangeHandler.handle_event-1629895'] for security_group (37c6fd6c-180a-4288-b6b5-fe69778bd27b), after_delete {{(pid=110544) _notify_loop /usr/local/lib/python3.8/dist-packages/neutron_lib/callbacks/manager.py:176}}
Jul 01 19:52:56.759604 dv-cinder-844601-7-iscsi neutron-server[110546]: DEBUG dbcounter [-] [110546] Writing DB stats neutron:SELECT=97,neutron:UPDATE=3 {{(pid=110546) stat_writer /usr/local/lib/python3.8/dist-packages/dbcounter.py:114}}
Jul 01 19:52:56.760252 dv-cinder-844601-7-iscsi neutron-server[110544]: DEBUG neutron_lib.callbacks.manager [None req-ee3e945b-5110-41c1-a6b0-9e403dbbce8d admin admin] Publish callbacks [] for security_group (None), before_response {{(pid=110544) _notify_loop /usr/local/lib/python3.8/dist-packages/neutron_lib/callbacks/manager.py:176}}
Jul 01 19:52:56.764055 dv-cinder-844601-7-iscsi neutron-server[110544]: INFO neutron.wsgi [None req-ee3e945b-5110-41c1-a6b0-9e403dbbce8d admin admin] 10.222.0.66 "DELETE /v2.0/security-groups/37c6fd6c-180a-4288-b6b5-fe69778bd27b HTTP/1.1" status: 204 len: 168 time: 0.4982824
