Jun 27 18:32:56.669613 dv-cinder-844601-6-smb devstack@keystone.service[86869]: [pid: 86869|app: 0|req: 182/369] 10.222.0.36 () {56 vars in 1376 bytes} [Mon Jun 27 18:32:56 2022] GET /identity/v3/role_assignments?group.id=b9ff32c0c6804a5e81910c436eb2ce9d&scope.project.id=7cdc86a10dd449abbc708408ab6b0d78&role.id=422c41a081a44a4e8b04f4d9ce6e8930 => generated 260 bytes in 192 msecs (HTTP/1.1 200) 5 headers in 177 bytes (1 switches on core 0)
Jun 27 18:32:56.670198 dv-cinder-844601-6-smb devstack@keystone.service[86869]: DEBUG keystone.server.flask.request_processing.middleware.auth_context [None req-9ed495b9-0dff-4e33-8734-b1944ad2432d None admin] Authenticating user token {{(pid=86869) process_request /usr/local/lib/python3.8/dist-packages/keystonemiddleware/auth_token/__init__.py:407}}
Jun 27 18:32:56.678914 dv-cinder-844601-6-smb devstack@keystone.service[86870]: DEBUG keystone.server.flask.request_processing.middleware.auth_context [None req-0b513a1b-b367-40b6-921e-2ee85fe5ed0e None admin] RBAC: auth_context: {'token': , 'domain_id': None, 'trust_id': None, 'trustor_id': None, 'trustee_id': None, 'domain_name': None, 'group_ids': [], 'user_id': 'c8d6148460c64b19ad3d5930db893c77', 'user_domain_id': 'default', 'system_scope': 'all', 'project_id': None, 'project_domain_id': None, 'roles': ['admin', 'member', 'reader'], 'is_admin_project': True, 'service_user_id': None, 'service_user_domain_id': None, 'service_project_id': None, 'service_project_domain_id': None, 'service_roles': []} {{(pid=86870) fill_context /opt/stack/keystone/keystone/server/flask/request_processing/middleware/auth_context.py:478}}
Jun 27 18:32:56.679771 dv-cinder-844601-6-smb devstack@keystone.service[86870]: DEBUG keystone.server.flask.request_processing.req_logging [None req-0b513a1b-b367-40b6-921e-2ee85fe5ed0e None admin] REQUEST_METHOD: `GET` {{(pid=86870) log_request_info /opt/stack/keystone/keystone/server/flask/request_processing/req_logging.py:27}}
Jun 27 18:32:56.680777 dv-cinder-844601-6-smb devstack@keystone.service[86870]: DEBUG keystone.server.flask.request_processing.req_logging [None req-0b513a1b-b367-40b6-921e-2ee85fe5ed0e None admin] SCRIPT_NAME: `/identity` {{(pid=86870) log_request_info /opt/stack/keystone/keystone/server/flask/request_processing/req_logging.py:28}}
Jun 27 18:32:56.681071 dv-cinder-844601-6-smb devstack@keystone.service[86870]: DEBUG keystone.server.flask.request_processing.req_logging [None req-0b513a1b-b367-40b6-921e-2ee85fe5ed0e None admin] PATH_INFO: `/v3/roles/admin` {{(pid=86870) log_request_info /opt/stack/keystone/keystone/server/flask/request_processing/req_logging.py:29}}
Jun 27 18:32:56.697737 dv-cinder-844601-6-smb devstack@keystone.service[86870]: DEBUG keystone.common.rbac_enforcer.enforcer [None req-0b513a1b-b367-40b6-921e-2ee85fe5ed0e None admin] Extracting inferred target data resulted in "NOT FOUND (404)". {{(pid=86870) enforce_call /opt/stack/keystone/keystone/common/rbac_enforcer/enforcer.py:409}}
Jun 27 18:32:56.709044 dv-cinder-844601-6-smb devstack@keystone.service[86870]: ERROR keystone.server.flask.application [None req-0b513a1b-b367-40b6-921e-2ee85fe5ed0e None admin] Could not find role: admin.: keystone.exception.RoleNotFound: Could not find role: admin.
Jun 27 18:32:56.709044 dv-cinder-844601-6-smb devstack@keystone.service[86870]: ERROR keystone.server.flask.application
Traceback (most recent call last):
Jun 27 18:32:56.709044 dv-cinder-844601-6-smb devstack@keystone.service[86870]: ERROR keystone.server.flask.application
File "/usr/local/lib/python3.8/dist-packages/flask/app.py", line 1523, in full_dispatch_request
Jun 27 18:32:56.709044 dv-cinder-844601-6-smb devstack@keystone.service[86870]: ERROR keystone.server.flask.application rv = self.dispatch_request()
Jun 27 18:32:56.709044 dv-cinder-844601-6-smb devstack@keystone.service[86870]: ERROR keystone.server.flask.application
File "/usr/local/lib/python3.8/dist-packages/flask/app.py", line 1509, in dispatch_request
Jun 27 18:32:56.709044 dv-cinder-844601-6-smb devstack@keystone.service[86870]: ERROR keystone.server.flask.application return self.ensure_sync(self.view_functions[rule.endpoint])(**req.view_args)
Jun 27 18:32:56.709044 dv-cinder-844601-6-smb devstack@keystone.service[86870]: ERROR keystone.server.flask.application
File "/usr/local/lib/python3.8/dist-packages/flask_restful/__init__.py", line 467, in wrapper
Jun 27 18:32:56.709044 dv-cinder-844601-6-smb devstack@keystone.service[86870]: ERROR keystone.server.flask.application resp = resource(*args, **kwargs)
Jun 27 18:32:56.709044 dv-cinder-844601-6-smb devstack@keystone.service[86870]: ERROR keystone.server.flask.application
File "/usr/local/lib/python3.8/dist-packages/flask/views.py", line 84, in view
Jun 27 18:32:56.709044 dv-cinder-844601-6-smb devstack@keystone.service[86870]: ERROR keystone.server.flask.application return current_app.ensure_sync(self.dispatch_request)(*args, **kwargs)
Jun 27 18:32:56.709044 dv-cinder-844601-6-smb devstack@keystone.service[86870]: ERROR keystone.server.flask.application
File "/usr/local/lib/python3.8/dist-packages/flask_restful/__init__.py", line 582, in dispatch_request
Jun 27 18:32:56.709044 dv-cinder-844601-6-smb devstack@keystone.service[86870]: ERROR keystone.server.flask.application resp = meth(*args, **kwargs)
Jun 27 18:32:56.709044 dv-cinder-844601-6-smb devstack@keystone.service[86870]: ERROR keystone.server.flask.application
File "/opt/stack/keystone/keystone/api/roles.py", line 50, in get
Jun 27 18:32:56.709044 dv-cinder-844601-6-smb devstack@keystone.service[86870]: ERROR keystone.server.flask.application return self._get_role(role_id)
Jun 27 18:32:56.709044 dv-cinder-844601-6-smb devstack@keystone.service[86870]: ERROR keystone.server.flask.application
File "/opt/stack/keystone/keystone/api/roles.py", line 70, in _get_role
Jun 27 18:32:56.709044 dv-cinder-844601-6-smb devstack@keystone.service[86870]: ERROR keystone.server.flask.application ENFORCER.enforce_call(action='identity:get_role')
Jun 27 18:32:56.710090 dv-cinder-844601-6-smb devstack@keystone.service[86870]: ERROR keystone.server.flask.application
File "/opt/stack/keystone/keystone/common/rbac_enforcer/enforcer.py", line 402, in enforce_call
Jun 27 18:32:56.710090 dv-cinder-844601-6-smb devstack@keystone.service[86870]: ERROR keystone.server.flask.application policy_dict.update(cls._extract_member_target_data(
Jun 27 18:32:56.710090 dv-cinder-844601-6-smb devstack@keystone.service[86870]: ERROR keystone.server.flask.application
File "/opt/stack/keystone/keystone/common/rbac_enforcer/enforcer.py", line 234, in _extract_member_target_data
Jun 27 18:32:56.710090 dv-cinder-844601-6-smb devstack@keystone.service[86870]: ERROR keystone.server.flask.application member_name: func(flask.request.view_args[key])
Jun 27 18:32:56.710090 dv-cinder-844601-6-smb devstack@keystone.service[86870]: ERROR keystone.server.flask.application
File "/opt/stack/keystone/keystone/common/manager.py", line 115, in wrapped
Jun 27 18:32:56.710090 dv-cinder-844601-6-smb devstack@keystone.service[86870]: ERROR keystone.server.flask.application __ret_val = __f(*args, **kwargs)
Jun 27 18:32:56.710090 dv-cinder-844601-6-smb devstack@keystone.service[86870]: ERROR keystone.server.flask.application
File "/usr/local/lib/python3.8/dist-packages/decorator.py", line 232, in fun
Jun 27 18:32:56.710090 dv-cinder-844601-6-smb devstack@keystone.service[86870]: ERROR keystone.server.flask.application return caller(func, *(extras + args), **kw)
Jun 27 18:32:56.710090 dv-cinder-844601-6-smb devstack@keystone.service[86870]: ERROR keystone.server.flask.application
File "/usr/local/lib/python3.8/dist-packages/dogpile/cache/region.py", line 1577, in get_or_create_for_user_func
Jun 27 18:32:56.710090 dv-cinder-844601-6-smb devstack@keystone.service[86870]: ERROR keystone.server.flask.application return self.get_or_create(
Jun 27 18:32:56.710090 dv-cinder-844601-6-smb devstack@keystone.service[86870]: ERROR keystone.server.flask.application
File "/usr/local/lib/python3.8/dist-packages/dogpile/cache/region.py", line 1042, in get_or_create
Jun 27 18:32:56.710090 dv-cinder-844601-6-smb devstack@keystone.service[86870]: ERROR keystone.server.flask.application with Lock(
Jun 27 18:32:56.710090 dv-cinder-844601-6-smb devstack@keystone.service[86870]: ERROR keystone.server.flask.application
File "/usr/local/lib/python3.8/dist-packages/dogpile/lock.py", line 185, in __enter__
Jun 27 18:32:56.710090 dv-cinder-844601-6-smb devstack@keystone.service[86870]: ERROR keystone.server.flask.application return self._enter()
Jun 27 18:32:56.710090 dv-cinder-844601-6-smb devstack@keystone.service[86870]: ERROR keystone.server.flask.application
File "/usr/local/lib/python3.8/dist-packages/dogpile/lock.py", line 94, in _enter
Jun 27 18:32:56.710090 dv-cinder-844601-6-smb devstack@keystone.service[86870]: ERROR keystone.server.flask.application generated = self._enter_create(value, createdtime)
Jun 27 18:32:56.710932 dv-cinder-844601-6-smb devstack@keystone.service[86870]: ERROR keystone.server.flask.application
File "/usr/local/lib/python3.8/dist-packages/dogpile/lock.py", line 178, in _enter_create
Jun 27 18:32:56.710932 dv-cinder-844601-6-smb devstack@keystone.service[86870]: ERROR keystone.server.flask.application return self.creator()
Jun 27 18:32:56.710932 dv-cinder-844601-6-smb devstack@keystone.service[86870]: ERROR keystone.server.flask.application
File "/usr/local/lib/python3.8/dist-packages/dogpile/cache/region.py", line 995, in gen_value
Jun 27 18:32:56.710932 dv-cinder-844601-6-smb devstack@keystone.service[86870]: ERROR keystone.server.flask.application created_value = creator(
Jun 27 18:32:56.710932 dv-cinder-844601-6-smb devstack@keystone.service[86870]: ERROR keystone.server.flask.application
File "/opt/stack/keystone/keystone/assignment/core.py", line 1276, in get_role
Jun 27 18:32:56.710932 dv-cinder-844601-6-smb devstack@keystone.service[86870]: ERROR keystone.server.flask.application return self.driver.get_role(role_id)
Jun 27 18:32:56.710932 dv-cinder-844601-6-smb devstack@keystone.service[86870]: ERROR keystone.server.flask.application
File "/opt/stack/keystone/keystone/assignment/role_backends/sql.py", line 70, in get_role
Jun 27 18:32:56.710932 dv-cinder-844601-6-smb devstack@keystone.service[86870]: ERROR keystone.server.flask.application return self._get_role(session, role_id).to_dict()
Jun 27 18:32:56.710932 dv-cinder-844601-6-smb devstack@keystone.service[86870]: ERROR keystone.server.flask.application
File "/opt/stack/keystone/keystone/assignment/role_backends/sql.py", line 65, in _get_role
Jun 27 18:32:56.710932 dv-cinder-844601-6-smb devstack@keystone.service[86870]: ERROR keystone.server.flask.application raise exception.RoleNotFound(role_id=role_id)
Jun 27 18:32:56.710932 dv-cinder-844601-6-smb devstack@keystone.service[86870]: ERROR keystone.server.flask.application keystone.exception.RoleNotFound: Could not find role: admin.
Jun 27 18:32:56.710932 dv-cinder-844601-6-smb devstack@keystone.service[86870]: ERROR keystone.server.flask.application
Jun 27 18:32:56.710932 dv-cinder-844601-6-smb devstack@keystone.service[86870]: [pid: 86870|app: 0|req: 188/370] 10.222.0.36 () {56 vars in 1096 bytes} [Mon Jun 27 18:32:56 2022] GET /identity/v3/roles/admin => generated 83 bytes in 208 msecs (HTTP/1.1 404) 5 headers in 183 bytes (1 switches on core 0)
Jun 27 18:32:56.711792 dv-cinder-844601-6-smb devstack@keystone.service[86870]: DEBUG keystone.server.flask.request_processing.middleware.auth_context [None req-0b513a1b-b367-40b6-921e-2ee85fe5ed0e None admin] Authenticating user token {{(pid=86870) process_request /usr/local/lib/python3.8/dist-packages/keystonemiddleware/auth_token/__init__.py:407}}
Jun 27 18:32:56.741830 dv-cinder-844601-6-smb devstack@keystone.service[86869]: DEBUG dbcounter [-] [86869] Writing DB stats keystone:SELECT=100 {{(pid=86869) stat_writer /usr/local/lib/python3.8/dist-packages/dbcounter.py:114}}
Jun 27 18:32:56.760166 dv-cinder-844601-6-smb devstack@keystone.service[86870]: DEBUG dbcounter [-] [86870] Writing DB stats keystone:SELECT=100 {{(pid=86870) stat_writer /usr/local/lib/python3.8/dist-packages/dbcounter.py:114}}
Jun 27 18:32:56.798452 dv-cinder-844601-6-smb devstack@keystone.service[86869]: DEBUG keystone.server.flask.request_processing.middleware.auth_context [None req-9ed495b9-0dff-4e33-8734-b1944ad2432d None admin] Validating token access rules against request {{(pid=86869) validate_allowed_request /usr/local/lib/python3.8/dist-packages/keystonemiddleware/auth_token/__init__.py:545}}
Jun 27 18:32:56.840237 dv-cinder-844601-6-smb devstack@keystone.service[86869]: DEBUG keystone.server.flask.request_processing.middleware.auth_context [None req-528b5799-0b0e-4d96-84a0-d7730e1c44fd None admin] RBAC: auth_context: {'token': , 'domain_id': None, 'trust_id': None, 'trustor_id': None, 'trustee_id': None, 'domain_name': None, 'group_ids': [], 'user_id': 'c8d6148460c64b19ad3d5930db893c77', 'user_domain_id': 'default', 'system_scope': 'all', 'project_id': None, 'project_domain_id': None, 'roles': ['admin', 'member', 'reader'], 'is_admin_project': True, 'service_user_id': None, 'service_user_domain_id': None, 'service_project_id': None, 'service_project_domain_id': None, 'service_roles': []} {{(pid=86869) fill_context /opt/stack/keystone/keystone/server/flask/request_processing/middleware/auth_context.py:478}}
Jun 27 18:32:56.841000 dv-cinder-844601-6-smb devstack@keystone.service[86869]: DEBUG keystone.server.flask.request_processing.req_logging [None req-528b5799-0b0e-4d96-84a0-d7730e1c44fd None admin] REQUEST_METHOD: `GET` {{(pid=86869) log_request_info /opt/stack/keystone/keystone/server/flask/request_processing/req_logging.py:27}}
Jun 27 18:32:56.841396 dv-cinder-844601-6-smb devstack@keystone.service[86869]: DEBUG keystone.server.flask.request_processing.req_logging [None req-528b5799-0b0e-4d96-84a0-d7730e1c44fd None admin] SCRIPT_NAME: `/identity` {{(pid=86869) log_request_info /opt/stack/keystone/keystone/server/flask/request_processing/req_logging.py:28}}
Jun 27 18:32:56.841783 dv-cinder-844601-6-smb devstack@keystone.service[86869]: DEBUG keystone.server.flask.request_processing.req_logging [None req-528b5799-0b0e-4d96-84a0-d7730e1c44fd None admin] PATH_INFO: `/v3/role_assignments` {{(pid=86869) log_request_info /opt/stack/keystone/keystone/server/flask/request_processing/req_logging.py:29}}
Jun 27 18:32:56.842744 dv-cinder-844601-6-smb devstack@keystone.service[86869]: DEBUG keystone.common.rbac_enforcer.enforcer [None req-528b5799-0b0e-4d96-84a0-d7730e1c44fd None admin] RBAC: Adding query filter params (group.id=b9ff32c0c6804a5e81910c436eb2ce9d, role.id=5c4481f023774d67997d4ba28e07cff0, scope.project.id=36535f8090e64641b80e339c1590bf71) {{(pid=86869) _extract_filter_values /opt/stack/keystone/keystone/common/rbac_enforcer/enforcer.py:167}}
Jun 27 18:32:56.843172 dv-cinder-844601-6-smb devstack@keystone.service[86869]: DEBUG keystone.common.rbac_enforcer.enforcer [None req-528b5799-0b0e-4d96-84a0-d7730e1c44fd None admin] RBAC: Authorizing `identity:list_role_assignments()` {{(pid=86869) enforce_call /opt/stack/keystone/keystone/common/rbac_enforcer/enforcer.py:449}}
Jun 27 18:32:56.844804 dv-cinder-844601-6-smb devstack@keystone.service[86869]: DEBUG keystone.common.rbac_enforcer.enforcer [None req-528b5799-0b0e-4d96-84a0-d7730e1c44fd None admin] RBAC: Authorization granted {{(pid=86869) enforce_call /opt/stack/keystone/keystone/common/rbac_enforcer/enforcer.py:457}}
Jun 27 18:32:56.846838 dv-cinder-844601-6-smb devstack@keystone.service[86870]: DEBUG keystone.server.flask.request_processing.middleware.auth_context [None req-0b513a1b-b367-40b6-921e-2ee85fe5ed0e None admin] Validating token access rules against request {{(pid=86870) validate_allowed_request /usr/local/lib/python3.8/dist-packages/keystonemiddleware/auth_token/__init__.py:545}}
Jun 27 18:32:56.852536 dv-cinder-844601-6-smb devstack@keystone.service[86869]: [pid: 86869|app: 0|req: 183/371] 10.222.0.36 () {56 vars in 1376 bytes} [Mon Jun 27 18:32:56 2022] GET /identity/v3/role_assignments?group.id=b9ff32c0c6804a5e81910c436eb2ce9d&scope.project.id=36535f8090e64641b80e339c1590bf71&role.id=5c4481f023774d67997d4ba28e07cff0 => generated 260 bytes in 182 msecs (HTTP/1.1 200) 5 headers in 177 bytes (1 switches on core 0)
Jun 27 18:32:56.853921 dv-cinder-844601-6-smb devstack@keystone.service[86869]: DEBUG keystone.server.flask.request_processing.middleware.auth_context [None req-528b5799-0b0e-4d96-84a0-d7730e1c44fd None admin] Authenticating user token {{(pid=86869) process_request /usr/local/lib/python3.8/dist-packages/keystonemiddleware/auth_token/__init__.py:407}}
Jun 27 18:32:56.889925 dv-cinder-844601-6-smb devstack@keystone.service[86870]: DEBUG keystone.server.flask.request_processing.middleware.auth_context [None req-4326948f-d46e-44c8-ac01-e13933b21dec None admin] RBAC: auth_context: {'token': , 'domain_id': None, 'trust_id': None, 'trustor_id': None, 'trustee_id': None, 'domain_name': None, 'group_ids': [], 'user_id': 'c8d6148460c64b19ad3d5930db893c77', 'user_domain_id': 'default', 'system_scope': 'all', 'project_id': None, 'project_domain_id': None, 'roles': ['admin', 'member', 'reader'], 'is_admin_project': True, 'service_user_id': None, 'service_user_domain_id': None, 'service_project_id': None, 'service_project_domain_id': None, 'service_roles': []} {{(pid=86870) fill_context /opt/stack/keystone/keystone/server/flask/request_processing/middleware/auth_context.py:478}}
Jun 27 18:32:56.890865 dv-cinder-844601-6-smb devstack@keystone.service[86870]: DEBUG keystone.server.flask.request_processing.req_logging [None req-4326948f-d46e-44c8-ac01-e13933b21dec None admin] REQUEST_METHOD: `GET` {{(pid=86870) log_request_info /opt/stack/keystone/keystone/server/flask/request_processing/req_logging.py:27}}
Jun 27 18:32:56.891308 dv-cinder-844601-6-smb devstack@keystone.service[86870]: DEBUG keystone.server.flask.request_processing.req_logging [None req-4326948f-d46e-44c8-ac01-e13933b21dec None admin] SCRIPT_NAME: `/identity` {{(pid=86870) log_request_info /opt/stack/keystone/keystone/server/flask/request_processing/req_logging.py:28}}
Jun 27 18:32:56.892742 dv-cinder-844601-6-smb devstack@keystone.service[86870]: DEBUG keystone.server.flask.request_processing.req_logging [None req-4326948f-d46e-44c8-ac01-e13933b21dec None admin] PATH_INFO: `/v3/auth/tokens` {{(pid=86870) log_request_info /opt/stack/keystone/keystone/server/flask/request_processing/req_logging.py:29}}
Jun 27 18:32:56.970898 dv-cinder-844601-6-smb devstack@keystone.service[86870]: DEBUG keystone.common.rbac_enforcer.enforcer [None req-4326948f-d46e-44c8-ac01-e13933b21dec None admin] RBAC: Authorizing `identity:validate_token()` {{(pid=86870) enforce_call /opt/stack/keystone/keystone/common/rbac_enforcer/enforcer.py:449}}
Jun 27 18:32:56.974108 dv-cinder-844601-6-smb devstack@keystone.service[86870]: DEBUG keystone.common.rbac_enforcer.enforcer [None req-4326948f-d46e-44c8-ac01-e13933b21dec None admin] RBAC: Authorization granted {{(pid=86870) enforce_call /opt/stack/keystone/keystone/common/rbac_enforcer/enforcer.py:457}}
Jun 27 18:32:57.016047 dv-cinder-844601-6-smb devstack@keystone.service[86870]: DEBUG dbcounter [-] [86870] Writing DB stats keystone:SELECT=100 {{(pid=86870) stat_writer /usr/local/lib/python3.8/dist-packages/dbcounter.py:114}}
Jun 27 18:32:57.081426 dv-cinder-844601-6-smb devstack@keystone.service[86869]: DEBUG keystone.server.flask.request_processing.middleware.auth_context [None req-528b5799-0b0e-4d96-84a0-d7730e1c44fd None admin] Validating token access rules against request {{(pid=86869) validate_allowed_request /usr/local/lib/python3.8/dist-packages/keystonemiddleware/auth_token/__init__.py:545}}
Jun 27 18:32:57.108546 dv-cinder-844601-6-smb devstack@keystone.service[86870]: [pid: 86870|app: 0|req: 189/372] 10.222.0.36 () {58 vars in 1282 bytes} [Mon Jun 27 18:32:56 2022] GET /identity/v3/auth/tokens => generated 799 bytes in 394 msecs (HTTP/1.1 200) 6 headers in 358 bytes (1 switches on core 0)
Jun 27 18:32:57.110072 dv-cinder-844601-6-smb devstack@keystone.service[86869]: DEBUG dbcounter [-] [86869] Writing DB stats keystone:SELECT=100 {{(pid=86869) stat_writer /usr/local/lib/python3.8/dist-packages/dbcounter.py:114}}
Jun 27 18:32:57.112318 dv-cinder-844601-6-smb devstack@keystone.service[86870]: DEBUG keystone.server.flask.request_processing.middleware.auth_context [None req-4326948f-d46e-44c8-ac01-e13933b21dec None admin] Authenticating user token {{(pid=86870) process_request /usr/local/lib/python3.8/dist-packages/keystonemiddleware/auth_token/__init__.py:407}}
Jun 27 18:32:57.129545 dv-cinder-844601-6-smb devstack@keystone.service[86869]: DEBUG keystone.server.flask.request_processing.middleware.auth_context [None req-fc9296c9-bd52-406f-a0bb-20940d8e0119 None admin] RBAC: auth_context: {'token': , 'domain_id': None, 'trust_id': None, 'trustor_id': None, 'trustee_id': None, 'domain_name': None, 'group_ids': [], 'user_id': 'c8d6148460c64b19ad3d5930db893c77', 'user_domain_id': 'default', 'system_scope': 'all', 'project_id': None, 'project_domain_id': None, 'roles': ['admin', 'member', 'reader'], 'is_admin_project': True, 'service_user_id': None, 'service_user_domain_id': None, 'service_project_id': None, 'service_project_domain_id': None, 'service_roles': []} {{(pid=86869) fill_context /opt/stack/keystone/keystone/server/flask/request_processing/middleware/auth_context.py:478}}
Jun 27 18:32:57.130582 dv-cinder-844601-6-smb devstack@keystone.service[86869]: DEBUG keystone.server.flask.request_processing.req_logging [None req-fc9296c9-bd52-406f-a0bb-20940d8e0119 None admin] REQUEST_METHOD: `GET` {{(pid=86869) log_request_info /opt/stack/keystone/keystone/server/flask/request_processing/req_logging.py:27}}
Jun 27 18:32:57.131127 dv-cinder-844601-6-smb devstack@keystone.service[86869]: DEBUG keystone.server.flask.request_processing.req_logging [None req-fc9296c9-bd52-406f-a0bb-20940d8e0119 None admin] SCRIPT_NAME: `/identity` {{(pid=86869) log_request_info /opt/stack/keystone/keystone/server/flask/request_processing/req_logging.py:28}}
Jun 27 18:32:57.131735 dv-cinder-844601-6-smb devstack@keystone.service[86869]: DEBUG keystone.server.flask.request_processing.req_logging [None req-fc9296c9-bd52-406f-a0bb-20940d8e0119 None admin] PATH_INFO: `/v3/roles` {{(pid=86869) log_request_info /opt/stack/keystone/keystone/server/flask/request_processing/req_logging.py:29}}
Jun 27 18:32:57.132826 dv-cinder-844601-6-smb devstack@keystone.service[86869]: DEBUG keystone.common.rbac_enforcer.enforcer [None req-fc9296c9-bd52-406f-a0bb-20940d8e0119 None admin] RBAC: Adding query filter params (name=admin) {{(pid=86869) _extract_filter_values /opt/stack/keystone/keystone/common/rbac_enforcer/enforcer.py:167}}
Jun 27 18:32:57.133340 dv-cinder-844601-6-smb devstack@keystone.service[86869]: DEBUG keystone.common.rbac_enforcer.enforcer [None req-fc9296c9-bd52-406f-a0bb-20940d8e0119 None admin] RBAC: Authorizing `identity:list_roles()` {{(pid=86869) enforce_call /opt/stack/keystone/keystone/common/rbac_enforcer/enforcer.py:449}}
Jun 27 18:32:57.135481 dv-cinder-844601-6-smb devstack@keystone.service[86869]: DEBUG keystone.common.rbac_enforcer.enforcer [None req-fc9296c9-bd52-406f-a0bb-20940d8e0119 None admin] RBAC: Authorization granted {{(pid=86869) enforce_call /opt/stack/keystone/keystone/common/rbac_enforcer/enforcer.py:457}}
Jun 27 18:32:57.145389 dv-cinder-844601-6-smb devstack@keystone.service[86869]: [pid: 86869|app: 0|req: 184/373] 10.222.0.36 () {56 vars in 1099 bytes} [Mon Jun 27 18:32:56 2022] GET /identity/v3/roles?name=admin => generated 339 bytes in 292 msecs (HTTP/1.1 200) 5 headers in 177 bytes (1 switches on core 0)
Jun 27 18:32:57.151815 dv-cinder-844601-6-smb devstack@keystone.service[86869]: DEBUG keystone.server.flask.request_processing.middleware.auth_context [None req-fc9296c9-bd52-406f-a0bb-20940d8e0119 None admin] Authenticating user token {{(pid=86869) process_request /usr/local/lib/python3.8/dist-packages/keystonemiddleware/auth_token/__init__.py:407}}
Jun 27 18:32:57.224431 dv-cinder-844601-6-smb devstack@keystone.service[86870]: DEBUG keystone.server.flask.request_processing.middleware.auth_context [None req-4326948f-d46e-44c8-ac01-e13933b21dec None admin] Validating token access rules against request {{(pid=86870) validate_allowed_request /usr/local/lib/python3.8/dist-packages/keystonemiddleware/auth_token/__init__.py:545}}
Jun 27 18:32:57.258213 dv-cinder-844601-6-smb devstack@keystone.service[86870]: DEBUG dbcounter [-] [86870] Writing DB stats keystone:SELECT=100 {{(pid=86870) stat_writer /usr/local/lib/python3.8/dist-packages/dbcounter.py:114}}
Jun 27 18:32:57.264104 dv-cinder-844601-6-smb devstack@keystone.service[86869]: DEBUG keystone.server.flask.request_processing.middleware.auth_context [None req-fc9296c9-bd52-406f-a0bb-20940d8e0119 None admin] Validating token access rules against request {{(pid=86869) validate_allowed_request /usr/local/lib/python3.8/dist-packages/keystonemiddleware/auth_token/__init__.py:545}}
Jun 27 18:32:57.268458 dv-cinder-844601-6-smb devstack@keystone.service[86870]: DEBUG keystone.server.flask.request_processing.middleware.auth_context [None req-acbdd9a5-1b9e-4265-a659-d15b22296357 None admin] RBAC: auth_context: {'token': , 'domain_id': None, 'trust_id': None, 'trustor_id': None, 'trustee_id': None, 'domain_name': None, 'group_ids': [], 'user_id': 'c8d6148460c64b19ad3d5930db893c77', 'user_domain_id': 'default', 'system_scope': 'all', 'project_id': None, 'project_domain_id': None, 'roles': ['admin', 'member', 'reader'], 'is_admin_project': True, 'service_user_id': None, 'service_user_domain_id': None, 'service_project_id': None, 'service_project_domain_id': None, 'service_roles': []} {{(pid=86870) fill_context /opt/stack/keystone/keystone/server/flask/request_processing/middleware/auth_context.py:478}}
Jun 27 18:32:57.268458 dv-cinder-844601-6-smb devstack@keystone.service[86870]: DEBUG keystone.server.flask.request_processing.req_logging [None req-acbdd9a5-1b9e-4265-a659-d15b22296357 None admin] REQUEST_METHOD: `GET` {{(pid=86870) log_request_info /opt/stack/keystone/keystone/server/flask/request_processing/req_logging.py:27}}
Jun 27 18:32:57.268458 dv-cinder-844601-6-smb devstack@keystone.service[86870]: DEBUG keystone.server.flask.request_processing.req_logging [None req-acbdd9a5-1b9e-4265-a659-d15b22296357 None admin] SCRIPT_NAME: `/identity` {{(pid=86870) log_request_info /opt/stack/keystone/keystone/server/flask/request_processing/req_logging.py:28}}
Jun 27 18:32:57.268458 dv-cinder-844601-6-smb devstack@keystone.service[86870]: DEBUG keystone.server.flask.request_processing.req_logging [None req-acbdd9a5-1b9e-4265-a659-d15b22296357 None admin] PATH_INFO: `/v3/projects/36535f8090e64641b80e339c1590bf71` {{(pid=86870) log_request_info /opt/stack/keystone/keystone/server/flask/request_processing/req_logging.py:29}}
Jun 27 18:32:57.268834 dv-cinder-844601-6-smb devstack@keystone.service[86870]: DEBUG keystone.common.rbac_enforcer.enforcer [None req-acbdd9a5-1b9e-4265-a659-d15b22296357 None admin] RBAC: Authorizing `identity:get_project(project_id=36535f8090e64641b80e339c1590bf71)` {{(pid=86870) enforce_call /opt/stack/keystone/keystone/common/rbac_enforcer/enforcer.py:449}}
Jun 27 18:32:57.270116 dv-cinder-844601-6-smb devstack@keystone.service[86870]: DEBUG keystone.common.rbac_enforcer.enforcer [None req-acbdd9a5-1b9e-4265-a659-d15b22296357 None admin] RBAC: Authorization granted {{(pid=86870) enforce_call /opt/stack/keystone/keystone/common/rbac_enforcer/enforcer.py:457}}
Jun 27 18:32:57.277397 dv-cinder-844601-6-smb devstack@keystone.service[86870]: [pid: 86870|app: 0|req: 190/374] 10.222.0.36 () {56 vars in 1186 bytes} [Mon Jun 27 18:32:57 2022] GET /identity/v3/projects/36535f8090e64641b80e339c1590bf71 => generated 302 bytes in 161 msecs (HTTP/1.1 200) 5 headers in 177 bytes (2 switches on core 0)
Jun 27 18:32:57.278840 dv-cinder-844601-6-smb devstack@keystone.service[86870]: DEBUG keystone.server.flask.request_processing.middleware.auth_context [None req-acbdd9a5-1b9e-4265-a659-d15b22296357 None admin] Authenticating user token {{(pid=86870) process_request /usr/local/lib/python3.8/dist-packages/keystonemiddleware/auth_token/__init__.py:407}}
Jun 27 18:32:57.300090 dv-cinder-844601-6-smb devstack@keystone.service[86869]: DEBUG keystone.server.flask.request_processing.middleware.auth_context [None req-7a9f0209-f161-4a11-976a-a43da3d7fdf5 None admin] RBAC: auth_context: {'token': , 'domain_id': None, 'trust_id': None, 'trustor_id': None, 'trustee_id': None, 'domain_name': None, 'group_ids': [], 'user_id': 'c8d6148460c64b19ad3d5930db893c77', 'user_domain_id': 'default', 'system_scope': 'all', 'project_id': None, 'project_domain_id': None, 'roles': ['admin', 'member', 'reader'], 'is_admin_project': True, 'service_user_id': None, 'service_user_domain_id': None, 'service_project_id': None, 'service_project_domain_id': None, 'service_roles': []} {{(pid=86869) fill_context /opt/stack/keystone/keystone/server/flask/request_processing/middleware/auth_context.py:478}}
Jun 27 18:32:57.300887 dv-cinder-844601-6-smb devstack@keystone.service[86869]: DEBUG keystone.server.flask.request_processing.req_logging [None req-7a9f0209-f161-4a11-976a-a43da3d7fdf5 None admin] REQUEST_METHOD: `GET` {{(pid=86869) log_request_info /opt/stack/keystone/keystone/server/flask/request_processing/req_logging.py:27}}
Jun 27 18:32:57.301287 dv-cinder-844601-6-smb devstack@keystone.service[86869]: DEBUG keystone.server.flask.request_processing.req_logging [None req-7a9f0209-f161-4a11-976a-a43da3d7fdf5 None admin] SCRIPT_NAME: `/identity` {{(pid=86869) log_request_info /opt/stack/keystone/keystone/server/flask/request_processing/req_logging.py:28}}
Jun 27 18:32:57.301668 dv-cinder-844601-6-smb devstack@keystone.service[86869]: DEBUG keystone.server.flask.request_processing.req_logging [None req-7a9f0209-f161-4a11-976a-a43da3d7fdf5 None admin] PATH_INFO: `/v3/auth/tokens` {{(pid=86869) log_request_info /opt/stack/keystone/keystone/server/flask/request_processing/req_logging.py:29}}
Jun 27 18:32:57.367959 dv-cinder-844601-6-smb devstack@keystone.service[86869]: DEBUG dbcounter [-] [86869] Writing DB stats keystone:SELECT=100 {{(pid=86869) stat_writer /usr/local/lib/python3.8/dist-packages/dbcounter.py:114}}
Jun 27 18:32:57.381091 dv-cinder-844601-6-smb devstack@keystone.service[86869]: DEBUG keystone.common.rbac_enforcer.enforcer [None req-7a9f0209-f161-4a11-976a-a43da3d7fdf5 None admin] RBAC: Authorizing `identity:validate_token()` {{(pid=86869) enforce_call /opt/stack/keystone/keystone/common/rbac_enforcer/enforcer.py:449}}
Jun 27 18:32:57.382644 dv-cinder-844601-6-smb devstack@keystone.service[86869]: DEBUG keystone.common.rbac_enforcer.enforcer [None req-7a9f0209-f161-4a11-976a-a43da3d7fdf5 None admin] RBAC: Authorization granted {{(pid=86869) enforce_call /opt/stack/keystone/keystone/common/rbac_enforcer/enforcer.py:457}}
Jun 27 18:32:57.394646 dv-cinder-844601-6-smb devstack@keystone.service[86870]: DEBUG keystone.server.flask.request_processing.middleware.auth_context [None req-acbdd9a5-1b9e-4265-a659-d15b22296357 None admin] Validating token access rules against request {{(pid=86870) validate_allowed_request /usr/local/lib/python3.8/dist-packages/keystonemiddleware/auth_token/__init__.py:545}}
Jun 27 18:32:57.436686 dv-cinder-844601-6-smb devstack@keystone.service[86870]: DEBUG keystone.server.flask.request_processing.middleware.auth_context [None req-00a52de0-a746-4606-b136-99a8e08d4bdd None admin] RBAC: auth_context: {'token': , 'domain_id': None, 'trust_id': None, 'trustor_id': None, 'trustee_id': None, 'domain_name': None, 'group_ids': [], 'user_id': 'c8d6148460c64b19ad3d5930db893c77', 'user_domain_id': 'default', 'system_scope': 'all', 'project_id': None, 'project_domain_id': None, 'roles': ['admin', 'member', 'reader'], 'is_admin_project': True, 'service_user_id': None, 'service_user_domain_id': None, 'service_project_id': None, 'service_project_domain_id': None, 'service_roles': []} {{(pid=86870) fill_context /opt/stack/keystone/keystone/server/flask/request_processing/middleware/auth_context.py:478}}
Jun 27 18:32:57.438022 dv-cinder-844601-6-smb devstack@keystone.service[86870]: DEBUG keystone.server.flask.request_processing.req_logging [None req-00a52de0-a746-4606-b136-99a8e08d4bdd None admin] REQUEST_METHOD: `GET` {{(pid=86870) log_request_info /opt/stack/keystone/keystone/server/flask/request_processing/req_logging.py:27}}
Jun 27 18:32:57.438309 dv-cinder-844601-6-smb devstack@keystone.service[86870]: DEBUG keystone.server.flask.request_processing.req_logging [None req-00a52de0-a746-4606-b136-99a8e08d4bdd None admin] SCRIPT_NAME: `/identity` {{(pid=86870) log_request_info /opt/stack/keystone/keystone/server/flask/request_processing/req_logging.py:28}}
Jun 27 18:32:57.438865 dv-cinder-844601-6-smb devstack@keystone.service[86870]: DEBUG keystone.server.flask.request_processing.req_logging [None req-00a52de0-a746-4606-b136-99a8e08d4bdd None admin] PATH_INFO: `/v3/groups/b9ff32c0c6804a5e81910c436eb2ce9d` {{(pid=86870) log_request_info /opt/stack/keystone/keystone/server/flask/request_processing/req_logging.py:29}}
Jun 27 18:32:57.440392 dv-cinder-844601-6-smb devstack@keystone.service[86870]: DEBUG keystone.common.rbac_enforcer.enforcer [None req-00a52de0-a746-4606-b136-99a8e08d4bdd None admin] RBAC: Authorizing `identity:get_group(group_id=b9ff32c0c6804a5e81910c436eb2ce9d)` {{(pid=86870) enforce_call /opt/stack/keystone/keystone/common/rbac_enforcer/enforcer.py:449}}
Jun 27 18:32:57.442557 dv-cinder-844601-6-smb devstack@keystone.service[86870]: DEBUG keystone.common.rbac_enforcer.enforcer [None req-00a52de0-a746-4606-b136-99a8e08d4bdd None admin] RBAC: Authorization granted {{(pid=86870) enforce_call /opt/stack/keystone/keystone/common/rbac_enforcer/enforcer.py:457}}
Jun 27 18:32:57.445193 dv-cinder-844601-6-smb devstack@keystone.service[86870]: [pid: 86870|app: 0|req: 191/375] 10.222.0.36 () {56 vars in 1180 bytes} [Mon Jun 27 18:32:57 2022] GET /identity/v3/groups/b9ff32c0c6804a5e81910c436eb2ce9d => generated 226 bytes in 167 msecs (HTTP/1.1 200) 5 headers in 177 bytes (1 switches on core 0)
Jun 27 18:32:57.453811 dv-cinder-844601-6-smb devstack@keystone.service[86870]: DEBUG keystone.server.flask.request_processing.middleware.auth_context [None req-00a52de0-a746-4606-b136-99a8e08d4bdd None admin] Authenticating user token {{(pid=86870) process_request /usr/local/lib/python3.8/dist-packages/keystonemiddleware/auth_token/__init__.py:407}}
Jun 27 18:32:57.504098 dv-cinder-844601-6-smb devstack@keystone.service[86869]: [pid: 86869|app: 0|req: 185/376] 10.222.0.36 () {58 vars in 1282 bytes} [Mon Jun 27 18:32:57 2022] GET /identity/v3/auth/tokens => generated 799 bytes in 353 msecs (HTTP/1.1 200) 6 headers in 358 bytes (2 switches on core 0)
Jun 27 18:32:57.513933 dv-cinder-844601-6-smb devstack@keystone.service[86869]: DEBUG keystone.server.flask.request_processing.middleware.auth_context [None req-7a9f0209-f161-4a11-976a-a43da3d7fdf5 None admin] Authenticating user token {{(pid=86869) process_request /usr/local/lib/python3.8/dist-packages/keystonemiddleware/auth_token/__init__.py:407}}
Jun 27 18:32:57.532320 dv-cinder-844601-6-smb devstack@keystone.service[86870]: DEBUG dbcounter [-] [86870] Writing DB stats keystone:SELECT=100 {{(pid=86870) stat_writer /usr/local/lib/python3.8/dist-packages/dbcounter.py:114}}
Jun 27 18:32:57.567184 dv-cinder-844601-6-smb devstack@keystone.service[86870]: DEBUG keystone.server.flask.request_processing.middleware.auth_context [None req-00a52de0-a746-4606-b136-99a8e08d4bdd None admin] Validating token access rules against request {{(pid=86870) validate_allowed_request /usr/local/lib/python3.8/dist-packages/keystonemiddleware/auth_token/__init__.py:545}}
Jun 27 18:32:57.604981 dv-cinder-844601-6-smb devstack@keystone.service[86870]: DEBUG keystone.server.flask.request_processing.middleware.auth_context [None req-313a2836-2657-4aee-86e4-4bd336b9d43a None admin] RBAC: auth_context: {'token': , 'domain_id': None, 'trust_id': None, 'trustor_id': None, 'trustee_id': None, 'domain_name': None, 'group_ids': [], 'user_id': 'c8d6148460c64b19ad3d5930db893c77', 'user_domain_id': 'default', 'system_scope': 'all', 'project_id': None, 'project_domain_id': None, 'roles': ['admin', 'member', 'reader'], 'is_admin_project': True, 'service_user_id': None, 'service_user_domain_id': None, 'service_project_id': None, 'service_project_domain_id': None, 'service_roles': []} {{(pid=86870) fill_context /opt/stack/keystone/keystone/server/flask/request_processing/middleware/auth_context.py:478}}
Jun 27 18:32:57.605888 dv-cinder-844601-6-smb devstack@keystone.service[86870]: DEBUG keystone.server.flask.request_processing.req_logging [None req-313a2836-2657-4aee-86e4-4bd336b9d43a None admin] REQUEST_METHOD: `GET` {{(pid=86870) log_request_info /opt/stack/keystone/keystone/server/flask/request_processing/req_logging.py:27}}
Jun 27 18:32:57.606245 dv-cinder-844601-6-smb devstack@keystone.service[86870]: DEBUG keystone.server.flask.request_processing.req_logging [None req-313a2836-2657-4aee-86e4-4bd336b9d43a None admin] SCRIPT_NAME: `/identity` {{(pid=86870) log_request_info /opt/stack/keystone/keystone/server/flask/request_processing/req_logging.py:28}}
Jun 27 18:32:57.606780 dv-cinder-844601-6-smb devstack@keystone.service[86870]: DEBUG keystone.server.flask.request_processing.req_logging [None req-313a2836-2657-4aee-86e4-4bd336b9d43a None admin] PATH_INFO: `/v3/role_assignments` {{(pid=86870) log_request_info /opt/stack/keystone/keystone/server/flask/request_processing/req_logging.py:29}}
Jun 27 18:32:57.607790 dv-cinder-844601-6-smb devstack@keystone.service[86870]: DEBUG keystone.common.rbac_enforcer.enforcer [None req-313a2836-2657-4aee-86e4-4bd336b9d43a None admin] RBAC: Adding query filter params (group.id=b9ff32c0c6804a5e81910c436eb2ce9d, role.id=422c41a081a44a4e8b04f4d9ce6e8930, scope.project.id=36535f8090e64641b80e339c1590bf71) {{(pid=86870) _extract_filter_values /opt/stack/keystone/keystone/common/rbac_enforcer/enforcer.py:167}}
Jun 27 18:32:57.608208 dv-cinder-844601-6-smb devstack@keystone.service[86870]: DEBUG keystone.common.rbac_enforcer.enforcer [None req-313a2836-2657-4aee-86e4-4bd336b9d43a None admin] RBAC: Authorizing `identity:list_role_assignments()` {{(pid=86870) enforce_call /opt/stack/keystone/keystone/common/rbac_enforcer/enforcer.py:449}}
Jun 27 18:32:57.609732 dv-cinder-844601-6-smb devstack@keystone.service[86870]: DEBUG keystone.common.rbac_enforcer.enforcer [None req-313a2836-2657-4aee-86e4-4bd336b9d43a None admin] RBAC: Authorization granted {{(pid=86870) enforce_call /opt/stack/keystone/keystone/common/rbac_enforcer/enforcer.py:457}}
Jun 27 18:32:57.611153 dv-cinder-844601-6-smb devstack@keystone.service[86869]: DEBUG dbcounter [-] [86869] Writing DB stats keystone:SELECT=100 {{(pid=86869) stat_writer /usr/local/lib/python3.8/dist-packages/dbcounter.py:114}}
Jun 27 18:32:57.616221 dv-cinder-844601-6-smb devstack@keystone.service[86870]: [pid: 86870|app: 0|req: 192/377] 10.222.0.36 () {56 vars in 1376 bytes} [Mon Jun 27 18:32:57 2022] GET /identity/v3/role_assignments?group.id=b9ff32c0c6804a5e81910c436eb2ce9d&scope.project.id=36535f8090e64641b80e339c1590bf71&role.id=422c41a081a44a4e8b04f4d9ce6e8930 => generated 260 bytes in 163 msecs (HTTP/1.1 200) 5 headers in 177 bytes (1 switches on core 0)
Jun 27 18:32:57.632392 dv-cinder-844601-6-smb devstack@keystone.service[86869]: DEBUG keystone.server.flask.request_processing.middleware.auth_context [None req-7a9f0209-f161-4a11-976a-a43da3d7fdf5 None admin] Validating token access rules against request {{(pid=86869) validate_allowed_request /usr/local/lib/python3.8/dist-packages/keystonemiddleware/auth_token/__init__.py:545}}
Jun 27 18:32:57.672319 dv-cinder-844601-6-smb devstack@keystone.service[86869]: DEBUG keystone.server.flask.request_processing.middleware.auth_context [None req-683ce087-ee5f-47b4-880b-2a8eee4e9254 None admin] RBAC: auth_context: {'token': , 'domain_id': None, 'trust_id': None, 'trustor_id': None, 'trustee_id': None, 'domain_name': None, 'group_ids': [], 'user_id': 'c8d6148460c64b19ad3d5930db893c77', 'user_domain_id': 'default', 'system_scope': 'all', 'project_id': None, 'project_domain_id': None, 'roles': ['admin', 'member', 'reader'], 'is_admin_project': True, 'service_user_id': None, 'service_user_domain_id': None, 'service_project_id': None, 'service_project_domain_id': None, 'service_roles': []} {{(pid=86869) fill_context /opt/stack/keystone/keystone/server/flask/request_processing/middleware/auth_context.py:478}}
Jun 27 18:32:57.673480 dv-cinder-844601-6-smb devstack@keystone.service[86869]: DEBUG keystone.server.flask.request_processing.req_logging [None req-683ce087-ee5f-47b4-880b-2a8eee4e9254 None admin] REQUEST_METHOD: `GET` {{(pid=86869) log_request_info /opt/stack/keystone/keystone/server/flask/request_processing/req_logging.py:27}}
Jun 27 18:32:57.673959 dv-cinder-844601-6-smb devstack@keystone.service[86869]: DEBUG keystone.server.flask.request_processing.req_logging [None req-683ce087-ee5f-47b4-880b-2a8eee4e9254 None admin] SCRIPT_NAME: `/identity` {{(pid=86869) log_request_info /opt/stack/keystone/keystone/server/flask/request_processing/req_logging.py:28}}
Jun 27 18:32:57.674382 dv-cinder-844601-6-smb devstack@keystone.service[86869]: DEBUG keystone.server.flask.request_processing.req_logging [None req-683ce087-ee5f-47b4-880b-2a8eee4e9254 None admin] PATH_INFO: `/v3/projects/1f3d89cc168b4f4880cd82876788b05f` {{(pid=86869) log_request_info /opt/stack/keystone/keystone/server/flask/request_processing/req_logging.py:29}}
Jun 27 18:32:57.675791 dv-cinder-844601-6-smb devstack@keystone.service[86869]: DEBUG keystone.common.rbac_enforcer.enforcer [None req-683ce087-ee5f-47b4-880b-2a8eee4e9254 None admin] RBAC: Authorizing `identity:get_project(project_id=1f3d89cc168b4f4880cd82876788b05f)` {{(pid=86869) enforce_call /opt/stack/keystone/keystone/common/rbac_enforcer/enforcer.py:449}}
Jun 27 18:32:57.677411 dv-cinder-844601-6-smb devstack@keystone.service[86869]: DEBUG keystone.common.rbac_enforcer.enforcer [None req-683ce087-ee5f-47b4-880b-2a8eee4e9254 None admin] RBAC: Authorization granted {{(pid=86869) enforce_call /opt/stack/keystone/keystone/common/rbac_enforcer/enforcer.py:457}}
Jun 27 18:32:57.679661 dv-cinder-844601-6-smb devstack@keystone.service[86869]: [pid: 86869|app: 0|req: 186/378] 10.222.0.36 () {56 vars in 1186 bytes} [Mon Jun 27 18:32:57 2022] GET /identity/v3/projects/1f3d89cc168b4f4880cd82876788b05f => generated 344 bytes in 169 msecs (HTTP/1.1 200) 5 headers in 177 bytes (1 switches on core 0)
Jun 27 18:32:57.685885 dv-cinder-844601-6-smb devstack@keystone.service[86870]: DEBUG keystone.server.flask.request_processing.middleware.auth_context [None req-313a2836-2657-4aee-86e4-4bd336b9d43a None admin] Authenticating user token {{(pid=86870) process_request /usr/local/lib/python3.8/dist-packages/keystonemiddleware/auth_token/__init__.py:407}}
Jun 27 18:32:57.809550 dv-cinder-844601-6-smb devstack@keystone.service[86870]: DEBUG keystone.server.flask.request_processing.middleware.auth_context [None req-313a2836-2657-4aee-86e4-4bd336b9d43a None admin] Validating token access rules against request {{(pid=86870) validate_allowed_request /usr/local/lib/python3.8/dist-packages/keystonemiddleware/auth_token/__init__.py:545}}
Jun 27 18:32:57.846782 dv-cinder-844601-6-smb devstack@keystone.service[86870]: DEBUG dbcounter [-] [86870] Writing DB stats keystone:SELECT=100 {{(pid=86870) stat_writer /usr/local/lib/python3.8/dist-packages/dbcounter.py:114}}
Jun 27 18:32:57.854606 dv-cinder-844601-6-smb devstack@keystone.service[86870]: DEBUG keystone.server.flask.request_processing.middleware.auth_context [None req-5e88c3db-3a01-474d-9881-8dc3508064ca None admin] RBAC: auth_context: {'token': , 'domain_id': None, 'trust_id': None, 'trustor_id': None, 'trustee_id': None, 'domain_name': None, 'group_ids': [], 'user_id': 'c8d6148460c64b19ad3d5930db893c77', 'user_domain_id': 'default', 'system_scope': 'all', 'project_id': None, 'project_domain_id': None, 'roles': ['admin', 'member', 'reader'], 'is_admin_project': True, 'service_user_id': None, 'service_user_domain_id': None, 'service_project_id': None, 'service_project_domain_id': None, 'service_roles': []} {{(pid=86870) fill_context /opt/stack/keystone/keystone/server/flask/request_processing/middleware/auth_context.py:478}}
Jun 27 18:32:57.855858 dv-cinder-844601-6-smb devstack@keystone.service[86870]: DEBUG keystone.server.flask.request_processing.req_logging [None req-5e88c3db-3a01-474d-9881-8dc3508064ca None admin] REQUEST_METHOD: `GET` {{(pid=86870) log_request_info /opt/stack/keystone/keystone/server/flask/request_processing/req_logging.py:27}}
Jun 27 18:32:57.856287 dv-cinder-844601-6-smb devstack@keystone.service[86870]: DEBUG keystone.server.flask.request_processing.req_logging [None req-5e88c3db-3a01-474d-9881-8dc3508064ca None admin] SCRIPT_NAME: `/identity` {{(pid=86870) log_request_info /opt/stack/keystone/keystone/server/flask/request_processing/req_logging.py:28}}
Jun 27 18:32:57.856724 dv-cinder-844601-6-smb devstack@keystone.service[86870]: DEBUG keystone.server.flask.request_processing.req_logging [None req-5e88c3db-3a01-474d-9881-8dc3508064ca None admin] PATH_INFO: `/v3/groups/5566d657c5854ce1b103e653b0e814a9` {{(pid=86870) log_request_info /opt/stack/keystone/keystone/server/flask/request_processing/req_logging.py:29}}
Jun 27 18:32:57.865255 dv-cinder-844601-6-smb devstack@keystone.service[86870]: DEBUG keystone.common.rbac_enforcer.enforcer [None req-5e88c3db-3a01-474d-9881-8dc3508064ca None admin] RBAC: Authorizing `identity:get_group(group_id=5566d657c5854ce1b103e653b0e814a9)` {{(pid=86870) enforce_call /opt/stack/keystone/keystone/common/rbac_enforcer/enforcer.py:449}}
Jun 27 18:32:57.867065 dv-cinder-844601-6-smb devstack@keystone.service[86870]: DEBUG keystone.common.rbac_enforcer.enforcer [None req-5e88c3db-3a01-474d-9881-8dc3508064ca None admin] RBAC: Authorization granted {{(pid=86870) enforce_call /opt/stack/keystone/keystone/common/rbac_enforcer/enforcer.py:457}}
Jun 27 18:32:57.869944 dv-cinder-844601-6-smb devstack@keystone.service[86870]: [pid: 86870|app: 0|req: 193/379] 10.222.0.36 () {56 vars in 1180 bytes} [Mon Jun 27 18:32:57 2022] GET /identity/v3/groups/5566d657c5854ce1b103e653b0e814a9 => generated 229 bytes in 184 msecs (HTTP/1.1 200) 5 headers in 177 bytes (1 switches on core 0)
Jun 27 18:32:57.876020 dv-cinder-844601-6-smb devstack@keystone.service[86869]: DEBUG keystone.server.flask.request_processing.middleware.auth_context [None req-683ce087-ee5f-47b4-880b-2a8eee4e9254 None admin] Authenticating user token {{(pid=86869) process_request /usr/local/lib/python3.8/dist-packages/keystonemiddleware/auth_token/__init__.py:407}}
Jun 27 18:32:57.984292 dv-cinder-844601-6-smb devstack@keystone.service[86869]: DEBUG keystone.server.flask.request_processing.middleware.auth_context [None req-683ce087-ee5f-47b4-880b-2a8eee4e9254 None admin] Validating token access rules against request {{(pid=86869) validate_allowed_request /usr/local/lib/python3.8/dist-packages/keystonemiddleware/auth_token/__init__.py:545}}
Jun 27 18:32:58.020045 dv-cinder-844601-6-smb devstack@keystone.service[86869]: DEBUG keystone.server.flask.request_processing.middleware.auth_context [None req-50dc15d4-5b95-4845-b10c-03cfadea7ec8 None admin] RBAC: auth_context: {'token': , 'domain_id': None, 'trust_id': None, 'trustor_id': None, 'trustee_id': None, 'domain_name': None, 'group_ids': [], 'user_id': 'c8d6148460c64b19ad3d5930db893c77', 'user_domain_id': 'default', 'system_scope': 'all', 'project_id': None, 'project_domain_id': None, 'roles': ['admin', 'member', 'reader'], 'is_admin_project': True, 'service_user_id': None, 'service_user_domain_id': None, 'service_project_id': None, 'service_project_domain_id': None, 'service_roles': []} {{(pid=86869) fill_context /opt/stack/keystone/keystone/server/flask/request_processing/middleware/auth_context.py:478}}
Jun 27 18:32:58.020990 dv-cinder-844601-6-smb devstack@keystone.service[86869]: DEBUG keystone.server.flask.request_processing.req_logging [None req-50dc15d4-5b95-4845-b10c-03cfadea7ec8 None admin] REQUEST_METHOD: `GET` {{(pid=86869) log_request_info /opt/stack/keystone/keystone/server/flask/request_processing/req_logging.py:27}}
Jun 27 18:32:58.021424 dv-cinder-844601-6-smb devstack@keystone.service[86869]: DEBUG keystone.server.flask.request_processing.req_logging [None req-50dc15d4-5b95-4845-b10c-03cfadea7ec8 None admin] SCRIPT_NAME: `/identity` {{(pid=86869) log_request_info /opt/stack/keystone/keystone/server/flask/request_processing/req_logging.py:28}}
Jun 27 18:32:58.021854 dv-cinder-844601-6-smb devstack@keystone.service[86869]: DEBUG keystone.server.flask.request_processing.req_logging [None req-50dc15d4-5b95-4845-b10c-03cfadea7ec8 None admin] PATH_INFO: `/v3/role_assignments` {{(pid=86869) log_request_info /opt/stack/keystone/keystone/server/flask/request_processing/req_logging.py:29}}
Jun 27 18:32:58.022823 dv-cinder-844601-6-smb devstack@keystone.service[86869]: DEBUG keystone.common.rbac_enforcer.enforcer [None req-50dc15d4-5b95-4845-b10c-03cfadea7ec8 None admin] RBAC: Adding query filter params (group.id=5566d657c5854ce1b103e653b0e814a9, role.id=b156409c977248e1b23c26e589b1e04f, scope.project.id=1f3d89cc168b4f4880cd82876788b05f) {{(pid=86869) _extract_filter_values /opt/stack/keystone/keystone/common/rbac_enforcer/enforcer.py:167}}
Jun 27 18:32:58.023291 dv-cinder-844601-6-smb devstack@keystone.service[86869]: DEBUG keystone.common.rbac_enforcer.enforcer [None req-50dc15d4-5b95-4845-b10c-03cfadea7ec8 None admin] RBAC: Authorizing `identity:list_role_assignments()` {{(pid=86869) enforce_call /opt/stack/keystone/keystone/common/rbac_enforcer/enforcer.py:449}}
