Jun 27 18:32:50.460803 dv-cinder-844601-6-smb devstack@keystone.service[86869]: [pid: 86869|app: 0|req: 161/321] 10.222.0.36 () {56 vars in 1099 bytes} [Mon Jun 27 18:32:50 2022] GET /identity/v3/roles/reader => generated 84 bytes in 168 msecs (HTTP/1.1 404) 5 headers in 183 bytes (1 switches on core 0)
Jun 27 18:32:50.465529 dv-cinder-844601-6-smb devstack@keystone.service[86870]: DEBUG keystone.server.flask.request_processing.middleware.auth_context [None req-cfdd5929-b4bd-4006-82eb-211f4759ef8e None None] Authenticating user token {{(pid=86870) process_request /usr/local/lib/python3.8/dist-packages/keystonemiddleware/auth_token/__init__.py:407}}
Jun 27 18:32:50.490160 dv-cinder-844601-6-smb devstack@keystone.service[86869]: DEBUG keystone.server.flask.request_processing.req_logging [None req-f1509024-340c-4d97-b3e2-05c2a8f52d50 None None] REQUEST_METHOD: `GET` {{(pid=86869) log_request_info /opt/stack/keystone/keystone/server/flask/request_processing/req_logging.py:27}}
Jun 27 18:32:50.490464 dv-cinder-844601-6-smb devstack@keystone.service[86869]: DEBUG keystone.server.flask.request_processing.req_logging [None req-f1509024-340c-4d97-b3e2-05c2a8f52d50 None None] SCRIPT_NAME: `/identity` {{(pid=86869) log_request_info /opt/stack/keystone/keystone/server/flask/request_processing/req_logging.py:28}}
Jun 27 18:32:50.490729 dv-cinder-844601-6-smb devstack@keystone.service[86869]: DEBUG keystone.server.flask.request_processing.req_logging [None req-f1509024-340c-4d97-b3e2-05c2a8f52d50 None None] PATH_INFO: `/` {{(pid=86869) log_request_info /opt/stack/keystone/keystone/server/flask/request_processing/req_logging.py:29}}
Jun 27 18:32:50.492912 dv-cinder-844601-6-smb devstack@keystone.service[86869]: [pid: 86869|app: 0|req: 162/322] 10.222.0.36 () {54 vars in 926 bytes} [Mon Jun 27 18:32:50 2022] GET /identity => generated 270 bytes in 4 msecs (HTTP/1.1 300) 6 headers in 234 bytes (2 switches on core 0)
Jun 27 18:32:50.499079 dv-cinder-844601-6-smb devstack@keystone.service[86869]: DEBUG keystone.server.flask.request_processing.req_logging [None req-a9bc75bc-f31e-489e-bed7-99c915a579f1 None None] REQUEST_METHOD: `POST` {{(pid=86869) log_request_info /opt/stack/keystone/keystone/server/flask/request_processing/req_logging.py:27}}
Jun 27 18:32:50.499652 dv-cinder-844601-6-smb devstack@keystone.service[86869]: DEBUG keystone.server.flask.request_processing.req_logging [None req-a9bc75bc-f31e-489e-bed7-99c915a579f1 None None] SCRIPT_NAME: `/identity` {{(pid=86869) log_request_info /opt/stack/keystone/keystone/server/flask/request_processing/req_logging.py:28}}
Jun 27 18:32:50.499940 dv-cinder-844601-6-smb devstack@keystone.service[86869]: DEBUG keystone.server.flask.request_processing.req_logging [None req-a9bc75bc-f31e-489e-bed7-99c915a579f1 None None] PATH_INFO: `/v3/auth/tokens` {{(pid=86869) log_request_info /opt/stack/keystone/keystone/server/flask/request_processing/req_logging.py:29}}
Jun 27 18:32:50.519160 dv-cinder-844601-6-smb devstack@keystone.service[86869]: DEBUG keystone.auth.core [None req-a9bc75bc-f31e-489e-bed7-99c915a579f1 None None] MFA Rules not processed for user `c8d6148460c64b19ad3d5930db893c77`. Rule list: `[]` (Enabled: `True`). {{(pid=86869) check_auth_methods_against_rules /opt/stack/keystone/keystone/auth/core.py:438}}
Jun 27 18:32:50.520378 dv-cinder-844601-6-smb devstack@keystone.service[86869]: DEBUG keystone.common.fernet_utils [None req-a9bc75bc-f31e-489e-bed7-99c915a579f1 None None] Loaded 2 Fernet keys from /etc/keystone/fernet-keys/, but `[fernet_tokens] max_active_keys = 3`; perhaps there have not been enough key rotations to reach `max_active_keys` yet? {{(pid=86869) load_keys /opt/stack/keystone/keystone/common/fernet_utils.py:286}}
Jun 27 18:32:50.568790 dv-cinder-844601-6-smb devstack@keystone.service[86870]: DEBUG keystone.server.flask.request_processing.middleware.auth_context [None req-cfdd5929-b4bd-4006-82eb-211f4759ef8e None None] Validating token access rules against request {{(pid=86870) validate_allowed_request /usr/local/lib/python3.8/dist-packages/keystonemiddleware/auth_token/__init__.py:545}}
Jun 27 18:32:50.597923 dv-cinder-844601-6-smb devstack@keystone.service[86869]: [pid: 86869|app: 0|req: 163/323] 10.222.0.36 () {58 vars in 1023 bytes} [Mon Jun 27 18:32:50 2022] POST /identity/v3/auth/tokens => generated 799 bytes in 100 msecs (HTTP/1.1 201) 6 headers in 363 bytes (2 switches on core 0)
Jun 27 18:32:50.608557 dv-cinder-844601-6-smb devstack@keystone.service[86870]: DEBUG keystone.server.flask.request_processing.middleware.auth_context [None req-d95d154a-fd9c-41da-abf2-cece42a63a89 None admin] RBAC: auth_context: {'token': , 'domain_id': None, 'trust_id': None, 'trustor_id': None, 'trustee_id': None, 'domain_name': None, 'group_ids': [], 'user_id': 'c8d6148460c64b19ad3d5930db893c77', 'user_domain_id': 'default', 'system_scope': 'all', 'project_id': None, 'project_domain_id': None, 'roles': ['admin', 'member', 'reader'], 'is_admin_project': True, 'service_user_id': None, 'service_user_domain_id': None, 'service_project_id': None, 'service_project_domain_id': None, 'service_roles': []} {{(pid=86870) fill_context /opt/stack/keystone/keystone/server/flask/request_processing/middleware/auth_context.py:478}}
Jun 27 18:32:50.609307 dv-cinder-844601-6-smb devstack@keystone.service[86870]: DEBUG keystone.server.flask.request_processing.req_logging [None req-d95d154a-fd9c-41da-abf2-cece42a63a89 None admin] REQUEST_METHOD: `GET` {{(pid=86870) log_request_info /opt/stack/keystone/keystone/server/flask/request_processing/req_logging.py:27}}
Jun 27 18:32:50.609665 dv-cinder-844601-6-smb devstack@keystone.service[86870]: DEBUG keystone.server.flask.request_processing.req_logging [None req-d95d154a-fd9c-41da-abf2-cece42a63a89 None admin] SCRIPT_NAME: `/identity` {{(pid=86870) log_request_info /opt/stack/keystone/keystone/server/flask/request_processing/req_logging.py:28}}
Jun 27 18:32:50.610016 dv-cinder-844601-6-smb devstack@keystone.service[86870]: DEBUG keystone.server.flask.request_processing.req_logging [None req-d95d154a-fd9c-41da-abf2-cece42a63a89 None admin] PATH_INFO: `/v3/roles` {{(pid=86870) log_request_info /opt/stack/keystone/keystone/server/flask/request_processing/req_logging.py:29}}
Jun 27 18:32:50.610842 dv-cinder-844601-6-smb devstack@keystone.service[86870]: DEBUG keystone.common.rbac_enforcer.enforcer [None req-d95d154a-fd9c-41da-abf2-cece42a63a89 None admin] RBAC: Adding query filter params (name=reader) {{(pid=86870) _extract_filter_values /opt/stack/keystone/keystone/common/rbac_enforcer/enforcer.py:167}}
Jun 27 18:32:50.611242 dv-cinder-844601-6-smb devstack@keystone.service[86870]: DEBUG keystone.common.rbac_enforcer.enforcer [None req-d95d154a-fd9c-41da-abf2-cece42a63a89 None admin] RBAC: Authorizing `identity:list_roles()` {{(pid=86870) enforce_call /opt/stack/keystone/keystone/common/rbac_enforcer/enforcer.py:449}}
Jun 27 18:32:50.612740 dv-cinder-844601-6-smb devstack@keystone.service[86870]: DEBUG keystone.common.rbac_enforcer.enforcer [None req-d95d154a-fd9c-41da-abf2-cece42a63a89 None admin] RBAC: Authorization granted {{(pid=86870) enforce_call /opt/stack/keystone/keystone/common/rbac_enforcer/enforcer.py:457}}
Jun 27 18:32:50.621032 dv-cinder-844601-6-smb devstack@keystone.service[86869]: DEBUG keystone.server.flask.request_processing.middleware.auth_context [None req-a9bc75bc-f31e-489e-bed7-99c915a579f1 None None] Authenticating user token {{(pid=86869) process_request /usr/local/lib/python3.8/dist-packages/keystonemiddleware/auth_token/__init__.py:407}}
Jun 27 18:32:50.623584 dv-cinder-844601-6-smb devstack@keystone.service[86870]: [pid: 86870|app: 0|req: 161/324] 10.222.0.36 () {56 vars in 1101 bytes} [Mon Jun 27 18:32:50 2022] GET /identity/v3/roles?name=reader => generated 341 bytes in 157 msecs (HTTP/1.1 200) 5 headers in 177 bytes (1 switches on core 0)
Jun 27 18:32:50.626872 dv-cinder-844601-6-smb devstack@keystone.service[86870]: DEBUG keystone.server.flask.request_processing.middleware.auth_context [None req-d95d154a-fd9c-41da-abf2-cece42a63a89 None admin] Authenticating user token {{(pid=86870) process_request /usr/local/lib/python3.8/dist-packages/keystonemiddleware/auth_token/__init__.py:407}}
Jun 27 18:32:50.640031 dv-cinder-844601-6-smb devstack@keystone.service[86870]: DEBUG dbcounter [-] [86870] Writing DB stats keystone:SELECT=100 {{(pid=86870) stat_writer /usr/local/lib/python3.8/dist-packages/dbcounter.py:114}}
Jun 27 18:32:50.651853 dv-cinder-844601-6-smb devstack@keystone.service[86869]: DEBUG dbcounter [-] [86869] Writing DB stats keystone:SELECT=100 {{(pid=86869) stat_writer /usr/local/lib/python3.8/dist-packages/dbcounter.py:114}}
Jun 27 18:32:50.729645 dv-cinder-844601-6-smb devstack@keystone.service[86870]: DEBUG keystone.server.flask.request_processing.middleware.auth_context [None req-d95d154a-fd9c-41da-abf2-cece42a63a89 None admin] Validating token access rules against request {{(pid=86870) validate_allowed_request /usr/local/lib/python3.8/dist-packages/keystonemiddleware/auth_token/__init__.py:545}}
Jun 27 18:32:50.730831 dv-cinder-844601-6-smb devstack@keystone.service[86869]: DEBUG keystone.server.flask.request_processing.middleware.auth_context [None req-a9bc75bc-f31e-489e-bed7-99c915a579f1 None None] Validating token access rules against request {{(pid=86869) validate_allowed_request /usr/local/lib/python3.8/dist-packages/keystonemiddleware/auth_token/__init__.py:545}}
Jun 27 18:32:50.765704 dv-cinder-844601-6-smb devstack@keystone.service[86870]: DEBUG keystone.server.flask.request_processing.middleware.auth_context [None req-983513ed-c9f9-4abe-a9c3-c0f54a83ec40 None admin] RBAC: auth_context: {'token': , 'domain_id': None, 'trust_id': None, 'trustor_id': None, 'trustee_id': None, 'domain_name': None, 'group_ids': [], 'user_id': 'c8d6148460c64b19ad3d5930db893c77', 'user_domain_id': 'default', 'system_scope': 'all', 'project_id': None, 'project_domain_id': None, 'roles': ['admin', 'member', 'reader'], 'is_admin_project': True, 'service_user_id': None, 'service_user_domain_id': None, 'service_project_id': None, 'service_project_domain_id': None, 'service_roles': []} {{(pid=86870) fill_context /opt/stack/keystone/keystone/server/flask/request_processing/middleware/auth_context.py:478}}
Jun 27 18:32:50.766222 dv-cinder-844601-6-smb devstack@keystone.service[86869]: DEBUG keystone.server.flask.request_processing.middleware.auth_context [None req-e15cee8e-28cc-46f1-8d75-7bf2413e85cf None admin] RBAC: auth_context: {'token': , 'domain_id': None, 'trust_id': None, 'trustor_id': None, 'trustee_id': None, 'domain_name': None, 'group_ids': [], 'user_id': 'c8d6148460c64b19ad3d5930db893c77', 'user_domain_id': 'default', 'system_scope': 'all', 'project_id': None, 'project_domain_id': None, 'roles': ['admin', 'member', 'reader'], 'is_admin_project': True, 'service_user_id': None, 'service_user_domain_id': None, 'service_project_id': None, 'service_project_domain_id': None, 'service_roles': []} {{(pid=86869) fill_context /opt/stack/keystone/keystone/server/flask/request_processing/middleware/auth_context.py:478}}
Jun 27 18:32:50.766620 dv-cinder-844601-6-smb devstack@keystone.service[86870]: DEBUG keystone.server.flask.request_processing.req_logging [None req-983513ed-c9f9-4abe-a9c3-c0f54a83ec40 None admin] REQUEST_METHOD: `GET` {{(pid=86870) log_request_info /opt/stack/keystone/keystone/server/flask/request_processing/req_logging.py:27}}
Jun 27 18:32:50.766867 dv-cinder-844601-6-smb devstack@keystone.service[86869]: DEBUG keystone.server.flask.request_processing.req_logging [None req-e15cee8e-28cc-46f1-8d75-7bf2413e85cf None admin] REQUEST_METHOD: `GET` {{(pid=86869) log_request_info /opt/stack/keystone/keystone/server/flask/request_processing/req_logging.py:27}}
Jun 27 18:32:50.766964 dv-cinder-844601-6-smb devstack@keystone.service[86870]: DEBUG keystone.server.flask.request_processing.req_logging [None req-983513ed-c9f9-4abe-a9c3-c0f54a83ec40 None admin] SCRIPT_NAME: `/identity` {{(pid=86870) log_request_info /opt/stack/keystone/keystone/server/flask/request_processing/req_logging.py:28}}
Jun 27 18:32:50.767144 dv-cinder-844601-6-smb devstack@keystone.service[86870]: DEBUG keystone.server.flask.request_processing.req_logging [None req-983513ed-c9f9-4abe-a9c3-c0f54a83ec40 None admin] PATH_INFO: `/v3/users/3e335ba9170548eb91d13781a88afa54` {{(pid=86870) log_request_info /opt/stack/keystone/keystone/server/flask/request_processing/req_logging.py:29}}
Jun 27 18:32:50.767236 dv-cinder-844601-6-smb devstack@keystone.service[86869]: DEBUG keystone.server.flask.request_processing.req_logging [None req-e15cee8e-28cc-46f1-8d75-7bf2413e85cf None admin] SCRIPT_NAME: `/identity` {{(pid=86869) log_request_info /opt/stack/keystone/keystone/server/flask/request_processing/req_logging.py:28}}
Jun 27 18:32:50.767417 dv-cinder-844601-6-smb devstack@keystone.service[86869]: DEBUG keystone.server.flask.request_processing.req_logging [None req-e15cee8e-28cc-46f1-8d75-7bf2413e85cf None admin] PATH_INFO: `/v3/domains/default` {{(pid=86869) log_request_info /opt/stack/keystone/keystone/server/flask/request_processing/req_logging.py:29}}
Jun 27 18:32:50.768390 dv-cinder-844601-6-smb devstack@keystone.service[86870]: DEBUG keystone.common.rbac_enforcer.enforcer [None req-983513ed-c9f9-4abe-a9c3-c0f54a83ec40 None admin] RBAC: Authorizing `identity:get_user(user_id=3e335ba9170548eb91d13781a88afa54)` {{(pid=86870) enforce_call /opt/stack/keystone/keystone/common/rbac_enforcer/enforcer.py:449}}
Jun 27 18:32:50.768644 dv-cinder-844601-6-smb devstack@keystone.service[86869]: DEBUG keystone.common.rbac_enforcer.enforcer [None req-e15cee8e-28cc-46f1-8d75-7bf2413e85cf None admin] RBAC: Authorizing `identity:get_domain(domain_id=default)` {{(pid=86869) enforce_call /opt/stack/keystone/keystone/common/rbac_enforcer/enforcer.py:449}}
Jun 27 18:32:50.769856 dv-cinder-844601-6-smb devstack@keystone.service[86870]: DEBUG keystone.common.rbac_enforcer.enforcer [None req-983513ed-c9f9-4abe-a9c3-c0f54a83ec40 None admin] RBAC: Authorization granted {{(pid=86870) enforce_call /opt/stack/keystone/keystone/common/rbac_enforcer/enforcer.py:457}}
Jun 27 18:32:50.770096 dv-cinder-844601-6-smb devstack@keystone.service[86869]: DEBUG keystone.common.rbac_enforcer.enforcer [None req-e15cee8e-28cc-46f1-8d75-7bf2413e85cf None admin] RBAC: Authorization granted {{(pid=86869) enforce_call /opt/stack/keystone/keystone/common/rbac_enforcer/enforcer.py:457}}
Jun 27 18:32:50.771706 dv-cinder-844601-6-smb devstack@keystone.service[86870]: [pid: 86870|app: 0|req: 162/325] 10.222.0.36 () {56 vars in 1177 bytes} [Mon Jun 27 18:32:50 2022] GET /identity/v3/users/3e335ba9170548eb91d13781a88afa54 => generated 293 bytes in 145 msecs (HTTP/1.1 200) 5 headers in 177 bytes (1 switches on core 0)
Jun 27 18:32:50.776710 dv-cinder-844601-6-smb devstack@keystone.service[86869]: [pid: 86869|app: 0|req: 164/326] 10.222.0.36 () {56 vars in 1108 bytes} [Mon Jun 27 18:32:50 2022] GET /identity/v3/domains/default => generated 199 bytes in 156 msecs (HTTP/1.1 200) 5 headers in 177 bytes (2 switches on core 0)
Jun 27 18:32:50.777528 dv-cinder-844601-6-smb devstack@keystone.service[86870]: DEBUG keystone.server.flask.request_processing.middleware.auth_context [None req-983513ed-c9f9-4abe-a9c3-c0f54a83ec40 None admin] Authenticating user token {{(pid=86870) process_request /usr/local/lib/python3.8/dist-packages/keystonemiddleware/auth_token/__init__.py:407}}
Jun 27 18:32:50.781655 dv-cinder-844601-6-smb devstack@keystone.service[86869]: DEBUG keystone.server.flask.request_processing.middleware.auth_context [None req-e15cee8e-28cc-46f1-8d75-7bf2413e85cf None admin] Authenticating user token {{(pid=86869) process_request /usr/local/lib/python3.8/dist-packages/keystonemiddleware/auth_token/__init__.py:407}}
Jun 27 18:32:50.858379 dv-cinder-844601-6-smb devstack@keystone.service[86870]: DEBUG dbcounter [-] [86870] Writing DB stats keystone:SELECT=100 {{(pid=86870) stat_writer /usr/local/lib/python3.8/dist-packages/dbcounter.py:114}}
Jun 27 18:32:50.878913 dv-cinder-844601-6-smb devstack@keystone.service[86870]: DEBUG keystone.server.flask.request_processing.middleware.auth_context [None req-983513ed-c9f9-4abe-a9c3-c0f54a83ec40 None admin] Validating token access rules against request {{(pid=86870) validate_allowed_request /usr/local/lib/python3.8/dist-packages/keystonemiddleware/auth_token/__init__.py:545}}
Jun 27 18:32:50.879052 dv-cinder-844601-6-smb devstack@keystone.service[86869]: DEBUG dbcounter [-] [86869] Writing DB stats keystone:SELECT=100 {{(pid=86869) stat_writer /usr/local/lib/python3.8/dist-packages/dbcounter.py:114}}
Jun 27 18:32:50.881819 dv-cinder-844601-6-smb devstack@keystone.service[86869]: DEBUG keystone.server.flask.request_processing.middleware.auth_context [None req-e15cee8e-28cc-46f1-8d75-7bf2413e85cf None admin] Validating token access rules against request {{(pid=86869) validate_allowed_request /usr/local/lib/python3.8/dist-packages/keystonemiddleware/auth_token/__init__.py:545}}
Jun 27 18:32:50.912560 dv-cinder-844601-6-smb devstack@keystone.service[86870]: DEBUG keystone.server.flask.request_processing.middleware.auth_context [None req-035d2fd0-772d-49e3-8f9b-279193c9437b None admin] RBAC: auth_context: {'token': , 'domain_id': None, 'trust_id': None, 'trustor_id': None, 'trustee_id': None, 'domain_name': None, 'group_ids': [], 'user_id': 'c8d6148460c64b19ad3d5930db893c77', 'user_domain_id': 'default', 'system_scope': 'all', 'project_id': None, 'project_domain_id': None, 'roles': ['admin', 'member', 'reader'], 'is_admin_project': True, 'service_user_id': None, 'service_user_domain_id': None, 'service_project_id': None, 'service_project_domain_id': None, 'service_roles': []} {{(pid=86870) fill_context /opt/stack/keystone/keystone/server/flask/request_processing/middleware/auth_context.py:478}}
Jun 27 18:32:50.913412 dv-cinder-844601-6-smb devstack@keystone.service[86870]: DEBUG keystone.server.flask.request_processing.req_logging [None req-035d2fd0-772d-49e3-8f9b-279193c9437b None admin] REQUEST_METHOD: `PUT` {{(pid=86870) log_request_info /opt/stack/keystone/keystone/server/flask/request_processing/req_logging.py:27}}
Jun 27 18:32:50.913704 dv-cinder-844601-6-smb devstack@keystone.service[86870]: DEBUG keystone.server.flask.request_processing.req_logging [None req-035d2fd0-772d-49e3-8f9b-279193c9437b None admin] SCRIPT_NAME: `/identity` {{(pid=86870) log_request_info /opt/stack/keystone/keystone/server/flask/request_processing/req_logging.py:28}}
Jun 27 18:32:50.913978 dv-cinder-844601-6-smb devstack@keystone.service[86870]: DEBUG keystone.server.flask.request_processing.req_logging [None req-035d2fd0-772d-49e3-8f9b-279193c9437b None admin] PATH_INFO: `/v3/system/users/3e335ba9170548eb91d13781a88afa54/roles/c022b2199d7449faa0831ed802c403d3` {{(pid=86870) log_request_info /opt/stack/keystone/keystone/server/flask/request_processing/req_logging.py:29}}
Jun 27 18:32:50.915131 dv-cinder-844601-6-smb devstack@keystone.service[86869]: DEBUG keystone.server.flask.request_processing.middleware.auth_context [None req-853081fa-d8d8-476e-b15f-c0ff413229d9 None admin] RBAC: auth_context: {'token': , 'domain_id': None, 'trust_id': None, 'trustor_id': None, 'trustee_id': None, 'domain_name': None, 'group_ids': [], 'user_id': 'c8d6148460c64b19ad3d5930db893c77', 'user_domain_id': 'default', 'system_scope': 'all', 'project_id': None, 'project_domain_id': None, 'roles': ['admin', 'member', 'reader'], 'is_admin_project': True, 'service_user_id': None, 'service_user_domain_id': None, 'service_project_id': None, 'service_project_domain_id': None, 'service_roles': []} {{(pid=86869) fill_context /opt/stack/keystone/keystone/server/flask/request_processing/middleware/auth_context.py:478}}
Jun 27 18:32:50.915523 dv-cinder-844601-6-smb devstack@keystone.service[86870]: DEBUG keystone.common.rbac_enforcer.enforcer [None req-035d2fd0-772d-49e3-8f9b-279193c9437b None admin] RBAC: Authorizing `identity:create_system_grant_for_user(user_id=3e335ba9170548eb91d13781a88afa54, role_id=c022b2199d7449faa0831ed802c403d3)` {{(pid=86870) enforce_call /opt/stack/keystone/keystone/common/rbac_enforcer/enforcer.py:449}}
Jun 27 18:32:50.916240 dv-cinder-844601-6-smb devstack@keystone.service[86869]: DEBUG keystone.server.flask.request_processing.req_logging [None req-853081fa-d8d8-476e-b15f-c0ff413229d9 None admin] REQUEST_METHOD: `POST` {{(pid=86869) log_request_info /opt/stack/keystone/keystone/server/flask/request_processing/req_logging.py:27}}
Jun 27 18:32:50.916720 dv-cinder-844601-6-smb devstack@keystone.service[86869]: DEBUG keystone.server.flask.request_processing.req_logging [None req-853081fa-d8d8-476e-b15f-c0ff413229d9 None admin] SCRIPT_NAME: `/identity` {{(pid=86869) log_request_info /opt/stack/keystone/keystone/server/flask/request_processing/req_logging.py:28}}
Jun 27 18:32:50.916876 dv-cinder-844601-6-smb devstack@keystone.service[86870]: DEBUG keystone.common.rbac_enforcer.enforcer [None req-035d2fd0-772d-49e3-8f9b-279193c9437b None admin] RBAC: Authorization granted {{(pid=86870) enforce_call /opt/stack/keystone/keystone/common/rbac_enforcer/enforcer.py:457}}
Jun 27 18:32:50.917441 dv-cinder-844601-6-smb devstack@keystone.service[86869]: DEBUG keystone.server.flask.request_processing.req_logging [None req-853081fa-d8d8-476e-b15f-c0ff413229d9 None admin] PATH_INFO: `/v3/groups` {{(pid=86869) log_request_info /opt/stack/keystone/keystone/server/flask/request_processing/req_logging.py:29}}
Jun 27 18:32:50.918131 dv-cinder-844601-6-smb devstack@keystone.service[86869]: DEBUG keystone.common.rbac_enforcer.enforcer [None req-853081fa-d8d8-476e-b15f-c0ff413229d9 None admin] RBAC: Authorizing `identity:create_group()` {{(pid=86869) enforce_call /opt/stack/keystone/keystone/common/rbac_enforcer/enforcer.py:449}}
Jun 27 18:32:50.919579 dv-cinder-844601-6-smb devstack@keystone.service[86869]: DEBUG keystone.common.rbac_enforcer.enforcer [None req-853081fa-d8d8-476e-b15f-c0ff413229d9 None admin] RBAC: Authorization granted {{(pid=86869) enforce_call /opt/stack/keystone/keystone/common/rbac_enforcer/enforcer.py:457}}
Jun 27 18:32:50.978841 dv-cinder-844601-6-smb devstack@keystone.service[86870]: [pid: 86870|app: 0|req: 163/327] 10.222.0.36 () {58 vars in 1334 bytes} [Mon Jun 27 18:32:50 2022] PUT /identity/v3/system/users/3e335ba9170548eb91d13781a88afa54/roles/c022b2199d7449faa0831ed802c403d3 => generated 0 bytes in 202 msecs (HTTP/1.1 204) 3 headers in 132 bytes (1 switches on core 0)
Jun 27 18:32:50.982485 dv-cinder-844601-6-smb devstack@keystone.service[86870]: DEBUG keystone.server.flask.request_processing.req_logging [None req-bc5d10de-224d-46c8-9f52-f5fca3d03acc None None] REQUEST_METHOD: `GET` {{(pid=86870) log_request_info /opt/stack/keystone/keystone/server/flask/request_processing/req_logging.py:27}}
Jun 27 18:32:50.982485 dv-cinder-844601-6-smb devstack@keystone.service[86870]: DEBUG keystone.server.flask.request_processing.req_logging [None req-bc5d10de-224d-46c8-9f52-f5fca3d03acc None None] SCRIPT_NAME: `/identity` {{(pid=86870) log_request_info /opt/stack/keystone/keystone/server/flask/request_processing/req_logging.py:28}}
Jun 27 18:32:50.982485 dv-cinder-844601-6-smb devstack@keystone.service[86870]: DEBUG keystone.server.flask.request_processing.req_logging [None req-bc5d10de-224d-46c8-9f52-f5fca3d03acc None None] PATH_INFO: `/` {{(pid=86870) log_request_info /opt/stack/keystone/keystone/server/flask/request_processing/req_logging.py:29}}
Jun 27 18:32:50.982485 dv-cinder-844601-6-smb devstack@keystone.service[86870]: [pid: 86870|app: 0|req: 164/328] 10.222.0.36 () {54 vars in 926 bytes} [Mon Jun 27 18:32:50 2022] GET /identity => generated 270 bytes in 3 msecs (HTTP/1.1 300) 6 headers in 234 bytes (1 switches on core 0)
Jun 27 18:32:50.988081 dv-cinder-844601-6-smb devstack@keystone.service[86870]: DEBUG keystone.server.flask.request_processing.req_logging [None req-52226ffc-6b06-4f83-82ae-fcb3a34ea99c None None] REQUEST_METHOD: `POST` {{(pid=86870) log_request_info /opt/stack/keystone/keystone/server/flask/request_processing/req_logging.py:27}}
Jun 27 18:32:50.988372 dv-cinder-844601-6-smb devstack@keystone.service[86870]: DEBUG keystone.server.flask.request_processing.req_logging [None req-52226ffc-6b06-4f83-82ae-fcb3a34ea99c None None] SCRIPT_NAME: `/identity` {{(pid=86870) log_request_info /opt/stack/keystone/keystone/server/flask/request_processing/req_logging.py:28}}
Jun 27 18:32:50.988658 dv-cinder-844601-6-smb devstack@keystone.service[86870]: DEBUG keystone.server.flask.request_processing.req_logging [None req-52226ffc-6b06-4f83-82ae-fcb3a34ea99c None None] PATH_INFO: `/v3/auth/tokens` {{(pid=86870) log_request_info /opt/stack/keystone/keystone/server/flask/request_processing/req_logging.py:29}}
Jun 27 18:32:51.006397 dv-cinder-844601-6-smb devstack@keystone.service[86870]: DEBUG keystone.auth.core [None req-52226ffc-6b06-4f83-82ae-fcb3a34ea99c None None] MFA Rules not processed for user `c8d6148460c64b19ad3d5930db893c77`. Rule list: `[]` (Enabled: `True`). {{(pid=86870) check_auth_methods_against_rules /opt/stack/keystone/keystone/auth/core.py:438}}
Jun 27 18:32:51.007629 dv-cinder-844601-6-smb devstack@keystone.service[86870]: DEBUG keystone.common.fernet_utils [None req-52226ffc-6b06-4f83-82ae-fcb3a34ea99c None None] Loaded 2 Fernet keys from /etc/keystone/fernet-keys/, but `[fernet_tokens] max_active_keys = 3`; perhaps there have not been enough key rotations to reach `max_active_keys` yet? {{(pid=86870) load_keys /opt/stack/keystone/keystone/common/fernet_utils.py:286}}
Jun 27 18:32:51.015168 dv-cinder-844601-6-smb devstack@keystone.service[86869]: [pid: 86869|app: 0|req: 165/329] 10.222.0.36 () {60 vars in 1134 bytes} [Mon Jun 27 18:32:50 2022] POST /identity/v3/groups => generated 226 bytes in 234 msecs (HTTP/1.1 201) 5 headers in 182 bytes (2 switches on core 0)
Jun 27 18:32:51.100256 dv-cinder-844601-6-smb devstack@keystone.service[86870]: [pid: 86870|app: 0|req: 165/330] 10.222.0.36 () {58 vars in 1023 bytes} [Mon Jun 27 18:32:50 2022] POST /identity/v3/auth/tokens => generated 799 bytes in 113 msecs (HTTP/1.1 201) 6 headers in 363 bytes (2 switches on core 0)
Jun 27 18:32:51.124172 dv-cinder-844601-6-smb devstack@keystone.service[86869]: DEBUG keystone.server.flask.request_processing.middleware.auth_context [None req-853081fa-d8d8-476e-b15f-c0ff413229d9 None admin] Authenticating user token {{(pid=86869) process_request /usr/local/lib/python3.8/dist-packages/keystonemiddleware/auth_token/__init__.py:407}}
Jun 27 18:32:51.234438 dv-cinder-844601-6-smb devstack@keystone.service[86869]: DEBUG keystone.server.flask.request_processing.middleware.auth_context [None req-853081fa-d8d8-476e-b15f-c0ff413229d9 None admin] Validating token access rules against request {{(pid=86869) validate_allowed_request /usr/local/lib/python3.8/dist-packages/keystonemiddleware/auth_token/__init__.py:545}}
Jun 27 18:32:51.269529 dv-cinder-844601-6-smb devstack@keystone.service[86869]: DEBUG keystone.server.flask.request_processing.middleware.auth_context [None req-7735ed8f-74b5-4e0b-9dbe-2d6b98e561a4 None admin] RBAC: auth_context: {'token': , 'domain_id': None, 'trust_id': None, 'trustor_id': None, 'trustee_id': None, 'domain_name': None, 'group_ids': [], 'user_id': 'c8d6148460c64b19ad3d5930db893c77', 'user_domain_id': 'default', 'system_scope': 'all', 'project_id': None, 'project_domain_id': None, 'roles': ['admin', 'member', 'reader'], 'is_admin_project': True, 'service_user_id': None, 'service_user_domain_id': None, 'service_project_id': None, 'service_project_domain_id': None, 'service_roles': []} {{(pid=86869) fill_context /opt/stack/keystone/keystone/server/flask/request_processing/middleware/auth_context.py:478}}
Jun 27 18:32:51.270331 dv-cinder-844601-6-smb devstack@keystone.service[86869]: DEBUG keystone.server.flask.request_processing.req_logging [None req-7735ed8f-74b5-4e0b-9dbe-2d6b98e561a4 None admin] REQUEST_METHOD: `GET` {{(pid=86869) log_request_info /opt/stack/keystone/keystone/server/flask/request_processing/req_logging.py:27}}
Jun 27 18:32:51.270617 dv-cinder-844601-6-smb devstack@keystone.service[86869]: DEBUG keystone.server.flask.request_processing.req_logging [None req-7735ed8f-74b5-4e0b-9dbe-2d6b98e561a4 None admin] SCRIPT_NAME: `/identity` {{(pid=86869) log_request_info /opt/stack/keystone/keystone/server/flask/request_processing/req_logging.py:28}}
Jun 27 18:32:51.270893 dv-cinder-844601-6-smb devstack@keystone.service[86869]: DEBUG keystone.server.flask.request_processing.req_logging [None req-7735ed8f-74b5-4e0b-9dbe-2d6b98e561a4 None admin] PATH_INFO: `/v3/roles/member` {{(pid=86869) log_request_info /opt/stack/keystone/keystone/server/flask/request_processing/req_logging.py:29}}
Jun 27 18:32:51.283202 dv-cinder-844601-6-smb devstack@keystone.service[86869]: DEBUG keystone.common.rbac_enforcer.enforcer [None req-7735ed8f-74b5-4e0b-9dbe-2d6b98e561a4 None admin] Extracting inferred target data resulted in "NOT FOUND (404)". {{(pid=86869) enforce_call /opt/stack/keystone/keystone/common/rbac_enforcer/enforcer.py:409}}
Jun 27 18:32:51.291243 dv-cinder-844601-6-smb devstack@keystone.service[86869]: ERROR keystone.server.flask.application [None req-7735ed8f-74b5-4e0b-9dbe-2d6b98e561a4 None admin] Could not find role: member.: keystone.exception.RoleNotFound: Could not find role: member.
Jun 27 18:32:51.291243 dv-cinder-844601-6-smb devstack@keystone.service[86869]: ERROR keystone.server.flask.application
Traceback (most recent call last):
Jun 27 18:32:51.291243 dv-cinder-844601-6-smb devstack@keystone.service[86869]: ERROR keystone.server.flask.application
File "/usr/local/lib/python3.8/dist-packages/flask/app.py", line 1523, in full_dispatch_request
Jun 27 18:32:51.291243 dv-cinder-844601-6-smb devstack@keystone.service[86869]: ERROR keystone.server.flask.application rv = self.dispatch_request()
Jun 27 18:32:51.291243 dv-cinder-844601-6-smb devstack@keystone.service[86869]: ERROR keystone.server.flask.application
File "/usr/local/lib/python3.8/dist-packages/flask/app.py", line 1509, in dispatch_request
Jun 27 18:32:51.291243 dv-cinder-844601-6-smb devstack@keystone.service[86869]: ERROR keystone.server.flask.application return self.ensure_sync(self.view_functions[rule.endpoint])(**req.view_args)
Jun 27 18:32:51.291243 dv-cinder-844601-6-smb devstack@keystone.service[86869]: ERROR keystone.server.flask.application
File "/usr/local/lib/python3.8/dist-packages/flask_restful/__init__.py", line 467, in wrapper
Jun 27 18:32:51.291243 dv-cinder-844601-6-smb devstack@keystone.service[86869]: ERROR keystone.server.flask.application resp = resource(*args, **kwargs)
Jun 27 18:32:51.291243 dv-cinder-844601-6-smb devstack@keystone.service[86869]: ERROR keystone.server.flask.application
File "/usr/local/lib/python3.8/dist-packages/flask/views.py", line 84, in view
Jun 27 18:32:51.291243 dv-cinder-844601-6-smb devstack@keystone.service[86869]: ERROR keystone.server.flask.application return current_app.ensure_sync(self.dispatch_request)(*args, **kwargs)
Jun 27 18:32:51.291243 dv-cinder-844601-6-smb devstack@keystone.service[86869]: ERROR keystone.server.flask.application
File "/usr/local/lib/python3.8/dist-packages/flask_restful/__init__.py", line 582, in dispatch_request
Jun 27 18:32:51.291243 dv-cinder-844601-6-smb devstack@keystone.service[86869]: ERROR keystone.server.flask.application resp = meth(*args, **kwargs)
Jun 27 18:32:51.291243 dv-cinder-844601-6-smb devstack@keystone.service[86869]: ERROR keystone.server.flask.application
File "/opt/stack/keystone/keystone/api/roles.py", line 50, in get
Jun 27 18:32:51.291243 dv-cinder-844601-6-smb devstack@keystone.service[86869]: ERROR keystone.server.flask.application return self._get_role(role_id)
Jun 27 18:32:51.291243 dv-cinder-844601-6-smb devstack@keystone.service[86869]: ERROR keystone.server.flask.application
File "/opt/stack/keystone/keystone/api/roles.py", line 70, in _get_role
Jun 27 18:32:51.291243 dv-cinder-844601-6-smb devstack@keystone.service[86869]: ERROR keystone.server.flask.application ENFORCER.enforce_call(action='identity:get_role')
Jun 27 18:32:51.292632 dv-cinder-844601-6-smb devstack@keystone.service[86869]: ERROR keystone.server.flask.application
File "/opt/stack/keystone/keystone/common/rbac_enforcer/enforcer.py", line 402, in enforce_call
Jun 27 18:32:51.292632 dv-cinder-844601-6-smb devstack@keystone.service[86869]: ERROR keystone.server.flask.application policy_dict.update(cls._extract_member_target_data(
Jun 27 18:32:51.292632 dv-cinder-844601-6-smb devstack@keystone.service[86869]: ERROR keystone.server.flask.application
File "/opt/stack/keystone/keystone/common/rbac_enforcer/enforcer.py", line 234, in _extract_member_target_data
Jun 27 18:32:51.292632 dv-cinder-844601-6-smb devstack@keystone.service[86869]: ERROR keystone.server.flask.application member_name: func(flask.request.view_args[key])
Jun 27 18:32:51.292632 dv-cinder-844601-6-smb devstack@keystone.service[86869]: ERROR keystone.server.flask.application
File "/opt/stack/keystone/keystone/common/manager.py", line 115, in wrapped
Jun 27 18:32:51.292632 dv-cinder-844601-6-smb devstack@keystone.service[86869]: ERROR keystone.server.flask.application __ret_val = __f(*args, **kwargs)
Jun 27 18:32:51.292632 dv-cinder-844601-6-smb devstack@keystone.service[86869]: ERROR keystone.server.flask.application
File "/usr/local/lib/python3.8/dist-packages/decorator.py", line 232, in fun
Jun 27 18:32:51.292632 dv-cinder-844601-6-smb devstack@keystone.service[86869]: ERROR keystone.server.flask.application return caller(func, *(extras + args), **kw)
Jun 27 18:32:51.292632 dv-cinder-844601-6-smb devstack@keystone.service[86869]: ERROR keystone.server.flask.application
File "/usr/local/lib/python3.8/dist-packages/dogpile/cache/region.py", line 1577, in get_or_create_for_user_func
Jun 27 18:32:51.292632 dv-cinder-844601-6-smb devstack@keystone.service[86869]: ERROR keystone.server.flask.application return self.get_or_create(
Jun 27 18:32:51.292632 dv-cinder-844601-6-smb devstack@keystone.service[86869]: ERROR keystone.server.flask.application
File "/usr/local/lib/python3.8/dist-packages/dogpile/cache/region.py", line 1042, in get_or_create
Jun 27 18:32:51.292632 dv-cinder-844601-6-smb devstack@keystone.service[86869]: ERROR keystone.server.flask.application with Lock(
Jun 27 18:32:51.292632 dv-cinder-844601-6-smb devstack@keystone.service[86869]: ERROR keystone.server.flask.application
File "/usr/local/lib/python3.8/dist-packages/dogpile/lock.py", line 185, in __enter__
Jun 27 18:32:51.292632 dv-cinder-844601-6-smb devstack@keystone.service[86869]: ERROR keystone.server.flask.application return self._enter()
Jun 27 18:32:51.292632 dv-cinder-844601-6-smb devstack@keystone.service[86869]: ERROR keystone.server.flask.application
File "/usr/local/lib/python3.8/dist-packages/dogpile/lock.py", line 94, in _enter
Jun 27 18:32:51.292632 dv-cinder-844601-6-smb devstack@keystone.service[86869]: ERROR keystone.server.flask.application generated = self._enter_create(value, createdtime)
Jun 27 18:32:51.293433 dv-cinder-844601-6-smb devstack@keystone.service[86869]: ERROR keystone.server.flask.application
File "/usr/local/lib/python3.8/dist-packages/dogpile/lock.py", line 178, in _enter_create
Jun 27 18:32:51.293433 dv-cinder-844601-6-smb devstack@keystone.service[86869]: ERROR keystone.server.flask.application return self.creator()
Jun 27 18:32:51.293433 dv-cinder-844601-6-smb devstack@keystone.service[86869]: ERROR keystone.server.flask.application
File "/usr/local/lib/python3.8/dist-packages/dogpile/cache/region.py", line 995, in gen_value
Jun 27 18:32:51.293433 dv-cinder-844601-6-smb devstack@keystone.service[86869]: ERROR keystone.server.flask.application created_value = creator(
Jun 27 18:32:51.293433 dv-cinder-844601-6-smb devstack@keystone.service[86869]: ERROR keystone.server.flask.application
File "/opt/stack/keystone/keystone/assignment/core.py", line 1276, in get_role
Jun 27 18:32:51.293433 dv-cinder-844601-6-smb devstack@keystone.service[86869]: ERROR keystone.server.flask.application return self.driver.get_role(role_id)
Jun 27 18:32:51.293433 dv-cinder-844601-6-smb devstack@keystone.service[86869]: ERROR keystone.server.flask.application
File "/opt/stack/keystone/keystone/assignment/role_backends/sql.py", line 70, in get_role
Jun 27 18:32:51.293433 dv-cinder-844601-6-smb devstack@keystone.service[86869]: ERROR keystone.server.flask.application return self._get_role(session, role_id).to_dict()
Jun 27 18:32:51.293433 dv-cinder-844601-6-smb devstack@keystone.service[86869]: ERROR keystone.server.flask.application
File "/opt/stack/keystone/keystone/assignment/role_backends/sql.py", line 65, in _get_role
Jun 27 18:32:51.293433 dv-cinder-844601-6-smb devstack@keystone.service[86869]: ERROR keystone.server.flask.application raise exception.RoleNotFound(role_id=role_id)
Jun 27 18:32:51.293433 dv-cinder-844601-6-smb devstack@keystone.service[86869]: ERROR keystone.server.flask.application keystone.exception.RoleNotFound: Could not find role: member.
Jun 27 18:32:51.293433 dv-cinder-844601-6-smb devstack@keystone.service[86869]: ERROR keystone.server.flask.application
Jun 27 18:32:51.293433 dv-cinder-844601-6-smb devstack@keystone.service[86869]: [pid: 86869|app: 0|req: 166/331] 10.222.0.36 () {56 vars in 1099 bytes} [Mon Jun 27 18:32:51 2022] GET /identity/v3/roles/member => generated 84 bytes in 170 msecs (HTTP/1.1 404) 5 headers in 183 bytes (1 switches on core 0)
Jun 27 18:32:51.299905 dv-cinder-844601-6-smb devstack@keystone.service[86870]: DEBUG keystone.server.flask.request_processing.middleware.auth_context [None req-52226ffc-6b06-4f83-82ae-fcb3a34ea99c None None] Authenticating user token {{(pid=86870) process_request /usr/local/lib/python3.8/dist-packages/keystonemiddleware/auth_token/__init__.py:407}}
Jun 27 18:32:51.377662 dv-cinder-844601-6-smb devstack@keystone.service[86870]: DEBUG dbcounter [-] [86870] Writing DB stats keystone:SELECT=99,keystone:INSERT=1 {{(pid=86870) stat_writer /usr/local/lib/python3.8/dist-packages/dbcounter.py:114}}
Jun 27 18:32:51.409660 dv-cinder-844601-6-smb devstack@keystone.service[86870]: DEBUG keystone.server.flask.request_processing.middleware.auth_context [None req-52226ffc-6b06-4f83-82ae-fcb3a34ea99c None None] Validating token access rules against request {{(pid=86870) validate_allowed_request /usr/local/lib/python3.8/dist-packages/keystonemiddleware/auth_token/__init__.py:545}}
Jun 27 18:32:51.448641 dv-cinder-844601-6-smb devstack@keystone.service[86870]: DEBUG keystone.server.flask.request_processing.middleware.auth_context [None req-0f502157-a81a-4e2f-958f-ef28ecb34567 None admin] RBAC: auth_context: {'token': , 'domain_id': None, 'trust_id': None, 'trustor_id': None, 'trustee_id': None, 'domain_name': None, 'group_ids': [], 'user_id': 'c8d6148460c64b19ad3d5930db893c77', 'user_domain_id': 'default', 'system_scope': 'all', 'project_id': None, 'project_domain_id': None, 'roles': ['admin', 'member', 'reader'], 'is_admin_project': True, 'service_user_id': None, 'service_user_domain_id': None, 'service_project_id': None, 'service_project_domain_id': None, 'service_roles': []} {{(pid=86870) fill_context /opt/stack/keystone/keystone/server/flask/request_processing/middleware/auth_context.py:478}}
Jun 27 18:32:51.449316 dv-cinder-844601-6-smb devstack@keystone.service[86870]: DEBUG keystone.server.flask.request_processing.req_logging [None req-0f502157-a81a-4e2f-958f-ef28ecb34567 None admin] REQUEST_METHOD: `GET` {{(pid=86870) log_request_info /opt/stack/keystone/keystone/server/flask/request_processing/req_logging.py:27}}
Jun 27 18:32:51.449603 dv-cinder-844601-6-smb devstack@keystone.service[86870]: DEBUG keystone.server.flask.request_processing.req_logging [None req-0f502157-a81a-4e2f-958f-ef28ecb34567 None admin] SCRIPT_NAME: `/identity` {{(pid=86870) log_request_info /opt/stack/keystone/keystone/server/flask/request_processing/req_logging.py:28}}
Jun 27 18:32:51.449960 dv-cinder-844601-6-smb devstack@keystone.service[86870]: DEBUG keystone.server.flask.request_processing.req_logging [None req-0f502157-a81a-4e2f-958f-ef28ecb34567 None admin] PATH_INFO: `/v3/roles` {{(pid=86870) log_request_info /opt/stack/keystone/keystone/server/flask/request_processing/req_logging.py:29}}
Jun 27 18:32:51.450724 dv-cinder-844601-6-smb devstack@keystone.service[86870]: DEBUG keystone.common.rbac_enforcer.enforcer [None req-0f502157-a81a-4e2f-958f-ef28ecb34567 None admin] RBAC: Adding query filter params (name=member) {{(pid=86870) _extract_filter_values /opt/stack/keystone/keystone/common/rbac_enforcer/enforcer.py:167}}
Jun 27 18:32:51.451033 dv-cinder-844601-6-smb devstack@keystone.service[86870]: DEBUG keystone.common.rbac_enforcer.enforcer [None req-0f502157-a81a-4e2f-958f-ef28ecb34567 None admin] RBAC: Authorizing `identity:list_roles()` {{(pid=86870) enforce_call /opt/stack/keystone/keystone/common/rbac_enforcer/enforcer.py:449}}
Jun 27 18:32:51.452474 dv-cinder-844601-6-smb devstack@keystone.service[86870]: DEBUG keystone.common.rbac_enforcer.enforcer [None req-0f502157-a81a-4e2f-958f-ef28ecb34567 None admin] RBAC: Authorization granted {{(pid=86870) enforce_call /opt/stack/keystone/keystone/common/rbac_enforcer/enforcer.py:457}}
Jun 27 18:32:51.462865 dv-cinder-844601-6-smb devstack@keystone.service[86870]: [pid: 86870|app: 0|req: 166/332] 10.222.0.36 () {56 vars in 1101 bytes} [Mon Jun 27 18:32:51 2022] GET /identity/v3/roles?name=member => generated 341 bytes in 163 msecs (HTTP/1.1 200) 5 headers in 177 bytes (1 switches on core 0)
Jun 27 18:32:51.470144 dv-cinder-844601-6-smb devstack@keystone.service[86869]: DEBUG keystone.server.flask.request_processing.middleware.auth_context [None req-7735ed8f-74b5-4e0b-9dbe-2d6b98e561a4 None admin] Authenticating user token {{(pid=86869) process_request /usr/local/lib/python3.8/dist-packages/keystonemiddleware/auth_token/__init__.py:407}}
Jun 27 18:32:51.500675 dv-cinder-844601-6-smb devstack@keystone.service[86869]: DEBUG dbcounter [-] [86869] Writing DB stats keystone:SELECT=99,keystone:INSERT=1 {{(pid=86869) stat_writer /usr/local/lib/python3.8/dist-packages/dbcounter.py:114}}
Jun 27 18:32:51.591900 dv-cinder-844601-6-smb devstack@keystone.service[86869]: DEBUG keystone.server.flask.request_processing.middleware.auth_context [None req-7735ed8f-74b5-4e0b-9dbe-2d6b98e561a4 None admin] Validating token access rules against request {{(pid=86869) validate_allowed_request /usr/local/lib/python3.8/dist-packages/keystonemiddleware/auth_token/__init__.py:545}}
Jun 27 18:32:51.627184 dv-cinder-844601-6-smb devstack@keystone.service[86869]: DEBUG keystone.server.flask.request_processing.middleware.auth_context [None req-1c7d679c-793c-49e2-b34d-6cc61861ae03 None admin] RBAC: auth_context: {'token': , 'domain_id': None, 'trust_id': None, 'trustor_id': None, 'trustee_id': None, 'domain_name': None, 'group_ids': [], 'user_id': 'c8d6148460c64b19ad3d5930db893c77', 'user_domain_id': 'default', 'system_scope': 'all', 'project_id': None, 'project_domain_id': None, 'roles': ['admin', 'member', 'reader'], 'is_admin_project': True, 'service_user_id': None, 'service_user_domain_id': None, 'service_project_id': None, 'service_project_domain_id': None, 'service_roles': []} {{(pid=86869) fill_context /opt/stack/keystone/keystone/server/flask/request_processing/middleware/auth_context.py:478}}
Jun 27 18:32:51.628095 dv-cinder-844601-6-smb devstack@keystone.service[86869]: DEBUG keystone.server.flask.request_processing.req_logging [None req-1c7d679c-793c-49e2-b34d-6cc61861ae03 None admin] REQUEST_METHOD: `GET` {{(pid=86869) log_request_info /opt/stack/keystone/keystone/server/flask/request_processing/req_logging.py:27}}
Jun 27 18:32:51.628377 dv-cinder-844601-6-smb devstack@keystone.service[86869]: DEBUG keystone.server.flask.request_processing.req_logging [None req-1c7d679c-793c-49e2-b34d-6cc61861ae03 None admin] SCRIPT_NAME: `/identity` {{(pid=86869) log_request_info /opt/stack/keystone/keystone/server/flask/request_processing/req_logging.py:28}}
Jun 27 18:32:51.628654 dv-cinder-844601-6-smb devstack@keystone.service[86869]: DEBUG keystone.server.flask.request_processing.req_logging [None req-1c7d679c-793c-49e2-b34d-6cc61861ae03 None admin] PATH_INFO: `/v3/users/1d8cdd1fd7914ea6b4149a7d8cd882c6` {{(pid=86869) log_request_info /opt/stack/keystone/keystone/server/flask/request_processing/req_logging.py:29}}
Jun 27 18:32:51.629878 dv-cinder-844601-6-smb devstack@keystone.service[86869]: DEBUG keystone.common.rbac_enforcer.enforcer [None req-1c7d679c-793c-49e2-b34d-6cc61861ae03 None admin] RBAC: Authorizing `identity:get_user(user_id=1d8cdd1fd7914ea6b4149a7d8cd882c6)` {{(pid=86869) enforce_call /opt/stack/keystone/keystone/common/rbac_enforcer/enforcer.py:449}}
Jun 27 18:32:51.631337 dv-cinder-844601-6-smb devstack@keystone.service[86869]: DEBUG keystone.common.rbac_enforcer.enforcer [None req-1c7d679c-793c-49e2-b34d-6cc61861ae03 None admin] RBAC: Authorization granted {{(pid=86869) enforce_call /opt/stack/keystone/keystone/common/rbac_enforcer/enforcer.py:457}}
Jun 27 18:32:51.638304 dv-cinder-844601-6-smb devstack@keystone.service[86869]: [pid: 86869|app: 0|req: 167/333] 10.222.0.36 () {56 vars in 1177 bytes} [Mon Jun 27 18:32:51 2022] GET /identity/v3/users/1d8cdd1fd7914ea6b4149a7d8cd882c6 => generated 293 bytes in 164 msecs (HTTP/1.1 200) 5 headers in 177 bytes (1 switches on core 0)
Jun 27 18:32:51.639683 dv-cinder-844601-6-smb devstack@keystone.service[86870]: DEBUG keystone.server.flask.request_processing.middleware.auth_context [None req-0f502157-a81a-4e2f-958f-ef28ecb34567 None admin] Authenticating user token {{(pid=86870) process_request /usr/local/lib/python3.8/dist-packages/keystonemiddleware/auth_token/__init__.py:407}}
Jun 27 18:32:51.753282 dv-cinder-844601-6-smb devstack@keystone.service[86870]: DEBUG keystone.server.flask.request_processing.middleware.auth_context [None req-0f502157-a81a-4e2f-958f-ef28ecb34567 None admin] Validating token access rules against request {{(pid=86870) validate_allowed_request /usr/local/lib/python3.8/dist-packages/keystonemiddleware/auth_token/__init__.py:545}}
Jun 27 18:32:51.790561 dv-cinder-844601-6-smb devstack@keystone.service[86870]: DEBUG keystone.server.flask.request_processing.middleware.auth_context [None req-5edf25b9-65c9-41e2-beba-bd2f867fdad0 None admin] RBAC: auth_context: {'token': , 'domain_id': None, 'trust_id': None, 'trustor_id': None, 'trustee_id': None, 'domain_name': None, 'group_ids': [], 'user_id': 'c8d6148460c64b19ad3d5930db893c77', 'user_domain_id': 'default', 'system_scope': 'all', 'project_id': None, 'project_domain_id': None, 'roles': ['admin', 'member', 'reader'], 'is_admin_project': True, 'service_user_id': None, 'service_user_domain_id': None, 'service_project_id': None, 'service_project_domain_id': None, 'service_roles': []} {{(pid=86870) fill_context /opt/stack/keystone/keystone/server/flask/request_processing/middleware/auth_context.py:478}}
Jun 27 18:32:51.791305 dv-cinder-844601-6-smb devstack@keystone.service[86870]: DEBUG keystone.server.flask.request_processing.req_logging [None req-5edf25b9-65c9-41e2-beba-bd2f867fdad0 None admin] REQUEST_METHOD: `GET` {{(pid=86870) log_request_info /opt/stack/keystone/keystone/server/flask/request_processing/req_logging.py:27}}
Jun 27 18:32:51.791613 dv-cinder-844601-6-smb devstack@keystone.service[86870]: DEBUG keystone.server.flask.request_processing.req_logging [None req-5edf25b9-65c9-41e2-beba-bd2f867fdad0 None admin] SCRIPT_NAME: `/identity` {{(pid=86870) log_request_info /opt/stack/keystone/keystone/server/flask/request_processing/req_logging.py:28}}
Jun 27 18:32:51.791896 dv-cinder-844601-6-smb devstack@keystone.service[86870]: DEBUG keystone.server.flask.request_processing.req_logging [None req-5edf25b9-65c9-41e2-beba-bd2f867fdad0 None admin] PATH_INFO: `/v3/role_assignments` {{(pid=86870) log_request_info /opt/stack/keystone/keystone/server/flask/request_processing/req_logging.py:29}}
Jun 27 18:32:51.792733 dv-cinder-844601-6-smb devstack@keystone.service[86870]: DEBUG keystone.common.rbac_enforcer.enforcer [None req-5edf25b9-65c9-41e2-beba-bd2f867fdad0 None admin] RBAC: Adding query filter params (role.id=5c4481f023774d67997d4ba28e07cff0, user.id=1d8cdd1fd7914ea6b4149a7d8cd882c6, scope.system=all) {{(pid=86870) _extract_filter_values /opt/stack/keystone/keystone/common/rbac_enforcer/enforcer.py:167}}
Jun 27 18:32:51.793046 dv-cinder-844601-6-smb devstack@keystone.service[86870]: DEBUG keystone.common.rbac_enforcer.enforcer [None req-5edf25b9-65c9-41e2-beba-bd2f867fdad0 None admin] RBAC: Authorizing `identity:list_role_assignments()` {{(pid=86870) enforce_call /opt/stack/keystone/keystone/common/rbac_enforcer/enforcer.py:449}}
Jun 27 18:32:51.794488 dv-cinder-844601-6-smb devstack@keystone.service[86870]: DEBUG keystone.common.rbac_enforcer.enforcer [None req-5edf25b9-65c9-41e2-beba-bd2f867fdad0 None admin] RBAC: Authorization granted {{(pid=86870) enforce_call /opt/stack/keystone/keystone/common/rbac_enforcer/enforcer.py:457}}
Jun 27 18:32:51.799870 dv-cinder-844601-6-smb devstack@keystone.service[86870]: DEBUG dbcounter [-] [86870] Writing DB stats keystone:SELECT=100 {{(pid=86870) stat_writer /usr/local/lib/python3.8/dist-packages/dbcounter.py:114}}
Jun 27 18:32:51.811780 dv-cinder-844601-6-smb devstack@keystone.service[86870]: [pid: 86870|app: 0|req: 167/334] 10.222.0.36 () {56 vars in 1308 bytes} [Mon Jun 27 18:32:51 2022] GET /identity/v3/role_assignments?user.id=1d8cdd1fd7914ea6b4149a7d8cd882c6&scope.system=all&role.id=5c4481f023774d67997d4ba28e07cff0 => generated 510 bytes in 172 msecs (HTTP/1.1 200) 5 headers in 177 bytes (1 switches on core 0)
