Jun 27 18:25:58.078101 dv-cinder-844601-6-iscsi devstack@keystone.service[80569]: DEBUG keystone.common.rbac_enforcer.enforcer [None req-465b2d60-f61f-43cd-a961-328d63a6266e None admin] RBAC: Authorization granted {{(pid=80569) enforce_call /opt/stack/keystone/keystone/common/rbac_enforcer/enforcer.py:457}}
Jun 27 18:25:58.087577 dv-cinder-844601-6-iscsi devstack@keystone.service[80570]: DEBUG dbcounter [-] [80570] Writing DB stats keystone:SELECT=100 {{(pid=80570) stat_writer /usr/local/lib/python3.8/dist-packages/dbcounter.py:114}}
Jun 27 18:25:58.112735 dv-cinder-844601-6-iscsi devstack@keystone.service[80570]: [pid: 80570|app: 0|req: 20/40] 10.222.0.15 () {58 vars in 1023 bytes} [Mon Jun 27 18:25:58 2022] POST /identity/v3/auth/tokens => generated 799 bytes in 100 msecs (HTTP/1.1 201) 6 headers in 363 bytes (1 switches on core 0)
Jun 27 18:25:58.113997 dv-cinder-844601-6-iscsi devstack@keystone.service[80570]: DEBUG keystone.server.flask.request_processing.req_logging [None req-4c0fd783-9222-4845-bae4-54682eeeb993 None None] REQUEST_METHOD: `POST` {{(pid=80570) log_request_info /opt/stack/keystone/keystone/server/flask/request_processing/req_logging.py:27}}
Jun 27 18:25:58.114290 dv-cinder-844601-6-iscsi devstack@keystone.service[80570]: DEBUG keystone.server.flask.request_processing.req_logging [None req-4c0fd783-9222-4845-bae4-54682eeeb993 None None] SCRIPT_NAME: `/identity` {{(pid=80570) log_request_info /opt/stack/keystone/keystone/server/flask/request_processing/req_logging.py:28}}
Jun 27 18:25:58.114628 dv-cinder-844601-6-iscsi devstack@keystone.service[80570]: DEBUG keystone.server.flask.request_processing.req_logging [None req-4c0fd783-9222-4845-bae4-54682eeeb993 None None] PATH_INFO: `/v3/auth/tokens` {{(pid=80570) log_request_info /opt/stack/keystone/keystone/server/flask/request_processing/req_logging.py:29}}
Jun 27 18:25:58.130426 dv-cinder-844601-6-iscsi devstack@keystone.service[80570]: DEBUG keystone.auth.core [None req-4c0fd783-9222-4845-bae4-54682eeeb993 None None] MFA Rules not processed for user `3d0ddf436e7443679ab397306fca9e90`. Rule list: `[]` (Enabled: `True`). {{(pid=80570) check_auth_methods_against_rules /opt/stack/keystone/keystone/auth/core.py:438}}
Jun 27 18:25:58.131659 dv-cinder-844601-6-iscsi devstack@keystone.service[80570]: DEBUG keystone.common.fernet_utils [None req-4c0fd783-9222-4845-bae4-54682eeeb993 None None] Loaded 2 Fernet keys from /etc/keystone/fernet-keys/, but `[fernet_tokens] max_active_keys = 3`; perhaps there have not been enough key rotations to reach `max_active_keys` yet? {{(pid=80570) load_keys /opt/stack/keystone/keystone/common/fernet_utils.py:286}}
Jun 27 18:25:58.151101 dv-cinder-844601-6-iscsi devstack@keystone.service[80569]: [pid: 80569|app: 0|req: 21/41] 10.222.0.15 () {60 vars in 1131 bytes} [Mon Jun 27 18:25:57 2022] POST /identity/v3/roles => generated 219 bytes in 261 msecs (HTTP/1.1 201) 5 headers in 182 bytes (1 switches on core 0)
Jun 27 18:25:58.151895 dv-cinder-844601-6-iscsi devstack@keystone.service[80569]: DEBUG keystone.server.flask.request_processing.middleware.auth_context [None req-465b2d60-f61f-43cd-a961-328d63a6266e None admin] Authenticating user token {{(pid=80569) process_request /usr/local/lib/python3.8/dist-packages/keystonemiddleware/auth_token/__init__.py:407}}
Jun 27 18:25:58.208672 dv-cinder-844601-6-iscsi devstack@keystone.service[80570]: [pid: 80570|app: 0|req: 21/42] 10.222.0.15 () {58 vars in 1023 bytes} [Mon Jun 27 18:25:58 2022] POST /identity/v3/auth/tokens => generated 799 bytes in 95 msecs (HTTP/1.1 201) 6 headers in 363 bytes (1 switches on core 0)
Jun 27 18:25:58.215435 dv-cinder-844601-6-iscsi devstack@keystone.service[80570]: DEBUG keystone.server.flask.request_processing.middleware.auth_context [None req-4c0fd783-9222-4845-bae4-54682eeeb993 None None] Authenticating user token {{(pid=80570) process_request /usr/local/lib/python3.8/dist-packages/keystonemiddleware/auth_token/__init__.py:407}}
Jun 27 18:25:58.246109 dv-cinder-844601-6-iscsi devstack@keystone.service[80569]: DEBUG dbcounter [-] [80569] Writing DB stats keystone:SELECT=99,keystone:INSERT=1 {{(pid=80569) stat_writer /usr/local/lib/python3.8/dist-packages/dbcounter.py:114}}
Jun 27 18:25:58.271716 dv-cinder-844601-6-iscsi devstack@keystone.service[80569]: DEBUG keystone.server.flask.request_processing.middleware.auth_context [None req-465b2d60-f61f-43cd-a961-328d63a6266e None admin] Validating token access rules against request {{(pid=80569) validate_allowed_request /usr/local/lib/python3.8/dist-packages/keystonemiddleware/auth_token/__init__.py:545}}
Jun 27 18:25:58.316356 dv-cinder-844601-6-iscsi devstack@keystone.service[80569]: DEBUG keystone.server.flask.request_processing.middleware.auth_context [None req-ebc6744f-5e2a-494c-994d-f860d80e4928 None admin] RBAC: auth_context: {'token': , 'domain_id': None, 'trust_id': None, 'trustor_id': None, 'trustee_id': None, 'domain_name': None, 'group_ids': [], 'user_id': '3d0ddf436e7443679ab397306fca9e90', 'user_domain_id': 'default', 'system_scope': 'all', 'project_id': None, 'project_domain_id': None, 'roles': ['admin', 'member', 'reader'], 'is_admin_project': True, 'service_user_id': None, 'service_user_domain_id': None, 'service_project_id': None, 'service_project_domain_id': None, 'service_roles': []} {{(pid=80569) fill_context /opt/stack/keystone/keystone/server/flask/request_processing/middleware/auth_context.py:478}}
Jun 27 18:25:58.317258 dv-cinder-844601-6-iscsi devstack@keystone.service[80569]: DEBUG keystone.server.flask.request_processing.req_logging [None req-ebc6744f-5e2a-494c-994d-f860d80e4928 None admin] REQUEST_METHOD: `PUT` {{(pid=80569) log_request_info /opt/stack/keystone/keystone/server/flask/request_processing/req_logging.py:27}}
Jun 27 18:25:58.317546 dv-cinder-844601-6-iscsi devstack@keystone.service[80569]: DEBUG keystone.server.flask.request_processing.req_logging [None req-ebc6744f-5e2a-494c-994d-f860d80e4928 None admin] SCRIPT_NAME: `/identity` {{(pid=80569) log_request_info /opt/stack/keystone/keystone/server/flask/request_processing/req_logging.py:28}}
Jun 27 18:25:58.317831 dv-cinder-844601-6-iscsi devstack@keystone.service[80569]: DEBUG keystone.server.flask.request_processing.req_logging [None req-ebc6744f-5e2a-494c-994d-f860d80e4928 None admin] PATH_INFO: `/v3/domains/default/users/3d0ddf436e7443679ab397306fca9e90/roles/ff7e725e9b7a4f2fbbb8ca8c518b208f` {{(pid=80569) log_request_info /opt/stack/keystone/keystone/server/flask/request_processing/req_logging.py:29}}
Jun 27 18:25:58.321166 dv-cinder-844601-6-iscsi devstack@keystone.service[80569]: DEBUG keystone.common.rbac_enforcer.enforcer [None req-ebc6744f-5e2a-494c-994d-f860d80e4928 None admin] RBAC: Authorizing `identity:create_grant(domain_id=default, user_id=3d0ddf436e7443679ab397306fca9e90, role_id=ff7e725e9b7a4f2fbbb8ca8c518b208f)` {{(pid=80569) enforce_call /opt/stack/keystone/keystone/common/rbac_enforcer/enforcer.py:449}}
Jun 27 18:25:58.322734 dv-cinder-844601-6-iscsi devstack@keystone.service[80569]: DEBUG keystone.common.rbac_enforcer.enforcer [None req-ebc6744f-5e2a-494c-994d-f860d80e4928 None admin] RBAC: Authorization granted {{(pid=80569) enforce_call /opt/stack/keystone/keystone/common/rbac_enforcer/enforcer.py:457}}
Jun 27 18:25:58.390043 dv-cinder-844601-6-iscsi devstack@keystone.service[80569]: [pid: 80569|app: 0|req: 22/43] 10.222.0.15 () {58 vars in 1361 bytes} [Mon Jun 27 18:25:58 2022] PUT /identity/v3/domains/default/users/3d0ddf436e7443679ab397306fca9e90/roles/ff7e725e9b7a4f2fbbb8ca8c518b208f => generated 0 bytes in 238 msecs (HTTP/1.1 204) 3 headers in 132 bytes (0 switches on core 0)
Jun 27 18:25:58.390877 dv-cinder-844601-6-iscsi devstack@keystone.service[80569]: DEBUG keystone.server.flask.request_processing.middleware.auth_context [None req-ebc6744f-5e2a-494c-994d-f860d80e4928 None admin] Authenticating user token {{(pid=80569) process_request /usr/local/lib/python3.8/dist-packages/keystonemiddleware/auth_token/__init__.py:407}}
Jun 27 18:25:58.459560 dv-cinder-844601-6-iscsi devstack@keystone.service[80570]: DEBUG keystone.server.flask.request_processing.middleware.auth_context [None req-4c0fd783-9222-4845-bae4-54682eeeb993 None None] Validating token access rules against request {{(pid=80570) validate_allowed_request /usr/local/lib/python3.8/dist-packages/keystonemiddleware/auth_token/__init__.py:545}}
Jun 27 18:25:58.468397 dv-cinder-844601-6-iscsi devstack@keystone.service[80570]: DEBUG dbcounter [-] [80570] Writing DB stats keystone:SELECT=100 {{(pid=80570) stat_writer /usr/local/lib/python3.8/dist-packages/dbcounter.py:114}}
Jun 27 18:25:58.503321 dv-cinder-844601-6-iscsi devstack@keystone.service[80570]: DEBUG keystone.server.flask.request_processing.middleware.auth_context [None req-5c1767f6-cf81-43b1-bd62-0cee3733ba81 None admin] RBAC: auth_context: {'token': , 'domain_id': None, 'trust_id': None, 'trustor_id': None, 'trustee_id': None, 'domain_name': None, 'group_ids': [], 'user_id': '3d0ddf436e7443679ab397306fca9e90', 'user_domain_id': 'default', 'system_scope': 'all', 'project_id': None, 'project_domain_id': None, 'roles': ['admin', 'member', 'reader'], 'is_admin_project': True, 'service_user_id': None, 'service_user_domain_id': None, 'service_project_id': None, 'service_project_domain_id': None, 'service_roles': []} {{(pid=80570) fill_context /opt/stack/keystone/keystone/server/flask/request_processing/middleware/auth_context.py:478}}
Jun 27 18:25:58.504488 dv-cinder-844601-6-iscsi devstack@keystone.service[80570]: DEBUG keystone.server.flask.request_processing.req_logging [None req-5c1767f6-cf81-43b1-bd62-0cee3733ba81 None admin] REQUEST_METHOD: `GET` {{(pid=80570) log_request_info /opt/stack/keystone/keystone/server/flask/request_processing/req_logging.py:27}}
Jun 27 18:25:58.505058 dv-cinder-844601-6-iscsi devstack@keystone.service[80570]: DEBUG keystone.server.flask.request_processing.req_logging [None req-5c1767f6-cf81-43b1-bd62-0cee3733ba81 None admin] SCRIPT_NAME: `/identity` {{(pid=80570) log_request_info /opt/stack/keystone/keystone/server/flask/request_processing/req_logging.py:28}}
Jun 27 18:25:58.505351 dv-cinder-844601-6-iscsi devstack@keystone.service[80570]: DEBUG keystone.server.flask.request_processing.req_logging [None req-5c1767f6-cf81-43b1-bd62-0cee3733ba81 None admin] PATH_INFO: `/v3/domains/default` {{(pid=80570) log_request_info /opt/stack/keystone/keystone/server/flask/request_processing/req_logging.py:29}}
Jun 27 18:25:58.506655 dv-cinder-844601-6-iscsi devstack@keystone.service[80570]: DEBUG keystone.common.rbac_enforcer.enforcer [None req-5c1767f6-cf81-43b1-bd62-0cee3733ba81 None admin] RBAC: Authorizing `identity:get_domain(domain_id=default)` {{(pid=80570) enforce_call /opt/stack/keystone/keystone/common/rbac_enforcer/enforcer.py:449}}
Jun 27 18:25:58.506845 dv-cinder-844601-6-iscsi devstack@keystone.service[80569]: DEBUG keystone.server.flask.request_processing.middleware.auth_context [None req-ebc6744f-5e2a-494c-994d-f860d80e4928 None admin] Validating token access rules against request {{(pid=80569) validate_allowed_request /usr/local/lib/python3.8/dist-packages/keystonemiddleware/auth_token/__init__.py:545}}
Jun 27 18:25:58.508170 dv-cinder-844601-6-iscsi devstack@keystone.service[80570]: DEBUG keystone.common.rbac_enforcer.enforcer [None req-5c1767f6-cf81-43b1-bd62-0cee3733ba81 None admin] RBAC: Authorization granted {{(pid=80570) enforce_call /opt/stack/keystone/keystone/common/rbac_enforcer/enforcer.py:457}}
Jun 27 18:25:58.516410 dv-cinder-844601-6-iscsi devstack@keystone.service[80570]: [pid: 80570|app: 0|req: 22/44] 10.222.0.15 () {56 vars in 1108 bytes} [Mon Jun 27 18:25:58 2022] GET /identity/v3/domains/default => generated 199 bytes in 307 msecs (HTTP/1.1 200) 5 headers in 177 bytes (1 switches on core 0)
Jun 27 18:25:58.517369 dv-cinder-844601-6-iscsi devstack@keystone.service[80570]: DEBUG keystone.server.flask.request_processing.middleware.auth_context [None req-5c1767f6-cf81-43b1-bd62-0cee3733ba81 None admin] Authenticating user token {{(pid=80570) process_request /usr/local/lib/python3.8/dist-packages/keystonemiddleware/auth_token/__init__.py:407}}
Jun 27 18:25:58.554924 dv-cinder-844601-6-iscsi devstack@keystone.service[80569]: DEBUG keystone.server.flask.request_processing.middleware.auth_context [None req-e081a8dc-6449-496b-8959-75f2ac69e179 None admin] RBAC: auth_context: {'token': , 'domain_id': None, 'trust_id': None, 'trustor_id': None, 'trustee_id': None, 'domain_name': None, 'group_ids': [], 'user_id': '3d0ddf436e7443679ab397306fca9e90', 'user_domain_id': 'default', 'system_scope': 'all', 'project_id': None, 'project_domain_id': None, 'roles': ['admin', 'member', 'reader'], 'is_admin_project': True, 'service_user_id': None, 'service_user_domain_id': None, 'service_project_id': None, 'service_project_domain_id': None, 'service_roles': []} {{(pid=80569) fill_context /opt/stack/keystone/keystone/server/flask/request_processing/middleware/auth_context.py:478}}
Jun 27 18:25:58.555602 dv-cinder-844601-6-iscsi devstack@keystone.service[80569]: DEBUG keystone.server.flask.request_processing.req_logging [None req-e081a8dc-6449-496b-8959-75f2ac69e179 None admin] REQUEST_METHOD: `POST` {{(pid=80569) log_request_info /opt/stack/keystone/keystone/server/flask/request_processing/req_logging.py:27}}
Jun 27 18:25:58.555891 dv-cinder-844601-6-iscsi devstack@keystone.service[80569]: DEBUG keystone.server.flask.request_processing.req_logging [None req-e081a8dc-6449-496b-8959-75f2ac69e179 None admin] SCRIPT_NAME: `/identity` {{(pid=80569) log_request_info /opt/stack/keystone/keystone/server/flask/request_processing/req_logging.py:28}}
Jun 27 18:25:58.556180 dv-cinder-844601-6-iscsi devstack@keystone.service[80569]: DEBUG keystone.server.flask.request_processing.req_logging [None req-e081a8dc-6449-496b-8959-75f2ac69e179 None admin] PATH_INFO: `/v3/roles` {{(pid=80569) log_request_info /opt/stack/keystone/keystone/server/flask/request_processing/req_logging.py:29}}
Jun 27 18:25:58.556935 dv-cinder-844601-6-iscsi devstack@keystone.service[80569]: DEBUG keystone.common.rbac_enforcer.enforcer [None req-e081a8dc-6449-496b-8959-75f2ac69e179 None admin] RBAC: Authorizing `identity:create_role()` {{(pid=80569) enforce_call /opt/stack/keystone/keystone/common/rbac_enforcer/enforcer.py:449}}
Jun 27 18:25:58.558326 dv-cinder-844601-6-iscsi devstack@keystone.service[80569]: DEBUG keystone.common.rbac_enforcer.enforcer [None req-e081a8dc-6449-496b-8959-75f2ac69e179 None admin] RBAC: Authorization granted {{(pid=80569) enforce_call /opt/stack/keystone/keystone/common/rbac_enforcer/enforcer.py:457}}
Jun 27 18:25:58.561813 dv-cinder-844601-6-iscsi devstack@keystone.service[80569]: DEBUG dbcounter [-] [80569] Writing DB stats keystone:SELECT=98,keystone:INSERT=2 {{(pid=80569) stat_writer /usr/local/lib/python3.8/dist-packages/dbcounter.py:114}}
Jun 27 18:25:58.625579 dv-cinder-844601-6-iscsi devstack@keystone.service[80570]: DEBUG keystone.server.flask.request_processing.middleware.auth_context [None req-5c1767f6-cf81-43b1-bd62-0cee3733ba81 None admin] Validating token access rules against request {{(pid=80570) validate_allowed_request /usr/local/lib/python3.8/dist-packages/keystonemiddleware/auth_token/__init__.py:545}}
Jun 27 18:25:58.660246 dv-cinder-844601-6-iscsi devstack@keystone.service[80570]: DEBUG keystone.server.flask.request_processing.middleware.auth_context [None req-6c317fb3-476c-4481-ac6b-db8943468261 None admin] RBAC: auth_context: {'token': , 'domain_id': None, 'trust_id': None, 'trustor_id': None, 'trustee_id': None, 'domain_name': None, 'group_ids': [], 'user_id': '3d0ddf436e7443679ab397306fca9e90', 'user_domain_id': 'default', 'system_scope': 'all', 'project_id': None, 'project_domain_id': None, 'roles': ['admin', 'member', 'reader'], 'is_admin_project': True, 'service_user_id': None, 'service_user_domain_id': None, 'service_project_id': None, 'service_project_domain_id': None, 'service_roles': []} {{(pid=80570) fill_context /opt/stack/keystone/keystone/server/flask/request_processing/middleware/auth_context.py:478}}
Jun 27 18:25:58.660911 dv-cinder-844601-6-iscsi devstack@keystone.service[80570]: DEBUG keystone.server.flask.request_processing.req_logging [None req-6c317fb3-476c-4481-ac6b-db8943468261 None admin] REQUEST_METHOD: `POST` {{(pid=80570) log_request_info /opt/stack/keystone/keystone/server/flask/request_processing/req_logging.py:27}}
Jun 27 18:25:58.661198 dv-cinder-844601-6-iscsi devstack@keystone.service[80570]: DEBUG keystone.server.flask.request_processing.req_logging [None req-6c317fb3-476c-4481-ac6b-db8943468261 None admin] SCRIPT_NAME: `/identity` {{(pid=80570) log_request_info /opt/stack/keystone/keystone/server/flask/request_processing/req_logging.py:28}}
Jun 27 18:25:58.661477 dv-cinder-844601-6-iscsi devstack@keystone.service[80570]: DEBUG keystone.server.flask.request_processing.req_logging [None req-6c317fb3-476c-4481-ac6b-db8943468261 None admin] PATH_INFO: `/v3/projects` {{(pid=80570) log_request_info /opt/stack/keystone/keystone/server/flask/request_processing/req_logging.py:29}}
Jun 27 18:25:58.662253 dv-cinder-844601-6-iscsi devstack@keystone.service[80570]: DEBUG keystone.common.rbac_enforcer.enforcer [None req-6c317fb3-476c-4481-ac6b-db8943468261 None admin] RBAC: Authorizing `identity:create_project()` {{(pid=80570) enforce_call /opt/stack/keystone/keystone/common/rbac_enforcer/enforcer.py:449}}
Jun 27 18:25:58.663764 dv-cinder-844601-6-iscsi devstack@keystone.service[80570]: DEBUG keystone.common.rbac_enforcer.enforcer [None req-6c317fb3-476c-4481-ac6b-db8943468261 None admin] RBAC: Authorization granted {{(pid=80570) enforce_call /opt/stack/keystone/keystone/common/rbac_enforcer/enforcer.py:457}}
Jun 27 18:25:58.674489 dv-cinder-844601-6-iscsi devstack@keystone.service[80569]: [pid: 80569|app: 0|req: 23/45] 10.222.0.15 () {60 vars in 1131 bytes} [Mon Jun 27 18:25:58 2022] POST /identity/v3/roles => generated 223 bytes in 274 msecs (HTTP/1.1 201) 5 headers in 182 bytes (1 switches on core 0)
Jun 27 18:25:58.758222 dv-cinder-844601-6-iscsi devstack@keystone.service[80570]: [pid: 80570|app: 0|req: 23/46] 10.222.0.15 () {60 vars in 1141 bytes} [Mon Jun 27 18:25:58 2022] POST /identity/v3/projects => generated 312 bytes in 241 msecs (HTTP/1.1 201) 5 headers in 182 bytes (1 switches on core 0)
Jun 27 18:26:00.434079 dv-cinder-844601-6-iscsi devstack@keystone.service[80569]: DEBUG keystone.server.flask.request_processing.req_logging [None req-dc2323cb-2fc7-4072-b647-ff0a1b5c8593 None None] REQUEST_METHOD: `GET` {{(pid=80569) log_request_info /opt/stack/keystone/keystone/server/flask/request_processing/req_logging.py:27}}
Jun 27 18:26:00.434659 dv-cinder-844601-6-iscsi devstack@keystone.service[80569]: DEBUG keystone.server.flask.request_processing.req_logging [None req-dc2323cb-2fc7-4072-b647-ff0a1b5c8593 None None] SCRIPT_NAME: `/identity` {{(pid=80569) log_request_info /opt/stack/keystone/keystone/server/flask/request_processing/req_logging.py:28}}
Jun 27 18:26:00.434659 dv-cinder-844601-6-iscsi devstack@keystone.service[80569]: DEBUG keystone.server.flask.request_processing.req_logging [None req-dc2323cb-2fc7-4072-b647-ff0a1b5c8593 None None] PATH_INFO: `/` {{(pid=80569) log_request_info /opt/stack/keystone/keystone/server/flask/request_processing/req_logging.py:29}}
Jun 27 18:26:00.436142 dv-cinder-844601-6-iscsi devstack@keystone.service[80569]: [pid: 80569|app: 0|req: 24/47] 10.222.0.15 () {54 vars in 926 bytes} [Mon Jun 27 18:26:00 2022] GET /identity => generated 270 bytes in 3 msecs (HTTP/1.1 300) 6 headers in 234 bytes (1 switches on core 0)
Jun 27 18:26:00.441575 dv-cinder-844601-6-iscsi devstack@keystone.service[80570]: DEBUG keystone.server.flask.request_processing.req_logging [None req-1c06b637-7e2c-454d-82f5-6924eeebdd13 None None] REQUEST_METHOD: `POST` {{(pid=80570) log_request_info /opt/stack/keystone/keystone/server/flask/request_processing/req_logging.py:27}}
Jun 27 18:26:00.441986 dv-cinder-844601-6-iscsi devstack@keystone.service[80570]: DEBUG keystone.server.flask.request_processing.req_logging [None req-1c06b637-7e2c-454d-82f5-6924eeebdd13 None None] SCRIPT_NAME: `/identity` {{(pid=80570) log_request_info /opt/stack/keystone/keystone/server/flask/request_processing/req_logging.py:28}}
Jun 27 18:26:00.442257 dv-cinder-844601-6-iscsi devstack@keystone.service[80570]: DEBUG keystone.server.flask.request_processing.req_logging [None req-1c06b637-7e2c-454d-82f5-6924eeebdd13 None None] PATH_INFO: `/v3/auth/tokens` {{(pid=80570) log_request_info /opt/stack/keystone/keystone/server/flask/request_processing/req_logging.py:29}}
Jun 27 18:26:00.458987 dv-cinder-844601-6-iscsi devstack@keystone.service[80570]: DEBUG keystone.auth.core [None req-1c06b637-7e2c-454d-82f5-6924eeebdd13 None None] MFA Rules not processed for user `3d0ddf436e7443679ab397306fca9e90`. Rule list: `[]` (Enabled: `True`). {{(pid=80570) check_auth_methods_against_rules /opt/stack/keystone/keystone/auth/core.py:438}}
Jun 27 18:26:00.460173 dv-cinder-844601-6-iscsi devstack@keystone.service[80570]: DEBUG keystone.common.fernet_utils [None req-1c06b637-7e2c-454d-82f5-6924eeebdd13 None None] Loaded 2 Fernet keys from /etc/keystone/fernet-keys/, but `[fernet_tokens] max_active_keys = 3`; perhaps there have not been enough key rotations to reach `max_active_keys` yet? {{(pid=80570) load_keys /opt/stack/keystone/keystone/common/fernet_utils.py:286}}
Jun 27 18:26:00.480724 dv-cinder-844601-6-iscsi devstack@keystone.service[80570]: DEBUG dbcounter [-] [80570] Writing DB stats keystone:SELECT=99,keystone:INSERT=1 {{(pid=80570) stat_writer /usr/local/lib/python3.8/dist-packages/dbcounter.py:114}}
Jun 27 18:26:00.527386 dv-cinder-844601-6-iscsi devstack@keystone.service[80570]: [pid: 80570|app: 0|req: 24/48] 10.222.0.15 () {58 vars in 1023 bytes} [Mon Jun 27 18:26:00 2022] POST /identity/v3/auth/tokens => generated 799 bytes in 87 msecs (HTTP/1.1 201) 6 headers in 363 bytes (1 switches on core 0)
Jun 27 18:26:00.551599 dv-cinder-844601-6-iscsi devstack@keystone.service[80569]: DEBUG keystone.server.flask.request_processing.middleware.auth_context [None req-dc2323cb-2fc7-4072-b647-ff0a1b5c8593 None None] Authenticating user token {{(pid=80569) process_request /usr/local/lib/python3.8/dist-packages/keystonemiddleware/auth_token/__init__.py:407}}
Jun 27 18:26:00.650470 dv-cinder-844601-6-iscsi devstack@keystone.service[80569]: DEBUG keystone.server.flask.request_processing.middleware.auth_context [None req-dc2323cb-2fc7-4072-b647-ff0a1b5c8593 None None] Validating token access rules against request {{(pid=80569) validate_allowed_request /usr/local/lib/python3.8/dist-packages/keystonemiddleware/auth_token/__init__.py:545}}
Jun 27 18:26:00.685707 dv-cinder-844601-6-iscsi devstack@keystone.service[80569]: DEBUG keystone.server.flask.request_processing.middleware.auth_context [None req-3e6ba433-500e-47fe-8c54-bc7540781733 None admin] RBAC: auth_context: {'token': , 'domain_id': None, 'trust_id': None, 'trustor_id': None, 'trustee_id': None, 'domain_name': None, 'group_ids': [], 'user_id': '3d0ddf436e7443679ab397306fca9e90', 'user_domain_id': 'default', 'system_scope': 'all', 'project_id': None, 'project_domain_id': None, 'roles': ['admin', 'member', 'reader'], 'is_admin_project': True, 'service_user_id': None, 'service_user_domain_id': None, 'service_project_id': None, 'service_project_domain_id': None, 'service_roles': []} {{(pid=80569) fill_context /opt/stack/keystone/keystone/server/flask/request_processing/middleware/auth_context.py:478}}
Jun 27 18:26:00.686474 dv-cinder-844601-6-iscsi devstack@keystone.service[80569]: DEBUG keystone.server.flask.request_processing.req_logging [None req-3e6ba433-500e-47fe-8c54-bc7540781733 None admin] REQUEST_METHOD: `GET` {{(pid=80569) log_request_info /opt/stack/keystone/keystone/server/flask/request_processing/req_logging.py:27}}
Jun 27 18:26:00.686762 dv-cinder-844601-6-iscsi devstack@keystone.service[80569]: DEBUG keystone.server.flask.request_processing.req_logging [None req-3e6ba433-500e-47fe-8c54-bc7540781733 None admin] SCRIPT_NAME: `/identity` {{(pid=80569) log_request_info /opt/stack/keystone/keystone/server/flask/request_processing/req_logging.py:28}}
Jun 27 18:26:00.687037 dv-cinder-844601-6-iscsi devstack@keystone.service[80569]: DEBUG keystone.server.flask.request_processing.req_logging [None req-3e6ba433-500e-47fe-8c54-bc7540781733 None admin] PATH_INFO: `/v3/roles/admin` {{(pid=80569) log_request_info /opt/stack/keystone/keystone/server/flask/request_processing/req_logging.py:29}}
Jun 27 18:26:00.696955 dv-cinder-844601-6-iscsi devstack@keystone.service[80569]: DEBUG keystone.common.rbac_enforcer.enforcer [None req-3e6ba433-500e-47fe-8c54-bc7540781733 None admin] Extracting inferred target data resulted in "NOT FOUND (404)". {{(pid=80569) enforce_call /opt/stack/keystone/keystone/common/rbac_enforcer/enforcer.py:409}}
Jun 27 18:26:00.705098 dv-cinder-844601-6-iscsi devstack@keystone.service[80569]: ERROR keystone.server.flask.application [None req-3e6ba433-500e-47fe-8c54-bc7540781733 None admin] Could not find role: admin.: keystone.exception.RoleNotFound: Could not find role: admin.
Jun 27 18:26:00.705098 dv-cinder-844601-6-iscsi devstack@keystone.service[80569]: ERROR keystone.server.flask.application
Traceback (most recent call last):
Jun 27 18:26:00.705098 dv-cinder-844601-6-iscsi devstack@keystone.service[80569]: ERROR keystone.server.flask.application
File "/usr/local/lib/python3.8/dist-packages/flask/app.py", line 1523, in full_dispatch_request
Jun 27 18:26:00.705098 dv-cinder-844601-6-iscsi devstack@keystone.service[80569]: ERROR keystone.server.flask.application rv = self.dispatch_request()
Jun 27 18:26:00.705098 dv-cinder-844601-6-iscsi devstack@keystone.service[80569]: ERROR keystone.server.flask.application
File "/usr/local/lib/python3.8/dist-packages/flask/app.py", line 1509, in dispatch_request
Jun 27 18:26:00.705098 dv-cinder-844601-6-iscsi devstack@keystone.service[80569]: ERROR keystone.server.flask.application return self.ensure_sync(self.view_functions[rule.endpoint])(**req.view_args)
Jun 27 18:26:00.705098 dv-cinder-844601-6-iscsi devstack@keystone.service[80569]: ERROR keystone.server.flask.application
File "/usr/local/lib/python3.8/dist-packages/flask_restful/__init__.py", line 467, in wrapper
Jun 27 18:26:00.705098 dv-cinder-844601-6-iscsi devstack@keystone.service[80569]: ERROR keystone.server.flask.application resp = resource(*args, **kwargs)
Jun 27 18:26:00.705098 dv-cinder-844601-6-iscsi devstack@keystone.service[80569]: ERROR keystone.server.flask.application
File "/usr/local/lib/python3.8/dist-packages/flask/views.py", line 84, in view
Jun 27 18:26:00.705098 dv-cinder-844601-6-iscsi devstack@keystone.service[80569]: ERROR keystone.server.flask.application return current_app.ensure_sync(self.dispatch_request)(*args, **kwargs)
Jun 27 18:26:00.705098 dv-cinder-844601-6-iscsi devstack@keystone.service[80569]: ERROR keystone.server.flask.application
File "/usr/local/lib/python3.8/dist-packages/flask_restful/__init__.py", line 582, in dispatch_request
Jun 27 18:26:00.705098 dv-cinder-844601-6-iscsi devstack@keystone.service[80569]: ERROR keystone.server.flask.application resp = meth(*args, **kwargs)
Jun 27 18:26:00.705098 dv-cinder-844601-6-iscsi devstack@keystone.service[80569]: ERROR keystone.server.flask.application
File "/opt/stack/keystone/keystone/api/roles.py", line 50, in get
Jun 27 18:26:00.705098 dv-cinder-844601-6-iscsi devstack@keystone.service[80569]: ERROR keystone.server.flask.application return self._get_role(role_id)
Jun 27 18:26:00.705098 dv-cinder-844601-6-iscsi devstack@keystone.service[80569]: ERROR keystone.server.flask.application
File "/opt/stack/keystone/keystone/api/roles.py", line 70, in _get_role
Jun 27 18:26:00.705098 dv-cinder-844601-6-iscsi devstack@keystone.service[80569]: ERROR keystone.server.flask.application ENFORCER.enforce_call(action='identity:get_role')
Jun 27 18:26:00.705936 dv-cinder-844601-6-iscsi devstack@keystone.service[80569]: ERROR keystone.server.flask.application
File "/opt/stack/keystone/keystone/common/rbac_enforcer/enforcer.py", line 402, in enforce_call
Jun 27 18:26:00.705936 dv-cinder-844601-6-iscsi devstack@keystone.service[80569]: ERROR keystone.server.flask.application policy_dict.update(cls._extract_member_target_data(
Jun 27 18:26:00.705936 dv-cinder-844601-6-iscsi devstack@keystone.service[80569]: ERROR keystone.server.flask.application
File "/opt/stack/keystone/keystone/common/rbac_enforcer/enforcer.py", line 234, in _extract_member_target_data
Jun 27 18:26:00.705936 dv-cinder-844601-6-iscsi devstack@keystone.service[80569]: ERROR keystone.server.flask.application member_name: func(flask.request.view_args[key])
Jun 27 18:26:00.705936 dv-cinder-844601-6-iscsi devstack@keystone.service[80569]: ERROR keystone.server.flask.application
File "/opt/stack/keystone/keystone/common/manager.py", line 115, in wrapped
Jun 27 18:26:00.705936 dv-cinder-844601-6-iscsi devstack@keystone.service[80569]: ERROR keystone.server.flask.application __ret_val = __f(*args, **kwargs)
Jun 27 18:26:00.705936 dv-cinder-844601-6-iscsi devstack@keystone.service[80569]: ERROR keystone.server.flask.application
File "/usr/local/lib/python3.8/dist-packages/decorator.py", line 232, in fun
Jun 27 18:26:00.705936 dv-cinder-844601-6-iscsi devstack@keystone.service[80569]: ERROR keystone.server.flask.application return caller(func, *(extras + args), **kw)
Jun 27 18:26:00.705936 dv-cinder-844601-6-iscsi devstack@keystone.service[80569]: ERROR keystone.server.flask.application
File "/usr/local/lib/python3.8/dist-packages/dogpile/cache/region.py", line 1577, in get_or_create_for_user_func
Jun 27 18:26:00.705936 dv-cinder-844601-6-iscsi devstack@keystone.service[80569]: ERROR keystone.server.flask.application return self.get_or_create(
Jun 27 18:26:00.705936 dv-cinder-844601-6-iscsi devstack@keystone.service[80569]: ERROR keystone.server.flask.application
File "/usr/local/lib/python3.8/dist-packages/dogpile/cache/region.py", line 1042, in get_or_create
Jun 27 18:26:00.705936 dv-cinder-844601-6-iscsi devstack@keystone.service[80569]: ERROR keystone.server.flask.application with Lock(
Jun 27 18:26:00.705936 dv-cinder-844601-6-iscsi devstack@keystone.service[80569]: ERROR keystone.server.flask.application
File "/usr/local/lib/python3.8/dist-packages/dogpile/lock.py", line 185, in __enter__
Jun 27 18:26:00.705936 dv-cinder-844601-6-iscsi devstack@keystone.service[80569]: ERROR keystone.server.flask.application return self._enter()
Jun 27 18:26:00.705936 dv-cinder-844601-6-iscsi devstack@keystone.service[80569]: ERROR keystone.server.flask.application
File "/usr/local/lib/python3.8/dist-packages/dogpile/lock.py", line 94, in _enter
Jun 27 18:26:00.705936 dv-cinder-844601-6-iscsi devstack@keystone.service[80569]: ERROR keystone.server.flask.application generated = self._enter_create(value, createdtime)
Jun 27 18:26:00.706723 dv-cinder-844601-6-iscsi devstack@keystone.service[80569]: ERROR keystone.server.flask.application
File "/usr/local/lib/python3.8/dist-packages/dogpile/lock.py", line 178, in _enter_create
Jun 27 18:26:00.706723 dv-cinder-844601-6-iscsi devstack@keystone.service[80569]: ERROR keystone.server.flask.application return self.creator()
Jun 27 18:26:00.706723 dv-cinder-844601-6-iscsi devstack@keystone.service[80569]: ERROR keystone.server.flask.application
File "/usr/local/lib/python3.8/dist-packages/dogpile/cache/region.py", line 995, in gen_value
Jun 27 18:26:00.706723 dv-cinder-844601-6-iscsi devstack@keystone.service[80569]: ERROR keystone.server.flask.application created_value = creator(
Jun 27 18:26:00.706723 dv-cinder-844601-6-iscsi devstack@keystone.service[80569]: ERROR keystone.server.flask.application
File "/opt/stack/keystone/keystone/assignment/core.py", line 1276, in get_role
Jun 27 18:26:00.706723 dv-cinder-844601-6-iscsi devstack@keystone.service[80569]: ERROR keystone.server.flask.application return self.driver.get_role(role_id)
Jun 27 18:26:00.706723 dv-cinder-844601-6-iscsi devstack@keystone.service[80569]: ERROR keystone.server.flask.application
File "/opt/stack/keystone/keystone/assignment/role_backends/sql.py", line 70, in get_role
Jun 27 18:26:00.706723 dv-cinder-844601-6-iscsi devstack@keystone.service[80569]: ERROR keystone.server.flask.application return self._get_role(session, role_id).to_dict()
Jun 27 18:26:00.706723 dv-cinder-844601-6-iscsi devstack@keystone.service[80569]: ERROR keystone.server.flask.application
File "/opt/stack/keystone/keystone/assignment/role_backends/sql.py", line 65, in _get_role
Jun 27 18:26:00.706723 dv-cinder-844601-6-iscsi devstack@keystone.service[80569]: ERROR keystone.server.flask.application raise exception.RoleNotFound(role_id=role_id)
Jun 27 18:26:00.706723 dv-cinder-844601-6-iscsi devstack@keystone.service[80569]: ERROR keystone.server.flask.application keystone.exception.RoleNotFound: Could not find role: admin.
Jun 27 18:26:00.706723 dv-cinder-844601-6-iscsi devstack@keystone.service[80569]: ERROR keystone.server.flask.application
Jun 27 18:26:00.706723 dv-cinder-844601-6-iscsi devstack@keystone.service[80569]: [pid: 80569|app: 0|req: 25/49] 10.222.0.15 () {56 vars in 1096 bytes} [Mon Jun 27 18:26:00 2022] GET /identity/v3/roles/admin => generated 83 bytes in 155 msecs (HTTP/1.1 404) 5 headers in 183 bytes (1 switches on core 0)
Jun 27 18:26:00.712158 dv-cinder-844601-6-iscsi devstack@keystone.service[80570]: DEBUG keystone.server.flask.request_processing.middleware.auth_context [None req-1c06b637-7e2c-454d-82f5-6924eeebdd13 None None] Authenticating user token {{(pid=80570) process_request /usr/local/lib/python3.8/dist-packages/keystonemiddleware/auth_token/__init__.py:407}}
Jun 27 18:26:00.775999 dv-cinder-844601-6-iscsi devstack@keystone.service[80569]: DEBUG keystone.server.flask.request_processing.req_logging [None req-c1d9b4c2-4d59-483d-a1ff-1ad25ae1b1b5 None None] REQUEST_METHOD: `GET` {{(pid=80569) log_request_info /opt/stack/keystone/keystone/server/flask/request_processing/req_logging.py:27}}
Jun 27 18:26:00.776281 dv-cinder-844601-6-iscsi devstack@keystone.service[80569]: DEBUG keystone.server.flask.request_processing.req_logging [None req-c1d9b4c2-4d59-483d-a1ff-1ad25ae1b1b5 None None] SCRIPT_NAME: `/identity` {{(pid=80569) log_request_info /opt/stack/keystone/keystone/server/flask/request_processing/req_logging.py:28}}
Jun 27 18:26:00.776559 dv-cinder-844601-6-iscsi devstack@keystone.service[80569]: DEBUG keystone.server.flask.request_processing.req_logging [None req-c1d9b4c2-4d59-483d-a1ff-1ad25ae1b1b5 None None] PATH_INFO: `/` {{(pid=80569) log_request_info /opt/stack/keystone/keystone/server/flask/request_processing/req_logging.py:29}}
Jun 27 18:26:00.777919 dv-cinder-844601-6-iscsi devstack@keystone.service[80569]: [pid: 80569|app: 0|req: 26/50] 10.222.0.15 () {54 vars in 926 bytes} [Mon Jun 27 18:26:00 2022] GET /identity => generated 270 bytes in 3 msecs (HTTP/1.1 300) 6 headers in 234 bytes (2 switches on core 0)
Jun 27 18:26:00.782625 dv-cinder-844601-6-iscsi devstack@keystone.service[80569]: DEBUG keystone.server.flask.request_processing.req_logging [None req-1be5aba9-1ae5-40db-a95e-08e49667db43 None None] REQUEST_METHOD: `POST` {{(pid=80569) log_request_info /opt/stack/keystone/keystone/server/flask/request_processing/req_logging.py:27}}
Jun 27 18:26:00.782915 dv-cinder-844601-6-iscsi devstack@keystone.service[80569]: DEBUG keystone.server.flask.request_processing.req_logging [None req-1be5aba9-1ae5-40db-a95e-08e49667db43 None None] SCRIPT_NAME: `/identity` {{(pid=80569) log_request_info /opt/stack/keystone/keystone/server/flask/request_processing/req_logging.py:28}}
Jun 27 18:26:00.783197 dv-cinder-844601-6-iscsi devstack@keystone.service[80569]: DEBUG keystone.server.flask.request_processing.req_logging [None req-1be5aba9-1ae5-40db-a95e-08e49667db43 None None] PATH_INFO: `/v3/auth/tokens` {{(pid=80569) log_request_info /opt/stack/keystone/keystone/server/flask/request_processing/req_logging.py:29}}
Jun 27 18:26:00.800061 dv-cinder-844601-6-iscsi devstack@keystone.service[80569]: DEBUG keystone.auth.core [None req-1be5aba9-1ae5-40db-a95e-08e49667db43 None None] MFA Rules not processed for user `3d0ddf436e7443679ab397306fca9e90`. Rule list: `[]` (Enabled: `True`). {{(pid=80569) check_auth_methods_against_rules /opt/stack/keystone/keystone/auth/core.py:438}}
Jun 27 18:26:00.801567 dv-cinder-844601-6-iscsi devstack@keystone.service[80569]: DEBUG keystone.common.fernet_utils [None req-1be5aba9-1ae5-40db-a95e-08e49667db43 None None] Loaded 2 Fernet keys from /etc/keystone/fernet-keys/, but `[fernet_tokens] max_active_keys = 3`; perhaps there have not been enough key rotations to reach `max_active_keys` yet? {{(pid=80569) load_keys /opt/stack/keystone/keystone/common/fernet_utils.py:286}}
Jun 27 18:26:00.818776 dv-cinder-844601-6-iscsi devstack@keystone.service[80570]: DEBUG keystone.server.flask.request_processing.middleware.auth_context [None req-1c06b637-7e2c-454d-82f5-6924eeebdd13 None None] Validating token access rules against request {{(pid=80570) validate_allowed_request /usr/local/lib/python3.8/dist-packages/keystonemiddleware/auth_token/__init__.py:545}}
Jun 27 18:26:00.850944 dv-cinder-844601-6-iscsi devstack@keystone.service[80569]: DEBUG dbcounter [-] [80569] Writing DB stats keystone:SELECT=100 {{(pid=80569) stat_writer /usr/local/lib/python3.8/dist-packages/dbcounter.py:114}}
Jun 27 18:26:00.852807 dv-cinder-844601-6-iscsi devstack@keystone.service[80570]: DEBUG keystone.server.flask.request_processing.middleware.auth_context [None req-9ae891de-5945-48da-90f8-19c814ec3124 None admin] RBAC: auth_context: {'token': , 'domain_id': None, 'trust_id': None, 'trustor_id': None, 'trustee_id': None, 'domain_name': None, 'group_ids': [], 'user_id': '3d0ddf436e7443679ab397306fca9e90', 'user_domain_id': 'default', 'system_scope': 'all', 'project_id': None, 'project_domain_id': None, 'roles': ['admin', 'member', 'reader'], 'is_admin_project': True, 'service_user_id': None, 'service_user_domain_id': None, 'service_project_id': None, 'service_project_domain_id': None, 'service_roles': []} {{(pid=80570) fill_context /opt/stack/keystone/keystone/server/flask/request_processing/middleware/auth_context.py:478}}
Jun 27 18:26:00.853473 dv-cinder-844601-6-iscsi devstack@keystone.service[80570]: DEBUG keystone.server.flask.request_processing.req_logging [None req-9ae891de-5945-48da-90f8-19c814ec3124 None admin] REQUEST_METHOD: `GET` {{(pid=80570) log_request_info /opt/stack/keystone/keystone/server/flask/request_processing/req_logging.py:27}}
Jun 27 18:26:00.853761 dv-cinder-844601-6-iscsi devstack@keystone.service[80570]: DEBUG keystone.server.flask.request_processing.req_logging [None req-9ae891de-5945-48da-90f8-19c814ec3124 None admin] SCRIPT_NAME: `/identity` {{(pid=80570) log_request_info /opt/stack/keystone/keystone/server/flask/request_processing/req_logging.py:28}}
Jun 27 18:26:00.854041 dv-cinder-844601-6-iscsi devstack@keystone.service[80570]: DEBUG keystone.server.flask.request_processing.req_logging [None req-9ae891de-5945-48da-90f8-19c814ec3124 None admin] PATH_INFO: `/v3/roles` {{(pid=80570) log_request_info /opt/stack/keystone/keystone/server/flask/request_processing/req_logging.py:29}}
Jun 27 18:26:00.854833 dv-cinder-844601-6-iscsi devstack@keystone.service[80570]: DEBUG keystone.common.rbac_enforcer.enforcer [None req-9ae891de-5945-48da-90f8-19c814ec3124 None admin] RBAC: Adding query filter params (name=admin) {{(pid=80570) _extract_filter_values /opt/stack/keystone/keystone/common/rbac_enforcer/enforcer.py:167}}
Jun 27 18:26:00.855145 dv-cinder-844601-6-iscsi devstack@keystone.service[80570]: DEBUG keystone.common.rbac_enforcer.enforcer [None req-9ae891de-5945-48da-90f8-19c814ec3124 None admin] RBAC: Authorizing `identity:list_roles()` {{(pid=80570) enforce_call /opt/stack/keystone/keystone/common/rbac_enforcer/enforcer.py:449}}
Jun 27 18:26:00.856799 dv-cinder-844601-6-iscsi devstack@keystone.service[80570]: DEBUG keystone.common.rbac_enforcer.enforcer [None req-9ae891de-5945-48da-90f8-19c814ec3124 None admin] RBAC: Authorization granted {{(pid=80570) enforce_call /opt/stack/keystone/keystone/common/rbac_enforcer/enforcer.py:457}}
Jun 27 18:26:00.866067 dv-cinder-844601-6-iscsi devstack@keystone.service[80570]: [pid: 80570|app: 0|req: 25/51] 10.222.0.15 () {56 vars in 1099 bytes} [Mon Jun 27 18:26:00 2022] GET /identity/v3/roles?name=admin => generated 339 bytes in 154 msecs (HTTP/1.1 200) 5 headers in 177 bytes (1 switches on core 0)
Jun 27 18:26:00.867959 dv-cinder-844601-6-iscsi devstack@keystone.service[80569]: [pid: 80569|app: 0|req: 27/52] 10.222.0.15 () {58 vars in 1023 bytes} [Mon Jun 27 18:26:00 2022] POST /identity/v3/auth/tokens => generated 799 bytes in 86 msecs (HTTP/1.1 201) 6 headers in 363 bytes (2 switches on core 0)
Jun 27 18:26:00.871565 dv-cinder-844601-6-iscsi devstack@keystone.service[80570]: DEBUG keystone.server.flask.request_processing.middleware.auth_context [None req-9ae891de-5945-48da-90f8-19c814ec3124 None admin] Authenticating user token {{(pid=80570) process_request /usr/local/lib/python3.8/dist-packages/keystonemiddleware/auth_token/__init__.py:407}}
Jun 27 18:26:00.890829 dv-cinder-844601-6-iscsi devstack@keystone.service[80570]: DEBUG dbcounter [-] [80570] Writing DB stats keystone:SELECT=100 {{(pid=80570) stat_writer /usr/local/lib/python3.8/dist-packages/dbcounter.py:114}}
Jun 27 18:26:00.891297 dv-cinder-844601-6-iscsi devstack@keystone.service[80569]: DEBUG keystone.server.flask.request_processing.middleware.auth_context [None req-1be5aba9-1ae5-40db-a95e-08e49667db43 None None] Authenticating user token {{(pid=80569) process_request /usr/local/lib/python3.8/dist-packages/keystonemiddleware/auth_token/__init__.py:407}}
Jun 27 18:26:00.971277 dv-cinder-844601-6-iscsi devstack@keystone.service[80570]: DEBUG keystone.server.flask.request_processing.middleware.auth_context [None req-9ae891de-5945-48da-90f8-19c814ec3124 None admin] Validating token access rules against request {{(pid=80570) validate_allowed_request /usr/local/lib/python3.8/dist-packages/keystonemiddleware/auth_token/__init__.py:545}}
Jun 27 18:26:00.991455 dv-cinder-844601-6-iscsi devstack@keystone.service[80569]: DEBUG keystone.server.flask.request_processing.middleware.auth_context [None req-1be5aba9-1ae5-40db-a95e-08e49667db43 None None] Validating token access rules against request {{(pid=80569) validate_allowed_request /usr/local/lib/python3.8/dist-packages/keystonemiddleware/auth_token/__init__.py:545}}
Jun 27 18:26:01.004831 dv-cinder-844601-6-iscsi devstack@keystone.service[80570]: DEBUG keystone.server.flask.request_processing.middleware.auth_context [None req-0625d5bd-25ca-461a-84f3-78a2dc7e65f3 None admin] RBAC: auth_context: {'token': , 'domain_id': None, 'trust_id': None, 'trustor_id': None, 'trustee_id': None, 'domain_name': None, 'group_ids': [], 'user_id': '3d0ddf436e7443679ab397306fca9e90', 'user_domain_id': 'default', 'system_scope': 'all', 'project_id': None, 'project_domain_id': None, 'roles': ['admin', 'member', 'reader'], 'is_admin_project': True, 'service_user_id': None, 'service_user_domain_id': None, 'service_project_id': None, 'service_project_domain_id': None, 'service_roles': []} {{(pid=80570) fill_context /opt/stack/keystone/keystone/server/flask/request_processing/middleware/auth_context.py:478}}
Jun 27 18:26:01.005698 dv-cinder-844601-6-iscsi devstack@keystone.service[80570]: DEBUG keystone.server.flask.request_processing.req_logging [None req-0625d5bd-25ca-461a-84f3-78a2dc7e65f3 None admin] REQUEST_METHOD: `GET` {{(pid=80570) log_request_info /opt/stack/keystone/keystone/server/flask/request_processing/req_logging.py:27}}
Jun 27 18:26:01.005978 dv-cinder-844601-6-iscsi devstack@keystone.service[80570]: DEBUG keystone.server.flask.request_processing.req_logging [None req-0625d5bd-25ca-461a-84f3-78a2dc7e65f3 None admin] SCRIPT_NAME: `/identity` {{(pid=80570) log_request_info /opt/stack/keystone/keystone/server/flask/request_processing/req_logging.py:28}}
Jun 27 18:26:01.006255 dv-cinder-844601-6-iscsi devstack@keystone.service[80570]: DEBUG keystone.server.flask.request_processing.req_logging [None req-0625d5bd-25ca-461a-84f3-78a2dc7e65f3 None admin] PATH_INFO: `/v3/users/3d0ddf436e7443679ab397306fca9e90` {{(pid=80570) log_request_info /opt/stack/keystone/keystone/server/flask/request_processing/req_logging.py:29}}
Jun 27 18:26:01.007508 dv-cinder-844601-6-iscsi devstack@keystone.service[80570]: DEBUG keystone.common.rbac_enforcer.enforcer [None req-0625d5bd-25ca-461a-84f3-78a2dc7e65f3 None admin] RBAC: Authorizing `identity:get_user(user_id=3d0ddf436e7443679ab397306fca9e90)` {{(pid=80570) enforce_call /opt/stack/keystone/keystone/common/rbac_enforcer/enforcer.py:449}}
Jun 27 18:26:01.008965 dv-cinder-844601-6-iscsi devstack@keystone.service[80570]: DEBUG keystone.common.rbac_enforcer.enforcer [None req-0625d5bd-25ca-461a-84f3-78a2dc7e65f3 None admin] RBAC: Authorization granted {{(pid=80570) enforce_call /opt/stack/keystone/keystone/common/rbac_enforcer/enforcer.py:457}}
Jun 27 18:26:01.010826 dv-cinder-844601-6-iscsi devstack@keystone.service[80570]: [pid: 80570|app: 0|req: 26/53] 10.222.0.15 () {56 vars in 1177 bytes} [Mon Jun 27 18:26:00 2022] GET /identity/v3/users/3d0ddf436e7443679ab397306fca9e90 => generated 247 bytes in 140 msecs (HTTP/1.1 200) 5 headers in 177 bytes (2 switches on core 0)
Jun 27 18:26:01.016631 dv-cinder-844601-6-iscsi devstack@keystone.service[80570]: DEBUG keystone.server.flask.request_processing.middleware.auth_context [None req-0625d5bd-25ca-461a-84f3-78a2dc7e65f3 None admin] Authenticating user token {{(pid=80570) process_request /usr/local/lib/python3.8/dist-packages/keystonemiddleware/auth_token/__init__.py:407}}
Jun 27 18:26:01.028055 dv-cinder-844601-6-iscsi devstack@keystone.service[80569]: DEBUG keystone.server.flask.request_processing.middleware.auth_context [None req-19458b0e-cd33-4169-b682-d88d3a5ce524 None admin] RBAC: auth_context: {'token': , 'domain_id': None, 'trust_id': None, 'trustor_id': None, 'trustee_id': None, 'domain_name': None, 'group_ids': [], 'user_id': '3d0ddf436e7443679ab397306fca9e90', 'user_domain_id': 'default', 'system_scope': 'all', 'project_id': None, 'project_domain_id': None, 'roles': ['admin', 'member', 'reader'], 'is_admin_project': True, 'service_user_id': None, 'service_user_domain_id': None, 'service_project_id': None, 'service_project_domain_id': None, 'service_roles': []} {{(pid=80569) fill_context /opt/stack/keystone/keystone/server/flask/request_processing/middleware/auth_context.py:478}}
Jun 27 18:26:01.028952 dv-cinder-844601-6-iscsi devstack@keystone.service[80569]: DEBUG keystone.server.flask.request_processing.req_logging [None req-19458b0e-cd33-4169-b682-d88d3a5ce524 None admin] REQUEST_METHOD: `GET` {{(pid=80569) log_request_info /opt/stack/keystone/keystone/server/flask/request_processing/req_logging.py:27}}
Jun 27 18:26:01.029746 dv-cinder-844601-6-iscsi devstack@keystone.service[80569]: DEBUG keystone.server.flask.request_processing.req_logging [None req-19458b0e-cd33-4169-b682-d88d3a5ce524 None admin] SCRIPT_NAME: `/identity` {{(pid=80569) log_request_info /opt/stack/keystone/keystone/server/flask/request_processing/req_logging.py:28}}
Jun 27 18:26:01.030024 dv-cinder-844601-6-iscsi devstack@keystone.service[80569]: DEBUG keystone.server.flask.request_processing.req_logging [None req-19458b0e-cd33-4169-b682-d88d3a5ce524 None admin] PATH_INFO: `/v3/domains/default` {{(pid=80569) log_request_info /opt/stack/keystone/keystone/server/flask/request_processing/req_logging.py:29}}
Jun 27 18:26:01.031214 dv-cinder-844601-6-iscsi devstack@keystone.service[80569]: DEBUG keystone.common.rbac_enforcer.enforcer [None req-19458b0e-cd33-4169-b682-d88d3a5ce524 None admin] RBAC: Authorizing `identity:get_domain(domain_id=default)` {{(pid=80569) enforce_call /opt/stack/keystone/keystone/common/rbac_enforcer/enforcer.py:449}}
Jun 27 18:26:01.032672 dv-cinder-844601-6-iscsi devstack@keystone.service[80569]: DEBUG keystone.common.rbac_enforcer.enforcer [None req-19458b0e-cd33-4169-b682-d88d3a5ce524 None admin] RBAC: Authorization granted {{(pid=80569) enforce_call /opt/stack/keystone/keystone/common/rbac_enforcer/enforcer.py:457}}
Jun 27 18:26:01.034274 dv-cinder-844601-6-iscsi devstack@keystone.service[80569]: [pid: 80569|app: 0|req: 28/54] 10.222.0.15 () {56 vars in 1108 bytes} [Mon Jun 27 18:26:00 2022] GET /identity/v3/domains/default => generated 199 bytes in 143 msecs (HTTP/1.1 200) 5 headers in 177 bytes (2 switches on core 0)
Jun 27 18:26:01.039623 dv-cinder-844601-6-iscsi devstack@keystone.service[80569]: DEBUG keystone.server.flask.request_processing.middleware.auth_context [None req-19458b0e-cd33-4169-b682-d88d3a5ce524 None admin] Authenticating user token {{(pid=80569) process_request /usr/local/lib/python3.8/dist-packages/keystonemiddleware/auth_token/__init__.py:407}}
Jun 27 18:26:01.094654 dv-cinder-844601-6-iscsi devstack@keystone.service[80569]: DEBUG dbcounter [-] [80569] Writing DB stats keystone:SELECT=100 {{(pid=80569) stat_writer /usr/local/lib/python3.8/dist-packages/dbcounter.py:114}}
Jun 27 18:26:01.102167 dv-cinder-844601-6-iscsi devstack@keystone.service[80570]: DEBUG dbcounter [-] [80570] Writing DB stats keystone:SELECT=100 {{(pid=80570) stat_writer /usr/local/lib/python3.8/dist-packages/dbcounter.py:114}}
Jun 27 18:26:01.116963 dv-cinder-844601-6-iscsi devstack@keystone.service[80570]: DEBUG keystone.server.flask.request_processing.middleware.auth_context [None req-0625d5bd-25ca-461a-84f3-78a2dc7e65f3 None admin] Validating token access rules against request {{(pid=80570) validate_allowed_request /usr/local/lib/python3.8/dist-packages/keystonemiddleware/auth_token/__init__.py:545}}
