Jun 27 18:25:53.395298 dv-cinder-844601-6-iscsi devstack@keystone.service[80570]: DEBUG keystone.server.flask.request_processing.middleware.auth_context [None req-cd281653-ef09-40fe-837d-33ff7454890a None admin] Authenticating user token {{(pid=80570) process_request /usr/local/lib/python3.8/dist-packages/keystonemiddleware/auth_token/__init__.py:407}}
Jun 27 18:25:53.470331 dv-cinder-844601-6-iscsi devstack@keystone.service[80569]: DEBUG keystone.server.flask.request_processing.middleware.auth_context [None req-2270c166-5dda-4b2e-8b2e-b0c041733c9a None None] Validating token access rules against request {{(pid=80569) validate_allowed_request /usr/local/lib/python3.8/dist-packages/keystonemiddleware/auth_token/__init__.py:545}}
Jun 27 18:25:53.472629 dv-cinder-844601-6-iscsi devstack@keystone.service[80569]: DEBUG dbcounter [-] [80569] Writing DB stats keystone:SELECT=100 {{(pid=80569) stat_writer /usr/local/lib/python3.8/dist-packages/dbcounter.py:114}}
Jun 27 18:25:53.474082 dv-cinder-844601-6-iscsi devstack@keystone.service[80570]: DEBUG dbcounter [-] [80570] Writing DB stats keystone:SELECT=100 {{(pid=80570) stat_writer /usr/local/lib/python3.8/dist-packages/dbcounter.py:114}}
Jun 27 18:25:53.494222 dv-cinder-844601-6-iscsi devstack@keystone.service[80570]: DEBUG keystone.server.flask.request_processing.middleware.auth_context [None req-cd281653-ef09-40fe-837d-33ff7454890a None admin] Validating token access rules against request {{(pid=80570) validate_allowed_request /usr/local/lib/python3.8/dist-packages/keystonemiddleware/auth_token/__init__.py:545}}
Jun 27 18:25:53.507332 dv-cinder-844601-6-iscsi devstack@keystone.service[80569]: DEBUG keystone.server.flask.request_processing.middleware.auth_context [None req-e1134f57-82d2-48a5-8511-dcee2f8b2b57 None admin] RBAC: auth_context: {'token': , 'domain_id': None, 'trust_id': None, 'trustor_id': None, 'trustee_id': None, 'domain_name': None, 'group_ids': [], 'user_id': '3d0ddf436e7443679ab397306fca9e90', 'user_domain_id': 'default', 'system_scope': 'all', 'project_id': None, 'project_domain_id': None, 'roles': ['admin', 'member', 'reader'], 'is_admin_project': True, 'service_user_id': None, 'service_user_domain_id': None, 'service_project_id': None, 'service_project_domain_id': None, 'service_roles': []} {{(pid=80569) fill_context /opt/stack/keystone/keystone/server/flask/request_processing/middleware/auth_context.py:478}}
Jun 27 18:25:53.508217 dv-cinder-844601-6-iscsi devstack@keystone.service[80569]: DEBUG keystone.server.flask.request_processing.req_logging [None req-e1134f57-82d2-48a5-8511-dcee2f8b2b57 None admin] REQUEST_METHOD: `GET` {{(pid=80569) log_request_info /opt/stack/keystone/keystone/server/flask/request_processing/req_logging.py:27}}
Jun 27 18:25:53.508555 dv-cinder-844601-6-iscsi devstack@keystone.service[80569]: DEBUG keystone.server.flask.request_processing.req_logging [None req-e1134f57-82d2-48a5-8511-dcee2f8b2b57 None admin] SCRIPT_NAME: `/identity` {{(pid=80569) log_request_info /opt/stack/keystone/keystone/server/flask/request_processing/req_logging.py:28}}
Jun 27 18:25:53.508859 dv-cinder-844601-6-iscsi devstack@keystone.service[80569]: DEBUG keystone.server.flask.request_processing.req_logging [None req-e1134f57-82d2-48a5-8511-dcee2f8b2b57 None admin] PATH_INFO: `/v3/auth/tokens` {{(pid=80569) log_request_info /opt/stack/keystone/keystone/server/flask/request_processing/req_logging.py:29}}
Jun 27 18:25:53.528319 dv-cinder-844601-6-iscsi devstack@keystone.service[80570]: DEBUG keystone.server.flask.request_processing.middleware.auth_context [None req-86b7184e-1821-4118-b2b4-3d19144d8be1 None admin] RBAC: auth_context: {'token': , 'domain_id': None, 'trust_id': None, 'trustor_id': None, 'trustee_id': None, 'domain_name': None, 'group_ids': [], 'user_id': '3d0ddf436e7443679ab397306fca9e90', 'user_domain_id': 'default', 'system_scope': 'all', 'project_id': None, 'project_domain_id': None, 'roles': ['admin', 'member', 'reader'], 'is_admin_project': True, 'service_user_id': None, 'service_user_domain_id': None, 'service_project_id': None, 'service_project_domain_id': None, 'service_roles': []} {{(pid=80570) fill_context /opt/stack/keystone/keystone/server/flask/request_processing/middleware/auth_context.py:478}}
Jun 27 18:25:53.529551 dv-cinder-844601-6-iscsi devstack@keystone.service[80570]: DEBUG keystone.server.flask.request_processing.req_logging [None req-86b7184e-1821-4118-b2b4-3d19144d8be1 None admin] REQUEST_METHOD: `GET` {{(pid=80570) log_request_info /opt/stack/keystone/keystone/server/flask/request_processing/req_logging.py:27}}
Jun 27 18:25:53.529845 dv-cinder-844601-6-iscsi devstack@keystone.service[80570]: DEBUG keystone.server.flask.request_processing.req_logging [None req-86b7184e-1821-4118-b2b4-3d19144d8be1 None admin] SCRIPT_NAME: `/identity` {{(pid=80570) log_request_info /opt/stack/keystone/keystone/server/flask/request_processing/req_logging.py:28}}
Jun 27 18:25:53.530127 dv-cinder-844601-6-iscsi devstack@keystone.service[80570]: DEBUG keystone.server.flask.request_processing.req_logging [None req-86b7184e-1821-4118-b2b4-3d19144d8be1 None admin] PATH_INFO: `/v3/roles` {{(pid=80570) log_request_info /opt/stack/keystone/keystone/server/flask/request_processing/req_logging.py:29}}
Jun 27 18:25:53.530921 dv-cinder-844601-6-iscsi devstack@keystone.service[80570]: DEBUG keystone.common.rbac_enforcer.enforcer [None req-86b7184e-1821-4118-b2b4-3d19144d8be1 None admin] RBAC: Adding query filter params (name=admin) {{(pid=80570) _extract_filter_values /opt/stack/keystone/keystone/common/rbac_enforcer/enforcer.py:167}}
Jun 27 18:25:53.531264 dv-cinder-844601-6-iscsi devstack@keystone.service[80570]: DEBUG keystone.common.rbac_enforcer.enforcer [None req-86b7184e-1821-4118-b2b4-3d19144d8be1 None admin] RBAC: Authorizing `identity:list_roles()` {{(pid=80570) enforce_call /opt/stack/keystone/keystone/common/rbac_enforcer/enforcer.py:449}}
Jun 27 18:25:53.533015 dv-cinder-844601-6-iscsi devstack@keystone.service[80570]: DEBUG keystone.common.rbac_enforcer.enforcer [None req-86b7184e-1821-4118-b2b4-3d19144d8be1 None admin] RBAC: Authorization granted {{(pid=80570) enforce_call /opt/stack/keystone/keystone/common/rbac_enforcer/enforcer.py:457}}
Jun 27 18:25:53.544492 dv-cinder-844601-6-iscsi devstack@keystone.service[80570]: [pid: 80570|app: 0|req: 8/15] 10.222.0.15 () {56 vars in 1099 bytes} [Mon Jun 27 18:25:53 2022] GET /identity/v3/roles?name=admin => generated 339 bytes in 149 msecs (HTTP/1.1 200) 5 headers in 177 bytes (1 switches on core 0)
Jun 27 18:25:53.550456 dv-cinder-844601-6-iscsi devstack@keystone.service[80570]: DEBUG keystone.server.flask.request_processing.middleware.auth_context [None req-86b7184e-1821-4118-b2b4-3d19144d8be1 None admin] Authenticating user token {{(pid=80570) process_request /usr/local/lib/python3.8/dist-packages/keystonemiddleware/auth_token/__init__.py:407}}
Jun 27 18:25:53.579666 dv-cinder-844601-6-iscsi devstack@keystone.service[80569]: DEBUG keystone.common.rbac_enforcer.enforcer [None req-e1134f57-82d2-48a5-8511-dcee2f8b2b57 None admin] RBAC: Authorizing `identity:validate_token()` {{(pid=80569) enforce_call /opt/stack/keystone/keystone/common/rbac_enforcer/enforcer.py:449}}
Jun 27 18:25:53.581180 dv-cinder-844601-6-iscsi devstack@keystone.service[80569]: DEBUG keystone.common.rbac_enforcer.enforcer [None req-e1134f57-82d2-48a5-8511-dcee2f8b2b57 None admin] RBAC: Authorization granted {{(pid=80569) enforce_call /opt/stack/keystone/keystone/common/rbac_enforcer/enforcer.py:457}}
Jun 27 18:25:53.647587 dv-cinder-844601-6-iscsi devstack@keystone.service[80570]: DEBUG keystone.server.flask.request_processing.middleware.auth_context [None req-86b7184e-1821-4118-b2b4-3d19144d8be1 None admin] Validating token access rules against request {{(pid=80570) validate_allowed_request /usr/local/lib/python3.8/dist-packages/keystonemiddleware/auth_token/__init__.py:545}}
Jun 27 18:25:53.681529 dv-cinder-844601-6-iscsi devstack@keystone.service[80570]: DEBUG keystone.server.flask.request_processing.middleware.auth_context [None req-06aace54-7619-422b-b8cf-6899831b2425 None admin] RBAC: auth_context: {'token': , 'domain_id': None, 'trust_id': None, 'trustor_id': None, 'trustee_id': None, 'domain_name': None, 'group_ids': [], 'user_id': '3d0ddf436e7443679ab397306fca9e90', 'user_domain_id': 'default', 'system_scope': 'all', 'project_id': None, 'project_domain_id': None, 'roles': ['admin', 'member', 'reader'], 'is_admin_project': True, 'service_user_id': None, 'service_user_domain_id': None, 'service_project_id': None, 'service_project_domain_id': None, 'service_roles': []} {{(pid=80570) fill_context /opt/stack/keystone/keystone/server/flask/request_processing/middleware/auth_context.py:478}}
Jun 27 18:25:53.681739 dv-cinder-844601-6-iscsi devstack@keystone.service[80569]: [pid: 80569|app: 0|req: 8/16] 10.222.0.15 () {58 vars in 1282 bytes} [Mon Jun 27 18:25:53 2022] GET /identity/v3/auth/tokens => generated 799 bytes in 312 msecs (HTTP/1.1 200) 6 headers in 358 bytes (2 switches on core 0)
Jun 27 18:25:53.682411 dv-cinder-844601-6-iscsi devstack@keystone.service[80570]: DEBUG keystone.server.flask.request_processing.req_logging [None req-06aace54-7619-422b-b8cf-6899831b2425 None admin] REQUEST_METHOD: `GET` {{(pid=80570) log_request_info /opt/stack/keystone/keystone/server/flask/request_processing/req_logging.py:27}}
Jun 27 18:25:53.682697 dv-cinder-844601-6-iscsi devstack@keystone.service[80570]: DEBUG keystone.server.flask.request_processing.req_logging [None req-06aace54-7619-422b-b8cf-6899831b2425 None admin] SCRIPT_NAME: `/identity` {{(pid=80570) log_request_info /opt/stack/keystone/keystone/server/flask/request_processing/req_logging.py:28}}
Jun 27 18:25:53.682971 dv-cinder-844601-6-iscsi devstack@keystone.service[80570]: DEBUG keystone.server.flask.request_processing.req_logging [None req-06aace54-7619-422b-b8cf-6899831b2425 None admin] PATH_INFO: `/v3/users/3d0ddf436e7443679ab397306fca9e90` {{(pid=80570) log_request_info /opt/stack/keystone/keystone/server/flask/request_processing/req_logging.py:29}}
Jun 27 18:25:53.684180 dv-cinder-844601-6-iscsi devstack@keystone.service[80570]: DEBUG keystone.common.rbac_enforcer.enforcer [None req-06aace54-7619-422b-b8cf-6899831b2425 None admin] RBAC: Authorizing `identity:get_user(user_id=3d0ddf436e7443679ab397306fca9e90)` {{(pid=80570) enforce_call /opt/stack/keystone/keystone/common/rbac_enforcer/enforcer.py:449}}
Jun 27 18:25:53.686179 dv-cinder-844601-6-iscsi devstack@keystone.service[80570]: DEBUG keystone.common.rbac_enforcer.enforcer [None req-06aace54-7619-422b-b8cf-6899831b2425 None admin] RBAC: Authorization granted {{(pid=80570) enforce_call /opt/stack/keystone/keystone/common/rbac_enforcer/enforcer.py:457}}
Jun 27 18:25:53.687989 dv-cinder-844601-6-iscsi devstack@keystone.service[80570]: [pid: 80570|app: 0|req: 9/17] 10.222.0.15 () {56 vars in 1177 bytes} [Mon Jun 27 18:25:53 2022] GET /identity/v3/users/3d0ddf436e7443679ab397306fca9e90 => generated 247 bytes in 138 msecs (HTTP/1.1 200) 5 headers in 177 bytes (2 switches on core 0)
Jun 27 18:25:53.688389 dv-cinder-844601-6-iscsi devstack@keystone.service[80569]: DEBUG keystone.server.flask.request_processing.middleware.auth_context [None req-e1134f57-82d2-48a5-8511-dcee2f8b2b57 None admin] Authenticating user token {{(pid=80569) process_request /usr/local/lib/python3.8/dist-packages/keystonemiddleware/auth_token/__init__.py:407}}
Jun 27 18:25:53.691221 dv-cinder-844601-6-iscsi devstack@keystone.service[80569]: DEBUG dbcounter [-] [80569] Writing DB stats keystone:SELECT=100 {{(pid=80569) stat_writer /usr/local/lib/python3.8/dist-packages/dbcounter.py:114}}
Jun 27 18:25:53.693203 dv-cinder-844601-6-iscsi devstack@keystone.service[80570]: DEBUG keystone.server.flask.request_processing.middleware.auth_context [None req-06aace54-7619-422b-b8cf-6899831b2425 None admin] Authenticating user token {{(pid=80570) process_request /usr/local/lib/python3.8/dist-packages/keystonemiddleware/auth_token/__init__.py:407}}
Jun 27 18:25:53.708429 dv-cinder-844601-6-iscsi devstack@keystone.service[80570]: DEBUG dbcounter [-] [80570] Writing DB stats keystone:SELECT=100 {{(pid=80570) stat_writer /usr/local/lib/python3.8/dist-packages/dbcounter.py:114}}
Jun 27 18:25:53.788356 dv-cinder-844601-6-iscsi devstack@keystone.service[80569]: DEBUG keystone.server.flask.request_processing.middleware.auth_context [None req-e1134f57-82d2-48a5-8511-dcee2f8b2b57 None admin] Validating token access rules against request {{(pid=80569) validate_allowed_request /usr/local/lib/python3.8/dist-packages/keystonemiddleware/auth_token/__init__.py:545}}
Jun 27 18:25:53.797038 dv-cinder-844601-6-iscsi devstack@keystone.service[80570]: DEBUG keystone.server.flask.request_processing.middleware.auth_context [None req-06aace54-7619-422b-b8cf-6899831b2425 None admin] Validating token access rules against request {{(pid=80570) validate_allowed_request /usr/local/lib/python3.8/dist-packages/keystonemiddleware/auth_token/__init__.py:545}}
Jun 27 18:25:53.821784 dv-cinder-844601-6-iscsi devstack@keystone.service[80569]: DEBUG keystone.server.flask.request_processing.middleware.auth_context [None req-3b77a0e2-4c67-46ff-8ecc-b3ea113a6ba7 None admin] RBAC: auth_context: {'token': , 'domain_id': None, 'trust_id': None, 'trustor_id': None, 'trustee_id': None, 'domain_name': None, 'group_ids': [], 'user_id': '3d0ddf436e7443679ab397306fca9e90', 'user_domain_id': 'default', 'system_scope': 'all', 'project_id': None, 'project_domain_id': None, 'roles': ['admin', 'member', 'reader'], 'is_admin_project': True, 'service_user_id': None, 'service_user_domain_id': None, 'service_project_id': None, 'service_project_domain_id': None, 'service_roles': []} {{(pid=80569) fill_context /opt/stack/keystone/keystone/server/flask/request_processing/middleware/auth_context.py:478}}
Jun 27 18:25:53.822593 dv-cinder-844601-6-iscsi devstack@keystone.service[80569]: DEBUG keystone.server.flask.request_processing.req_logging [None req-3b77a0e2-4c67-46ff-8ecc-b3ea113a6ba7 None admin] REQUEST_METHOD: `GET` {{(pid=80569) log_request_info /opt/stack/keystone/keystone/server/flask/request_processing/req_logging.py:27}}
Jun 27 18:25:53.822873 dv-cinder-844601-6-iscsi devstack@keystone.service[80569]: DEBUG keystone.server.flask.request_processing.req_logging [None req-3b77a0e2-4c67-46ff-8ecc-b3ea113a6ba7 None admin] SCRIPT_NAME: `/identity` {{(pid=80569) log_request_info /opt/stack/keystone/keystone/server/flask/request_processing/req_logging.py:28}}
Jun 27 18:25:53.823146 dv-cinder-844601-6-iscsi devstack@keystone.service[80569]: DEBUG keystone.server.flask.request_processing.req_logging [None req-3b77a0e2-4c67-46ff-8ecc-b3ea113a6ba7 None admin] PATH_INFO: `/v3/domains/Default` {{(pid=80569) log_request_info /opt/stack/keystone/keystone/server/flask/request_processing/req_logging.py:29}}
Jun 27 18:25:53.831197 dv-cinder-844601-6-iscsi devstack@keystone.service[80570]: DEBUG keystone.server.flask.request_processing.middleware.auth_context [None req-28c7e802-79e6-44fa-9161-86be2dcf73e8 None admin] RBAC: auth_context: {'token': , 'domain_id': None, 'trust_id': None, 'trustor_id': None, 'trustee_id': None, 'domain_name': None, 'group_ids': [], 'user_id': '3d0ddf436e7443679ab397306fca9e90', 'user_domain_id': 'default', 'system_scope': 'all', 'project_id': None, 'project_domain_id': None, 'roles': ['admin', 'member', 'reader'], 'is_admin_project': True, 'service_user_id': None, 'service_user_domain_id': None, 'service_project_id': None, 'service_project_domain_id': None, 'service_roles': []} {{(pid=80570) fill_context /opt/stack/keystone/keystone/server/flask/request_processing/middleware/auth_context.py:478}}
Jun 27 18:25:53.831972 dv-cinder-844601-6-iscsi devstack@keystone.service[80570]: DEBUG keystone.server.flask.request_processing.req_logging [None req-28c7e802-79e6-44fa-9161-86be2dcf73e8 None admin] REQUEST_METHOD: `GET` {{(pid=80570) log_request_info /opt/stack/keystone/keystone/server/flask/request_processing/req_logging.py:27}}
Jun 27 18:25:53.832256 dv-cinder-844601-6-iscsi devstack@keystone.service[80570]: DEBUG keystone.server.flask.request_processing.req_logging [None req-28c7e802-79e6-44fa-9161-86be2dcf73e8 None admin] SCRIPT_NAME: `/identity` {{(pid=80570) log_request_info /opt/stack/keystone/keystone/server/flask/request_processing/req_logging.py:28}}
Jun 27 18:25:53.832532 dv-cinder-844601-6-iscsi devstack@keystone.service[80570]: DEBUG keystone.server.flask.request_processing.req_logging [None req-28c7e802-79e6-44fa-9161-86be2dcf73e8 None admin] PATH_INFO: `/v3/domains/default` {{(pid=80570) log_request_info /opt/stack/keystone/keystone/server/flask/request_processing/req_logging.py:29}}
Jun 27 18:25:53.833709 dv-cinder-844601-6-iscsi devstack@keystone.service[80570]: DEBUG keystone.common.rbac_enforcer.enforcer [None req-28c7e802-79e6-44fa-9161-86be2dcf73e8 None admin] RBAC: Authorizing `identity:get_domain(domain_id=default)` {{(pid=80570) enforce_call /opt/stack/keystone/keystone/common/rbac_enforcer/enforcer.py:449}}
Jun 27 18:25:53.835196 dv-cinder-844601-6-iscsi devstack@keystone.service[80570]: DEBUG keystone.common.rbac_enforcer.enforcer [None req-28c7e802-79e6-44fa-9161-86be2dcf73e8 None admin] RBAC: Authorization granted {{(pid=80570) enforce_call /opt/stack/keystone/keystone/common/rbac_enforcer/enforcer.py:457}}
Jun 27 18:25:53.836801 dv-cinder-844601-6-iscsi devstack@keystone.service[80570]: [pid: 80570|app: 0|req: 10/18] 10.222.0.15 () {56 vars in 1108 bytes} [Mon Jun 27 18:25:53 2022] GET /identity/v3/domains/default => generated 199 bytes in 144 msecs (HTTP/1.1 200) 5 headers in 177 bytes (2 switches on core 0)
Jun 27 18:25:53.843061 dv-cinder-844601-6-iscsi devstack@keystone.service[80569]: DEBUG keystone.common.rbac_enforcer.enforcer [None req-3b77a0e2-4c67-46ff-8ecc-b3ea113a6ba7 None admin] RBAC: Authorizing `identity:get_domain(domain_id=Default)` {{(pid=80569) enforce_call /opt/stack/keystone/keystone/common/rbac_enforcer/enforcer.py:449}}
Jun 27 18:25:53.843187 dv-cinder-844601-6-iscsi devstack@keystone.service[80570]: DEBUG keystone.server.flask.request_processing.middleware.auth_context [None req-28c7e802-79e6-44fa-9161-86be2dcf73e8 None admin] Authenticating user token {{(pid=80570) process_request /usr/local/lib/python3.8/dist-packages/keystonemiddleware/auth_token/__init__.py:407}}
Jun 27 18:25:53.844530 dv-cinder-844601-6-iscsi devstack@keystone.service[80569]: DEBUG keystone.common.rbac_enforcer.enforcer [None req-3b77a0e2-4c67-46ff-8ecc-b3ea113a6ba7 None admin] RBAC: Authorization granted {{(pid=80569) enforce_call /opt/stack/keystone/keystone/common/rbac_enforcer/enforcer.py:457}}
Jun 27 18:25:53.866853 dv-cinder-844601-6-iscsi devstack@keystone.service[80569]: ERROR keystone.server.flask.application [None req-3b77a0e2-4c67-46ff-8ecc-b3ea113a6ba7 None admin] Could not find domain: Default.: keystone.exception.DomainNotFound: Could not find domain: Default.
Jun 27 18:25:53.866853 dv-cinder-844601-6-iscsi devstack@keystone.service[80569]: ERROR keystone.server.flask.application
Traceback (most recent call last):
Jun 27 18:25:53.866853 dv-cinder-844601-6-iscsi devstack@keystone.service[80569]: ERROR keystone.server.flask.application
File "/usr/local/lib/python3.8/dist-packages/flask/app.py", line 1523, in full_dispatch_request
Jun 27 18:25:53.866853 dv-cinder-844601-6-iscsi devstack@keystone.service[80569]: ERROR keystone.server.flask.application rv = self.dispatch_request()
Jun 27 18:25:53.866853 dv-cinder-844601-6-iscsi devstack@keystone.service[80569]: ERROR keystone.server.flask.application
File "/usr/local/lib/python3.8/dist-packages/flask/app.py", line 1509, in dispatch_request
Jun 27 18:25:53.866853 dv-cinder-844601-6-iscsi devstack@keystone.service[80569]: ERROR keystone.server.flask.application return self.ensure_sync(self.view_functions[rule.endpoint])(**req.view_args)
Jun 27 18:25:53.866853 dv-cinder-844601-6-iscsi devstack@keystone.service[80569]: ERROR keystone.server.flask.application
File "/usr/local/lib/python3.8/dist-packages/flask_restful/__init__.py", line 467, in wrapper
Jun 27 18:25:53.866853 dv-cinder-844601-6-iscsi devstack@keystone.service[80569]: ERROR keystone.server.flask.application resp = resource(*args, **kwargs)
Jun 27 18:25:53.866853 dv-cinder-844601-6-iscsi devstack@keystone.service[80569]: ERROR keystone.server.flask.application
File "/usr/local/lib/python3.8/dist-packages/flask/views.py", line 84, in view
Jun 27 18:25:53.866853 dv-cinder-844601-6-iscsi devstack@keystone.service[80569]: ERROR keystone.server.flask.application return current_app.ensure_sync(self.dispatch_request)(*args, **kwargs)
Jun 27 18:25:53.866853 dv-cinder-844601-6-iscsi devstack@keystone.service[80569]: ERROR keystone.server.flask.application
File "/usr/local/lib/python3.8/dist-packages/flask_restful/__init__.py", line 582, in dispatch_request
Jun 27 18:25:53.866853 dv-cinder-844601-6-iscsi devstack@keystone.service[80569]: ERROR keystone.server.flask.application resp = meth(*args, **kwargs)
Jun 27 18:25:53.866853 dv-cinder-844601-6-iscsi devstack@keystone.service[80569]: ERROR keystone.server.flask.application
File "/opt/stack/keystone/keystone/api/domains.py", line 89, in get
Jun 27 18:25:53.866853 dv-cinder-844601-6-iscsi devstack@keystone.service[80569]: ERROR keystone.server.flask.application return self._get_domain(domain_id)
Jun 27 18:25:53.866853 dv-cinder-844601-6-iscsi devstack@keystone.service[80569]: ERROR keystone.server.flask.application
File "/opt/stack/keystone/keystone/api/domains.py", line 97, in _get_domain
Jun 27 18:25:53.867725 dv-cinder-844601-6-iscsi devstack@keystone.service[80569]: ERROR keystone.server.flask.application domain = PROVIDERS.resource_api.get_domain(domain_id)
Jun 27 18:25:53.867725 dv-cinder-844601-6-iscsi devstack@keystone.service[80569]: ERROR keystone.server.flask.application
File "/opt/stack/keystone/keystone/common/manager.py", line 115, in wrapped
Jun 27 18:25:53.867725 dv-cinder-844601-6-iscsi devstack@keystone.service[80569]: ERROR keystone.server.flask.application __ret_val = __f(*args, **kwargs)
Jun 27 18:25:53.867725 dv-cinder-844601-6-iscsi devstack@keystone.service[80569]: ERROR keystone.server.flask.application
File "/usr/local/lib/python3.8/dist-packages/decorator.py", line 232, in fun
Jun 27 18:25:53.867725 dv-cinder-844601-6-iscsi devstack@keystone.service[80569]: ERROR keystone.server.flask.application return caller(func, *(extras + args), **kw)
Jun 27 18:25:53.867725 dv-cinder-844601-6-iscsi devstack@keystone.service[80569]: ERROR keystone.server.flask.application
File "/usr/local/lib/python3.8/dist-packages/dogpile/cache/region.py", line 1577, in get_or_create_for_user_func
Jun 27 18:25:53.867725 dv-cinder-844601-6-iscsi devstack@keystone.service[80569]: ERROR keystone.server.flask.application return self.get_or_create(
Jun 27 18:25:53.867725 dv-cinder-844601-6-iscsi devstack@keystone.service[80569]: ERROR keystone.server.flask.application
File "/usr/local/lib/python3.8/dist-packages/dogpile/cache/region.py", line 1042, in get_or_create
Jun 27 18:25:53.867725 dv-cinder-844601-6-iscsi devstack@keystone.service[80569]: ERROR keystone.server.flask.application with Lock(
Jun 27 18:25:53.867725 dv-cinder-844601-6-iscsi devstack@keystone.service[80569]: ERROR keystone.server.flask.application
File "/usr/local/lib/python3.8/dist-packages/dogpile/lock.py", line 185, in __enter__
Jun 27 18:25:53.867725 dv-cinder-844601-6-iscsi devstack@keystone.service[80569]: ERROR keystone.server.flask.application return self._enter()
Jun 27 18:25:53.867725 dv-cinder-844601-6-iscsi devstack@keystone.service[80569]: ERROR keystone.server.flask.application
File "/usr/local/lib/python3.8/dist-packages/dogpile/lock.py", line 94, in _enter
Jun 27 18:25:53.867725 dv-cinder-844601-6-iscsi devstack@keystone.service[80569]: ERROR keystone.server.flask.application generated = self._enter_create(value, createdtime)
Jun 27 18:25:53.867725 dv-cinder-844601-6-iscsi devstack@keystone.service[80569]: ERROR keystone.server.flask.application
File "/usr/local/lib/python3.8/dist-packages/dogpile/lock.py", line 178, in _enter_create
Jun 27 18:25:53.867725 dv-cinder-844601-6-iscsi devstack@keystone.service[80569]: ERROR keystone.server.flask.application return self.creator()
Jun 27 18:25:53.867725 dv-cinder-844601-6-iscsi devstack@keystone.service[80569]: ERROR keystone.server.flask.application
File "/usr/local/lib/python3.8/dist-packages/dogpile/cache/region.py", line 995, in gen_value
Jun 27 18:25:53.867725 dv-cinder-844601-6-iscsi devstack@keystone.service[80569]: ERROR keystone.server.flask.application created_value = creator(
Jun 27 18:25:53.868514 dv-cinder-844601-6-iscsi devstack@keystone.service[80569]: ERROR keystone.server.flask.application
File "/opt/stack/keystone/keystone/resource/core.py", line 716, in get_domain
Jun 27 18:25:53.868514 dv-cinder-844601-6-iscsi devstack@keystone.service[80569]: ERROR keystone.server.flask.application raise exception.DomainNotFound(domain_id=domain_id)
Jun 27 18:25:53.868514 dv-cinder-844601-6-iscsi devstack@keystone.service[80569]: ERROR keystone.server.flask.application keystone.exception.DomainNotFound: Could not find domain: Default.
Jun 27 18:25:53.868514 dv-cinder-844601-6-iscsi devstack@keystone.service[80569]: ERROR keystone.server.flask.application
Jun 27 18:25:53.868514 dv-cinder-844601-6-iscsi devstack@keystone.service[80569]: [pid: 80569|app: 0|req: 9/19] 10.222.0.15 () {56 vars in 1108 bytes} [Mon Jun 27 18:25:53 2022] GET /identity/v3/domains/Default => generated 87 bytes in 180 msecs (HTTP/1.1 404) 5 headers in 183 bytes (2 switches on core 0)
Jun 27 18:25:53.874173 dv-cinder-844601-6-iscsi devstack@keystone.service[80569]: DEBUG keystone.server.flask.request_processing.middleware.auth_context [None req-3b77a0e2-4c67-46ff-8ecc-b3ea113a6ba7 None admin] Authenticating user token {{(pid=80569) process_request /usr/local/lib/python3.8/dist-packages/keystonemiddleware/auth_token/__init__.py:407}}
Jun 27 18:25:53.923139 dv-cinder-844601-6-iscsi devstack@keystone.service[80570]: DEBUG dbcounter [-] [80570] Writing DB stats keystone:SELECT=100 {{(pid=80570) stat_writer /usr/local/lib/python3.8/dist-packages/dbcounter.py:114}}
Jun 27 18:25:53.931194 dv-cinder-844601-6-iscsi devstack@keystone.service[80569]: DEBUG dbcounter [-] [80569] Writing DB stats keystone:SELECT=100 {{(pid=80569) stat_writer /usr/local/lib/python3.8/dist-packages/dbcounter.py:114}}
Jun 27 18:25:53.941769 dv-cinder-844601-6-iscsi devstack@keystone.service[80570]: DEBUG keystone.server.flask.request_processing.middleware.auth_context [None req-28c7e802-79e6-44fa-9161-86be2dcf73e8 None admin] Validating token access rules against request {{(pid=80570) validate_allowed_request /usr/local/lib/python3.8/dist-packages/keystonemiddleware/auth_token/__init__.py:545}}
Jun 27 18:25:53.975276 dv-cinder-844601-6-iscsi devstack@keystone.service[80570]: DEBUG keystone.server.flask.request_processing.middleware.auth_context [None req-035dbe51-f0fd-451d-8876-e3eb1875dedf None admin] RBAC: auth_context: {'token': , 'domain_id': None, 'trust_id': None, 'trustor_id': None, 'trustee_id': None, 'domain_name': None, 'group_ids': [], 'user_id': '3d0ddf436e7443679ab397306fca9e90', 'user_domain_id': 'default', 'system_scope': 'all', 'project_id': None, 'project_domain_id': None, 'roles': ['admin', 'member', 'reader'], 'is_admin_project': True, 'service_user_id': None, 'service_user_domain_id': None, 'service_project_id': None, 'service_project_domain_id': None, 'service_roles': []} {{(pid=80570) fill_context /opt/stack/keystone/keystone/server/flask/request_processing/middleware/auth_context.py:478}}
Jun 27 18:25:53.975473 dv-cinder-844601-6-iscsi devstack@keystone.service[80569]: DEBUG keystone.server.flask.request_processing.middleware.auth_context [None req-3b77a0e2-4c67-46ff-8ecc-b3ea113a6ba7 None admin] Validating token access rules against request {{(pid=80569) validate_allowed_request /usr/local/lib/python3.8/dist-packages/keystonemiddleware/auth_token/__init__.py:545}}
Jun 27 18:25:53.975928 dv-cinder-844601-6-iscsi devstack@keystone.service[80570]: DEBUG keystone.server.flask.request_processing.req_logging [None req-035dbe51-f0fd-451d-8876-e3eb1875dedf None admin] REQUEST_METHOD: `GET` {{(pid=80570) log_request_info /opt/stack/keystone/keystone/server/flask/request_processing/req_logging.py:27}}
Jun 27 18:25:53.976232 dv-cinder-844601-6-iscsi devstack@keystone.service[80570]: DEBUG keystone.server.flask.request_processing.req_logging [None req-035dbe51-f0fd-451d-8876-e3eb1875dedf None admin] SCRIPT_NAME: `/identity` {{(pid=80570) log_request_info /opt/stack/keystone/keystone/server/flask/request_processing/req_logging.py:28}}
Jun 27 18:25:53.976553 dv-cinder-844601-6-iscsi devstack@keystone.service[80570]: DEBUG keystone.server.flask.request_processing.req_logging [None req-035dbe51-f0fd-451d-8876-e3eb1875dedf None admin] PATH_INFO: `/v3/role_assignments` {{(pid=80570) log_request_info /opt/stack/keystone/keystone/server/flask/request_processing/req_logging.py:29}}
Jun 27 18:25:53.977388 dv-cinder-844601-6-iscsi devstack@keystone.service[80570]: DEBUG keystone.common.rbac_enforcer.enforcer [None req-035dbe51-f0fd-451d-8876-e3eb1875dedf None admin] RBAC: Adding query filter params (role.id=ff7e725e9b7a4f2fbbb8ca8c518b208f, scope.domain.id=default, user.id=3d0ddf436e7443679ab397306fca9e90) {{(pid=80570) _extract_filter_values /opt/stack/keystone/keystone/common/rbac_enforcer/enforcer.py:167}}
Jun 27 18:25:53.977697 dv-cinder-844601-6-iscsi devstack@keystone.service[80570]: DEBUG keystone.common.rbac_enforcer.enforcer [None req-035dbe51-f0fd-451d-8876-e3eb1875dedf None admin] RBAC: Authorizing `identity:list_role_assignments()` {{(pid=80570) enforce_call /opt/stack/keystone/keystone/common/rbac_enforcer/enforcer.py:449}}
Jun 27 18:25:53.979169 dv-cinder-844601-6-iscsi devstack@keystone.service[80570]: DEBUG keystone.common.rbac_enforcer.enforcer [None req-035dbe51-f0fd-451d-8876-e3eb1875dedf None admin] RBAC: Authorization granted {{(pid=80570) enforce_call /opt/stack/keystone/keystone/common/rbac_enforcer/enforcer.py:457}}
Jun 27 18:25:53.986706 dv-cinder-844601-6-iscsi devstack@keystone.service[80570]: [pid: 80570|app: 0|req: 11/20] 10.222.0.15 () {56 vars in 1322 bytes} [Mon Jun 27 18:25:53 2022] GET /identity/v3/role_assignments?user.id=3d0ddf436e7443679ab397306fca9e90&scope.domain.id=default&role.id=ff7e725e9b7a4f2fbbb8ca8c518b208f => generated 233 bytes in 144 msecs (HTTP/1.1 200) 5 headers in 177 bytes (2 switches on core 0)
Jun 27 18:25:54.013851 dv-cinder-844601-6-iscsi devstack@keystone.service[80569]: DEBUG keystone.server.flask.request_processing.middleware.auth_context [None req-56d290b6-9489-40f5-a1c9-192add964395 None admin] RBAC: auth_context: {'token': , 'domain_id': None, 'trust_id': None, 'trustor_id': None, 'trustee_id': None, 'domain_name': None, 'group_ids': [], 'user_id': '3d0ddf436e7443679ab397306fca9e90', 'user_domain_id': 'default', 'system_scope': 'all', 'project_id': None, 'project_domain_id': None, 'roles': ['admin', 'member', 'reader'], 'is_admin_project': True, 'service_user_id': None, 'service_user_domain_id': None, 'service_project_id': None, 'service_project_domain_id': None, 'service_roles': []} {{(pid=80569) fill_context /opt/stack/keystone/keystone/server/flask/request_processing/middleware/auth_context.py:478}}
Jun 27 18:25:54.014567 dv-cinder-844601-6-iscsi devstack@keystone.service[80569]: DEBUG keystone.server.flask.request_processing.req_logging [None req-56d290b6-9489-40f5-a1c9-192add964395 None admin] REQUEST_METHOD: `GET` {{(pid=80569) log_request_info /opt/stack/keystone/keystone/server/flask/request_processing/req_logging.py:27}}
Jun 27 18:25:54.014851 dv-cinder-844601-6-iscsi devstack@keystone.service[80569]: DEBUG keystone.server.flask.request_processing.req_logging [None req-56d290b6-9489-40f5-a1c9-192add964395 None admin] SCRIPT_NAME: `/identity` {{(pid=80569) log_request_info /opt/stack/keystone/keystone/server/flask/request_processing/req_logging.py:28}}
Jun 27 18:25:54.015122 dv-cinder-844601-6-iscsi devstack@keystone.service[80569]: DEBUG keystone.server.flask.request_processing.req_logging [None req-56d290b6-9489-40f5-a1c9-192add964395 None admin] PATH_INFO: `/v3/domains` {{(pid=80569) log_request_info /opt/stack/keystone/keystone/server/flask/request_processing/req_logging.py:29}}
Jun 27 18:25:54.015863 dv-cinder-844601-6-iscsi devstack@keystone.service[80569]: DEBUG keystone.common.rbac_enforcer.enforcer [None req-56d290b6-9489-40f5-a1c9-192add964395 None admin] RBAC: Adding query filter params (name=Default) {{(pid=80569) _extract_filter_values /opt/stack/keystone/keystone/common/rbac_enforcer/enforcer.py:167}}
Jun 27 18:25:54.016167 dv-cinder-844601-6-iscsi devstack@keystone.service[80569]: DEBUG keystone.common.rbac_enforcer.enforcer [None req-56d290b6-9489-40f5-a1c9-192add964395 None admin] RBAC: Authorizing `identity:list_domains()` {{(pid=80569) enforce_call /opt/stack/keystone/keystone/common/rbac_enforcer/enforcer.py:449}}
Jun 27 18:25:54.017591 dv-cinder-844601-6-iscsi devstack@keystone.service[80569]: DEBUG keystone.common.rbac_enforcer.enforcer [None req-56d290b6-9489-40f5-a1c9-192add964395 None admin] RBAC: Authorization granted {{(pid=80569) enforce_call /opt/stack/keystone/keystone/common/rbac_enforcer/enforcer.py:457}}
Jun 27 18:25:54.037817 dv-cinder-844601-6-iscsi devstack@keystone.service[80569]: [pid: 80569|app: 0|req: 10/21] 10.222.0.15 () {56 vars in 1109 bytes} [Mon Jun 27 18:25:53 2022] GET /identity/v3/domains?name=Default => generated 308 bytes in 164 msecs (HTTP/1.1 200) 5 headers in 177 bytes (2 switches on core 0)
Jun 27 18:25:56.309653 dv-cinder-844601-6-iscsi devstack@keystone.service[80570]: DEBUG keystone.server.flask.request_processing.req_logging [None req-4a3c926e-bafb-4f73-a1ee-2db7c187cfdf None None] REQUEST_METHOD: `GET` {{(pid=80570) log_request_info /opt/stack/keystone/keystone/server/flask/request_processing/req_logging.py:27}}
Jun 27 18:25:56.310194 dv-cinder-844601-6-iscsi devstack@keystone.service[80570]: DEBUG keystone.server.flask.request_processing.req_logging [None req-4a3c926e-bafb-4f73-a1ee-2db7c187cfdf None None] SCRIPT_NAME: `/identity` {{(pid=80570) log_request_info /opt/stack/keystone/keystone/server/flask/request_processing/req_logging.py:28}}
Jun 27 18:25:56.310498 dv-cinder-844601-6-iscsi devstack@keystone.service[80570]: DEBUG keystone.server.flask.request_processing.req_logging [None req-4a3c926e-bafb-4f73-a1ee-2db7c187cfdf None None] PATH_INFO: `/` {{(pid=80570) log_request_info /opt/stack/keystone/keystone/server/flask/request_processing/req_logging.py:29}}
Jun 27 18:25:56.311908 dv-cinder-844601-6-iscsi devstack@keystone.service[80570]: [pid: 80570|app: 0|req: 12/22] 10.222.0.15 () {54 vars in 926 bytes} [Mon Jun 27 18:25:56 2022] GET /identity => generated 270 bytes in 3 msecs (HTTP/1.1 300) 6 headers in 234 bytes (1 switches on core 0)
Jun 27 18:25:56.317707 dv-cinder-844601-6-iscsi devstack@keystone.service[80569]: DEBUG keystone.server.flask.request_processing.req_logging [None req-ea7c2a66-26f1-4152-83bd-bb9921a3597f None None] REQUEST_METHOD: `POST` {{(pid=80569) log_request_info /opt/stack/keystone/keystone/server/flask/request_processing/req_logging.py:27}}
Jun 27 18:25:56.318175 dv-cinder-844601-6-iscsi devstack@keystone.service[80569]: DEBUG keystone.server.flask.request_processing.req_logging [None req-ea7c2a66-26f1-4152-83bd-bb9921a3597f None None] SCRIPT_NAME: `/identity` {{(pid=80569) log_request_info /opt/stack/keystone/keystone/server/flask/request_processing/req_logging.py:28}}
Jun 27 18:25:56.318252 dv-cinder-844601-6-iscsi devstack@keystone.service[80569]: DEBUG keystone.server.flask.request_processing.req_logging [None req-ea7c2a66-26f1-4152-83bd-bb9921a3597f None None] PATH_INFO: `/v3/auth/tokens` {{(pid=80569) log_request_info /opt/stack/keystone/keystone/server/flask/request_processing/req_logging.py:29}}
Jun 27 18:25:56.341255 dv-cinder-844601-6-iscsi devstack@keystone.service[80569]: DEBUG keystone.auth.core [None req-ea7c2a66-26f1-4152-83bd-bb9921a3597f None None] MFA Rules not processed for user `3d0ddf436e7443679ab397306fca9e90`. Rule list: `[]` (Enabled: `True`). {{(pid=80569) check_auth_methods_against_rules /opt/stack/keystone/keystone/auth/core.py:438}}
Jun 27 18:25:56.342705 dv-cinder-844601-6-iscsi devstack@keystone.service[80569]: DEBUG keystone.common.fernet_utils [None req-ea7c2a66-26f1-4152-83bd-bb9921a3597f None None] Loaded 2 Fernet keys from /etc/keystone/fernet-keys/, but `[fernet_tokens] max_active_keys = 3`; perhaps there have not been enough key rotations to reach `max_active_keys` yet? {{(pid=80569) load_keys /opt/stack/keystone/keystone/common/fernet_utils.py:286}}
Jun 27 18:25:56.440279 dv-cinder-844601-6-iscsi devstack@keystone.service[80569]: [pid: 80569|app: 0|req: 11/23] 10.222.0.15 () {58 vars in 1023 bytes} [Mon Jun 27 18:25:56 2022] POST /identity/v3/auth/tokens => generated 799 bytes in 123 msecs (HTTP/1.1 201) 6 headers in 363 bytes (2 switches on core 0)
Jun 27 18:25:56.467427 dv-cinder-844601-6-iscsi devstack@keystone.service[80570]: DEBUG keystone.server.flask.request_processing.req_logging [None req-998503ec-d088-4767-9a76-3bfddaa3fcbb None None] REQUEST_METHOD: `GET` {{(pid=80570) log_request_info /opt/stack/keystone/keystone/server/flask/request_processing/req_logging.py:27}}
Jun 27 18:25:56.467718 dv-cinder-844601-6-iscsi devstack@keystone.service[80570]: DEBUG keystone.server.flask.request_processing.req_logging [None req-998503ec-d088-4767-9a76-3bfddaa3fcbb None None] SCRIPT_NAME: `/identity` {{(pid=80570) log_request_info /opt/stack/keystone/keystone/server/flask/request_processing/req_logging.py:28}}
Jun 27 18:25:56.467988 dv-cinder-844601-6-iscsi devstack@keystone.service[80570]: DEBUG keystone.server.flask.request_processing.req_logging [None req-998503ec-d088-4767-9a76-3bfddaa3fcbb None None] PATH_INFO: `/` {{(pid=80570) log_request_info /opt/stack/keystone/keystone/server/flask/request_processing/req_logging.py:29}}
Jun 27 18:25:56.469358 dv-cinder-844601-6-iscsi devstack@keystone.service[80570]: [pid: 80570|app: 0|req: 13/24] 10.222.0.15 () {54 vars in 926 bytes} [Mon Jun 27 18:25:56 2022] GET /identity => generated 270 bytes in 3 msecs (HTTP/1.1 300) 6 headers in 234 bytes (1 switches on core 0)
Jun 27 18:25:56.473618 dv-cinder-844601-6-iscsi devstack@keystone.service[80569]: DEBUG keystone.server.flask.request_processing.middleware.auth_context [None req-ea7c2a66-26f1-4152-83bd-bb9921a3597f None None] Authenticating user token {{(pid=80569) process_request /usr/local/lib/python3.8/dist-packages/keystonemiddleware/auth_token/__init__.py:407}}
Jun 27 18:25:56.486971 dv-cinder-844601-6-iscsi devstack@keystone.service[80570]: DEBUG keystone.server.flask.request_processing.req_logging [None req-03a2c313-fde6-447d-a1c0-9e429d97de7c None None] REQUEST_METHOD: `POST` {{(pid=80570) log_request_info /opt/stack/keystone/keystone/server/flask/request_processing/req_logging.py:27}}
Jun 27 18:25:56.487259 dv-cinder-844601-6-iscsi devstack@keystone.service[80570]: DEBUG keystone.server.flask.request_processing.req_logging [None req-03a2c313-fde6-447d-a1c0-9e429d97de7c None None] SCRIPT_NAME: `/identity` {{(pid=80570) log_request_info /opt/stack/keystone/keystone/server/flask/request_processing/req_logging.py:28}}
Jun 27 18:25:56.487542 dv-cinder-844601-6-iscsi devstack@keystone.service[80570]: DEBUG keystone.server.flask.request_processing.req_logging [None req-03a2c313-fde6-447d-a1c0-9e429d97de7c None None] PATH_INFO: `/v3/auth/tokens` {{(pid=80570) log_request_info /opt/stack/keystone/keystone/server/flask/request_processing/req_logging.py:29}}
Jun 27 18:25:56.509932 dv-cinder-844601-6-iscsi devstack@keystone.service[80570]: DEBUG keystone.auth.core [None req-03a2c313-fde6-447d-a1c0-9e429d97de7c None None] MFA Rules not processed for user `3d0ddf436e7443679ab397306fca9e90`. Rule list: `[]` (Enabled: `True`). {{(pid=80570) check_auth_methods_against_rules /opt/stack/keystone/keystone/auth/core.py:438}}
Jun 27 18:25:56.511170 dv-cinder-844601-6-iscsi devstack@keystone.service[80570]: DEBUG keystone.common.fernet_utils [None req-03a2c313-fde6-447d-a1c0-9e429d97de7c None None] Loaded 2 Fernet keys from /etc/keystone/fernet-keys/, but `[fernet_tokens] max_active_keys = 3`; perhaps there have not been enough key rotations to reach `max_active_keys` yet? {{(pid=80570) load_keys /opt/stack/keystone/keystone/common/fernet_utils.py:286}}
Jun 27 18:25:56.591933 dv-cinder-844601-6-iscsi devstack@keystone.service[80569]: DEBUG dbcounter [-] [80569] Writing DB stats keystone:SELECT=100 {{(pid=80569) stat_writer /usr/local/lib/python3.8/dist-packages/dbcounter.py:114}}
Jun 27 18:25:56.672945 dv-cinder-844601-6-iscsi devstack@keystone.service[80570]: [pid: 80570|app: 0|req: 14/25] 10.222.0.15 () {58 vars in 1023 bytes} [Mon Jun 27 18:25:56 2022] POST /identity/v3/auth/tokens => generated 799 bytes in 187 msecs (HTTP/1.1 201) 6 headers in 363 bytes (3 switches on core 0)
Jun 27 18:25:56.720496 dv-cinder-844601-6-iscsi devstack@keystone.service[80570]: DEBUG keystone.server.flask.request_processing.middleware.auth_context [None req-03a2c313-fde6-447d-a1c0-9e429d97de7c None None] Authenticating user token {{(pid=80570) process_request /usr/local/lib/python3.8/dist-packages/keystonemiddleware/auth_token/__init__.py:407}}
Jun 27 18:25:56.721461 dv-cinder-844601-6-iscsi devstack@keystone.service[80569]: DEBUG keystone.server.flask.request_processing.middleware.auth_context [None req-ea7c2a66-26f1-4152-83bd-bb9921a3597f None None] Validating token access rules against request {{(pid=80569) validate_allowed_request /usr/local/lib/python3.8/dist-packages/keystonemiddleware/auth_token/__init__.py:545}}
Jun 27 18:25:56.823131 dv-cinder-844601-6-iscsi devstack@keystone.service[80569]: DEBUG keystone.server.flask.request_processing.middleware.auth_context [None req-3a8ed8e6-599d-41ae-87c5-44c70cdfe1d0 None admin] RBAC: auth_context: {'token': , 'domain_id': None, 'trust_id': None, 'trustor_id': None, 'trustee_id': None, 'domain_name': None, 'group_ids': [], 'user_id': '3d0ddf436e7443679ab397306fca9e90', 'user_domain_id': 'default', 'system_scope': 'all', 'project_id': None, 'project_domain_id': None, 'roles': ['admin', 'member', 'reader'], 'is_admin_project': True, 'service_user_id': None, 'service_user_domain_id': None, 'service_project_id': None, 'service_project_domain_id': None, 'service_roles': []} {{(pid=80569) fill_context /opt/stack/keystone/keystone/server/flask/request_processing/middleware/auth_context.py:478}}
Jun 27 18:25:56.823929 dv-cinder-844601-6-iscsi devstack@keystone.service[80569]: DEBUG keystone.server.flask.request_processing.req_logging [None req-3a8ed8e6-599d-41ae-87c5-44c70cdfe1d0 None admin] REQUEST_METHOD: `GET` {{(pid=80569) log_request_info /opt/stack/keystone/keystone/server/flask/request_processing/req_logging.py:27}}
Jun 27 18:25:56.824214 dv-cinder-844601-6-iscsi devstack@keystone.service[80569]: DEBUG keystone.server.flask.request_processing.req_logging [None req-3a8ed8e6-599d-41ae-87c5-44c70cdfe1d0 None admin] SCRIPT_NAME: `/identity` {{(pid=80569) log_request_info /opt/stack/keystone/keystone/server/flask/request_processing/req_logging.py:28}}
Jun 27 18:25:56.824490 dv-cinder-844601-6-iscsi devstack@keystone.service[80569]: DEBUG keystone.server.flask.request_processing.req_logging [None req-3a8ed8e6-599d-41ae-87c5-44c70cdfe1d0 None admin] PATH_INFO: `/v3/roles/admin` {{(pid=80569) log_request_info /opt/stack/keystone/keystone/server/flask/request_processing/req_logging.py:29}}
Jun 27 18:25:56.845663 dv-cinder-844601-6-iscsi devstack@keystone.service[80570]: DEBUG dbcounter [-] [80570] Writing DB stats keystone:SELECT=100 {{(pid=80570) stat_writer /usr/local/lib/python3.8/dist-packages/dbcounter.py:114}}
Jun 27 18:25:56.856875 dv-cinder-844601-6-iscsi devstack@keystone.service[80569]: DEBUG keystone.common.rbac_enforcer.enforcer [None req-3a8ed8e6-599d-41ae-87c5-44c70cdfe1d0 None admin] Extracting inferred target data resulted in "NOT FOUND (404)". {{(pid=80569) enforce_call /opt/stack/keystone/keystone/common/rbac_enforcer/enforcer.py:409}}
Jun 27 18:25:56.866331 dv-cinder-844601-6-iscsi devstack@keystone.service[80569]: ERROR keystone.server.flask.application [None req-3a8ed8e6-599d-41ae-87c5-44c70cdfe1d0 None admin] Could not find role: admin.: keystone.exception.RoleNotFound: Could not find role: admin.
Jun 27 18:25:56.866331 dv-cinder-844601-6-iscsi devstack@keystone.service[80569]: ERROR keystone.server.flask.application
Traceback (most recent call last):
Jun 27 18:25:56.866331 dv-cinder-844601-6-iscsi devstack@keystone.service[80569]: ERROR keystone.server.flask.application
File "/usr/local/lib/python3.8/dist-packages/flask/app.py", line 1523, in full_dispatch_request
Jun 27 18:25:56.866331 dv-cinder-844601-6-iscsi devstack@keystone.service[80569]: ERROR keystone.server.flask.application rv = self.dispatch_request()
Jun 27 18:25:56.866331 dv-cinder-844601-6-iscsi devstack@keystone.service[80569]: ERROR keystone.server.flask.application
File "/usr/local/lib/python3.8/dist-packages/flask/app.py", line 1509, in dispatch_request
Jun 27 18:25:56.866331 dv-cinder-844601-6-iscsi devstack@keystone.service[80569]: ERROR keystone.server.flask.application return self.ensure_sync(self.view_functions[rule.endpoint])(**req.view_args)
Jun 27 18:25:56.866331 dv-cinder-844601-6-iscsi devstack@keystone.service[80569]: ERROR keystone.server.flask.application
File "/usr/local/lib/python3.8/dist-packages/flask_restful/__init__.py", line 467, in wrapper
Jun 27 18:25:56.866331 dv-cinder-844601-6-iscsi devstack@keystone.service[80569]: ERROR keystone.server.flask.application resp = resource(*args, **kwargs)
Jun 27 18:25:56.866331 dv-cinder-844601-6-iscsi devstack@keystone.service[80569]: ERROR keystone.server.flask.application
File "/usr/local/lib/python3.8/dist-packages/flask/views.py", line 84, in view
Jun 27 18:25:56.866331 dv-cinder-844601-6-iscsi devstack@keystone.service[80569]: ERROR keystone.server.flask.application return current_app.ensure_sync(self.dispatch_request)(*args, **kwargs)
Jun 27 18:25:56.866331 dv-cinder-844601-6-iscsi devstack@keystone.service[80569]: ERROR keystone.server.flask.application
File "/usr/local/lib/python3.8/dist-packages/flask_restful/__init__.py", line 582, in dispatch_request
Jun 27 18:25:56.866331 dv-cinder-844601-6-iscsi devstack@keystone.service[80569]: ERROR keystone.server.flask.application resp = meth(*args, **kwargs)
Jun 27 18:25:56.866331 dv-cinder-844601-6-iscsi devstack@keystone.service[80569]: ERROR keystone.server.flask.application
File "/opt/stack/keystone/keystone/api/roles.py", line 50, in get
Jun 27 18:25:56.866331 dv-cinder-844601-6-iscsi devstack@keystone.service[80569]: ERROR keystone.server.flask.application return self._get_role(role_id)
Jun 27 18:25:56.866331 dv-cinder-844601-6-iscsi devstack@keystone.service[80569]: ERROR keystone.server.flask.application
File "/opt/stack/keystone/keystone/api/roles.py", line 70, in _get_role
Jun 27 18:25:56.866331 dv-cinder-844601-6-iscsi devstack@keystone.service[80569]: ERROR keystone.server.flask.application ENFORCER.enforce_call(action='identity:get_role')
Jun 27 18:25:56.867199 dv-cinder-844601-6-iscsi devstack@keystone.service[80569]: ERROR keystone.server.flask.application
File "/opt/stack/keystone/keystone/common/rbac_enforcer/enforcer.py", line 402, in enforce_call
Jun 27 18:25:56.867199 dv-cinder-844601-6-iscsi devstack@keystone.service[80569]: ERROR keystone.server.flask.application policy_dict.update(cls._extract_member_target_data(
Jun 27 18:25:56.867199 dv-cinder-844601-6-iscsi devstack@keystone.service[80569]: ERROR keystone.server.flask.application
File "/opt/stack/keystone/keystone/common/rbac_enforcer/enforcer.py", line 234, in _extract_member_target_data
Jun 27 18:25:56.867199 dv-cinder-844601-6-iscsi devstack@keystone.service[80569]: ERROR keystone.server.flask.application member_name: func(flask.request.view_args[key])
Jun 27 18:25:56.867199 dv-cinder-844601-6-iscsi devstack@keystone.service[80569]: ERROR keystone.server.flask.application
File "/opt/stack/keystone/keystone/common/manager.py", line 115, in wrapped
Jun 27 18:25:56.867199 dv-cinder-844601-6-iscsi devstack@keystone.service[80569]: ERROR keystone.server.flask.application __ret_val = __f(*args, **kwargs)
Jun 27 18:25:56.867199 dv-cinder-844601-6-iscsi devstack@keystone.service[80569]: ERROR keystone.server.flask.application
File "/usr/local/lib/python3.8/dist-packages/decorator.py", line 232, in fun
Jun 27 18:25:56.867199 dv-cinder-844601-6-iscsi devstack@keystone.service[80569]: ERROR keystone.server.flask.application return caller(func, *(extras + args), **kw)
Jun 27 18:25:56.867199 dv-cinder-844601-6-iscsi devstack@keystone.service[80569]: ERROR keystone.server.flask.application
File "/usr/local/lib/python3.8/dist-packages/dogpile/cache/region.py", line 1577, in get_or_create_for_user_func
Jun 27 18:25:56.867199 dv-cinder-844601-6-iscsi devstack@keystone.service[80569]: ERROR keystone.server.flask.application return self.get_or_create(
Jun 27 18:25:56.867199 dv-cinder-844601-6-iscsi devstack@keystone.service[80569]: ERROR keystone.server.flask.application
File "/usr/local/lib/python3.8/dist-packages/dogpile/cache/region.py", line 1042, in get_or_create
Jun 27 18:25:56.867199 dv-cinder-844601-6-iscsi devstack@keystone.service[80569]: ERROR keystone.server.flask.application with Lock(
Jun 27 18:25:56.867199 dv-cinder-844601-6-iscsi devstack@keystone.service[80569]: ERROR keystone.server.flask.application
File "/usr/local/lib/python3.8/dist-packages/dogpile/lock.py", line 185, in __enter__
Jun 27 18:25:56.867199 dv-cinder-844601-6-iscsi devstack@keystone.service[80569]: ERROR keystone.server.flask.application return self._enter()
