Jun 03 15:11:25.904618 dv-cinder-844601-1-smb devstack@keystone.service[80273]: ERROR keystone.server.flask.application
File "/opt/stack/keystone/keystone/common/rbac_enforcer/enforcer.py", line 402, in enforce_call
Jun 03 15:11:25.904618 dv-cinder-844601-1-smb devstack@keystone.service[80273]: ERROR keystone.server.flask.application policy_dict.update(cls._extract_member_target_data(
Jun 03 15:11:25.904618 dv-cinder-844601-1-smb devstack@keystone.service[80273]: ERROR keystone.server.flask.application
File "/opt/stack/keystone/keystone/common/rbac_enforcer/enforcer.py", line 234, in _extract_member_target_data
Jun 03 15:11:25.904618 dv-cinder-844601-1-smb devstack@keystone.service[80273]: ERROR keystone.server.flask.application member_name: func(flask.request.view_args[key])
Jun 03 15:11:25.904618 dv-cinder-844601-1-smb devstack@keystone.service[80273]: ERROR keystone.server.flask.application
File "/opt/stack/keystone/keystone/common/manager.py", line 115, in wrapped
Jun 03 15:11:25.904618 dv-cinder-844601-1-smb devstack@keystone.service[80273]: ERROR keystone.server.flask.application __ret_val = __f(*args, **kwargs)
Jun 03 15:11:25.904618 dv-cinder-844601-1-smb devstack@keystone.service[80273]: ERROR keystone.server.flask.application
File "/usr/local/lib/python3.8/dist-packages/decorator.py", line 232, in fun
Jun 03 15:11:25.904618 dv-cinder-844601-1-smb devstack@keystone.service[80273]: ERROR keystone.server.flask.application return caller(func, *(extras + args), **kw)
Jun 03 15:11:25.904618 dv-cinder-844601-1-smb devstack@keystone.service[80273]: ERROR keystone.server.flask.application
File "/usr/local/lib/python3.8/dist-packages/dogpile/cache/region.py", line 1577, in get_or_create_for_user_func
Jun 03 15:11:25.904618 dv-cinder-844601-1-smb devstack@keystone.service[80273]: ERROR keystone.server.flask.application return self.get_or_create(
Jun 03 15:11:25.904618 dv-cinder-844601-1-smb devstack@keystone.service[80273]: ERROR keystone.server.flask.application
File "/usr/local/lib/python3.8/dist-packages/dogpile/cache/region.py", line 1042, in get_or_create
Jun 03 15:11:25.904618 dv-cinder-844601-1-smb devstack@keystone.service[80273]: ERROR keystone.server.flask.application with Lock(
Jun 03 15:11:25.904618 dv-cinder-844601-1-smb devstack@keystone.service[80273]: ERROR keystone.server.flask.application
File "/usr/local/lib/python3.8/dist-packages/dogpile/lock.py", line 185, in __enter__
Jun 03 15:11:25.904618 dv-cinder-844601-1-smb devstack@keystone.service[80273]: ERROR keystone.server.flask.application return self._enter()
Jun 03 15:11:25.904618 dv-cinder-844601-1-smb devstack@keystone.service[80273]: ERROR keystone.server.flask.application
File "/usr/local/lib/python3.8/dist-packages/dogpile/lock.py", line 94, in _enter
Jun 03 15:11:25.904618 dv-cinder-844601-1-smb devstack@keystone.service[80273]: ERROR keystone.server.flask.application generated = self._enter_create(value, createdtime)
Jun 03 15:11:25.905483 dv-cinder-844601-1-smb devstack@keystone.service[80273]: ERROR keystone.server.flask.application
File "/usr/local/lib/python3.8/dist-packages/dogpile/lock.py", line 178, in _enter_create
Jun 03 15:11:25.905483 dv-cinder-844601-1-smb devstack@keystone.service[80273]: ERROR keystone.server.flask.application return self.creator()
Jun 03 15:11:25.905483 dv-cinder-844601-1-smb devstack@keystone.service[80273]: ERROR keystone.server.flask.application
File "/usr/local/lib/python3.8/dist-packages/dogpile/cache/region.py", line 995, in gen_value
Jun 03 15:11:25.905483 dv-cinder-844601-1-smb devstack@keystone.service[80273]: ERROR keystone.server.flask.application created_value = creator(
Jun 03 15:11:25.905483 dv-cinder-844601-1-smb devstack@keystone.service[80273]: ERROR keystone.server.flask.application
File "/opt/stack/keystone/keystone/assignment/core.py", line 1276, in get_role
Jun 03 15:11:25.905483 dv-cinder-844601-1-smb devstack@keystone.service[80273]: ERROR keystone.server.flask.application return self.driver.get_role(role_id)
Jun 03 15:11:25.905483 dv-cinder-844601-1-smb devstack@keystone.service[80273]: ERROR keystone.server.flask.application
File "/opt/stack/keystone/keystone/assignment/role_backends/sql.py", line 70, in get_role
Jun 03 15:11:25.905483 dv-cinder-844601-1-smb devstack@keystone.service[80273]: ERROR keystone.server.flask.application return self._get_role(session, role_id).to_dict()
Jun 03 15:11:25.905483 dv-cinder-844601-1-smb devstack@keystone.service[80273]: ERROR keystone.server.flask.application
File "/opt/stack/keystone/keystone/assignment/role_backends/sql.py", line 65, in _get_role
Jun 03 15:11:25.905483 dv-cinder-844601-1-smb devstack@keystone.service[80273]: ERROR keystone.server.flask.application raise exception.RoleNotFound(role_id=role_id)
Jun 03 15:11:25.905483 dv-cinder-844601-1-smb devstack@keystone.service[80273]: ERROR keystone.server.flask.application keystone.exception.RoleNotFound: Could not find role: anotherrole.
Jun 03 15:11:25.905483 dv-cinder-844601-1-smb devstack@keystone.service[80273]: ERROR keystone.server.flask.application
Jun 03 15:11:25.905483 dv-cinder-844601-1-smb devstack@keystone.service[80273]: [pid: 80273|app: 0|req: 115/226] 10.222.0.99 () {56 vars in 1114 bytes} [Fri Jun 3 15:11:25 2022] GET /identity/v3/roles/anotherrole => generated 89 bytes in 244 msecs (HTTP/1.1 404) 5 headers in 183 bytes (1 switches on core 0)
Jun 03 15:11:25.906154 dv-cinder-844601-1-smb devstack@keystone.service[80273]: DEBUG keystone.server.flask.request_processing.middleware.auth_context [None req-7305c777-fb75-42ed-a7e5-29727f2d87ee None admin] Authenticating user token {{(pid=80273) process_request /usr/local/lib/python3.8/dist-packages/keystonemiddleware/auth_token/__init__.py:407}}
Jun 03 15:11:25.921088 dv-cinder-844601-1-smb devstack@keystone.service[80273]: DEBUG dbcounter [-] [80273] Writing DB stats keystone:SELECT=100 {{(pid=80273) stat_writer /usr/local/lib/python3.8/dist-packages/dbcounter.py:114}}
Jun 03 15:11:26.033418 dv-cinder-844601-1-smb devstack@keystone.service[80274]: DEBUG keystone.server.flask.request_processing.middleware.auth_context [None req-bc55a5a3-5f5e-4bbb-ad2b-4d298cca932b None admin] Validating token access rules against request {{(pid=80274) validate_allowed_request /usr/local/lib/python3.8/dist-packages/keystonemiddleware/auth_token/__init__.py:545}}
Jun 03 15:11:26.049463 dv-cinder-844601-1-smb devstack@keystone.service[80273]: DEBUG keystone.server.flask.request_processing.middleware.auth_context [None req-7305c777-fb75-42ed-a7e5-29727f2d87ee None admin] Validating token access rules against request {{(pid=80273) validate_allowed_request /usr/local/lib/python3.8/dist-packages/keystonemiddleware/auth_token/__init__.py:545}}
Jun 03 15:11:26.090217 dv-cinder-844601-1-smb devstack@keystone.service[80274]: DEBUG keystone.server.flask.request_processing.middleware.auth_context [None req-63ac9a97-fe92-4029-a31d-94a00e31c22a None admin] RBAC: auth_context: {'token': , 'domain_id': None, 'trust_id': None, 'trustor_id': None, 'trustee_id': None, 'domain_name': None, 'group_ids': [], 'user_id': 'f2c927555b6f4c8b9d9d877138341ab9', 'user_domain_id': 'default', 'system_scope': 'all', 'project_id': None, 'project_domain_id': None, 'roles': ['admin', 'member', 'reader'], 'is_admin_project': True, 'service_user_id': None, 'service_user_domain_id': None, 'service_project_id': None, 'service_project_domain_id': None, 'service_roles': []} {{(pid=80274) fill_context /opt/stack/keystone/keystone/server/flask/request_processing/middleware/auth_context.py:478}}
Jun 03 15:11:26.091209 dv-cinder-844601-1-smb devstack@keystone.service[80274]: DEBUG keystone.server.flask.request_processing.req_logging [None req-63ac9a97-fe92-4029-a31d-94a00e31c22a None admin] REQUEST_METHOD: `GET` {{(pid=80274) log_request_info /opt/stack/keystone/keystone/server/flask/request_processing/req_logging.py:27}}
Jun 03 15:11:26.091415 dv-cinder-844601-1-smb devstack@keystone.service[80274]: DEBUG keystone.server.flask.request_processing.req_logging [None req-63ac9a97-fe92-4029-a31d-94a00e31c22a None admin] SCRIPT_NAME: `/identity` {{(pid=80274) log_request_info /opt/stack/keystone/keystone/server/flask/request_processing/req_logging.py:28}}
Jun 03 15:11:26.091691 dv-cinder-844601-1-smb devstack@keystone.service[80274]: DEBUG keystone.server.flask.request_processing.req_logging [None req-63ac9a97-fe92-4029-a31d-94a00e31c22a None admin] PATH_INFO: `/v3/projects/bc17daa83f754d0b93277ae49ff41ba5` {{(pid=80274) log_request_info /opt/stack/keystone/keystone/server/flask/request_processing/req_logging.py:29}}
Jun 03 15:11:26.093543 dv-cinder-844601-1-smb devstack@keystone.service[80274]: DEBUG keystone.common.rbac_enforcer.enforcer [None req-63ac9a97-fe92-4029-a31d-94a00e31c22a None admin] RBAC: Authorizing `identity:get_project(project_id=bc17daa83f754d0b93277ae49ff41ba5)` {{(pid=80274) enforce_call /opt/stack/keystone/keystone/common/rbac_enforcer/enforcer.py:449}}
Jun 03 15:11:26.095067 dv-cinder-844601-1-smb devstack@keystone.service[80274]: DEBUG keystone.common.rbac_enforcer.enforcer [None req-63ac9a97-fe92-4029-a31d-94a00e31c22a None admin] RBAC: Authorization granted {{(pid=80274) enforce_call /opt/stack/keystone/keystone/common/rbac_enforcer/enforcer.py:457}}
Jun 03 15:11:26.097176 dv-cinder-844601-1-smb devstack@keystone.service[80274]: [pid: 80274|app: 0|req: 112/227] 10.222.0.99 () {56 vars in 1186 bytes} [Fri Jun 3 15:11:25 2022] GET /identity/v3/projects/bc17daa83f754d0b93277ae49ff41ba5 => generated 302 bytes in 203 msecs (HTTP/1.1 200) 5 headers in 177 bytes (1 switches on core 0)
Jun 03 15:11:26.098007 dv-cinder-844601-1-smb devstack@keystone.service[80274]: DEBUG keystone.server.flask.request_processing.middleware.auth_context [None req-63ac9a97-fe92-4029-a31d-94a00e31c22a None admin] Authenticating user token {{(pid=80274) process_request /usr/local/lib/python3.8/dist-packages/keystonemiddleware/auth_token/__init__.py:407}}
Jun 03 15:11:26.101413 dv-cinder-844601-1-smb devstack@keystone.service[80273]: DEBUG keystone.server.flask.request_processing.middleware.auth_context [None req-c4415518-89ea-454e-bc99-c63630db6932 None admin] RBAC: auth_context: {'token': , 'domain_id': None, 'trust_id': None, 'trustor_id': None, 'trustee_id': None, 'domain_name': None, 'group_ids': [], 'user_id': 'f2c927555b6f4c8b9d9d877138341ab9', 'user_domain_id': 'default', 'system_scope': 'all', 'project_id': None, 'project_domain_id': None, 'roles': ['admin', 'member', 'reader'], 'is_admin_project': True, 'service_user_id': None, 'service_user_domain_id': None, 'service_project_id': None, 'service_project_domain_id': None, 'service_roles': []} {{(pid=80273) fill_context /opt/stack/keystone/keystone/server/flask/request_processing/middleware/auth_context.py:478}}
Jun 03 15:11:26.103849 dv-cinder-844601-1-smb devstack@keystone.service[80273]: DEBUG keystone.server.flask.request_processing.req_logging [None req-c4415518-89ea-454e-bc99-c63630db6932 None admin] REQUEST_METHOD: `GET` {{(pid=80273) log_request_info /opt/stack/keystone/keystone/server/flask/request_processing/req_logging.py:27}}
Jun 03 15:11:26.104357 dv-cinder-844601-1-smb devstack@keystone.service[80273]: DEBUG keystone.server.flask.request_processing.req_logging [None req-c4415518-89ea-454e-bc99-c63630db6932 None admin] SCRIPT_NAME: `/identity` {{(pid=80273) log_request_info /opt/stack/keystone/keystone/server/flask/request_processing/req_logging.py:28}}
Jun 03 15:11:26.104856 dv-cinder-844601-1-smb devstack@keystone.service[80273]: DEBUG keystone.server.flask.request_processing.req_logging [None req-c4415518-89ea-454e-bc99-c63630db6932 None admin] PATH_INFO: `/v3/projects/bc17daa83f754d0b93277ae49ff41ba5` {{(pid=80273) log_request_info /opt/stack/keystone/keystone/server/flask/request_processing/req_logging.py:29}}
Jun 03 15:11:26.106708 dv-cinder-844601-1-smb devstack@keystone.service[80273]: DEBUG keystone.common.rbac_enforcer.enforcer [None req-c4415518-89ea-454e-bc99-c63630db6932 None admin] RBAC: Authorizing `identity:get_project(project_id=bc17daa83f754d0b93277ae49ff41ba5)` {{(pid=80273) enforce_call /opt/stack/keystone/keystone/common/rbac_enforcer/enforcer.py:449}}
Jun 03 15:11:26.109292 dv-cinder-844601-1-smb devstack@keystone.service[80273]: DEBUG keystone.common.rbac_enforcer.enforcer [None req-c4415518-89ea-454e-bc99-c63630db6932 None admin] RBAC: Authorization granted {{(pid=80273) enforce_call /opt/stack/keystone/keystone/common/rbac_enforcer/enforcer.py:457}}
Jun 03 15:11:26.113161 dv-cinder-844601-1-smb devstack@keystone.service[80273]: [pid: 80273|app: 0|req: 116/228] 10.222.0.99 () {56 vars in 1186 bytes} [Fri Jun 3 15:11:25 2022] GET /identity/v3/projects/bc17daa83f754d0b93277ae49ff41ba5 => generated 302 bytes in 207 msecs (HTTP/1.1 200) 5 headers in 177 bytes (1 switches on core 0)
Jun 03 15:11:26.114212 dv-cinder-844601-1-smb devstack@keystone.service[80273]: DEBUG keystone.server.flask.request_processing.middleware.auth_context [None req-c4415518-89ea-454e-bc99-c63630db6932 None admin] Authenticating user token {{(pid=80273) process_request /usr/local/lib/python3.8/dist-packages/keystonemiddleware/auth_token/__init__.py:407}}
Jun 03 15:11:26.155186 dv-cinder-844601-1-smb devstack@keystone.service[80274]: DEBUG dbcounter [-] [80274] Writing DB stats keystone:SELECT=100 {{(pid=80274) stat_writer /usr/local/lib/python3.8/dist-packages/dbcounter.py:114}}
Jun 03 15:11:26.227805 dv-cinder-844601-1-smb devstack@keystone.service[80274]: DEBUG keystone.server.flask.request_processing.middleware.auth_context [None req-63ac9a97-fe92-4029-a31d-94a00e31c22a None admin] Validating token access rules against request {{(pid=80274) validate_allowed_request /usr/local/lib/python3.8/dist-packages/keystonemiddleware/auth_token/__init__.py:545}}
Jun 03 15:11:26.244013 dv-cinder-844601-1-smb devstack@keystone.service[80273]: DEBUG dbcounter [-] [80273] Writing DB stats keystone:SELECT=100 {{(pid=80273) stat_writer /usr/local/lib/python3.8/dist-packages/dbcounter.py:114}}
Jun 03 15:11:26.294721 dv-cinder-844601-1-smb devstack@keystone.service[80274]: DEBUG keystone.server.flask.request_processing.middleware.auth_context [None req-715fd93c-ebdd-412e-9cdb-53a6ae688b20 None admin] RBAC: auth_context: {'token': , 'domain_id': None, 'trust_id': None, 'trustor_id': None, 'trustee_id': None, 'domain_name': None, 'group_ids': [], 'user_id': 'f2c927555b6f4c8b9d9d877138341ab9', 'user_domain_id': 'default', 'system_scope': 'all', 'project_id': None, 'project_domain_id': None, 'roles': ['admin', 'member', 'reader'], 'is_admin_project': True, 'service_user_id': None, 'service_user_domain_id': None, 'service_project_id': None, 'service_project_domain_id': None, 'service_roles': []} {{(pid=80274) fill_context /opt/stack/keystone/keystone/server/flask/request_processing/middleware/auth_context.py:478}}
Jun 03 15:11:26.296067 dv-cinder-844601-1-smb devstack@keystone.service[80274]: DEBUG keystone.server.flask.request_processing.req_logging [None req-715fd93c-ebdd-412e-9cdb-53a6ae688b20 None admin] REQUEST_METHOD: `GET` {{(pid=80274) log_request_info /opt/stack/keystone/keystone/server/flask/request_processing/req_logging.py:27}}
Jun 03 15:11:26.296683 dv-cinder-844601-1-smb devstack@keystone.service[80274]: DEBUG keystone.server.flask.request_processing.req_logging [None req-715fd93c-ebdd-412e-9cdb-53a6ae688b20 None admin] SCRIPT_NAME: `/identity` {{(pid=80274) log_request_info /opt/stack/keystone/keystone/server/flask/request_processing/req_logging.py:28}}
Jun 03 15:11:26.297062 dv-cinder-844601-1-smb devstack@keystone.service[80274]: DEBUG keystone.server.flask.request_processing.req_logging [None req-715fd93c-ebdd-412e-9cdb-53a6ae688b20 None admin] PATH_INFO: `/v3/roles` {{(pid=80274) log_request_info /opt/stack/keystone/keystone/server/flask/request_processing/req_logging.py:29}}
Jun 03 15:11:26.298248 dv-cinder-844601-1-smb devstack@keystone.service[80274]: DEBUG keystone.common.rbac_enforcer.enforcer [None req-715fd93c-ebdd-412e-9cdb-53a6ae688b20 None admin] RBAC: Adding query filter params (name=anotherrole) {{(pid=80274) _extract_filter_values /opt/stack/keystone/keystone/common/rbac_enforcer/enforcer.py:167}}
Jun 03 15:11:26.298832 dv-cinder-844601-1-smb devstack@keystone.service[80274]: DEBUG keystone.common.rbac_enforcer.enforcer [None req-715fd93c-ebdd-412e-9cdb-53a6ae688b20 None admin] RBAC: Authorizing `identity:list_roles()` {{(pid=80274) enforce_call /opt/stack/keystone/keystone/common/rbac_enforcer/enforcer.py:449}}
Jun 03 15:11:26.301597 dv-cinder-844601-1-smb devstack@keystone.service[80274]: DEBUG keystone.common.rbac_enforcer.enforcer [None req-715fd93c-ebdd-412e-9cdb-53a6ae688b20 None admin] RBAC: Authorization granted {{(pid=80274) enforce_call /opt/stack/keystone/keystone/common/rbac_enforcer/enforcer.py:457}}
Jun 03 15:11:26.302263 dv-cinder-844601-1-smb devstack@keystone.service[80273]: DEBUG keystone.server.flask.request_processing.middleware.auth_context [None req-c4415518-89ea-454e-bc99-c63630db6932 None admin] Validating token access rules against request {{(pid=80273) validate_allowed_request /usr/local/lib/python3.8/dist-packages/keystonemiddleware/auth_token/__init__.py:545}}
Jun 03 15:11:26.319480 dv-cinder-844601-1-smb devstack@keystone.service[80274]: [pid: 80274|app: 0|req: 113/229] 10.222.0.99 () {56 vars in 1111 bytes} [Fri Jun 3 15:11:26 2022] GET /identity/v3/roles?name=anotherrole => generated 334 bytes in 222 msecs (HTTP/1.1 200) 5 headers in 177 bytes (1 switches on core 0)
Jun 03 15:11:26.321227 dv-cinder-844601-1-smb devstack@keystone.service[80274]: DEBUG keystone.server.flask.request_processing.middleware.auth_context [None req-715fd93c-ebdd-412e-9cdb-53a6ae688b20 None admin] Authenticating user token {{(pid=80274) process_request /usr/local/lib/python3.8/dist-packages/keystonemiddleware/auth_token/__init__.py:407}}
Jun 03 15:11:26.383365 dv-cinder-844601-1-smb devstack@keystone.service[80273]: DEBUG keystone.server.flask.request_processing.middleware.auth_context [None req-6fa731c4-dd65-4058-9269-142765d4c864 None admin] RBAC: auth_context: {'token': , 'domain_id': None, 'trust_id': None, 'trustor_id': None, 'trustee_id': None, 'domain_name': None, 'group_ids': [], 'user_id': 'f2c927555b6f4c8b9d9d877138341ab9', 'user_domain_id': 'default', 'system_scope': 'all', 'project_id': None, 'project_domain_id': None, 'roles': ['admin', 'member', 'reader'], 'is_admin_project': True, 'service_user_id': None, 'service_user_domain_id': None, 'service_project_id': None, 'service_project_domain_id': None, 'service_roles': []} {{(pid=80273) fill_context /opt/stack/keystone/keystone/server/flask/request_processing/middleware/auth_context.py:478}}
Jun 03 15:11:26.384501 dv-cinder-844601-1-smb devstack@keystone.service[80273]: DEBUG keystone.server.flask.request_processing.req_logging [None req-6fa731c4-dd65-4058-9269-142765d4c864 None admin] REQUEST_METHOD: `GET` {{(pid=80273) log_request_info /opt/stack/keystone/keystone/server/flask/request_processing/req_logging.py:27}}
Jun 03 15:11:26.385016 dv-cinder-844601-1-smb devstack@keystone.service[80273]: DEBUG keystone.server.flask.request_processing.req_logging [None req-6fa731c4-dd65-4058-9269-142765d4c864 None admin] SCRIPT_NAME: `/identity` {{(pid=80273) log_request_info /opt/stack/keystone/keystone/server/flask/request_processing/req_logging.py:28}}
Jun 03 15:11:26.385454 dv-cinder-844601-1-smb devstack@keystone.service[80273]: DEBUG keystone.server.flask.request_processing.req_logging [None req-6fa731c4-dd65-4058-9269-142765d4c864 None admin] PATH_INFO: `/v3/role_assignments` {{(pid=80273) log_request_info /opt/stack/keystone/keystone/server/flask/request_processing/req_logging.py:29}}
Jun 03 15:11:26.386619 dv-cinder-844601-1-smb devstack@keystone.service[80273]: DEBUG keystone.common.rbac_enforcer.enforcer [None req-6fa731c4-dd65-4058-9269-142765d4c864 None admin] RBAC: Adding query filter params (role.id=5e2b1e07bbd14144abfa63d564e78109, scope.project.id=bc17daa83f754d0b93277ae49ff41ba5, user.id=dabb28bccce840818a3e980c707fbdb1) {{(pid=80273) _extract_filter_values /opt/stack/keystone/keystone/common/rbac_enforcer/enforcer.py:167}}
Jun 03 15:11:26.387129 dv-cinder-844601-1-smb devstack@keystone.service[80273]: DEBUG keystone.common.rbac_enforcer.enforcer [None req-6fa731c4-dd65-4058-9269-142765d4c864 None admin] RBAC: Authorizing `identity:list_role_assignments()` {{(pid=80273) enforce_call /opt/stack/keystone/keystone/common/rbac_enforcer/enforcer.py:449}}
Jun 03 15:11:26.391430 dv-cinder-844601-1-smb devstack@keystone.service[80273]: DEBUG keystone.common.rbac_enforcer.enforcer [None req-6fa731c4-dd65-4058-9269-142765d4c864 None admin] RBAC: Authorization granted {{(pid=80273) enforce_call /opt/stack/keystone/keystone/common/rbac_enforcer/enforcer.py:457}}
Jun 03 15:11:26.409505 dv-cinder-844601-1-smb devstack@keystone.service[80273]: [pid: 80273|app: 0|req: 117/230] 10.222.0.99 () {56 vars in 1374 bytes} [Fri Jun 3 15:11:26 2022] GET /identity/v3/role_assignments?user.id=dabb28bccce840818a3e980c707fbdb1&scope.project.id=bc17daa83f754d0b93277ae49ff41ba5&role.id=5e2b1e07bbd14144abfa63d564e78109 => generated 259 bytes in 295 msecs (HTTP/1.1 200) 5 headers in 177 bytes (1 switches on core 0)
Jun 03 15:11:26.412247 dv-cinder-844601-1-smb devstack@keystone.service[80273]: DEBUG keystone.server.flask.request_processing.middleware.auth_context [None req-6fa731c4-dd65-4058-9269-142765d4c864 None admin] Authenticating user token {{(pid=80273) process_request /usr/local/lib/python3.8/dist-packages/keystonemiddleware/auth_token/__init__.py:407}}
Jun 03 15:11:26.610102 dv-cinder-844601-1-smb devstack@keystone.service[80274]: DEBUG keystone.server.flask.request_processing.middleware.auth_context [None req-715fd93c-ebdd-412e-9cdb-53a6ae688b20 None admin] Validating token access rules against request {{(pid=80274) validate_allowed_request /usr/local/lib/python3.8/dist-packages/keystonemiddleware/auth_token/__init__.py:545}}
Jun 03 15:11:26.633966 dv-cinder-844601-1-smb devstack@keystone.service[80274]: DEBUG dbcounter [-] [80274] Writing DB stats keystone:SELECT=100 {{(pid=80274) stat_writer /usr/local/lib/python3.8/dist-packages/dbcounter.py:114}}
Jun 03 15:11:26.643377 dv-cinder-844601-1-smb devstack@keystone.service[80273]: DEBUG keystone.server.flask.request_processing.middleware.auth_context [None req-6fa731c4-dd65-4058-9269-142765d4c864 None admin] Validating token access rules against request {{(pid=80273) validate_allowed_request /usr/local/lib/python3.8/dist-packages/keystonemiddleware/auth_token/__init__.py:545}}
Jun 03 15:11:26.719913 dv-cinder-844601-1-smb devstack@keystone.service[80274]: DEBUG keystone.server.flask.request_processing.middleware.auth_context [None req-6203844c-3279-4822-9602-f81b85dee2ae None admin] RBAC: auth_context: {'token': , 'domain_id': None, 'trust_id': None, 'trustor_id': None, 'trustee_id': None, 'domain_name': None, 'group_ids': [], 'user_id': 'f2c927555b6f4c8b9d9d877138341ab9', 'user_domain_id': 'default', 'system_scope': 'all', 'project_id': None, 'project_domain_id': None, 'roles': ['admin', 'member', 'reader'], 'is_admin_project': True, 'service_user_id': None, 'service_user_domain_id': None, 'service_project_id': None, 'service_project_domain_id': None, 'service_roles': []} {{(pid=80274) fill_context /opt/stack/keystone/keystone/server/flask/request_processing/middleware/auth_context.py:478}}
Jun 03 15:11:26.720224 dv-cinder-844601-1-smb devstack@keystone.service[80273]: DEBUG keystone.server.flask.request_processing.middleware.auth_context [None req-6890c0d9-5d0e-40d9-a1d0-6b2dc1d2156f None admin] RBAC: auth_context: {'token': , 'domain_id': None, 'trust_id': None, 'trustor_id': None, 'trustee_id': None, 'domain_name': None, 'group_ids': [], 'user_id': 'f2c927555b6f4c8b9d9d877138341ab9', 'user_domain_id': 'default', 'system_scope': 'all', 'project_id': None, 'project_domain_id': None, 'roles': ['admin', 'member', 'reader'], 'is_admin_project': True, 'service_user_id': None, 'service_user_domain_id': None, 'service_project_id': None, 'service_project_domain_id': None, 'service_roles': []} {{(pid=80273) fill_context /opt/stack/keystone/keystone/server/flask/request_processing/middleware/auth_context.py:478}}
Jun 03 15:11:26.721037 dv-cinder-844601-1-smb devstack@keystone.service[80274]: DEBUG keystone.server.flask.request_processing.req_logging [None req-6203844c-3279-4822-9602-f81b85dee2ae None admin] REQUEST_METHOD: `PUT` {{(pid=80274) log_request_info /opt/stack/keystone/keystone/server/flask/request_processing/req_logging.py:27}}
Jun 03 15:11:26.721381 dv-cinder-844601-1-smb devstack@keystone.service[80274]: DEBUG keystone.server.flask.request_processing.req_logging [None req-6203844c-3279-4822-9602-f81b85dee2ae None admin] SCRIPT_NAME: `/identity` {{(pid=80274) log_request_info /opt/stack/keystone/keystone/server/flask/request_processing/req_logging.py:28}}
Jun 03 15:11:26.721659 dv-cinder-844601-1-smb devstack@keystone.service[80274]: DEBUG keystone.server.flask.request_processing.req_logging [None req-6203844c-3279-4822-9602-f81b85dee2ae None admin] PATH_INFO: `/v3/projects/bc17daa83f754d0b93277ae49ff41ba5/users/1d3b181c67694e08bfe7b23d853fdab9/roles/4fdd2c8c5beb47178741b751087adc72` {{(pid=80274) log_request_info /opt/stack/keystone/keystone/server/flask/request_processing/req_logging.py:29}}
Jun 03 15:11:26.721774 dv-cinder-844601-1-smb devstack@keystone.service[80273]: DEBUG keystone.server.flask.request_processing.req_logging [None req-6890c0d9-5d0e-40d9-a1d0-6b2dc1d2156f None admin] REQUEST_METHOD: `GET` {{(pid=80273) log_request_info /opt/stack/keystone/keystone/server/flask/request_processing/req_logging.py:27}}
Jun 03 15:11:26.722137 dv-cinder-844601-1-smb devstack@keystone.service[80273]: DEBUG keystone.server.flask.request_processing.req_logging [None req-6890c0d9-5d0e-40d9-a1d0-6b2dc1d2156f None admin] SCRIPT_NAME: `/identity` {{(pid=80273) log_request_info /opt/stack/keystone/keystone/server/flask/request_processing/req_logging.py:28}}
Jun 03 15:11:26.722731 dv-cinder-844601-1-smb devstack@keystone.service[80273]: DEBUG keystone.server.flask.request_processing.req_logging [None req-6890c0d9-5d0e-40d9-a1d0-6b2dc1d2156f None admin] PATH_INFO: `/v3/users/1d3b181c67694e08bfe7b23d853fdab9` {{(pid=80273) log_request_info /opt/stack/keystone/keystone/server/flask/request_processing/req_logging.py:29}}
Jun 03 15:11:26.725122 dv-cinder-844601-1-smb devstack@keystone.service[80273]: DEBUG keystone.common.rbac_enforcer.enforcer [None req-6890c0d9-5d0e-40d9-a1d0-6b2dc1d2156f None admin] RBAC: Authorizing `identity:get_user(user_id=1d3b181c67694e08bfe7b23d853fdab9)` {{(pid=80273) enforce_call /opt/stack/keystone/keystone/common/rbac_enforcer/enforcer.py:449}}
Jun 03 15:11:26.726796 dv-cinder-844601-1-smb devstack@keystone.service[80274]: DEBUG keystone.common.rbac_enforcer.enforcer [None req-6203844c-3279-4822-9602-f81b85dee2ae None admin] RBAC: Authorizing `identity:create_grant(project_id=bc17daa83f754d0b93277ae49ff41ba5, user_id=1d3b181c67694e08bfe7b23d853fdab9, role_id=4fdd2c8c5beb47178741b751087adc72)` {{(pid=80274) enforce_call /opt/stack/keystone/keystone/common/rbac_enforcer/enforcer.py:449}}
Jun 03 15:11:26.728267 dv-cinder-844601-1-smb devstack@keystone.service[80273]: DEBUG keystone.common.rbac_enforcer.enforcer [None req-6890c0d9-5d0e-40d9-a1d0-6b2dc1d2156f None admin] RBAC: Authorization granted {{(pid=80273) enforce_call /opt/stack/keystone/keystone/common/rbac_enforcer/enforcer.py:457}}
Jun 03 15:11:26.728587 dv-cinder-844601-1-smb devstack@keystone.service[80274]: DEBUG keystone.common.rbac_enforcer.enforcer [None req-6203844c-3279-4822-9602-f81b85dee2ae None admin] RBAC: Authorization granted {{(pid=80274) enforce_call /opt/stack/keystone/keystone/common/rbac_enforcer/enforcer.py:457}}
Jun 03 15:11:26.731951 dv-cinder-844601-1-smb devstack@keystone.service[80273]: [pid: 80273|app: 0|req: 118/231] 10.222.0.99 () {56 vars in 1177 bytes} [Fri Jun 3 15:11:26 2022] GET /identity/v3/users/1d3b181c67694e08bfe7b23d853fdab9 => generated 283 bytes in 321 msecs (HTTP/1.1 200) 5 headers in 177 bytes (1 switches on core 0)
Jun 03 15:11:26.738965 dv-cinder-844601-1-smb devstack@keystone.service[80273]: DEBUG keystone.server.flask.request_processing.middleware.auth_context [None req-6890c0d9-5d0e-40d9-a1d0-6b2dc1d2156f None admin] Authenticating user token {{(pid=80273) process_request /usr/local/lib/python3.8/dist-packages/keystonemiddleware/auth_token/__init__.py:407}}
Jun 03 15:11:26.769518 dv-cinder-844601-1-smb devstack@keystone.service[80274]: [pid: 80274|app: 0|req: 114/232] 10.222.0.99 () {58 vars in 1439 bytes} [Fri Jun 3 15:11:26 2022] PUT /identity/v3/projects/bc17daa83f754d0b93277ae49ff41ba5/users/1d3b181c67694e08bfe7b23d853fdab9/roles/4fdd2c8c5beb47178741b751087adc72 => generated 0 bytes in 449 msecs (HTTP/1.1 204) 3 headers in 132 bytes (0 switches on core 0)
Jun 03 15:11:26.778183 dv-cinder-844601-1-smb devstack@keystone.service[80273]: DEBUG dbcounter [-] [80273] Writing DB stats keystone:SELECT=100 {{(pid=80273) stat_writer /usr/local/lib/python3.8/dist-packages/dbcounter.py:114}}
Jun 03 15:11:26.954041 dv-cinder-844601-1-smb devstack@keystone.service[80273]: DEBUG keystone.server.flask.request_processing.middleware.auth_context [None req-6890c0d9-5d0e-40d9-a1d0-6b2dc1d2156f None admin] Validating token access rules against request {{(pid=80273) validate_allowed_request /usr/local/lib/python3.8/dist-packages/keystonemiddleware/auth_token/__init__.py:545}}
Jun 03 15:11:27.035237 dv-cinder-844601-1-smb devstack@keystone.service[80273]: DEBUG keystone.server.flask.request_processing.middleware.auth_context [None req-6e39ac06-12a2-40b8-8914-6a5e4887dc48 None admin] RBAC: auth_context: {'token': , 'domain_id': None, 'trust_id': None, 'trustor_id': None, 'trustee_id': None, 'domain_name': None, 'group_ids': [], 'user_id': 'f2c927555b6f4c8b9d9d877138341ab9', 'user_domain_id': 'default', 'system_scope': 'all', 'project_id': None, 'project_domain_id': None, 'roles': ['admin', 'member', 'reader'], 'is_admin_project': True, 'service_user_id': None, 'service_user_domain_id': None, 'service_project_id': None, 'service_project_domain_id': None, 'service_roles': []} {{(pid=80273) fill_context /opt/stack/keystone/keystone/server/flask/request_processing/middleware/auth_context.py:478}}
Jun 03 15:11:27.036722 dv-cinder-844601-1-smb devstack@keystone.service[80273]: DEBUG keystone.server.flask.request_processing.req_logging [None req-6e39ac06-12a2-40b8-8914-6a5e4887dc48 None admin] REQUEST_METHOD: `GET` {{(pid=80273) log_request_info /opt/stack/keystone/keystone/server/flask/request_processing/req_logging.py:27}}
Jun 03 15:11:27.037228 dv-cinder-844601-1-smb devstack@keystone.service[80273]: DEBUG keystone.server.flask.request_processing.req_logging [None req-6e39ac06-12a2-40b8-8914-6a5e4887dc48 None admin] SCRIPT_NAME: `/identity` {{(pid=80273) log_request_info /opt/stack/keystone/keystone/server/flask/request_processing/req_logging.py:28}}
Jun 03 15:11:27.037731 dv-cinder-844601-1-smb devstack@keystone.service[80273]: DEBUG keystone.server.flask.request_processing.req_logging [None req-6e39ac06-12a2-40b8-8914-6a5e4887dc48 None admin] PATH_INFO: `/v3/projects/bc17daa83f754d0b93277ae49ff41ba5` {{(pid=80273) log_request_info /opt/stack/keystone/keystone/server/flask/request_processing/req_logging.py:29}}
Jun 03 15:11:27.040079 dv-cinder-844601-1-smb devstack@keystone.service[80273]: DEBUG keystone.common.rbac_enforcer.enforcer [None req-6e39ac06-12a2-40b8-8914-6a5e4887dc48 None admin] RBAC: Authorizing `identity:get_project(project_id=bc17daa83f754d0b93277ae49ff41ba5)` {{(pid=80273) enforce_call /opt/stack/keystone/keystone/common/rbac_enforcer/enforcer.py:449}}
Jun 03 15:11:27.042917 dv-cinder-844601-1-smb devstack@keystone.service[80273]: DEBUG keystone.common.rbac_enforcer.enforcer [None req-6e39ac06-12a2-40b8-8914-6a5e4887dc48 None admin] RBAC: Authorization granted {{(pid=80273) enforce_call /opt/stack/keystone/keystone/common/rbac_enforcer/enforcer.py:457}}
Jun 03 15:11:27.052369 dv-cinder-844601-1-smb devstack@keystone.service[80273]: [pid: 80273|app: 0|req: 119/233] 10.222.0.99 () {56 vars in 1186 bytes} [Fri Jun 3 15:11:26 2022] GET /identity/v3/projects/bc17daa83f754d0b93277ae49ff41ba5 => generated 302 bytes in 313 msecs (HTTP/1.1 200) 5 headers in 177 bytes (1 switches on core 0)
Jun 03 15:11:27.063747 dv-cinder-844601-1-smb devstack@keystone.service[80274]: DEBUG keystone.server.flask.request_processing.middleware.auth_context [None req-6203844c-3279-4822-9602-f81b85dee2ae None admin] Authenticating user token {{(pid=80274) process_request /usr/local/lib/python3.8/dist-packages/keystonemiddleware/auth_token/__init__.py:407}}
Jun 03 15:11:27.199264 dv-cinder-844601-1-smb devstack@keystone.service[80274]: DEBUG keystone.server.flask.request_processing.middleware.auth_context [None req-6203844c-3279-4822-9602-f81b85dee2ae None admin] Validating token access rules against request {{(pid=80274) validate_allowed_request /usr/local/lib/python3.8/dist-packages/keystonemiddleware/auth_token/__init__.py:545}}
Jun 03 15:11:27.241977 dv-cinder-844601-1-smb devstack@keystone.service[80274]: DEBUG keystone.server.flask.request_processing.middleware.auth_context [None req-a5a5550d-c8b0-4554-ad02-f4ff12c13d6c None admin] RBAC: auth_context: {'token': , 'domain_id': None, 'trust_id': None, 'trustor_id': None, 'trustee_id': None, 'domain_name': None, 'group_ids': [], 'user_id': 'f2c927555b6f4c8b9d9d877138341ab9', 'user_domain_id': 'default', 'system_scope': 'all', 'project_id': None, 'project_domain_id': None, 'roles': ['admin', 'member', 'reader'], 'is_admin_project': True, 'service_user_id': None, 'service_user_domain_id': None, 'service_project_id': None, 'service_project_domain_id': None, 'service_roles': []} {{(pid=80274) fill_context /opt/stack/keystone/keystone/server/flask/request_processing/middleware/auth_context.py:478}}
Jun 03 15:11:27.243386 dv-cinder-844601-1-smb devstack@keystone.service[80274]: DEBUG keystone.server.flask.request_processing.req_logging [None req-a5a5550d-c8b0-4554-ad02-f4ff12c13d6c None admin] REQUEST_METHOD: `PUT` {{(pid=80274) log_request_info /opt/stack/keystone/keystone/server/flask/request_processing/req_logging.py:27}}
Jun 03 15:11:27.243876 dv-cinder-844601-1-smb devstack@keystone.service[80274]: DEBUG keystone.server.flask.request_processing.req_logging [None req-a5a5550d-c8b0-4554-ad02-f4ff12c13d6c None admin] SCRIPT_NAME: `/identity` {{(pid=80274) log_request_info /opt/stack/keystone/keystone/server/flask/request_processing/req_logging.py:28}}
Jun 03 15:11:27.244526 dv-cinder-844601-1-smb devstack@keystone.service[80274]: DEBUG keystone.server.flask.request_processing.req_logging [None req-a5a5550d-c8b0-4554-ad02-f4ff12c13d6c None admin] PATH_INFO: `/v3/projects/bc17daa83f754d0b93277ae49ff41ba5/users/1d3b181c67694e08bfe7b23d853fdab9/roles/ca49ba07107d4eb58f72ee0b60a9888e` {{(pid=80274) log_request_info /opt/stack/keystone/keystone/server/flask/request_processing/req_logging.py:29}}
Jun 03 15:11:27.247348 dv-cinder-844601-1-smb devstack@keystone.service[80274]: DEBUG keystone.common.rbac_enforcer.enforcer [None req-a5a5550d-c8b0-4554-ad02-f4ff12c13d6c None admin] RBAC: Authorizing `identity:create_grant(project_id=bc17daa83f754d0b93277ae49ff41ba5, user_id=1d3b181c67694e08bfe7b23d853fdab9, role_id=ca49ba07107d4eb58f72ee0b60a9888e)` {{(pid=80274) enforce_call /opt/stack/keystone/keystone/common/rbac_enforcer/enforcer.py:449}}
Jun 03 15:11:27.249223 dv-cinder-844601-1-smb devstack@keystone.service[80274]: DEBUG keystone.common.rbac_enforcer.enforcer [None req-a5a5550d-c8b0-4554-ad02-f4ff12c13d6c None admin] RBAC: Authorization granted {{(pid=80274) enforce_call /opt/stack/keystone/keystone/common/rbac_enforcer/enforcer.py:457}}
Jun 03 15:11:27.273538 dv-cinder-844601-1-smb devstack@keystone.service[80274]: [pid: 80274|app: 0|req: 115/234] 10.222.0.99 () {58 vars in 1439 bytes} [Fri Jun 3 15:11:27 2022] PUT /identity/v3/projects/bc17daa83f754d0b93277ae49ff41ba5/users/1d3b181c67694e08bfe7b23d853fdab9/roles/ca49ba07107d4eb58f72ee0b60a9888e => generated 0 bytes in 214 msecs (HTTP/1.1 204) 3 headers in 132 bytes (0 switches on core 0)
Jun 03 15:11:27.802081 dv-cinder-844601-1-smb devstack@keystone.service[80273]: DEBUG keystone.server.flask.request_processing.req_logging [None req-badb3fc0-1a4d-417c-bef8-b48c3757e0f5 None None] REQUEST_METHOD: `GET` {{(pid=80273) log_request_info /opt/stack/keystone/keystone/server/flask/request_processing/req_logging.py:27}}
Jun 03 15:11:27.802289 dv-cinder-844601-1-smb devstack@keystone.service[80273]: DEBUG keystone.server.flask.request_processing.req_logging [None req-badb3fc0-1a4d-417c-bef8-b48c3757e0f5 None None] SCRIPT_NAME: `/identity` {{(pid=80273) log_request_info /opt/stack/keystone/keystone/server/flask/request_processing/req_logging.py:28}}
Jun 03 15:11:27.802576 dv-cinder-844601-1-smb devstack@keystone.service[80273]: DEBUG keystone.server.flask.request_processing.req_logging [None req-badb3fc0-1a4d-417c-bef8-b48c3757e0f5 None None] PATH_INFO: `/` {{(pid=80273) log_request_info /opt/stack/keystone/keystone/server/flask/request_processing/req_logging.py:29}}
Jun 03 15:11:27.804235 dv-cinder-844601-1-smb devstack@keystone.service[80273]: [pid: 80273|app: 0|req: 120/235] 10.222.0.99 () {54 vars in 926 bytes} [Fri Jun 3 15:11:27 2022] GET /identity => generated 270 bytes in 3 msecs (HTTP/1.1 300) 6 headers in 234 bytes (1 switches on core 0)
Jun 03 15:11:27.810350 dv-cinder-844601-1-smb devstack@keystone.service[80274]: DEBUG keystone.server.flask.request_processing.req_logging [None req-efbdde61-cb38-48a5-b648-a05dec32578c None None] REQUEST_METHOD: `POST` {{(pid=80274) log_request_info /opt/stack/keystone/keystone/server/flask/request_processing/req_logging.py:27}}
Jun 03 15:11:27.810649 dv-cinder-844601-1-smb devstack@keystone.service[80274]: DEBUG keystone.server.flask.request_processing.req_logging [None req-efbdde61-cb38-48a5-b648-a05dec32578c None None] SCRIPT_NAME: `/identity` {{(pid=80274) log_request_info /opt/stack/keystone/keystone/server/flask/request_processing/req_logging.py:28}}
Jun 03 15:11:27.810980 dv-cinder-844601-1-smb devstack@keystone.service[80274]: DEBUG keystone.server.flask.request_processing.req_logging [None req-efbdde61-cb38-48a5-b648-a05dec32578c None None] PATH_INFO: `/v3/auth/tokens` {{(pid=80274) log_request_info /opt/stack/keystone/keystone/server/flask/request_processing/req_logging.py:29}}
Jun 03 15:11:27.829337 dv-cinder-844601-1-smb devstack@keystone.service[80274]: DEBUG keystone.auth.core [None req-efbdde61-cb38-48a5-b648-a05dec32578c None None] MFA Rules not processed for user `f2c927555b6f4c8b9d9d877138341ab9`. Rule list: `[]` (Enabled: `True`). {{(pid=80274) check_auth_methods_against_rules /opt/stack/keystone/keystone/auth/core.py:438}}
Jun 03 15:11:27.830547 dv-cinder-844601-1-smb devstack@keystone.service[80274]: DEBUG keystone.common.fernet_utils [None req-efbdde61-cb38-48a5-b648-a05dec32578c None None] Loaded 2 Fernet keys from /etc/keystone/fernet-keys/, but `[fernet_tokens] max_active_keys = 3`; perhaps there have not been enough key rotations to reach `max_active_keys` yet? {{(pid=80274) load_keys /opt/stack/keystone/keystone/common/fernet_utils.py:286}}
Jun 03 15:11:27.865881 dv-cinder-844601-1-smb devstack@keystone.service[80274]: DEBUG dbcounter [-] [80274] Writing DB stats keystone:SELECT=98,keystone:INSERT=2 {{(pid=80274) stat_writer /usr/local/lib/python3.8/dist-packages/dbcounter.py:114}}
Jun 03 15:11:27.915764 dv-cinder-844601-1-smb devstack@keystone.service[80274]: [pid: 80274|app: 0|req: 116/236] 10.222.0.99 () {58 vars in 1023 bytes} [Fri Jun 3 15:11:27 2022] POST /identity/v3/auth/tokens => generated 799 bytes in 106 msecs (HTTP/1.1 201) 6 headers in 363 bytes (2 switches on core 0)
Jun 03 15:11:27.939630 dv-cinder-844601-1-smb devstack@keystone.service[80273]: DEBUG keystone.server.flask.request_processing.middleware.auth_context [None req-badb3fc0-1a4d-417c-bef8-b48c3757e0f5 None None] Authenticating user token {{(pid=80273) process_request /usr/local/lib/python3.8/dist-packages/keystonemiddleware/auth_token/__init__.py:407}}
Jun 03 15:11:28.060489 dv-cinder-844601-1-smb devstack@keystone.service[80273]: DEBUG dbcounter [-] [80273] Writing DB stats keystone:SELECT=100 {{(pid=80273) stat_writer /usr/local/lib/python3.8/dist-packages/dbcounter.py:114}}
Jun 03 15:11:28.099643 dv-cinder-844601-1-smb devstack@keystone.service[80273]: DEBUG keystone.server.flask.request_processing.middleware.auth_context [None req-badb3fc0-1a4d-417c-bef8-b48c3757e0f5 None None] Validating token access rules against request {{(pid=80273) validate_allowed_request /usr/local/lib/python3.8/dist-packages/keystonemiddleware/auth_token/__init__.py:545}}
Jun 03 15:11:28.147409 dv-cinder-844601-1-smb devstack@keystone.service[80273]: DEBUG keystone.server.flask.request_processing.middleware.auth_context [None req-c266ae8d-8894-4a90-8cfb-c0d102e3ced7 None admin] RBAC: auth_context: {'token': , 'domain_id': None, 'trust_id': None, 'trustor_id': None, 'trustee_id': None, 'domain_name': None, 'group_ids': [], 'user_id': 'f2c927555b6f4c8b9d9d877138341ab9', 'user_domain_id': 'default', 'system_scope': 'all', 'project_id': None, 'project_domain_id': None, 'roles': ['admin', 'member', 'reader'], 'is_admin_project': True, 'service_user_id': None, 'service_user_domain_id': None, 'service_project_id': None, 'service_project_domain_id': None, 'service_roles': []} {{(pid=80273) fill_context /opt/stack/keystone/keystone/server/flask/request_processing/middleware/auth_context.py:478}}
Jun 03 15:11:28.147409 dv-cinder-844601-1-smb devstack@keystone.service[80273]: DEBUG keystone.server.flask.request_processing.req_logging [None req-c266ae8d-8894-4a90-8cfb-c0d102e3ced7 None admin] REQUEST_METHOD: `GET` {{(pid=80273) log_request_info /opt/stack/keystone/keystone/server/flask/request_processing/req_logging.py:27}}
Jun 03 15:11:28.147409 dv-cinder-844601-1-smb devstack@keystone.service[80273]: DEBUG keystone.server.flask.request_processing.req_logging [None req-c266ae8d-8894-4a90-8cfb-c0d102e3ced7 None admin] SCRIPT_NAME: `/identity` {{(pid=80273) log_request_info /opt/stack/keystone/keystone/server/flask/request_processing/req_logging.py:28}}
Jun 03 15:11:28.147409 dv-cinder-844601-1-smb devstack@keystone.service[80273]: DEBUG keystone.server.flask.request_processing.req_logging [None req-c266ae8d-8894-4a90-8cfb-c0d102e3ced7 None admin] PATH_INFO: `/v3/roles/reader` {{(pid=80273) log_request_info /opt/stack/keystone/keystone/server/flask/request_processing/req_logging.py:29}}
Jun 03 15:11:28.163058 dv-cinder-844601-1-smb devstack@keystone.service[80273]: DEBUG keystone.common.rbac_enforcer.enforcer [None req-c266ae8d-8894-4a90-8cfb-c0d102e3ced7 None admin] Extracting inferred target data resulted in "NOT FOUND (404)". {{(pid=80273) enforce_call /opt/stack/keystone/keystone/common/rbac_enforcer/enforcer.py:409}}
Jun 03 15:11:28.171231 dv-cinder-844601-1-smb devstack@keystone.service[80273]: ERROR keystone.server.flask.application [None req-c266ae8d-8894-4a90-8cfb-c0d102e3ced7 None admin] Could not find role: reader.: keystone.exception.RoleNotFound: Could not find role: reader.
Jun 03 15:11:28.171231 dv-cinder-844601-1-smb devstack@keystone.service[80273]: ERROR keystone.server.flask.application
Traceback (most recent call last):
Jun 03 15:11:28.171231 dv-cinder-844601-1-smb devstack@keystone.service[80273]: ERROR keystone.server.flask.application
File "/usr/local/lib/python3.8/dist-packages/flask/app.py", line 1523, in full_dispatch_request
Jun 03 15:11:28.171231 dv-cinder-844601-1-smb devstack@keystone.service[80273]: ERROR keystone.server.flask.application rv = self.dispatch_request()
Jun 03 15:11:28.171231 dv-cinder-844601-1-smb devstack@keystone.service[80273]: ERROR keystone.server.flask.application
File "/usr/local/lib/python3.8/dist-packages/flask/app.py", line 1509, in dispatch_request
Jun 03 15:11:28.171231 dv-cinder-844601-1-smb devstack@keystone.service[80273]: ERROR keystone.server.flask.application return self.ensure_sync(self.view_functions[rule.endpoint])(**req.view_args)
Jun 03 15:11:28.171231 dv-cinder-844601-1-smb devstack@keystone.service[80273]: ERROR keystone.server.flask.application
File "/usr/local/lib/python3.8/dist-packages/flask_restful/__init__.py", line 467, in wrapper
Jun 03 15:11:28.171231 dv-cinder-844601-1-smb devstack@keystone.service[80273]: ERROR keystone.server.flask.application resp = resource(*args, **kwargs)
Jun 03 15:11:28.171231 dv-cinder-844601-1-smb devstack@keystone.service[80273]: ERROR keystone.server.flask.application
File "/usr/local/lib/python3.8/dist-packages/flask/views.py", line 84, in view
Jun 03 15:11:28.171231 dv-cinder-844601-1-smb devstack@keystone.service[80273]: ERROR keystone.server.flask.application return current_app.ensure_sync(self.dispatch_request)(*args, **kwargs)
Jun 03 15:11:28.171231 dv-cinder-844601-1-smb devstack@keystone.service[80273]: ERROR keystone.server.flask.application
File "/usr/local/lib/python3.8/dist-packages/flask_restful/__init__.py", line 582, in dispatch_request
Jun 03 15:11:28.171231 dv-cinder-844601-1-smb devstack@keystone.service[80273]: ERROR keystone.server.flask.application resp = meth(*args, **kwargs)
Jun 03 15:11:28.171231 dv-cinder-844601-1-smb devstack@keystone.service[80273]: ERROR keystone.server.flask.application
File "/opt/stack/keystone/keystone/api/roles.py", line 50, in get
Jun 03 15:11:28.171231 dv-cinder-844601-1-smb devstack@keystone.service[80273]: ERROR keystone.server.flask.application return self._get_role(role_id)
Jun 03 15:11:28.171231 dv-cinder-844601-1-smb devstack@keystone.service[80273]: ERROR keystone.server.flask.application
File "/opt/stack/keystone/keystone/api/roles.py", line 70, in _get_role
Jun 03 15:11:28.171231 dv-cinder-844601-1-smb devstack@keystone.service[80273]: ERROR keystone.server.flask.application ENFORCER.enforce_call(action='identity:get_role')
Jun 03 15:11:28.172188 dv-cinder-844601-1-smb devstack@keystone.service[80273]: ERROR keystone.server.flask.application
File "/opt/stack/keystone/keystone/common/rbac_enforcer/enforcer.py", line 402, in enforce_call
Jun 03 15:11:28.172188 dv-cinder-844601-1-smb devstack@keystone.service[80273]: ERROR keystone.server.flask.application policy_dict.update(cls._extract_member_target_data(
Jun 03 15:11:28.172188 dv-cinder-844601-1-smb devstack@keystone.service[80273]: ERROR keystone.server.flask.application
File "/opt/stack/keystone/keystone/common/rbac_enforcer/enforcer.py", line 234, in _extract_member_target_data
Jun 03 15:11:28.172188 dv-cinder-844601-1-smb devstack@keystone.service[80273]: ERROR keystone.server.flask.application member_name: func(flask.request.view_args[key])
Jun 03 15:11:28.172188 dv-cinder-844601-1-smb devstack@keystone.service[80273]: ERROR keystone.server.flask.application
File "/opt/stack/keystone/keystone/common/manager.py", line 115, in wrapped
Jun 03 15:11:28.172188 dv-cinder-844601-1-smb devstack@keystone.service[80273]: ERROR keystone.server.flask.application __ret_val = __f(*args, **kwargs)
Jun 03 15:11:28.172188 dv-cinder-844601-1-smb devstack@keystone.service[80273]: ERROR keystone.server.flask.application
File "/usr/local/lib/python3.8/dist-packages/decorator.py", line 232, in fun
Jun 03 15:11:28.172188 dv-cinder-844601-1-smb devstack@keystone.service[80273]: ERROR keystone.server.flask.application return caller(func, *(extras + args), **kw)
Jun 03 15:11:28.172188 dv-cinder-844601-1-smb devstack@keystone.service[80273]: ERROR keystone.server.flask.application
File "/usr/local/lib/python3.8/dist-packages/dogpile/cache/region.py", line 1577, in get_or_create_for_user_func
Jun 03 15:11:28.172188 dv-cinder-844601-1-smb devstack@keystone.service[80273]: ERROR keystone.server.flask.application return self.get_or_create(
Jun 03 15:11:28.172188 dv-cinder-844601-1-smb devstack@keystone.service[80273]: ERROR keystone.server.flask.application
File "/usr/local/lib/python3.8/dist-packages/dogpile/cache/region.py", line 1042, in get_or_create
Jun 03 15:11:28.172188 dv-cinder-844601-1-smb devstack@keystone.service[80273]: ERROR keystone.server.flask.application with Lock(
Jun 03 15:11:28.172188 dv-cinder-844601-1-smb devstack@keystone.service[80273]: ERROR keystone.server.flask.application
File "/usr/local/lib/python3.8/dist-packages/dogpile/lock.py", line 185, in __enter__
Jun 03 15:11:28.172188 dv-cinder-844601-1-smb devstack@keystone.service[80273]: ERROR keystone.server.flask.application return self._enter()
Jun 03 15:11:28.172188 dv-cinder-844601-1-smb devstack@keystone.service[80273]: ERROR keystone.server.flask.application
File "/usr/local/lib/python3.8/dist-packages/dogpile/lock.py", line 94, in _enter
Jun 03 15:11:28.172188 dv-cinder-844601-1-smb devstack@keystone.service[80273]: ERROR keystone.server.flask.application generated = self._enter_create(value, createdtime)
Jun 03 15:11:28.173082 dv-cinder-844601-1-smb devstack@keystone.service[80273]: ERROR keystone.server.flask.application
File "/usr/local/lib/python3.8/dist-packages/dogpile/lock.py", line 178, in _enter_create
Jun 03 15:11:28.173082 dv-cinder-844601-1-smb devstack@keystone.service[80273]: ERROR keystone.server.flask.application return self.creator()
Jun 03 15:11:28.173082 dv-cinder-844601-1-smb devstack@keystone.service[80273]: ERROR keystone.server.flask.application
File "/usr/local/lib/python3.8/dist-packages/dogpile/cache/region.py", line 995, in gen_value
Jun 03 15:11:28.173082 dv-cinder-844601-1-smb devstack@keystone.service[80273]: ERROR keystone.server.flask.application created_value = creator(
Jun 03 15:11:28.173082 dv-cinder-844601-1-smb devstack@keystone.service[80273]: ERROR keystone.server.flask.application
File "/opt/stack/keystone/keystone/assignment/core.py", line 1276, in get_role
