Jun 03 11:45:07.683666 dv-cinder-844572-1-iscsi devstack@keystone.service[80111]: [pid: 80111|app: 0|req: 191/376] 10.222.0.15 () {58 vars in 1282 bytes} [Fri Jun 3 11:45:07 2022] GET /identity/v3/auth/tokens => generated 799 bytes in 518 msecs (HTTP/1.1 200) 6 headers in 358 bytes (1 switches on core 0)
Jun 03 11:45:07.687902 dv-cinder-844572-1-iscsi devstack@keystone.service[80110]: [pid: 80110|app: 0|req: 186/377] 10.222.0.15 () {56 vars in 1376 bytes} [Fri Jun 3 11:45:07 2022] GET /identity/v3/role_assignments?group.id=b4219b09bb644bd88819e4cb2f7e6f93&scope.project.id=deb1496445dd47a6ba9ad9fb02737115&role.id=5d1199580aaa485bb120b35e6f771ff9 => generated 260 bytes in 315 msecs (HTTP/1.1 200) 5 headers in 177 bytes (2 switches on core 0)
Jun 03 11:45:07.689499 dv-cinder-844572-1-iscsi devstack@keystone.service[80111]: DEBUG keystone.server.flask.request_processing.middleware.auth_context [None req-5f3a6a72-397c-4c2a-a06d-5a214fcad7eb None admin] Authenticating user token {{(pid=80111) process_request /usr/local/lib/python3.8/dist-packages/keystonemiddleware/auth_token/__init__.py:407}}
Jun 03 11:45:07.838134 dv-cinder-844572-1-iscsi devstack@keystone.service[80111]: DEBUG keystone.server.flask.request_processing.middleware.auth_context [None req-5f3a6a72-397c-4c2a-a06d-5a214fcad7eb None admin] Validating token access rules against request {{(pid=80111) validate_allowed_request /usr/local/lib/python3.8/dist-packages/keystonemiddleware/auth_token/__init__.py:545}}
Jun 03 11:45:07.880977 dv-cinder-844572-1-iscsi devstack@keystone.service[80111]: DEBUG keystone.server.flask.request_processing.middleware.auth_context [None req-2f2da597-271d-4721-a987-3cb2ac2c67ef None admin] RBAC: auth_context: {'token': , 'domain_id': None, 'trust_id': None, 'trustor_id': None, 'trustee_id': None, 'domain_name': None, 'group_ids': [], 'user_id': '0616a4eb01db4ae8ac6d10f710fd1630', 'user_domain_id': 'default', 'system_scope': 'all', 'project_id': None, 'project_domain_id': None, 'roles': ['admin', 'member', 'reader'], 'is_admin_project': True, 'service_user_id': None, 'service_user_domain_id': None, 'service_project_id': None, 'service_project_domain_id': None, 'service_roles': []} {{(pid=80111) fill_context /opt/stack/keystone/keystone/server/flask/request_processing/middleware/auth_context.py:478}}
Jun 03 11:45:07.882231 dv-cinder-844572-1-iscsi devstack@keystone.service[80111]: DEBUG keystone.server.flask.request_processing.req_logging [None req-2f2da597-271d-4721-a987-3cb2ac2c67ef None admin] REQUEST_METHOD: `GET` {{(pid=80111) log_request_info /opt/stack/keystone/keystone/server/flask/request_processing/req_logging.py:27}}
Jun 03 11:45:07.882720 dv-cinder-844572-1-iscsi devstack@keystone.service[80111]: DEBUG keystone.server.flask.request_processing.req_logging [None req-2f2da597-271d-4721-a987-3cb2ac2c67ef None admin] SCRIPT_NAME: `/identity` {{(pid=80111) log_request_info /opt/stack/keystone/keystone/server/flask/request_processing/req_logging.py:28}}
Jun 03 11:45:07.883212 dv-cinder-844572-1-iscsi devstack@keystone.service[80111]: DEBUG keystone.server.flask.request_processing.req_logging [None req-2f2da597-271d-4721-a987-3cb2ac2c67ef None admin] PATH_INFO: `/v3/projects/6db62e59d8164100b9d96eb446461cfc` {{(pid=80111) log_request_info /opt/stack/keystone/keystone/server/flask/request_processing/req_logging.py:29}}
Jun 03 11:45:07.884635 dv-cinder-844572-1-iscsi devstack@keystone.service[80111]: DEBUG keystone.common.rbac_enforcer.enforcer [None req-2f2da597-271d-4721-a987-3cb2ac2c67ef None admin] RBAC: Authorizing `identity:get_project(project_id=6db62e59d8164100b9d96eb446461cfc)` {{(pid=80111) enforce_call /opt/stack/keystone/keystone/common/rbac_enforcer/enforcer.py:449}}
Jun 03 11:45:07.886287 dv-cinder-844572-1-iscsi devstack@keystone.service[80111]: DEBUG keystone.common.rbac_enforcer.enforcer [None req-2f2da597-271d-4721-a987-3cb2ac2c67ef None admin] RBAC: Authorization granted {{(pid=80111) enforce_call /opt/stack/keystone/keystone/common/rbac_enforcer/enforcer.py:457}}
Jun 03 11:45:07.888648 dv-cinder-844572-1-iscsi devstack@keystone.service[80111]: [pid: 80111|app: 0|req: 192/378] 10.222.0.15 () {56 vars in 1186 bytes} [Fri Jun 3 11:45:07 2022] GET /identity/v3/projects/6db62e59d8164100b9d96eb446461cfc => generated 344 bytes in 200 msecs (HTTP/1.1 200) 5 headers in 177 bytes (1 switches on core 0)
Jun 03 11:45:07.896269 dv-cinder-844572-1-iscsi devstack@keystone.service[80110]: DEBUG keystone.server.flask.request_processing.middleware.auth_context [None req-a19079f8-3da1-4b5f-aaa8-8044ae1c4b05 None admin] Authenticating user token {{(pid=80110) process_request /usr/local/lib/python3.8/dist-packages/keystonemiddleware/auth_token/__init__.py:407}}
Jun 03 11:45:07.951697 dv-cinder-844572-1-iscsi devstack@keystone.service[80110]: DEBUG dbcounter [-] [80110] Writing DB stats keystone:SELECT=100 {{(pid=80110) stat_writer /usr/local/lib/python3.8/dist-packages/dbcounter.py:114}}
Jun 03 11:45:08.022052 dv-cinder-844572-1-iscsi devstack@keystone.service[80110]: DEBUG keystone.server.flask.request_processing.middleware.auth_context [None req-a19079f8-3da1-4b5f-aaa8-8044ae1c4b05 None admin] Validating token access rules against request {{(pid=80110) validate_allowed_request /usr/local/lib/python3.8/dist-packages/keystonemiddleware/auth_token/__init__.py:545}}
Jun 03 11:45:08.062979 dv-cinder-844572-1-iscsi devstack@keystone.service[80110]: DEBUG keystone.server.flask.request_processing.middleware.auth_context [None req-3efc8f11-225c-40f2-8c46-f630e9a8795f None admin] RBAC: auth_context: {'token': , 'domain_id': None, 'trust_id': None, 'trustor_id': None, 'trustee_id': None, 'domain_name': None, 'group_ids': [], 'user_id': '0616a4eb01db4ae8ac6d10f710fd1630', 'user_domain_id': 'default', 'system_scope': 'all', 'project_id': None, 'project_domain_id': None, 'roles': ['admin', 'member', 'reader'], 'is_admin_project': True, 'service_user_id': None, 'service_user_domain_id': None, 'service_project_id': None, 'service_project_domain_id': None, 'service_roles': []} {{(pid=80110) fill_context /opt/stack/keystone/keystone/server/flask/request_processing/middleware/auth_context.py:478}}
Jun 03 11:45:08.063862 dv-cinder-844572-1-iscsi devstack@keystone.service[80110]: DEBUG keystone.server.flask.request_processing.req_logging [None req-3efc8f11-225c-40f2-8c46-f630e9a8795f None admin] REQUEST_METHOD: `GET` {{(pid=80110) log_request_info /opt/stack/keystone/keystone/server/flask/request_processing/req_logging.py:27}}
Jun 03 11:45:08.064143 dv-cinder-844572-1-iscsi devstack@keystone.service[80110]: DEBUG keystone.server.flask.request_processing.req_logging [None req-3efc8f11-225c-40f2-8c46-f630e9a8795f None admin] SCRIPT_NAME: `/identity` {{(pid=80110) log_request_info /opt/stack/keystone/keystone/server/flask/request_processing/req_logging.py:28}}
Jun 03 11:45:08.064416 dv-cinder-844572-1-iscsi devstack@keystone.service[80110]: DEBUG keystone.server.flask.request_processing.req_logging [None req-3efc8f11-225c-40f2-8c46-f630e9a8795f None admin] PATH_INFO: `/v3/groups/610b0482dcf74f368f5c5620936603fe` {{(pid=80110) log_request_info /opt/stack/keystone/keystone/server/flask/request_processing/req_logging.py:29}}
Jun 03 11:45:08.076166 dv-cinder-844572-1-iscsi devstack@keystone.service[80110]: DEBUG keystone.common.rbac_enforcer.enforcer [None req-3efc8f11-225c-40f2-8c46-f630e9a8795f None admin] RBAC: Authorizing `identity:get_group(group_id=610b0482dcf74f368f5c5620936603fe)` {{(pid=80110) enforce_call /opt/stack/keystone/keystone/common/rbac_enforcer/enforcer.py:449}}
Jun 03 11:45:08.077628 dv-cinder-844572-1-iscsi devstack@keystone.service[80110]: DEBUG keystone.common.rbac_enforcer.enforcer [None req-3efc8f11-225c-40f2-8c46-f630e9a8795f None admin] RBAC: Authorization granted {{(pid=80110) enforce_call /opt/stack/keystone/keystone/common/rbac_enforcer/enforcer.py:457}}
Jun 03 11:45:08.079325 dv-cinder-844572-1-iscsi devstack@keystone.service[80110]: [pid: 80110|app: 0|req: 187/379] 10.222.0.15 () {56 vars in 1180 bytes} [Fri Jun 3 11:45:07 2022] GET /identity/v3/groups/610b0482dcf74f368f5c5620936603fe => generated 229 bytes in 184 msecs (HTTP/1.1 200) 5 headers in 177 bytes (1 switches on core 0)
Jun 03 11:45:08.085331 dv-cinder-844572-1-iscsi devstack@keystone.service[80111]: DEBUG keystone.server.flask.request_processing.middleware.auth_context [None req-2f2da597-271d-4721-a987-3cb2ac2c67ef None admin] Authenticating user token {{(pid=80111) process_request /usr/local/lib/python3.8/dist-packages/keystonemiddleware/auth_token/__init__.py:407}}
Jun 03 11:45:08.149360 dv-cinder-844572-1-iscsi devstack@keystone.service[80111]: DEBUG dbcounter [-] [80111] Writing DB stats keystone:SELECT=100 {{(pid=80111) stat_writer /usr/local/lib/python3.8/dist-packages/dbcounter.py:114}}
Jun 03 11:45:08.212692 dv-cinder-844572-1-iscsi devstack@keystone.service[80110]: DEBUG keystone.server.flask.request_processing.req_logging [None req-f2a071d3-c7a6-4aaf-9063-01f99323475e None None] REQUEST_METHOD: `GET` {{(pid=80110) log_request_info /opt/stack/keystone/keystone/server/flask/request_processing/req_logging.py:27}}
Jun 03 11:45:08.213207 dv-cinder-844572-1-iscsi devstack@keystone.service[80110]: DEBUG keystone.server.flask.request_processing.req_logging [None req-f2a071d3-c7a6-4aaf-9063-01f99323475e None None] SCRIPT_NAME: `/identity` {{(pid=80110) log_request_info /opt/stack/keystone/keystone/server/flask/request_processing/req_logging.py:28}}
Jun 03 11:45:08.213615 dv-cinder-844572-1-iscsi devstack@keystone.service[80110]: DEBUG keystone.server.flask.request_processing.req_logging [None req-f2a071d3-c7a6-4aaf-9063-01f99323475e None None] PATH_INFO: `/` {{(pid=80110) log_request_info /opt/stack/keystone/keystone/server/flask/request_processing/req_logging.py:29}}
Jun 03 11:45:08.215356 dv-cinder-844572-1-iscsi devstack@keystone.service[80110]: [pid: 80110|app: 0|req: 188/380] 10.222.0.15 () {54 vars in 926 bytes} [Fri Jun 3 11:45:08 2022] GET /identity => generated 270 bytes in 4 msecs (HTTP/1.1 300) 6 headers in 234 bytes (1 switches on core 0)
Jun 03 11:45:08.220761 dv-cinder-844572-1-iscsi devstack@keystone.service[80110]: DEBUG keystone.server.flask.request_processing.req_logging [None req-39167fc6-6230-4ee3-90d6-f2da7b0945b8 None None] REQUEST_METHOD: `POST` {{(pid=80110) log_request_info /opt/stack/keystone/keystone/server/flask/request_processing/req_logging.py:27}}
Jun 03 11:45:08.221186 dv-cinder-844572-1-iscsi devstack@keystone.service[80110]: DEBUG keystone.server.flask.request_processing.req_logging [None req-39167fc6-6230-4ee3-90d6-f2da7b0945b8 None None] SCRIPT_NAME: `/identity` {{(pid=80110) log_request_info /opt/stack/keystone/keystone/server/flask/request_processing/req_logging.py:28}}
Jun 03 11:45:08.221586 dv-cinder-844572-1-iscsi devstack@keystone.service[80110]: DEBUG keystone.server.flask.request_processing.req_logging [None req-39167fc6-6230-4ee3-90d6-f2da7b0945b8 None None] PATH_INFO: `/v3/auth/tokens` {{(pid=80110) log_request_info /opt/stack/keystone/keystone/server/flask/request_processing/req_logging.py:29}}
Jun 03 11:45:08.246687 dv-cinder-844572-1-iscsi devstack@keystone.service[80110]: DEBUG keystone.auth.core [None req-39167fc6-6230-4ee3-90d6-f2da7b0945b8 None None] MFA Rules not processed for user `0616a4eb01db4ae8ac6d10f710fd1630`. Rule list: `[]` (Enabled: `True`). {{(pid=80110) check_auth_methods_against_rules /opt/stack/keystone/keystone/auth/core.py:438}}
Jun 03 11:45:08.249908 dv-cinder-844572-1-iscsi devstack@keystone.service[80111]: DEBUG keystone.server.flask.request_processing.middleware.auth_context [None req-2f2da597-271d-4721-a987-3cb2ac2c67ef None admin] Validating token access rules against request {{(pid=80111) validate_allowed_request /usr/local/lib/python3.8/dist-packages/keystonemiddleware/auth_token/__init__.py:545}}
Jun 03 11:45:08.251558 dv-cinder-844572-1-iscsi devstack@keystone.service[80110]: DEBUG keystone.common.fernet_utils [None req-39167fc6-6230-4ee3-90d6-f2da7b0945b8 None None] Loaded 2 Fernet keys from /etc/keystone/fernet-keys/, but `[fernet_tokens] max_active_keys = 3`; perhaps there have not been enough key rotations to reach `max_active_keys` yet? {{(pid=80110) load_keys /opt/stack/keystone/keystone/common/fernet_utils.py:286}}
Jun 03 11:45:08.318519 dv-cinder-844572-1-iscsi devstack@keystone.service[80111]: DEBUG keystone.server.flask.request_processing.middleware.auth_context [None req-2f03c669-b892-4ea7-b233-16b778afbf46 None admin] RBAC: auth_context: {'token': , 'domain_id': None, 'trust_id': None, 'trustor_id': None, 'trustee_id': None, 'domain_name': None, 'group_ids': [], 'user_id': '0616a4eb01db4ae8ac6d10f710fd1630', 'user_domain_id': 'default', 'system_scope': 'all', 'project_id': None, 'project_domain_id': None, 'roles': ['admin', 'member', 'reader'], 'is_admin_project': True, 'service_user_id': None, 'service_user_domain_id': None, 'service_project_id': None, 'service_project_domain_id': None, 'service_roles': []} {{(pid=80111) fill_context /opt/stack/keystone/keystone/server/flask/request_processing/middleware/auth_context.py:478}}
Jun 03 11:45:08.319180 dv-cinder-844572-1-iscsi devstack@keystone.service[80111]: DEBUG keystone.server.flask.request_processing.req_logging [None req-2f03c669-b892-4ea7-b233-16b778afbf46 None admin] REQUEST_METHOD: `GET` {{(pid=80111) log_request_info /opt/stack/keystone/keystone/server/flask/request_processing/req_logging.py:27}}
Jun 03 11:45:08.321372 dv-cinder-844572-1-iscsi devstack@keystone.service[80111]: DEBUG keystone.server.flask.request_processing.req_logging [None req-2f03c669-b892-4ea7-b233-16b778afbf46 None admin] SCRIPT_NAME: `/identity` {{(pid=80111) log_request_info /opt/stack/keystone/keystone/server/flask/request_processing/req_logging.py:28}}
Jun 03 11:45:08.321653 dv-cinder-844572-1-iscsi devstack@keystone.service[80111]: DEBUG keystone.server.flask.request_processing.req_logging [None req-2f03c669-b892-4ea7-b233-16b778afbf46 None admin] PATH_INFO: `/v3/role_assignments` {{(pid=80111) log_request_info /opt/stack/keystone/keystone/server/flask/request_processing/req_logging.py:29}}
Jun 03 11:45:08.322498 dv-cinder-844572-1-iscsi devstack@keystone.service[80111]: DEBUG keystone.common.rbac_enforcer.enforcer [None req-2f03c669-b892-4ea7-b233-16b778afbf46 None admin] RBAC: Adding query filter params (group.id=610b0482dcf74f368f5c5620936603fe, role.id=c486e164840b41a59fd118dece2ce572, scope.project.id=6db62e59d8164100b9d96eb446461cfc) {{(pid=80111) _extract_filter_values /opt/stack/keystone/keystone/common/rbac_enforcer/enforcer.py:167}}
Jun 03 11:45:08.322812 dv-cinder-844572-1-iscsi devstack@keystone.service[80111]: DEBUG keystone.common.rbac_enforcer.enforcer [None req-2f03c669-b892-4ea7-b233-16b778afbf46 None admin] RBAC: Authorizing `identity:list_role_assignments()` {{(pid=80111) enforce_call /opt/stack/keystone/keystone/common/rbac_enforcer/enforcer.py:449}}
Jun 03 11:45:08.324279 dv-cinder-844572-1-iscsi devstack@keystone.service[80111]: DEBUG keystone.common.rbac_enforcer.enforcer [None req-2f03c669-b892-4ea7-b233-16b778afbf46 None admin] RBAC: Authorization granted {{(pid=80111) enforce_call /opt/stack/keystone/keystone/common/rbac_enforcer/enforcer.py:457}}
Jun 03 11:45:08.340208 dv-cinder-844572-1-iscsi devstack@keystone.service[80111]: [pid: 80111|app: 0|req: 193/381] 10.222.0.15 () {56 vars in 1376 bytes} [Fri Jun 3 11:45:08 2022] GET /identity/v3/role_assignments?group.id=610b0482dcf74f368f5c5620936603fe&scope.project.id=6db62e59d8164100b9d96eb446461cfc&role.id=c486e164840b41a59fd118dece2ce572 => generated 260 bytes in 255 msecs (HTTP/1.1 200) 5 headers in 177 bytes (1 switches on core 0)
Jun 03 11:45:08.363153 dv-cinder-844572-1-iscsi devstack@keystone.service[80110]: [pid: 80110|app: 0|req: 189/382] 10.222.0.15 () {58 vars in 1023 bytes} [Fri Jun 3 11:45:08 2022] POST /identity/v3/auth/tokens => generated 799 bytes in 143 msecs (HTTP/1.1 201) 6 headers in 363 bytes (1 switches on core 0)
Jun 03 11:45:08.398858 dv-cinder-844572-1-iscsi devstack@keystone.service[80111]: DEBUG keystone.server.flask.request_processing.middleware.auth_context [None req-2f03c669-b892-4ea7-b233-16b778afbf46 None admin] Authenticating user token {{(pid=80111) process_request /usr/local/lib/python3.8/dist-packages/keystonemiddleware/auth_token/__init__.py:407}}
Jun 03 11:45:08.513011 dv-cinder-844572-1-iscsi devstack@keystone.service[80111]: DEBUG keystone.server.flask.request_processing.middleware.auth_context [None req-2f03c669-b892-4ea7-b233-16b778afbf46 None admin] Validating token access rules against request {{(pid=80111) validate_allowed_request /usr/local/lib/python3.8/dist-packages/keystonemiddleware/auth_token/__init__.py:545}}
Jun 03 11:45:08.525172 dv-cinder-844572-1-iscsi devstack@keystone.service[80111]: DEBUG dbcounter [-] [80111] Writing DB stats keystone:SELECT=100 {{(pid=80111) stat_writer /usr/local/lib/python3.8/dist-packages/dbcounter.py:114}}
Jun 03 11:45:08.552408 dv-cinder-844572-1-iscsi devstack@keystone.service[80111]: DEBUG keystone.server.flask.request_processing.middleware.auth_context [None req-ec495f61-a0c0-4650-baf7-4503e34bdee1 None admin] RBAC: auth_context: {'token': , 'domain_id': None, 'trust_id': None, 'trustor_id': None, 'trustee_id': None, 'domain_name': None, 'group_ids': [], 'user_id': '0616a4eb01db4ae8ac6d10f710fd1630', 'user_domain_id': 'default', 'system_scope': 'all', 'project_id': None, 'project_domain_id': None, 'roles': ['admin', 'member', 'reader'], 'is_admin_project': True, 'service_user_id': None, 'service_user_domain_id': None, 'service_project_id': None, 'service_project_domain_id': None, 'service_roles': []} {{(pid=80111) fill_context /opt/stack/keystone/keystone/server/flask/request_processing/middleware/auth_context.py:478}}
Jun 03 11:45:08.553240 dv-cinder-844572-1-iscsi devstack@keystone.service[80111]: DEBUG keystone.server.flask.request_processing.req_logging [None req-ec495f61-a0c0-4650-baf7-4503e34bdee1 None admin] REQUEST_METHOD: `GET` {{(pid=80111) log_request_info /opt/stack/keystone/keystone/server/flask/request_processing/req_logging.py:27}}
Jun 03 11:45:08.553521 dv-cinder-844572-1-iscsi devstack@keystone.service[80111]: DEBUG keystone.server.flask.request_processing.req_logging [None req-ec495f61-a0c0-4650-baf7-4503e34bdee1 None admin] SCRIPT_NAME: `/identity` {{(pid=80111) log_request_info /opt/stack/keystone/keystone/server/flask/request_processing/req_logging.py:28}}
Jun 03 11:45:08.553797 dv-cinder-844572-1-iscsi devstack@keystone.service[80111]: DEBUG keystone.server.flask.request_processing.req_logging [None req-ec495f61-a0c0-4650-baf7-4503e34bdee1 None admin] PATH_INFO: `/v3/roles/member` {{(pid=80111) log_request_info /opt/stack/keystone/keystone/server/flask/request_processing/req_logging.py:29}}
Jun 03 11:45:08.567001 dv-cinder-844572-1-iscsi devstack@keystone.service[80111]: DEBUG keystone.common.rbac_enforcer.enforcer [None req-ec495f61-a0c0-4650-baf7-4503e34bdee1 None admin] Extracting inferred target data resulted in "NOT FOUND (404)". {{(pid=80111) enforce_call /opt/stack/keystone/keystone/common/rbac_enforcer/enforcer.py:409}}
Jun 03 11:45:08.574951 dv-cinder-844572-1-iscsi devstack@keystone.service[80111]: ERROR keystone.server.flask.application [None req-ec495f61-a0c0-4650-baf7-4503e34bdee1 None admin] Could not find role: member.: keystone.exception.RoleNotFound: Could not find role: member.
Jun 03 11:45:08.574951 dv-cinder-844572-1-iscsi devstack@keystone.service[80111]: ERROR keystone.server.flask.application
Traceback (most recent call last):
Jun 03 11:45:08.574951 dv-cinder-844572-1-iscsi devstack@keystone.service[80111]: ERROR keystone.server.flask.application
File "/usr/local/lib/python3.8/dist-packages/flask/app.py", line 1523, in full_dispatch_request
Jun 03 11:45:08.574951 dv-cinder-844572-1-iscsi devstack@keystone.service[80111]: ERROR keystone.server.flask.application rv = self.dispatch_request()
Jun 03 11:45:08.574951 dv-cinder-844572-1-iscsi devstack@keystone.service[80111]: ERROR keystone.server.flask.application
File "/usr/local/lib/python3.8/dist-packages/flask/app.py", line 1509, in dispatch_request
Jun 03 11:45:08.574951 dv-cinder-844572-1-iscsi devstack@keystone.service[80111]: ERROR keystone.server.flask.application return self.ensure_sync(self.view_functions[rule.endpoint])(**req.view_args)
Jun 03 11:45:08.574951 dv-cinder-844572-1-iscsi devstack@keystone.service[80111]: ERROR keystone.server.flask.application
File "/usr/local/lib/python3.8/dist-packages/flask_restful/__init__.py", line 467, in wrapper
Jun 03 11:45:08.574951 dv-cinder-844572-1-iscsi devstack@keystone.service[80111]: ERROR keystone.server.flask.application resp = resource(*args, **kwargs)
Jun 03 11:45:08.574951 dv-cinder-844572-1-iscsi devstack@keystone.service[80111]: ERROR keystone.server.flask.application
File "/usr/local/lib/python3.8/dist-packages/flask/views.py", line 84, in view
Jun 03 11:45:08.574951 dv-cinder-844572-1-iscsi devstack@keystone.service[80111]: ERROR keystone.server.flask.application return current_app.ensure_sync(self.dispatch_request)(*args, **kwargs)
Jun 03 11:45:08.574951 dv-cinder-844572-1-iscsi devstack@keystone.service[80111]: ERROR keystone.server.flask.application
File "/usr/local/lib/python3.8/dist-packages/flask_restful/__init__.py", line 582, in dispatch_request
Jun 03 11:45:08.574951 dv-cinder-844572-1-iscsi devstack@keystone.service[80111]: ERROR keystone.server.flask.application resp = meth(*args, **kwargs)
Jun 03 11:45:08.574951 dv-cinder-844572-1-iscsi devstack@keystone.service[80111]: ERROR keystone.server.flask.application
File "/opt/stack/keystone/keystone/api/roles.py", line 50, in get
Jun 03 11:45:08.574951 dv-cinder-844572-1-iscsi devstack@keystone.service[80111]: ERROR keystone.server.flask.application return self._get_role(role_id)
Jun 03 11:45:08.574951 dv-cinder-844572-1-iscsi devstack@keystone.service[80111]: ERROR keystone.server.flask.application
File "/opt/stack/keystone/keystone/api/roles.py", line 70, in _get_role
Jun 03 11:45:08.574951 dv-cinder-844572-1-iscsi devstack@keystone.service[80111]: ERROR keystone.server.flask.application ENFORCER.enforce_call(action='identity:get_role')
Jun 03 11:45:08.575927 dv-cinder-844572-1-iscsi devstack@keystone.service[80111]: ERROR keystone.server.flask.application
File "/opt/stack/keystone/keystone/common/rbac_enforcer/enforcer.py", line 402, in enforce_call
Jun 03 11:45:08.575927 dv-cinder-844572-1-iscsi devstack@keystone.service[80111]: ERROR keystone.server.flask.application policy_dict.update(cls._extract_member_target_data(
Jun 03 11:45:08.575927 dv-cinder-844572-1-iscsi devstack@keystone.service[80111]: ERROR keystone.server.flask.application
File "/opt/stack/keystone/keystone/common/rbac_enforcer/enforcer.py", line 234, in _extract_member_target_data
Jun 03 11:45:08.575927 dv-cinder-844572-1-iscsi devstack@keystone.service[80111]: ERROR keystone.server.flask.application member_name: func(flask.request.view_args[key])
Jun 03 11:45:08.575927 dv-cinder-844572-1-iscsi devstack@keystone.service[80111]: ERROR keystone.server.flask.application
File "/opt/stack/keystone/keystone/common/manager.py", line 115, in wrapped
Jun 03 11:45:08.575927 dv-cinder-844572-1-iscsi devstack@keystone.service[80111]: ERROR keystone.server.flask.application __ret_val = __f(*args, **kwargs)
Jun 03 11:45:08.575927 dv-cinder-844572-1-iscsi devstack@keystone.service[80111]: ERROR keystone.server.flask.application
File "/usr/local/lib/python3.8/dist-packages/decorator.py", line 232, in fun
Jun 03 11:45:08.575927 dv-cinder-844572-1-iscsi devstack@keystone.service[80111]: ERROR keystone.server.flask.application return caller(func, *(extras + args), **kw)
Jun 03 11:45:08.575927 dv-cinder-844572-1-iscsi devstack@keystone.service[80111]: ERROR keystone.server.flask.application
File "/usr/local/lib/python3.8/dist-packages/dogpile/cache/region.py", line 1577, in get_or_create_for_user_func
Jun 03 11:45:08.575927 dv-cinder-844572-1-iscsi devstack@keystone.service[80111]: ERROR keystone.server.flask.application return self.get_or_create(
Jun 03 11:45:08.575927 dv-cinder-844572-1-iscsi devstack@keystone.service[80111]: ERROR keystone.server.flask.application
File "/usr/local/lib/python3.8/dist-packages/dogpile/cache/region.py", line 1042, in get_or_create
Jun 03 11:45:08.575927 dv-cinder-844572-1-iscsi devstack@keystone.service[80111]: ERROR keystone.server.flask.application with Lock(
Jun 03 11:45:08.575927 dv-cinder-844572-1-iscsi devstack@keystone.service[80111]: ERROR keystone.server.flask.application
File "/usr/local/lib/python3.8/dist-packages/dogpile/lock.py", line 185, in __enter__
Jun 03 11:45:08.575927 dv-cinder-844572-1-iscsi devstack@keystone.service[80111]: ERROR keystone.server.flask.application return self._enter()
Jun 03 11:45:08.575927 dv-cinder-844572-1-iscsi devstack@keystone.service[80111]: ERROR keystone.server.flask.application
File "/usr/local/lib/python3.8/dist-packages/dogpile/lock.py", line 94, in _enter
Jun 03 11:45:08.575927 dv-cinder-844572-1-iscsi devstack@keystone.service[80111]: ERROR keystone.server.flask.application generated = self._enter_create(value, createdtime)
Jun 03 11:45:08.576708 dv-cinder-844572-1-iscsi devstack@keystone.service[80111]: ERROR keystone.server.flask.application
File "/usr/local/lib/python3.8/dist-packages/dogpile/lock.py", line 178, in _enter_create
Jun 03 11:45:08.576708 dv-cinder-844572-1-iscsi devstack@keystone.service[80111]: ERROR keystone.server.flask.application return self.creator()
Jun 03 11:45:08.576708 dv-cinder-844572-1-iscsi devstack@keystone.service[80111]: ERROR keystone.server.flask.application
File "/usr/local/lib/python3.8/dist-packages/dogpile/cache/region.py", line 995, in gen_value
Jun 03 11:45:08.576708 dv-cinder-844572-1-iscsi devstack@keystone.service[80111]: ERROR keystone.server.flask.application created_value = creator(
Jun 03 11:45:08.576708 dv-cinder-844572-1-iscsi devstack@keystone.service[80111]: ERROR keystone.server.flask.application
File "/opt/stack/keystone/keystone/assignment/core.py", line 1276, in get_role
Jun 03 11:45:08.576708 dv-cinder-844572-1-iscsi devstack@keystone.service[80111]: ERROR keystone.server.flask.application return self.driver.get_role(role_id)
Jun 03 11:45:08.576708 dv-cinder-844572-1-iscsi devstack@keystone.service[80111]: ERROR keystone.server.flask.application
File "/opt/stack/keystone/keystone/assignment/role_backends/sql.py", line 70, in get_role
Jun 03 11:45:08.576708 dv-cinder-844572-1-iscsi devstack@keystone.service[80111]: ERROR keystone.server.flask.application return self._get_role(session, role_id).to_dict()
Jun 03 11:45:08.576708 dv-cinder-844572-1-iscsi devstack@keystone.service[80111]: ERROR keystone.server.flask.application
File "/opt/stack/keystone/keystone/assignment/role_backends/sql.py", line 65, in _get_role
Jun 03 11:45:08.576708 dv-cinder-844572-1-iscsi devstack@keystone.service[80111]: ERROR keystone.server.flask.application raise exception.RoleNotFound(role_id=role_id)
Jun 03 11:45:08.576708 dv-cinder-844572-1-iscsi devstack@keystone.service[80111]: ERROR keystone.server.flask.application keystone.exception.RoleNotFound: Could not find role: member.
Jun 03 11:45:08.576708 dv-cinder-844572-1-iscsi devstack@keystone.service[80111]: ERROR keystone.server.flask.application
Jun 03 11:45:08.576708 dv-cinder-844572-1-iscsi devstack@keystone.service[80111]: [pid: 80111|app: 0|req: 194/383] 10.222.0.15 () {56 vars in 1099 bytes} [Fri Jun 3 11:45:08 2022] GET /identity/v3/roles/member => generated 84 bytes in 178 msecs (HTTP/1.1 404) 5 headers in 183 bytes (1 switches on core 0)
Jun 03 11:45:08.582509 dv-cinder-844572-1-iscsi devstack@keystone.service[80110]: DEBUG keystone.server.flask.request_processing.middleware.auth_context [None req-39167fc6-6230-4ee3-90d6-f2da7b0945b8 None None] Authenticating user token {{(pid=80110) process_request /usr/local/lib/python3.8/dist-packages/keystonemiddleware/auth_token/__init__.py:407}}
Jun 03 11:45:08.622410 dv-cinder-844572-1-iscsi devstack@keystone.service[80110]: DEBUG dbcounter [-] [80110] Writing DB stats keystone:SELECT=100 {{(pid=80110) stat_writer /usr/local/lib/python3.8/dist-packages/dbcounter.py:114}}
Jun 03 11:45:08.715176 dv-cinder-844572-1-iscsi devstack@keystone.service[80110]: DEBUG keystone.server.flask.request_processing.middleware.auth_context [None req-39167fc6-6230-4ee3-90d6-f2da7b0945b8 None None] Validating token access rules against request {{(pid=80110) validate_allowed_request /usr/local/lib/python3.8/dist-packages/keystonemiddleware/auth_token/__init__.py:545}}
Jun 03 11:45:08.766010 dv-cinder-844572-1-iscsi devstack@keystone.service[80110]: DEBUG keystone.server.flask.request_processing.middleware.auth_context [None req-37e96a4a-03cb-4315-9dd7-afb66452ffd0 None admin] RBAC: auth_context: {'token': , 'domain_id': None, 'trust_id': None, 'trustor_id': None, 'trustee_id': None, 'domain_name': None, 'group_ids': [], 'user_id': '0616a4eb01db4ae8ac6d10f710fd1630', 'user_domain_id': 'default', 'system_scope': 'all', 'project_id': None, 'project_domain_id': None, 'roles': ['admin', 'member', 'reader'], 'is_admin_project': True, 'service_user_id': None, 'service_user_domain_id': None, 'service_project_id': None, 'service_project_domain_id': None, 'service_roles': []} {{(pid=80110) fill_context /opt/stack/keystone/keystone/server/flask/request_processing/middleware/auth_context.py:478}}
Jun 03 11:45:08.766617 dv-cinder-844572-1-iscsi devstack@keystone.service[80110]: DEBUG keystone.server.flask.request_processing.req_logging [None req-37e96a4a-03cb-4315-9dd7-afb66452ffd0 None admin] REQUEST_METHOD: `GET` {{(pid=80110) log_request_info /opt/stack/keystone/keystone/server/flask/request_processing/req_logging.py:27}}
Jun 03 11:45:08.766898 dv-cinder-844572-1-iscsi devstack@keystone.service[80110]: DEBUG keystone.server.flask.request_processing.req_logging [None req-37e96a4a-03cb-4315-9dd7-afb66452ffd0 None admin] SCRIPT_NAME: `/identity` {{(pid=80110) log_request_info /opt/stack/keystone/keystone/server/flask/request_processing/req_logging.py:28}}
Jun 03 11:45:08.767172 dv-cinder-844572-1-iscsi devstack@keystone.service[80110]: DEBUG keystone.server.flask.request_processing.req_logging [None req-37e96a4a-03cb-4315-9dd7-afb66452ffd0 None admin] PATH_INFO: `/v3/roles` {{(pid=80110) log_request_info /opt/stack/keystone/keystone/server/flask/request_processing/req_logging.py:29}}
Jun 03 11:45:08.768603 dv-cinder-844572-1-iscsi devstack@keystone.service[80110]: DEBUG keystone.common.rbac_enforcer.enforcer [None req-37e96a4a-03cb-4315-9dd7-afb66452ffd0 None admin] RBAC: Adding query filter params (name=member) {{(pid=80110) _extract_filter_values /opt/stack/keystone/keystone/common/rbac_enforcer/enforcer.py:167}}
Jun 03 11:45:08.768912 dv-cinder-844572-1-iscsi devstack@keystone.service[80110]: DEBUG keystone.common.rbac_enforcer.enforcer [None req-37e96a4a-03cb-4315-9dd7-afb66452ffd0 None admin] RBAC: Authorizing `identity:list_roles()` {{(pid=80110) enforce_call /opt/stack/keystone/keystone/common/rbac_enforcer/enforcer.py:449}}
Jun 03 11:45:08.770330 dv-cinder-844572-1-iscsi devstack@keystone.service[80110]: DEBUG keystone.common.rbac_enforcer.enforcer [None req-37e96a4a-03cb-4315-9dd7-afb66452ffd0 None admin] RBAC: Authorization granted {{(pid=80110) enforce_call /opt/stack/keystone/keystone/common/rbac_enforcer/enforcer.py:457}}
Jun 03 11:45:08.780356 dv-cinder-844572-1-iscsi devstack@keystone.service[80110]: [pid: 80110|app: 0|req: 190/384] 10.222.0.15 () {56 vars in 1101 bytes} [Fri Jun 3 11:45:08 2022] GET /identity/v3/roles?name=member => generated 341 bytes in 198 msecs (HTTP/1.1 200) 5 headers in 177 bytes (1 switches on core 0)
Jun 03 11:45:08.785654 dv-cinder-844572-1-iscsi devstack@keystone.service[80111]: DEBUG keystone.server.flask.request_processing.middleware.auth_context [None req-ec495f61-a0c0-4650-baf7-4503e34bdee1 None admin] Authenticating user token {{(pid=80111) process_request /usr/local/lib/python3.8/dist-packages/keystonemiddleware/auth_token/__init__.py:407}}
Jun 03 11:45:08.938859 dv-cinder-844572-1-iscsi devstack@keystone.service[80110]: DEBUG keystone.server.flask.request_processing.req_logging [None req-e1376004-8ca8-4922-b52b-7770e92ff6b6 None None] REQUEST_METHOD: `GET` {{(pid=80110) log_request_info /opt/stack/keystone/keystone/server/flask/request_processing/req_logging.py:27}}
Jun 03 11:45:08.939198 dv-cinder-844572-1-iscsi devstack@keystone.service[80110]: DEBUG keystone.server.flask.request_processing.req_logging [None req-e1376004-8ca8-4922-b52b-7770e92ff6b6 None None] SCRIPT_NAME: `/identity` {{(pid=80110) log_request_info /opt/stack/keystone/keystone/server/flask/request_processing/req_logging.py:28}}
Jun 03 11:45:08.939420 dv-cinder-844572-1-iscsi devstack@keystone.service[80110]: DEBUG keystone.server.flask.request_processing.req_logging [None req-e1376004-8ca8-4922-b52b-7770e92ff6b6 None None] PATH_INFO: `/` {{(pid=80110) log_request_info /opt/stack/keystone/keystone/server/flask/request_processing/req_logging.py:29}}
Jun 03 11:45:08.942710 dv-cinder-844572-1-iscsi devstack@keystone.service[80111]: DEBUG keystone.server.flask.request_processing.middleware.auth_context [None req-ec495f61-a0c0-4650-baf7-4503e34bdee1 None admin] Validating token access rules against request {{(pid=80111) validate_allowed_request /usr/local/lib/python3.8/dist-packages/keystonemiddleware/auth_token/__init__.py:545}}
Jun 03 11:45:08.945124 dv-cinder-844572-1-iscsi devstack@keystone.service[80110]: [pid: 80110|app: 0|req: 191/385] 10.222.0.15 () {54 vars in 926 bytes} [Fri Jun 3 11:45:08 2022] GET /identity => generated 270 bytes in 7 msecs (HTTP/1.1 300) 6 headers in 234 bytes (1 switches on core 0)
Jun 03 11:45:08.949923 dv-cinder-844572-1-iscsi devstack@keystone.service[80110]: DEBUG keystone.server.flask.request_processing.req_logging [None req-7dbe1a8a-3f1f-4b6e-bae3-b601cab4805c None None] REQUEST_METHOD: `POST` {{(pid=80110) log_request_info /opt/stack/keystone/keystone/server/flask/request_processing/req_logging.py:27}}
Jun 03 11:45:08.950211 dv-cinder-844572-1-iscsi devstack@keystone.service[80110]: DEBUG keystone.server.flask.request_processing.req_logging [None req-7dbe1a8a-3f1f-4b6e-bae3-b601cab4805c None None] SCRIPT_NAME: `/identity` {{(pid=80110) log_request_info /opt/stack/keystone/keystone/server/flask/request_processing/req_logging.py:28}}
Jun 03 11:45:08.950486 dv-cinder-844572-1-iscsi devstack@keystone.service[80110]: DEBUG keystone.server.flask.request_processing.req_logging [None req-7dbe1a8a-3f1f-4b6e-bae3-b601cab4805c None None] PATH_INFO: `/v3/auth/tokens` {{(pid=80110) log_request_info /opt/stack/keystone/keystone/server/flask/request_processing/req_logging.py:29}}
Jun 03 11:45:08.979128 dv-cinder-844572-1-iscsi devstack@keystone.service[80111]: DEBUG keystone.server.flask.request_processing.middleware.auth_context [None req-8ba93a07-e2eb-49b6-a69c-15c27829370a None admin] RBAC: auth_context: {'token': , 'domain_id': None, 'trust_id': None, 'trustor_id': None, 'trustee_id': None, 'domain_name': None, 'group_ids': [], 'user_id': '0616a4eb01db4ae8ac6d10f710fd1630', 'user_domain_id': 'default', 'system_scope': 'all', 'project_id': None, 'project_domain_id': None, 'roles': ['admin', 'member', 'reader'], 'is_admin_project': True, 'service_user_id': None, 'service_user_domain_id': None, 'service_project_id': None, 'service_project_domain_id': None, 'service_roles': []} {{(pid=80111) fill_context /opt/stack/keystone/keystone/server/flask/request_processing/middleware/auth_context.py:478}}
Jun 03 11:45:08.980392 dv-cinder-844572-1-iscsi devstack@keystone.service[80111]: DEBUG keystone.server.flask.request_processing.req_logging [None req-8ba93a07-e2eb-49b6-a69c-15c27829370a None admin] REQUEST_METHOD: `GET` {{(pid=80111) log_request_info /opt/stack/keystone/keystone/server/flask/request_processing/req_logging.py:27}}
Jun 03 11:45:08.980900 dv-cinder-844572-1-iscsi devstack@keystone.service[80111]: DEBUG keystone.server.flask.request_processing.req_logging [None req-8ba93a07-e2eb-49b6-a69c-15c27829370a None admin] SCRIPT_NAME: `/identity` {{(pid=80111) log_request_info /opt/stack/keystone/keystone/server/flask/request_processing/req_logging.py:28}}
Jun 03 11:45:08.981376 dv-cinder-844572-1-iscsi devstack@keystone.service[80111]: DEBUG keystone.server.flask.request_processing.req_logging [None req-8ba93a07-e2eb-49b6-a69c-15c27829370a None admin] PATH_INFO: `/v3/groups/b4219b09bb644bd88819e4cb2f7e6f93` {{(pid=80111) log_request_info /opt/stack/keystone/keystone/server/flask/request_processing/req_logging.py:29}}
Jun 03 11:45:08.982970 dv-cinder-844572-1-iscsi devstack@keystone.service[80111]: DEBUG keystone.common.rbac_enforcer.enforcer [None req-8ba93a07-e2eb-49b6-a69c-15c27829370a None admin] RBAC: Authorizing `identity:get_group(group_id=b4219b09bb644bd88819e4cb2f7e6f93)` {{(pid=80111) enforce_call /opt/stack/keystone/keystone/common/rbac_enforcer/enforcer.py:449}}
Jun 03 11:45:08.984737 dv-cinder-844572-1-iscsi devstack@keystone.service[80111]: DEBUG keystone.common.rbac_enforcer.enforcer [None req-8ba93a07-e2eb-49b6-a69c-15c27829370a None admin] RBAC: Authorization granted {{(pid=80111) enforce_call /opt/stack/keystone/keystone/common/rbac_enforcer/enforcer.py:457}}
Jun 03 11:45:08.988098 dv-cinder-844572-1-iscsi devstack@keystone.service[80111]: [pid: 80111|app: 0|req: 195/386] 10.222.0.15 () {56 vars in 1180 bytes} [Fri Jun 3 11:45:08 2022] GET /identity/v3/groups/b4219b09bb644bd88819e4cb2f7e6f93 => generated 226 bytes in 203 msecs (HTTP/1.1 200) 5 headers in 177 bytes (1 switches on core 0)
Jun 03 11:45:08.992730 dv-cinder-844572-1-iscsi devstack@keystone.service[80110]: DEBUG keystone.auth.core [None req-7dbe1a8a-3f1f-4b6e-bae3-b601cab4805c None None] MFA Rules not processed for user `0616a4eb01db4ae8ac6d10f710fd1630`. Rule list: `[]` (Enabled: `True`). {{(pid=80110) check_auth_methods_against_rules /opt/stack/keystone/keystone/auth/core.py:438}}
Jun 03 11:45:08.993979 dv-cinder-844572-1-iscsi devstack@keystone.service[80111]: DEBUG keystone.server.flask.request_processing.middleware.auth_context [None req-8ba93a07-e2eb-49b6-a69c-15c27829370a None admin] Authenticating user token {{(pid=80111) process_request /usr/local/lib/python3.8/dist-packages/keystonemiddleware/auth_token/__init__.py:407}}
Jun 03 11:45:08.996127 dv-cinder-844572-1-iscsi devstack@keystone.service[80110]: DEBUG keystone.common.fernet_utils [None req-7dbe1a8a-3f1f-4b6e-bae3-b601cab4805c None None] Loaded 2 Fernet keys from /etc/keystone/fernet-keys/, but `[fernet_tokens] max_active_keys = 3`; perhaps there have not been enough key rotations to reach `max_active_keys` yet? {{(pid=80110) load_keys /opt/stack/keystone/keystone/common/fernet_utils.py:286}}
Jun 03 11:45:09.079861 dv-cinder-844572-1-iscsi devstack@keystone.service[80111]: DEBUG dbcounter [-] [80111] Writing DB stats keystone:SELECT=100 {{(pid=80111) stat_writer /usr/local/lib/python3.8/dist-packages/dbcounter.py:114}}
Jun 03 11:45:09.086784 dv-cinder-844572-1-iscsi devstack@keystone.service[80110]: [pid: 80110|app: 0|req: 192/387] 10.222.0.15 () {58 vars in 1023 bytes} [Fri Jun 3 11:45:08 2022] POST /identity/v3/auth/tokens => generated 799 bytes in 137 msecs (HTTP/1.1 201) 6 headers in 363 bytes (1 switches on core 0)
Jun 03 11:45:09.116972 dv-cinder-844572-1-iscsi devstack@keystone.service[80110]: DEBUG keystone.server.flask.request_processing.middleware.auth_context [None req-7dbe1a8a-3f1f-4b6e-bae3-b601cab4805c None None] Authenticating user token {{(pid=80110) process_request /usr/local/lib/python3.8/dist-packages/keystonemiddleware/auth_token/__init__.py:407}}
Jun 03 11:45:09.132144 dv-cinder-844572-1-iscsi devstack@keystone.service[80111]: DEBUG keystone.server.flask.request_processing.middleware.auth_context [None req-8ba93a07-e2eb-49b6-a69c-15c27829370a None admin] Validating token access rules against request {{(pid=80111) validate_allowed_request /usr/local/lib/python3.8/dist-packages/keystonemiddleware/auth_token/__init__.py:545}}
Jun 03 11:45:09.170482 dv-cinder-844572-1-iscsi devstack@keystone.service[80111]: DEBUG keystone.server.flask.request_processing.middleware.auth_context [None req-6e106469-db4c-47b1-a297-4b9eac324c0a None admin] RBAC: auth_context: {'token': , 'domain_id': None, 'trust_id': None, 'trustor_id': None, 'trustee_id': None, 'domain_name': None, 'group_ids': [], 'user_id': '0616a4eb01db4ae8ac6d10f710fd1630', 'user_domain_id': 'default', 'system_scope': 'all', 'project_id': None, 'project_domain_id': None, 'roles': ['admin', 'member', 'reader'], 'is_admin_project': True, 'service_user_id': None, 'service_user_domain_id': None, 'service_project_id': None, 'service_project_domain_id': None, 'service_roles': []} {{(pid=80111) fill_context /opt/stack/keystone/keystone/server/flask/request_processing/middleware/auth_context.py:478}}
Jun 03 11:45:09.171354 dv-cinder-844572-1-iscsi devstack@keystone.service[80111]: DEBUG keystone.server.flask.request_processing.req_logging [None req-6e106469-db4c-47b1-a297-4b9eac324c0a None admin] REQUEST_METHOD: `GET` {{(pid=80111) log_request_info /opt/stack/keystone/keystone/server/flask/request_processing/req_logging.py:27}}
Jun 03 11:45:09.171674 dv-cinder-844572-1-iscsi devstack@keystone.service[80111]: DEBUG keystone.server.flask.request_processing.req_logging [None req-6e106469-db4c-47b1-a297-4b9eac324c0a None admin] SCRIPT_NAME: `/identity` {{(pid=80111) log_request_info /opt/stack/keystone/keystone/server/flask/request_processing/req_logging.py:28}}
Jun 03 11:45:09.171959 dv-cinder-844572-1-iscsi devstack@keystone.service[80111]: DEBUG keystone.server.flask.request_processing.req_logging [None req-6e106469-db4c-47b1-a297-4b9eac324c0a None admin] PATH_INFO: `/v3/projects/437ab37ab6104629b1199c45fdd0b804` {{(pid=80111) log_request_info /opt/stack/keystone/keystone/server/flask/request_processing/req_logging.py:29}}
Jun 03 11:45:09.173707 dv-cinder-844572-1-iscsi devstack@keystone.service[80111]: DEBUG keystone.common.rbac_enforcer.enforcer [None req-6e106469-db4c-47b1-a297-4b9eac324c0a None admin] RBAC: Authorizing `identity:get_project(project_id=437ab37ab6104629b1199c45fdd0b804)` {{(pid=80111) enforce_call /opt/stack/keystone/keystone/common/rbac_enforcer/enforcer.py:449}}
Jun 03 11:45:09.175817 dv-cinder-844572-1-iscsi devstack@keystone.service[80111]: DEBUG keystone.common.rbac_enforcer.enforcer [None req-6e106469-db4c-47b1-a297-4b9eac324c0a None admin] RBAC: Authorization granted {{(pid=80111) enforce_call /opt/stack/keystone/keystone/common/rbac_enforcer/enforcer.py:457}}
Jun 03 11:45:09.177868 dv-cinder-844572-1-iscsi devstack@keystone.service[80111]: [pid: 80111|app: 0|req: 196/388] 10.222.0.15 () {56 vars in 1186 bytes} [Fri Jun 3 11:45:08 2022] GET /identity/v3/projects/437ab37ab6104629b1199c45fdd0b804 => generated 298 bytes in 184 msecs (HTTP/1.1 200) 5 headers in 177 bytes (1 switches on core 0)
Jun 03 11:45:09.183336 dv-cinder-844572-1-iscsi devstack@keystone.service[80111]: DEBUG keystone.server.flask.request_processing.middleware.auth_context [None req-6e106469-db4c-47b1-a297-4b9eac324c0a None admin] Authenticating user token {{(pid=80111) process_request /usr/local/lib/python3.8/dist-packages/keystonemiddleware/auth_token/__init__.py:407}}
Jun 03 11:45:09.185311 dv-cinder-844572-1-iscsi devstack@keystone.service[80110]: DEBUG dbcounter [-] [80110] Writing DB stats keystone:SELECT=100 {{(pid=80110) stat_writer /usr/local/lib/python3.8/dist-packages/dbcounter.py:114}}
Jun 03 11:45:09.354633 dv-cinder-844572-1-iscsi devstack@keystone.service[80111]: DEBUG keystone.server.flask.request_processing.middleware.auth_context [None req-6e106469-db4c-47b1-a297-4b9eac324c0a None admin] Validating token access rules against request {{(pid=80111) validate_allowed_request /usr/local/lib/python3.8/dist-packages/keystonemiddleware/auth_token/__init__.py:545}}
Jun 03 11:45:09.361098 dv-cinder-844572-1-iscsi devstack@keystone.service[80110]: DEBUG keystone.server.flask.request_processing.middleware.auth_context [None req-7dbe1a8a-3f1f-4b6e-bae3-b601cab4805c None None] Validating token access rules against request {{(pid=80110) validate_allowed_request /usr/local/lib/python3.8/dist-packages/keystonemiddleware/auth_token/__init__.py:545}}
Jun 03 11:45:09.371835 dv-cinder-844572-1-iscsi devstack@keystone.service[80111]: DEBUG dbcounter [-] [80111] Writing DB stats keystone:SELECT=100 {{(pid=80111) stat_writer /usr/local/lib/python3.8/dist-packages/dbcounter.py:114}}
Jun 03 11:45:09.428599 dv-cinder-844572-1-iscsi devstack@keystone.service[80111]: DEBUG keystone.server.flask.request_processing.middleware.auth_context [None req-90f9fd94-7fe1-4b51-8fbf-bb173254a9d4 None admin] RBAC: auth_context: {'token': , 'domain_id': None, 'trust_id': None, 'trustor_id': None, 'trustee_id': None, 'domain_name': None, 'group_ids': [], 'user_id': '0616a4eb01db4ae8ac6d10f710fd1630', 'user_domain_id': 'default', 'system_scope': 'all', 'project_id': None, 'project_domain_id': None, 'roles': ['admin', 'member', 'reader'], 'is_admin_project': True, 'service_user_id': None, 'service_user_domain_id': None, 'service_project_id': None, 'service_project_domain_id': None, 'service_roles': []} {{(pid=80111) fill_context /opt/stack/keystone/keystone/server/flask/request_processing/middleware/auth_context.py:478}}
Jun 03 11:45:09.429990 dv-cinder-844572-1-iscsi devstack@keystone.service[80111]: DEBUG keystone.server.flask.request_processing.req_logging [None req-90f9fd94-7fe1-4b51-8fbf-bb173254a9d4 None admin] REQUEST_METHOD: `PUT` {{(pid=80111) log_request_info /opt/stack/keystone/keystone/server/flask/request_processing/req_logging.py:27}}
Jun 03 11:45:09.430275 dv-cinder-844572-1-iscsi devstack@keystone.service[80111]: DEBUG keystone.server.flask.request_processing.req_logging [None req-90f9fd94-7fe1-4b51-8fbf-bb173254a9d4 None admin] SCRIPT_NAME: `/identity` {{(pid=80111) log_request_info /opt/stack/keystone/keystone/server/flask/request_processing/req_logging.py:28}}
Jun 03 11:45:09.430555 dv-cinder-844572-1-iscsi devstack@keystone.service[80111]: DEBUG keystone.server.flask.request_processing.req_logging [None req-90f9fd94-7fe1-4b51-8fbf-bb173254a9d4 None admin] PATH_INFO: `/v3/projects/437ab37ab6104629b1199c45fdd0b804/groups/b4219b09bb644bd88819e4cb2f7e6f93/roles/781e2d573ee94afaae05b3cc0bba8768` {{(pid=80111) log_request_info /opt/stack/keystone/keystone/server/flask/request_processing/req_logging.py:29}}
Jun 03 11:45:09.434242 dv-cinder-844572-1-iscsi devstack@keystone.service[80111]: DEBUG keystone.common.rbac_enforcer.enforcer [None req-90f9fd94-7fe1-4b51-8fbf-bb173254a9d4 None admin] RBAC: Authorizing `identity:create_grant(project_id=437ab37ab6104629b1199c45fdd0b804, group_id=b4219b09bb644bd88819e4cb2f7e6f93, role_id=781e2d573ee94afaae05b3cc0bba8768)` {{(pid=80111) enforce_call /opt/stack/keystone/keystone/common/rbac_enforcer/enforcer.py:449}}
Jun 03 11:45:09.435714 dv-cinder-844572-1-iscsi devstack@keystone.service[80111]: DEBUG keystone.common.rbac_enforcer.enforcer [None req-90f9fd94-7fe1-4b51-8fbf-bb173254a9d4 None admin] RBAC: Authorization granted {{(pid=80111) enforce_call /opt/stack/keystone/keystone/common/rbac_enforcer/enforcer.py:457}}
Jun 03 11:45:09.438506 dv-cinder-844572-1-iscsi devstack@keystone.service[80110]: DEBUG keystone.server.flask.request_processing.middleware.auth_context [None req-36e0f0ba-c034-485f-a5be-0c39bb162981 None admin] RBAC: auth_context: {'token': , 'domain_id': None, 'trust_id': None, 'trustor_id': None, 'trustee_id': None, 'domain_name': None, 'group_ids': [], 'user_id': '0616a4eb01db4ae8ac6d10f710fd1630', 'user_domain_id': 'default', 'system_scope': 'all', 'project_id': None, 'project_domain_id': None, 'roles': ['admin', 'member', 'reader'], 'is_admin_project': True, 'service_user_id': None, 'service_user_domain_id': None, 'service_project_id': None, 'service_project_domain_id': None, 'service_roles': []} {{(pid=80110) fill_context /opt/stack/keystone/keystone/server/flask/request_processing/middleware/auth_context.py:478}}
Jun 03 11:45:09.439312 dv-cinder-844572-1-iscsi devstack@keystone.service[80110]: DEBUG keystone.server.flask.request_processing.req_logging [None req-36e0f0ba-c034-485f-a5be-0c39bb162981 None admin] REQUEST_METHOD: `GET` {{(pid=80110) log_request_info /opt/stack/keystone/keystone/server/flask/request_processing/req_logging.py:27}}
Jun 03 11:45:09.439659 dv-cinder-844572-1-iscsi devstack@keystone.service[80110]: DEBUG keystone.server.flask.request_processing.req_logging [None req-36e0f0ba-c034-485f-a5be-0c39bb162981 None admin] SCRIPT_NAME: `/identity` {{(pid=80110) log_request_info /opt/stack/keystone/keystone/server/flask/request_processing/req_logging.py:28}}
Jun 03 11:45:09.439919 dv-cinder-844572-1-iscsi devstack@keystone.service[80110]: DEBUG keystone.server.flask.request_processing.req_logging [None req-36e0f0ba-c034-485f-a5be-0c39bb162981 None admin] PATH_INFO: `/v3/roles/anotherrole` {{(pid=80110) log_request_info /opt/stack/keystone/keystone/server/flask/request_processing/req_logging.py:29}}
Jun 03 11:45:09.453017 dv-cinder-844572-1-iscsi devstack@keystone.service[80110]: DEBUG keystone.common.rbac_enforcer.enforcer [None req-36e0f0ba-c034-485f-a5be-0c39bb162981 None admin] Extracting inferred target data resulted in "NOT FOUND (404)". {{(pid=80110) enforce_call /opt/stack/keystone/keystone/common/rbac_enforcer/enforcer.py:409}}
Jun 03 11:45:09.463650 dv-cinder-844572-1-iscsi devstack@keystone.service[80111]: [pid: 80111|app: 0|req: 197/389] 10.222.0.15 () {58 vars in 1442 bytes} [Fri Jun 3 11:45:09 2022] PUT /identity/v3/projects/437ab37ab6104629b1199c45fdd0b804/groups/b4219b09bb644bd88819e4cb2f7e6f93/roles/781e2d573ee94afaae05b3cc0bba8768 => generated 0 bytes in 281 msecs (HTTP/1.1 204) 3 headers in 132 bytes (0 switches on core 0)
