Jun 03 11:58:38.228974 dv-cinder-844572-1-iscsi devstack@c-api.service[110522]: INFO cinder.api.openstack.wsgi [None req-faf54dce-e500-4cc4-8097-88714475739f tempest-VolumeQuotasNegativeTestJSON-1918580751 tempest-VolumeQuotasNegativeTestJSON-1918580751-project] GET http://10.222.0.15/volume/v3/8af67916348c49ec9bb1b61a26e07849/volumes/74f1434a-87ac-4746-a191-d8c6aeef779a
Jun 03 11:58:38.230053 dv-cinder-844572-1-iscsi devstack@c-api.service[110522]: DEBUG cinder.api.openstack.wsgi [None req-faf54dce-e500-4cc4-8097-88714475739f tempest-VolumeQuotasNegativeTestJSON-1918580751 tempest-VolumeQuotasNegativeTestJSON-1918580751-project] Empty body provided in request {{(pid=110522) get_body /opt/stack/cinder/cinder/api/openstack/wsgi.py:715}}
Jun 03 11:58:38.230722 dv-cinder-844572-1-iscsi devstack@c-api.service[110522]: DEBUG cinder.api.openstack.wsgi [None req-faf54dce-e500-4cc4-8097-88714475739f tempest-VolumeQuotasNegativeTestJSON-1918580751 tempest-VolumeQuotasNegativeTestJSON-1918580751-project] Calling method 'show' {{(pid=110522) _process_stack /opt/stack/cinder/cinder/api/openstack/wsgi.py:868}}
Jun 03 11:58:38.234371 dv-cinder-844572-1-iscsi devstack@c-api.service[110522]: DEBUG dbcounter [-] [110522] Writing DB stats cinder:SELECT=96,cinder:UPDATE=4 {{(pid=110522) stat_writer /usr/local/lib/python3.8/dist-packages/dbcounter.py:114}}
Jun 03 11:58:38.275381 dv-cinder-844572-1-iscsi devstack@c-api.service[110523]: INFO cinder.api.openstack.wsgi [None req-48cc52cd-8315-462f-bc54-c16c8e0d20ef tempest-BackendsCapabilitiesAdminTestsJSON-1736542993 tempest-BackendsCapabilitiesAdminTestsJSON-1736542993-project-admin] http://10.222.0.15/volume/v3/07723184e8584c47b993ec713096f107/scheduler-stats/get_pools?detail=True returned with HTTP 200
Jun 03 11:58:38.276183 dv-cinder-844572-1-iscsi devstack@c-api.service[110523]: [pid: 110523|app: 0|req: 37/66] 10.222.0.15 () {58 vars in 1290 bytes} [Fri Jun 3 11:58:38 2022] GET /volume/v3/07723184e8584c47b993ec713096f107/scheduler-stats/get_pools?detail=True => generated 481 bytes in 100 msecs (HTTP/1.1 200) 7 headers in 285 bytes (2 switches on core 0)
Jun 03 11:58:38.280020 dv-cinder-844572-1-iscsi devstack@c-api.service[110522]: /usr/local/lib/python3.8/dist-packages/oslo_context/context.py:100: DeprecationWarning: Policy enforcement is depending on the value of is_admin. This key is deprecated. Please update your policy file to use the standard policy values.
Jun 03 11:58:38.280020 dv-cinder-844572-1-iscsi devstack@c-api.service[110522]: warnings.warn('Policy enforcement is depending on the value of '
Jun 03 11:58:38.283224 dv-cinder-844572-1-iscsi devstack@c-api.service[110523]: DEBUG cinder.api.middleware.request_id [None req-9c9edb9c-6da9-4b85-9659-c55810199ff4 None None] RequestId filter calling following filter/app {{(pid=110523) _context_setter /opt/stack/cinder/cinder/api/middleware/request_id.py:62}}
Jun 03 11:58:38.288738 dv-cinder-844572-1-iscsi devstack@c-api.service[110523]: INFO cinder.api.openstack.wsgi [None req-9c9edb9c-6da9-4b85-9659-c55810199ff4 tempest-BackendsCapabilitiesAdminTestsJSON-1736542993 tempest-BackendsCapabilitiesAdminTestsJSON-1736542993-project-admin] GET http://10.222.0.15/volume/v3/07723184e8584c47b993ec713096f107/capabilities/hv-cinder-84457@wincnd
Jun 03 11:58:38.289194 dv-cinder-844572-1-iscsi devstack@c-api.service[110523]: DEBUG cinder.api.openstack.wsgi [None req-9c9edb9c-6da9-4b85-9659-c55810199ff4 tempest-BackendsCapabilitiesAdminTestsJSON-1736542993 tempest-BackendsCapabilitiesAdminTestsJSON-1736542993-project-admin] Empty body provided in request {{(pid=110523) get_body /opt/stack/cinder/cinder/api/openstack/wsgi.py:715}}
Jun 03 11:58:38.289648 dv-cinder-844572-1-iscsi devstack@c-api.service[110523]: DEBUG cinder.api.openstack.wsgi [None req-9c9edb9c-6da9-4b85-9659-c55810199ff4 tempest-BackendsCapabilitiesAdminTestsJSON-1736542993 tempest-BackendsCapabilitiesAdminTestsJSON-1736542993-project-admin] Calling method 'show' {{(pid=110523) _process_stack /opt/stack/cinder/cinder/api/openstack/wsgi.py:868}}
Jun 03 11:58:38.308972 dv-cinder-844572-1-iscsi devstack@c-api.service[110522]: INFO cinder.volume.api [None req-faf54dce-e500-4cc4-8097-88714475739f tempest-VolumeQuotasNegativeTestJSON-1918580751 tempest-VolumeQuotasNegativeTestJSON-1918580751-project] Volume info retrieved successfully.
Jun 03 11:58:38.339732 dv-cinder-844572-1-iscsi devstack@c-api.service[110522]: INFO cinder.api.openstack.wsgi [None req-faf54dce-e500-4cc4-8097-88714475739f tempest-VolumeQuotasNegativeTestJSON-1918580751 tempest-VolumeQuotasNegativeTestJSON-1918580751-project] http://10.222.0.15/volume/v3/8af67916348c49ec9bb1b61a26e07849/volumes/74f1434a-87ac-4746-a191-d8c6aeef779a returned with HTTP 200
Jun 03 11:58:38.350938 dv-cinder-844572-1-iscsi devstack@c-api.service[110522]: [pid: 110522|app: 0|req: 30/67] 10.222.0.15 () {58 vars in 1324 bytes} [Fri Jun 3 11:58:38 2022] GET /volume/v3/8af67916348c49ec9bb1b61a26e07849/volumes/74f1434a-87ac-4746-a191-d8c6aeef779a => generated 920 bytes in 129 msecs (HTTP/1.1 200) 7 headers in 285 bytes (2 switches on core 0)
Jun 03 11:58:38.571672 dv-cinder-844572-1-iscsi devstack@c-api.service[110523]: INFO cinder.api.openstack.wsgi [None req-9c9edb9c-6da9-4b85-9659-c55810199ff4 tempest-BackendsCapabilitiesAdminTestsJSON-1736542993 tempest-BackendsCapabilitiesAdminTestsJSON-1736542993-project-admin] http://10.222.0.15/volume/v3/07723184e8584c47b993ec713096f107/capabilities/hv-cinder-84457@wincnd returned with HTTP 200
Jun 03 11:58:38.578930 dv-cinder-844572-1-iscsi devstack@c-api.service[110523]: [pid: 110523|app: 0|req: 38/68] 10.222.0.15 () {58 vars in 1297 bytes} [Fri Jun 3 11:58:38 2022] GET /volume/v3/07723184e8584c47b993ec713096f107/capabilities/hv-cinder-84457@wincnd => generated 715 bytes in 291 msecs (HTTP/1.1 200) 7 headers in 285 bytes (2 switches on core 0)
Jun 03 11:58:38.583016 dv-cinder-844572-1-iscsi devstack@c-api.service[110522]: DEBUG cinder.api.middleware.request_id [None req-d2242cb7-9ca8-460c-ad08-e8b35c8653d3 None None] RequestId filter calling following filter/app {{(pid=110522) _context_setter /opt/stack/cinder/cinder/api/middleware/request_id.py:62}}
Jun 03 11:58:38.597267 dv-cinder-844572-1-iscsi devstack@c-api.service[110522]: INFO cinder.api.openstack.wsgi [None req-d2242cb7-9ca8-460c-ad08-e8b35c8653d3 tempest-BackendsCapabilitiesAdminTestsJSON-1736542993 tempest-BackendsCapabilitiesAdminTestsJSON-1736542993-project-admin] GET http://10.222.0.15/volume/v3/07723184e8584c47b993ec713096f107/capabilities/hv-cinder-84457@wincnd
Jun 03 11:58:38.601114 dv-cinder-844572-1-iscsi devstack@c-api.service[110522]: DEBUG cinder.api.openstack.wsgi [None req-d2242cb7-9ca8-460c-ad08-e8b35c8653d3 tempest-BackendsCapabilitiesAdminTestsJSON-1736542993 tempest-BackendsCapabilitiesAdminTestsJSON-1736542993-project-admin] Empty body provided in request {{(pid=110522) get_body /opt/stack/cinder/cinder/api/openstack/wsgi.py:715}}
Jun 03 11:58:38.601841 dv-cinder-844572-1-iscsi devstack@c-api.service[110522]: DEBUG cinder.api.openstack.wsgi [None req-d2242cb7-9ca8-460c-ad08-e8b35c8653d3 tempest-BackendsCapabilitiesAdminTestsJSON-1736542993 tempest-BackendsCapabilitiesAdminTestsJSON-1736542993-project-admin] Calling method 'show' {{(pid=110522) _process_stack /opt/stack/cinder/cinder/api/openstack/wsgi.py:868}}
Jun 03 11:58:38.627661 dv-cinder-844572-1-iscsi devstack@c-api.service[110523]: DEBUG cinder.api.middleware.request_id [req-5db67edd-a466-43c8-9d4e-2017ac5cec08 req-4a889d6b-9146-45f5-bcf6-93c9db86e306 None None] RequestId filter calling following filter/app {{(pid=110523) _context_setter /opt/stack/cinder/cinder/api/middleware/request_id.py:62}}
Jun 03 11:58:38.634966 dv-cinder-844572-1-iscsi devstack@c-api.service[110523]: INFO cinder.api.openstack.wsgi [req-5db67edd-a466-43c8-9d4e-2017ac5cec08 req-4a889d6b-9146-45f5-bcf6-93c9db86e306 tempest-VolumesSnapshotsTestJSON-478551255 tempest-VolumesSnapshotsTestJSON-478551255-project] GET http://10.222.0.15/volume/v3/2c931d0d666d47c8a1c7bd1b3d83aec0/snapshots/426b0020-73ba-4c34-a83d-6d62be622d29
Jun 03 11:58:38.635874 dv-cinder-844572-1-iscsi devstack@c-api.service[110523]: DEBUG cinder.api.openstack.wsgi [req-5db67edd-a466-43c8-9d4e-2017ac5cec08 req-4a889d6b-9146-45f5-bcf6-93c9db86e306 tempest-VolumesSnapshotsTestJSON-478551255 tempest-VolumesSnapshotsTestJSON-478551255-project] Empty body provided in request {{(pid=110523) get_body /opt/stack/cinder/cinder/api/openstack/wsgi.py:715}}
Jun 03 11:58:38.637115 dv-cinder-844572-1-iscsi devstack@c-api.service[110523]: DEBUG cinder.api.openstack.wsgi [req-5db67edd-a466-43c8-9d4e-2017ac5cec08 req-4a889d6b-9146-45f5-bcf6-93c9db86e306 tempest-VolumesSnapshotsTestJSON-478551255 tempest-VolumesSnapshotsTestJSON-478551255-project] Calling method 'show' {{(pid=110523) _process_stack /opt/stack/cinder/cinder/api/openstack/wsgi.py:868}}
Jun 03 11:58:38.661828 dv-cinder-844572-1-iscsi devstack@c-api.service[110523]: /usr/local/lib/python3.8/dist-packages/oslo_context/context.py:100: DeprecationWarning: Policy enforcement is depending on the value of is_admin. This key is deprecated. Please update your policy file to use the standard policy values.
Jun 03 11:58:38.661828 dv-cinder-844572-1-iscsi devstack@c-api.service[110523]: warnings.warn('Policy enforcement is depending on the value of '
Jun 03 11:58:38.662916 dv-cinder-844572-1-iscsi devstack@c-api.service[110523]: INFO cinder.volume.api [req-5db67edd-a466-43c8-9d4e-2017ac5cec08 req-4a889d6b-9146-45f5-bcf6-93c9db86e306 tempest-VolumesSnapshotsTestJSON-478551255 tempest-VolumesSnapshotsTestJSON-478551255-project] Snapshot retrieved successfully.
Jun 03 11:58:38.666890 dv-cinder-844572-1-iscsi devstack@c-api.service[110523]: INFO cinder.api.openstack.wsgi [req-5db67edd-a466-43c8-9d4e-2017ac5cec08 req-4a889d6b-9146-45f5-bcf6-93c9db86e306 tempest-VolumesSnapshotsTestJSON-478551255 tempest-VolumesSnapshotsTestJSON-478551255-project] http://10.222.0.15/volume/v3/2c931d0d666d47c8a1c7bd1b3d83aec0/snapshots/426b0020-73ba-4c34-a83d-6d62be622d29 returned with HTTP 200
Jun 03 11:58:38.673747 dv-cinder-844572-1-iscsi devstack@c-api.service[110522]: INFO cinder.api.openstack.wsgi [None req-d2242cb7-9ca8-460c-ad08-e8b35c8653d3 tempest-BackendsCapabilitiesAdminTestsJSON-1736542993 tempest-BackendsCapabilitiesAdminTestsJSON-1736542993-project-admin] http://10.222.0.15/volume/v3/07723184e8584c47b993ec713096f107/capabilities/hv-cinder-84457@wincnd returned with HTTP 200
Jun 03 11:58:38.673870 dv-cinder-844572-1-iscsi devstack@c-api.service[110523]: [pid: 110523|app: 0|req: 39/69] 10.222.0.15 () {60 vars in 1584 bytes} [Fri Jun 3 11:58:38 2022] GET /volume/v3/2c931d0d666d47c8a1c7bd1b3d83aec0/snapshots/426b0020-73ba-4c34-a83d-6d62be622d29 => generated 443 bytes in 47 msecs (HTTP/1.1 200) 7 headers in 285 bytes (1 switches on core 0)
Jun 03 11:58:38.680893 dv-cinder-844572-1-iscsi devstack@c-api.service[110522]: [pid: 110522|app: 0|req: 31/70] 10.222.0.15 () {58 vars in 1297 bytes} [Fri Jun 3 11:58:38 2022] GET /volume/v3/07723184e8584c47b993ec713096f107/capabilities/hv-cinder-84457@wincnd => generated 715 bytes in 94 msecs (HTTP/1.1 200) 7 headers in 285 bytes (1 switches on core 0)
Jun 03 11:58:38.734135 dv-cinder-844572-1-iscsi devstack@c-api.service[110523]: DEBUG cinder.api.middleware.request_id [None req-780d6a05-e147-4545-8fd2-6b0fd1cd5d3b None None] RequestId filter calling following filter/app {{(pid=110523) _context_setter /opt/stack/cinder/cinder/api/middleware/request_id.py:62}}
Jun 03 11:58:38.737682 dv-cinder-844572-1-iscsi devstack@c-api.service[110523]: INFO cinder.api.openstack.wsgi [None req-780d6a05-e147-4545-8fd2-6b0fd1cd5d3b tempest-GroupsTest-721820357 tempest-GroupsTest-721820357-project] GET http://10.222.0.15/volume/v3/8b87f5539aa64ca4bfdaa22476c23704/volumes/d800722c-376f-47a2-9b10-1512e1471320
Jun 03 11:58:38.738290 dv-cinder-844572-1-iscsi devstack@c-api.service[110523]: DEBUG cinder.api.openstack.wsgi [None req-780d6a05-e147-4545-8fd2-6b0fd1cd5d3b tempest-GroupsTest-721820357 tempest-GroupsTest-721820357-project] Empty body provided in request {{(pid=110523) get_body /opt/stack/cinder/cinder/api/openstack/wsgi.py:715}}
Jun 03 11:58:38.738641 dv-cinder-844572-1-iscsi devstack@c-api.service[110523]: DEBUG cinder.api.openstack.wsgi [None req-780d6a05-e147-4545-8fd2-6b0fd1cd5d3b tempest-GroupsTest-721820357 tempest-GroupsTest-721820357-project] Calling method 'show' {{(pid=110523) _process_stack /opt/stack/cinder/cinder/api/openstack/wsgi.py:868}}
Jun 03 11:58:38.756049 dv-cinder-844572-1-iscsi devstack@c-api.service[110523]: /usr/local/lib/python3.8/dist-packages/oslo_context/context.py:100: DeprecationWarning: Policy enforcement is depending on the value of is_admin. This key is deprecated. Please update your policy file to use the standard policy values.
Jun 03 11:58:38.756049 dv-cinder-844572-1-iscsi devstack@c-api.service[110523]: warnings.warn('Policy enforcement is depending on the value of '
Jun 03 11:58:38.777795 dv-cinder-844572-1-iscsi devstack@c-api.service[110523]: INFO cinder.volume.api [None req-780d6a05-e147-4545-8fd2-6b0fd1cd5d3b tempest-GroupsTest-721820357 tempest-GroupsTest-721820357-project] Volume info retrieved successfully.
Jun 03 11:58:38.779251 dv-cinder-844572-1-iscsi devstack@c-api.service[110523]: WARNING stevedore.named [None req-780d6a05-e147-4545-8fd2-6b0fd1cd5d3b tempest-GroupsTest-721820357 tempest-GroupsTest-721820357-project] Could not load cinder.keymgr.conf_key_mgr.ConfKeyManager
Jun 03 11:58:38.779668 dv-cinder-844572-1-iscsi devstack@c-api.service[110523]: WARNING castellan.key_manager [None req-780d6a05-e147-4545-8fd2-6b0fd1cd5d3b tempest-GroupsTest-721820357 tempest-GroupsTest-721820357-project] Deprecation Warning : cinder.keymgr.conf_key_mgr.ConfKeyManager is not a stevedore based driver, trying to load it as a class: stevedore.exception.NoMatches: No 'castellan.drivers' driver found, looking for 'cinder.keymgr.conf_key_mgr.ConfKeyManager'
Jun 03 11:58:38.796559 dv-cinder-844572-1-iscsi devstack@c-api.service[110523]: DEBUG oslo_db.sqlalchemy.engines [None req-780d6a05-e147-4545-8fd2-6b0fd1cd5d3b tempest-GroupsTest-721820357 tempest-GroupsTest-721820357-project] MySQL server mode set to STRICT_TRANS_TABLES,STRICT_ALL_TABLES,NO_ZERO_IN_DATE,NO_ZERO_DATE,ERROR_FOR_DIVISION_BY_ZERO,TRADITIONAL,NO_ENGINE_SUBSTITUTION {{(pid=110523) _check_effective_sql_mode /usr/local/lib/python3.8/dist-packages/oslo_db/sqlalchemy/engines.py:314}}
Jun 03 11:58:38.805759 dv-cinder-844572-1-iscsi devstack@c-api.service[110523]: /usr/local/lib/python3.8/dist-packages/oslo_context/context.py:100: DeprecationWarning: Policy enforcement is depending on the value of is_admin. This key is deprecated. Please update your policy file to use the standard policy values.
Jun 03 11:58:38.805759 dv-cinder-844572-1-iscsi devstack@c-api.service[110523]: warnings.warn('Policy enforcement is depending on the value of '
Jun 03 11:58:38.846194 dv-cinder-844572-1-iscsi devstack@c-api.service[110523]: INFO cinder.api.openstack.wsgi [None req-780d6a05-e147-4545-8fd2-6b0fd1cd5d3b tempest-GroupsTest-721820357 tempest-GroupsTest-721820357-project] http://10.222.0.15/volume/v3/8b87f5539aa64ca4bfdaa22476c23704/volumes/d800722c-376f-47a2-9b10-1512e1471320 returned with HTTP 200
Jun 03 11:58:38.856988 dv-cinder-844572-1-iscsi devstack@c-api.service[110523]: [pid: 110523|app: 0|req: 40/71] 10.222.0.15 () {60 vars in 1365 bytes} [Fri Jun 3 11:58:38 2022] GET /volume/v3/8b87f5539aa64ca4bfdaa22476c23704/volumes/d800722c-376f-47a2-9b10-1512e1471320 => generated 970 bytes in 124 msecs (HTTP/1.1 200) 7 headers in 286 bytes (1 switches on core 0)
Jun 03 11:58:39.354462 dv-cinder-844572-1-iscsi devstack@c-api.service[110522]: DEBUG cinder.api.middleware.request_id [None req-fff8f216-c843-4140-bdac-5f3c62dfade8 None None] RequestId filter calling following filter/app {{(pid=110522) _context_setter /opt/stack/cinder/cinder/api/middleware/request_id.py:62}}
Jun 03 11:58:39.359004 dv-cinder-844572-1-iscsi devstack@c-api.service[110522]: INFO cinder.api.openstack.wsgi [None req-fff8f216-c843-4140-bdac-5f3c62dfade8 tempest-VolumeQuotasNegativeTestJSON-1918580751 tempest-VolumeQuotasNegativeTestJSON-1918580751-project] GET http://10.222.0.15/volume/v3/8af67916348c49ec9bb1b61a26e07849/volumes/74f1434a-87ac-4746-a191-d8c6aeef779a
Jun 03 11:58:39.359666 dv-cinder-844572-1-iscsi devstack@c-api.service[110522]: DEBUG cinder.api.openstack.wsgi [None req-fff8f216-c843-4140-bdac-5f3c62dfade8 tempest-VolumeQuotasNegativeTestJSON-1918580751 tempest-VolumeQuotasNegativeTestJSON-1918580751-project] Empty body provided in request {{(pid=110522) get_body /opt/stack/cinder/cinder/api/openstack/wsgi.py:715}}
Jun 03 11:58:39.360129 dv-cinder-844572-1-iscsi devstack@c-api.service[110522]: DEBUG cinder.api.openstack.wsgi [None req-fff8f216-c843-4140-bdac-5f3c62dfade8 tempest-VolumeQuotasNegativeTestJSON-1918580751 tempest-VolumeQuotasNegativeTestJSON-1918580751-project] Calling method 'show' {{(pid=110522) _process_stack /opt/stack/cinder/cinder/api/openstack/wsgi.py:868}}
Jun 03 11:58:39.380486 dv-cinder-844572-1-iscsi devstack@c-api.service[110522]: /usr/local/lib/python3.8/dist-packages/oslo_context/context.py:100: DeprecationWarning: Policy enforcement is depending on the value of is_admin. This key is deprecated. Please update your policy file to use the standard policy values.
Jun 03 11:58:39.380486 dv-cinder-844572-1-iscsi devstack@c-api.service[110522]: warnings.warn('Policy enforcement is depending on the value of '
Jun 03 11:58:39.392509 dv-cinder-844572-1-iscsi devstack@c-api.service[110522]: INFO cinder.volume.api [None req-fff8f216-c843-4140-bdac-5f3c62dfade8 tempest-VolumeQuotasNegativeTestJSON-1918580751 tempest-VolumeQuotasNegativeTestJSON-1918580751-project] Volume info retrieved successfully.
Jun 03 11:58:39.412423 dv-cinder-844572-1-iscsi devstack@c-api.service[110522]: INFO cinder.api.openstack.wsgi [None req-fff8f216-c843-4140-bdac-5f3c62dfade8 tempest-VolumeQuotasNegativeTestJSON-1918580751 tempest-VolumeQuotasNegativeTestJSON-1918580751-project] http://10.222.0.15/volume/v3/8af67916348c49ec9bb1b61a26e07849/volumes/74f1434a-87ac-4746-a191-d8c6aeef779a returned with HTTP 200
Jun 03 11:58:39.414315 dv-cinder-844572-1-iscsi devstack@c-api.service[110522]: [pid: 110522|app: 0|req: 32/72] 10.222.0.15 () {58 vars in 1324 bytes} [Fri Jun 3 11:58:39 2022] GET /volume/v3/8af67916348c49ec9bb1b61a26e07849/volumes/74f1434a-87ac-4746-a191-d8c6aeef779a => generated 920 bytes in 61 msecs (HTTP/1.1 200) 7 headers in 285 bytes (1 switches on core 0)
Jun 03 11:58:39.704911 dv-cinder-844572-1-iscsi devstack@c-api.service[110523]: DEBUG cinder.api.middleware.request_id [req-e8e08b86-de64-4c64-b629-6c7d2f0d4f0c req-b644e95d-58e9-4f78-8aea-0e5064119892 None None] RequestId filter calling following filter/app {{(pid=110523) _context_setter /opt/stack/cinder/cinder/api/middleware/request_id.py:62}}
Jun 03 11:58:39.714449 dv-cinder-844572-1-iscsi devstack@c-api.service[110523]: INFO cinder.api.openstack.wsgi [req-e8e08b86-de64-4c64-b629-6c7d2f0d4f0c req-b644e95d-58e9-4f78-8aea-0e5064119892 tempest-VolumesSnapshotsTestJSON-478551255 tempest-VolumesSnapshotsTestJSON-478551255-project] GET http://10.222.0.15/volume/v3/2c931d0d666d47c8a1c7bd1b3d83aec0/snapshots/426b0020-73ba-4c34-a83d-6d62be622d29
Jun 03 11:58:39.715210 dv-cinder-844572-1-iscsi devstack@c-api.service[110523]: DEBUG cinder.api.openstack.wsgi [req-e8e08b86-de64-4c64-b629-6c7d2f0d4f0c req-b644e95d-58e9-4f78-8aea-0e5064119892 tempest-VolumesSnapshotsTestJSON-478551255 tempest-VolumesSnapshotsTestJSON-478551255-project] Empty body provided in request {{(pid=110523) get_body /opt/stack/cinder/cinder/api/openstack/wsgi.py:715}}
Jun 03 11:58:39.715905 dv-cinder-844572-1-iscsi devstack@c-api.service[110523]: DEBUG cinder.api.openstack.wsgi [req-e8e08b86-de64-4c64-b629-6c7d2f0d4f0c req-b644e95d-58e9-4f78-8aea-0e5064119892 tempest-VolumesSnapshotsTestJSON-478551255 tempest-VolumesSnapshotsTestJSON-478551255-project] Calling method 'show' {{(pid=110523) _process_stack /opt/stack/cinder/cinder/api/openstack/wsgi.py:868}}
Jun 03 11:58:39.732295 dv-cinder-844572-1-iscsi devstack@c-api.service[110523]: /usr/local/lib/python3.8/dist-packages/oslo_context/context.py:100: DeprecationWarning: Policy enforcement is depending on the value of is_admin. This key is deprecated. Please update your policy file to use the standard policy values.
Jun 03 11:58:39.732295 dv-cinder-844572-1-iscsi devstack@c-api.service[110523]: warnings.warn('Policy enforcement is depending on the value of '
Jun 03 11:58:39.734638 dv-cinder-844572-1-iscsi devstack@c-api.service[110523]: INFO cinder.volume.api [req-e8e08b86-de64-4c64-b629-6c7d2f0d4f0c req-b644e95d-58e9-4f78-8aea-0e5064119892 tempest-VolumesSnapshotsTestJSON-478551255 tempest-VolumesSnapshotsTestJSON-478551255-project] Snapshot retrieved successfully.
Jun 03 11:58:39.739764 dv-cinder-844572-1-iscsi devstack@c-api.service[110523]: INFO cinder.api.openstack.wsgi [req-e8e08b86-de64-4c64-b629-6c7d2f0d4f0c req-b644e95d-58e9-4f78-8aea-0e5064119892 tempest-VolumesSnapshotsTestJSON-478551255 tempest-VolumesSnapshotsTestJSON-478551255-project] http://10.222.0.15/volume/v3/2c931d0d666d47c8a1c7bd1b3d83aec0/snapshots/426b0020-73ba-4c34-a83d-6d62be622d29 returned with HTTP 200
Jun 03 11:58:39.748686 dv-cinder-844572-1-iscsi devstack@c-api.service[110523]: [pid: 110523|app: 0|req: 41/73] 10.222.0.15 () {60 vars in 1584 bytes} [Fri Jun 3 11:58:39 2022] GET /volume/v3/2c931d0d666d47c8a1c7bd1b3d83aec0/snapshots/426b0020-73ba-4c34-a83d-6d62be622d29 => generated 470 bytes in 45 msecs (HTTP/1.1 200) 7 headers in 285 bytes (1 switches on core 0)
Jun 03 11:58:39.779379 dv-cinder-844572-1-iscsi devstack@c-api.service[110522]: DEBUG cinder.api.middleware.request_id [req-ed794e3a-1079-44a3-a894-1a1360b28ac1 req-2994b973-9466-4a18-8be9-291638ae9c83 None None] RequestId filter calling following filter/app {{(pid=110522) _context_setter /opt/stack/cinder/cinder/api/middleware/request_id.py:62}}
Jun 03 11:58:39.787226 dv-cinder-844572-1-iscsi devstack@c-api.service[110522]: INFO cinder.api.openstack.wsgi [req-ed794e3a-1079-44a3-a894-1a1360b28ac1 req-2994b973-9466-4a18-8be9-291638ae9c83 tempest-VolumesSnapshotsTestJSON-478551255 tempest-VolumesSnapshotsTestJSON-478551255-project] DELETE http://10.222.0.15/volume/v3/2c931d0d666d47c8a1c7bd1b3d83aec0/snapshots/426b0020-73ba-4c34-a83d-6d62be622d29
Jun 03 11:58:39.798819 dv-cinder-844572-1-iscsi devstack@c-api.service[110522]: DEBUG cinder.api.openstack.wsgi [req-ed794e3a-1079-44a3-a894-1a1360b28ac1 req-2994b973-9466-4a18-8be9-291638ae9c83 tempest-VolumesSnapshotsTestJSON-478551255 tempest-VolumesSnapshotsTestJSON-478551255-project] Empty body provided in request {{(pid=110522) get_body /opt/stack/cinder/cinder/api/openstack/wsgi.py:715}}
Jun 03 11:58:39.799447 dv-cinder-844572-1-iscsi devstack@c-api.service[110522]: DEBUG cinder.api.openstack.wsgi [req-ed794e3a-1079-44a3-a894-1a1360b28ac1 req-2994b973-9466-4a18-8be9-291638ae9c83 tempest-VolumesSnapshotsTestJSON-478551255 tempest-VolumesSnapshotsTestJSON-478551255-project] Calling method 'delete' {{(pid=110522) _process_stack /opt/stack/cinder/cinder/api/openstack/wsgi.py:868}}
Jun 03 11:58:39.800101 dv-cinder-844572-1-iscsi devstack@c-api.service[110522]: INFO cinder.api.v2.snapshots [req-ed794e3a-1079-44a3-a894-1a1360b28ac1 req-2994b973-9466-4a18-8be9-291638ae9c83 tempest-VolumesSnapshotsTestJSON-478551255 tempest-VolumesSnapshotsTestJSON-478551255-project] Delete snapshot with id: 426b0020-73ba-4c34-a83d-6d62be622d29
Jun 03 11:58:39.857906 dv-cinder-844572-1-iscsi devstack@c-api.service[110522]: /usr/local/lib/python3.8/dist-packages/oslo_context/context.py:100: DeprecationWarning: Policy enforcement is depending on the value of is_admin. This key is deprecated. Please update your policy file to use the standard policy values.
Jun 03 11:58:39.857906 dv-cinder-844572-1-iscsi devstack@c-api.service[110522]: warnings.warn('Policy enforcement is depending on the value of '
Jun 03 11:58:39.861769 dv-cinder-844572-1-iscsi devstack@c-api.service[110523]: DEBUG cinder.api.middleware.request_id [None req-da8d97ff-9a92-470a-8d20-692ee94b422a None None] RequestId filter calling following filter/app {{(pid=110523) _context_setter /opt/stack/cinder/cinder/api/middleware/request_id.py:62}}
Jun 03 11:58:39.862937 dv-cinder-844572-1-iscsi devstack@c-api.service[110522]: INFO cinder.volume.api [req-ed794e3a-1079-44a3-a894-1a1360b28ac1 req-2994b973-9466-4a18-8be9-291638ae9c83 tempest-VolumesSnapshotsTestJSON-478551255 tempest-VolumesSnapshotsTestJSON-478551255-project] Snapshot retrieved successfully.
Jun 03 11:58:39.866062 dv-cinder-844572-1-iscsi devstack@c-api.service[110523]: INFO cinder.api.openstack.wsgi [None req-da8d97ff-9a92-470a-8d20-692ee94b422a tempest-GroupsTest-721820357 tempest-GroupsTest-721820357-project] GET http://10.222.0.15/volume/v3/8b87f5539aa64ca4bfdaa22476c23704/volumes/d800722c-376f-47a2-9b10-1512e1471320
Jun 03 11:58:39.866568 dv-cinder-844572-1-iscsi devstack@c-api.service[110523]: DEBUG cinder.api.openstack.wsgi [None req-da8d97ff-9a92-470a-8d20-692ee94b422a tempest-GroupsTest-721820357 tempest-GroupsTest-721820357-project] Empty body provided in request {{(pid=110523) get_body /opt/stack/cinder/cinder/api/openstack/wsgi.py:715}}
Jun 03 11:58:39.867024 dv-cinder-844572-1-iscsi devstack@c-api.service[110523]: DEBUG cinder.api.openstack.wsgi [None req-da8d97ff-9a92-470a-8d20-692ee94b422a tempest-GroupsTest-721820357 tempest-GroupsTest-721820357-project] Calling method 'show' {{(pid=110523) _process_stack /opt/stack/cinder/cinder/api/openstack/wsgi.py:868}}
Jun 03 11:58:39.927338 dv-cinder-844572-1-iscsi devstack@c-api.service[110523]: /usr/local/lib/python3.8/dist-packages/oslo_context/context.py:100: DeprecationWarning: Policy enforcement is depending on the value of is_admin. This key is deprecated. Please update your policy file to use the standard policy values.
Jun 03 11:58:39.927338 dv-cinder-844572-1-iscsi devstack@c-api.service[110523]: warnings.warn('Policy enforcement is depending on the value of '
Jun 03 11:58:39.946574 dv-cinder-844572-1-iscsi devstack@c-api.service[110523]: INFO cinder.volume.api [None req-da8d97ff-9a92-470a-8d20-692ee94b422a tempest-GroupsTest-721820357 tempest-GroupsTest-721820357-project] Volume info retrieved successfully.
Jun 03 11:58:39.950875 dv-cinder-844572-1-iscsi devstack@c-api.service[110523]: WARNING stevedore.named [None req-da8d97ff-9a92-470a-8d20-692ee94b422a tempest-GroupsTest-721820357 tempest-GroupsTest-721820357-project] Could not load cinder.keymgr.conf_key_mgr.ConfKeyManager
Jun 03 11:58:39.950875 dv-cinder-844572-1-iscsi devstack@c-api.service[110523]: WARNING castellan.key_manager [None req-da8d97ff-9a92-470a-8d20-692ee94b422a tempest-GroupsTest-721820357 tempest-GroupsTest-721820357-project] Deprecation Warning : cinder.keymgr.conf_key_mgr.ConfKeyManager is not a stevedore based driver, trying to load it as a class: stevedore.exception.NoMatches: No 'castellan.drivers' driver found, looking for 'cinder.keymgr.conf_key_mgr.ConfKeyManager'
Jun 03 11:58:39.970004 dv-cinder-844572-1-iscsi devstack@c-api.service[110523]: DEBUG oslo_db.sqlalchemy.engines [None req-da8d97ff-9a92-470a-8d20-692ee94b422a tempest-GroupsTest-721820357 tempest-GroupsTest-721820357-project] MySQL server mode set to STRICT_TRANS_TABLES,STRICT_ALL_TABLES,NO_ZERO_IN_DATE,NO_ZERO_DATE,ERROR_FOR_DIVISION_BY_ZERO,TRADITIONAL,NO_ENGINE_SUBSTITUTION {{(pid=110523) _check_effective_sql_mode /usr/local/lib/python3.8/dist-packages/oslo_db/sqlalchemy/engines.py:314}}
Jun 03 11:58:39.973573 dv-cinder-844572-1-iscsi devstack@c-api.service[110522]: INFO cinder.volume.api [req-ed794e3a-1079-44a3-a894-1a1360b28ac1 req-2994b973-9466-4a18-8be9-291638ae9c83 tempest-VolumesSnapshotsTestJSON-478551255 tempest-VolumesSnapshotsTestJSON-478551255-project] Snapshot delete request issued successfully.
Jun 03 11:58:39.974081 dv-cinder-844572-1-iscsi devstack@c-api.service[110522]: INFO cinder.api.openstack.wsgi [req-ed794e3a-1079-44a3-a894-1a1360b28ac1 req-2994b973-9466-4a18-8be9-291638ae9c83 tempest-VolumesSnapshotsTestJSON-478551255 tempest-VolumesSnapshotsTestJSON-478551255-project] http://10.222.0.15/volume/v3/2c931d0d666d47c8a1c7bd1b3d83aec0/snapshots/426b0020-73ba-4c34-a83d-6d62be622d29 returned with HTTP 202
Jun 03 11:58:39.975000 dv-cinder-844572-1-iscsi devstack@c-api.service[110522]: [pid: 110522|app: 0|req: 33/74] 10.222.0.15 () {62 vars in 1606 bytes} [Fri Jun 3 11:58:39 2022] DELETE /volume/v3/2c931d0d666d47c8a1c7bd1b3d83aec0/snapshots/426b0020-73ba-4c34-a83d-6d62be622d29 => generated 0 bytes in 197 msecs (HTTP/1.1 202) 6 headers in 233 bytes (1 switches on core 0)
Jun 03 11:58:39.999864 dv-cinder-844572-1-iscsi devstack@c-api.service[110523]: /usr/local/lib/python3.8/dist-packages/oslo_context/context.py:100: DeprecationWarning: Policy enforcement is depending on the value of is_admin. This key is deprecated. Please update your policy file to use the standard policy values.
Jun 03 11:58:39.999864 dv-cinder-844572-1-iscsi devstack@c-api.service[110523]: warnings.warn('Policy enforcement is depending on the value of '
Jun 03 11:58:40.020994 dv-cinder-844572-1-iscsi devstack@c-api.service[110522]: DEBUG cinder.api.middleware.request_id [req-631cdf16-2ad6-482c-8b3a-44c0c0c2df41 req-3d909f28-bfcc-48d8-91ed-3462100ede0d None None] RequestId filter calling following filter/app {{(pid=110522) _context_setter /opt/stack/cinder/cinder/api/middleware/request_id.py:62}}
Jun 03 11:58:40.027047 dv-cinder-844572-1-iscsi devstack@c-api.service[110522]: INFO cinder.api.openstack.wsgi [req-631cdf16-2ad6-482c-8b3a-44c0c0c2df41 req-3d909f28-bfcc-48d8-91ed-3462100ede0d tempest-VolumesSnapshotsTestJSON-478551255 tempest-VolumesSnapshotsTestJSON-478551255-project] GET http://10.222.0.15/volume/v3/2c931d0d666d47c8a1c7bd1b3d83aec0/snapshots/426b0020-73ba-4c34-a83d-6d62be622d29
Jun 03 11:58:40.027655 dv-cinder-844572-1-iscsi devstack@c-api.service[110522]: DEBUG cinder.api.openstack.wsgi [req-631cdf16-2ad6-482c-8b3a-44c0c0c2df41 req-3d909f28-bfcc-48d8-91ed-3462100ede0d tempest-VolumesSnapshotsTestJSON-478551255 tempest-VolumesSnapshotsTestJSON-478551255-project] Empty body provided in request {{(pid=110522) get_body /opt/stack/cinder/cinder/api/openstack/wsgi.py:715}}
Jun 03 11:58:40.028197 dv-cinder-844572-1-iscsi devstack@c-api.service[110522]: DEBUG cinder.api.openstack.wsgi [req-631cdf16-2ad6-482c-8b3a-44c0c0c2df41 req-3d909f28-bfcc-48d8-91ed-3462100ede0d tempest-VolumesSnapshotsTestJSON-478551255 tempest-VolumesSnapshotsTestJSON-478551255-project] Calling method 'show' {{(pid=110522) _process_stack /opt/stack/cinder/cinder/api/openstack/wsgi.py:868}}
Jun 03 11:58:40.070208 dv-cinder-844572-1-iscsi devstack@c-api.service[110522]: /usr/local/lib/python3.8/dist-packages/oslo_context/context.py:100: DeprecationWarning: Policy enforcement is depending on the value of is_admin. This key is deprecated. Please update your policy file to use the standard policy values.
Jun 03 11:58:40.070208 dv-cinder-844572-1-iscsi devstack@c-api.service[110522]: warnings.warn('Policy enforcement is depending on the value of '
Jun 03 11:58:40.076143 dv-cinder-844572-1-iscsi devstack@c-api.service[110522]: INFO cinder.volume.api [req-631cdf16-2ad6-482c-8b3a-44c0c0c2df41 req-3d909f28-bfcc-48d8-91ed-3462100ede0d tempest-VolumesSnapshotsTestJSON-478551255 tempest-VolumesSnapshotsTestJSON-478551255-project] Snapshot retrieved successfully.
Jun 03 11:58:40.083627 dv-cinder-844572-1-iscsi devstack@c-api.service[110522]: INFO cinder.api.openstack.wsgi [req-631cdf16-2ad6-482c-8b3a-44c0c0c2df41 req-3d909f28-bfcc-48d8-91ed-3462100ede0d tempest-VolumesSnapshotsTestJSON-478551255 tempest-VolumesSnapshotsTestJSON-478551255-project] http://10.222.0.15/volume/v3/2c931d0d666d47c8a1c7bd1b3d83aec0/snapshots/426b0020-73ba-4c34-a83d-6d62be622d29 returned with HTTP 200
Jun 03 11:58:40.083898 dv-cinder-844572-1-iscsi devstack@c-api.service[110523]: INFO cinder.api.openstack.wsgi [None req-da8d97ff-9a92-470a-8d20-692ee94b422a tempest-GroupsTest-721820357 tempest-GroupsTest-721820357-project] http://10.222.0.15/volume/v3/8b87f5539aa64ca4bfdaa22476c23704/volumes/d800722c-376f-47a2-9b10-1512e1471320 returned with HTTP 200
Jun 03 11:58:40.086421 dv-cinder-844572-1-iscsi devstack@c-api.service[110523]: [pid: 110523|app: 0|req: 42/75] 10.222.0.15 () {60 vars in 1365 bytes} [Fri Jun 3 11:58:39 2022] GET /volume/v3/8b87f5539aa64ca4bfdaa22476c23704/volumes/d800722c-376f-47a2-9b10-1512e1471320 => generated 971 bytes in 226 msecs (HTTP/1.1 200) 7 headers in 286 bytes (1 switches on core 0)
Jun 03 11:58:40.097996 dv-cinder-844572-1-iscsi devstack@c-api.service[110523]: DEBUG cinder.api.middleware.request_id [None req-0e7a7ad1-a810-46b4-b396-4086e9f5560f None None] RequestId filter calling following filter/app {{(pid=110523) _context_setter /opt/stack/cinder/cinder/api/middleware/request_id.py:62}}
Jun 03 11:58:40.103705 dv-cinder-844572-1-iscsi devstack@c-api.service[110523]: INFO cinder.api.openstack.wsgi [None req-0e7a7ad1-a810-46b4-b396-4086e9f5560f tempest-GroupsTest-721820357 tempest-GroupsTest-721820357-project] GET http://10.222.0.15/volume/v3/8b87f5539aa64ca4bfdaa22476c23704/groups/99691bb9-4a9f-4285-a660-5a6f87edf27b
Jun 03 11:58:40.104412 dv-cinder-844572-1-iscsi devstack@c-api.service[110523]: DEBUG cinder.api.openstack.wsgi [None req-0e7a7ad1-a810-46b4-b396-4086e9f5560f tempest-GroupsTest-721820357 tempest-GroupsTest-721820357-project] Empty body provided in request {{(pid=110523) get_body /opt/stack/cinder/cinder/api/openstack/wsgi.py:715}}
Jun 03 11:58:40.105094 dv-cinder-844572-1-iscsi devstack@c-api.service[110522]: [pid: 110522|app: 0|req: 34/76] 10.222.0.15 () {60 vars in 1584 bytes} [Fri Jun 3 11:58:40 2022] GET /volume/v3/2c931d0d666d47c8a1c7bd1b3d83aec0/snapshots/426b0020-73ba-4c34-a83d-6d62be622d29 => generated 469 bytes in 85 msecs (HTTP/1.1 200) 7 headers in 285 bytes (2 switches on core 0)
Jun 03 11:58:40.105287 dv-cinder-844572-1-iscsi devstack@c-api.service[110523]: DEBUG cinder.api.openstack.wsgi [None req-0e7a7ad1-a810-46b4-b396-4086e9f5560f tempest-GroupsTest-721820357 tempest-GroupsTest-721820357-project] Calling method 'version_select' {{(pid=110523) _process_stack /opt/stack/cinder/cinder/api/openstack/wsgi.py:868}}
Jun 03 11:58:40.105811 dv-cinder-844572-1-iscsi devstack@c-api.service[110523]: DEBUG cinder.api.v3.groups [None req-0e7a7ad1-a810-46b4-b396-4086e9f5560f tempest-GroupsTest-721820357 tempest-GroupsTest-721820357-project] show called for member 99691bb9-4a9f-4285-a660-5a6f87edf27b {{(pid=110523) show /opt/stack/cinder/cinder/api/v3/groups.py:58}}
Jun 03 11:58:40.116803 dv-cinder-844572-1-iscsi devstack@c-api.service[110523]: /usr/local/lib/python3.8/dist-packages/oslo_context/context.py:100: DeprecationWarning: Policy enforcement is depending on the value of is_admin. This key is deprecated. Please update your policy file to use the standard policy values.
Jun 03 11:58:40.116803 dv-cinder-844572-1-iscsi devstack@c-api.service[110523]: warnings.warn('Policy enforcement is depending on the value of '
Jun 03 11:58:40.164535 dv-cinder-844572-1-iscsi devstack@c-api.service[110523]: INFO cinder.api.openstack.wsgi [None req-0e7a7ad1-a810-46b4-b396-4086e9f5560f tempest-GroupsTest-721820357 tempest-GroupsTest-721820357-project] http://10.222.0.15/volume/v3/8b87f5539aa64ca4bfdaa22476c23704/groups/99691bb9-4a9f-4285-a660-5a6f87edf27b returned with HTTP 200
Jun 03 11:58:40.181994 dv-cinder-844572-1-iscsi devstack@c-api.service[110523]: [pid: 110523|app: 0|req: 43/77] 10.222.0.15 () {60 vars in 1362 bytes} [Fri Jun 3 11:58:40 2022] GET /volume/v3/8b87f5539aa64ca4bfdaa22476c23704/groups/99691bb9-4a9f-4285-a660-5a6f87edf27b => generated 323 bytes in 84 msecs (HTTP/1.1 200) 7 headers in 286 bytes (1 switches on core 0)
Jun 03 11:58:40.187755 dv-cinder-844572-1-iscsi devstack@c-api.service[110522]: DEBUG cinder.api.middleware.request_id [None req-fd438400-345e-44d7-bc71-2504da20ee2b None None] RequestId filter calling following filter/app {{(pid=110522) _context_setter /opt/stack/cinder/cinder/api/middleware/request_id.py:62}}
Jun 03 11:58:40.192323 dv-cinder-844572-1-iscsi devstack@c-api.service[110522]: INFO cinder.api.openstack.wsgi [None req-fd438400-345e-44d7-bc71-2504da20ee2b tempest-GroupsTest-721820357 tempest-GroupsTest-721820357-project] GET http://10.222.0.15/volume/v3/8b87f5539aa64ca4bfdaa22476c23704/groups/d1a8c362-5092-49d8-ad46-37f6b7ad6c45
Jun 03 11:58:40.196809 dv-cinder-844572-1-iscsi devstack@c-api.service[110522]: DEBUG cinder.api.openstack.wsgi [None req-fd438400-345e-44d7-bc71-2504da20ee2b tempest-GroupsTest-721820357 tempest-GroupsTest-721820357-project] Empty body provided in request {{(pid=110522) get_body /opt/stack/cinder/cinder/api/openstack/wsgi.py:715}}
Jun 03 11:58:40.197762 dv-cinder-844572-1-iscsi devstack@c-api.service[110522]: DEBUG cinder.api.openstack.wsgi [None req-fd438400-345e-44d7-bc71-2504da20ee2b tempest-GroupsTest-721820357 tempest-GroupsTest-721820357-project] Calling method 'version_select' {{(pid=110522) _process_stack /opt/stack/cinder/cinder/api/openstack/wsgi.py:868}}
Jun 03 11:58:40.198284 dv-cinder-844572-1-iscsi devstack@c-api.service[110522]: DEBUG cinder.api.v3.groups [None req-fd438400-345e-44d7-bc71-2504da20ee2b tempest-GroupsTest-721820357 tempest-GroupsTest-721820357-project] show called for member d1a8c362-5092-49d8-ad46-37f6b7ad6c45 {{(pid=110522) show /opt/stack/cinder/cinder/api/v3/groups.py:58}}
Jun 03 11:58:40.220371 dv-cinder-844572-1-iscsi devstack@c-api.service[110522]: /usr/local/lib/python3.8/dist-packages/oslo_context/context.py:100: DeprecationWarning: Policy enforcement is depending on the value of is_admin. This key is deprecated. Please update your policy file to use the standard policy values.
Jun 03 11:58:40.220371 dv-cinder-844572-1-iscsi devstack@c-api.service[110522]: warnings.warn('Policy enforcement is depending on the value of '
Jun 03 11:58:40.308066 dv-cinder-844572-1-iscsi devstack@c-api.service[110522]: INFO cinder.api.openstack.wsgi [None req-fd438400-345e-44d7-bc71-2504da20ee2b tempest-GroupsTest-721820357 tempest-GroupsTest-721820357-project] http://10.222.0.15/volume/v3/8b87f5539aa64ca4bfdaa22476c23704/groups/d1a8c362-5092-49d8-ad46-37f6b7ad6c45 returned with HTTP 200
Jun 03 11:58:40.319812 dv-cinder-844572-1-iscsi devstack@c-api.service[110522]: [pid: 110522|app: 0|req: 35/78] 10.222.0.15 () {60 vars in 1362 bytes} [Fri Jun 3 11:58:40 2022] GET /volume/v3/8b87f5539aa64ca4bfdaa22476c23704/groups/d1a8c362-5092-49d8-ad46-37f6b7ad6c45 => generated 323 bytes in 133 msecs (HTTP/1.1 200) 7 headers in 286 bytes (1 switches on core 0)
Jun 03 11:58:40.322620 dv-cinder-844572-1-iscsi devstack@c-api.service[110523]: DEBUG cinder.api.middleware.request_id [None req-06a1775d-20ca-405b-ba16-79ed2ea6c22a None None] RequestId filter calling following filter/app {{(pid=110523) _context_setter /opt/stack/cinder/cinder/api/middleware/request_id.py:62}}
Jun 03 11:58:40.326544 dv-cinder-844572-1-iscsi devstack@c-api.service[110523]: INFO cinder.api.openstack.wsgi [None req-06a1775d-20ca-405b-ba16-79ed2ea6c22a tempest-GroupsTest-721820357 tempest-GroupsTest-721820357-project] GET http://10.222.0.15/volume/v3/8b87f5539aa64ca4bfdaa22476c23704/groups/detail
Jun 03 11:58:40.329891 dv-cinder-844572-1-iscsi devstack@c-api.service[110523]: DEBUG cinder.api.openstack.wsgi [None req-06a1775d-20ca-405b-ba16-79ed2ea6c22a tempest-GroupsTest-721820357 tempest-GroupsTest-721820357-project] Empty body provided in request {{(pid=110523) get_body /opt/stack/cinder/cinder/api/openstack/wsgi.py:715}}
Jun 03 11:58:40.331714 dv-cinder-844572-1-iscsi devstack@c-api.service[110523]: DEBUG cinder.api.openstack.wsgi [None req-06a1775d-20ca-405b-ba16-79ed2ea6c22a tempest-GroupsTest-721820357 tempest-GroupsTest-721820357-project] Calling method 'version_select' {{(pid=110523) _process_stack /opt/stack/cinder/cinder/api/openstack/wsgi.py:868}}
Jun 03 11:58:40.334025 dv-cinder-844572-1-iscsi devstack@c-api.service[110523]: /usr/local/lib/python3.8/dist-packages/oslo_context/context.py:100: DeprecationWarning: Policy enforcement is depending on the value of is_admin. This key is deprecated. Please update your policy file to use the standard policy values.
Jun 03 11:58:40.334025 dv-cinder-844572-1-iscsi devstack@c-api.service[110523]: warnings.warn('Policy enforcement is depending on the value of '
Jun 03 11:58:40.424748 dv-cinder-844572-1-iscsi devstack@c-api.service[110523]: DEBUG dbcounter [-] [110523] Writing DB stats cinder:SELECT=98,cinder:UPDATE=1,cinder:INSERT=1 {{(pid=110523) stat_writer /usr/local/lib/python3.8/dist-packages/dbcounter.py:114}}
Jun 03 11:58:40.429281 dv-cinder-844572-1-iscsi devstack@c-api.service[110522]: DEBUG cinder.api.middleware.request_id [None req-d359c723-7b11-4dfd-8e2a-8ecbf4fdbfa1 None None] RequestId filter calling following filter/app {{(pid=110522) _context_setter /opt/stack/cinder/cinder/api/middleware/request_id.py:62}}
Jun 03 11:58:40.440935 dv-cinder-844572-1-iscsi devstack@c-api.service[110522]: INFO cinder.api.openstack.wsgi [None req-d359c723-7b11-4dfd-8e2a-8ecbf4fdbfa1 tempest-VolumeQuotasNegativeTestJSON-1918580751 tempest-VolumeQuotasNegativeTestJSON-1918580751-project] GET http://10.222.0.15/volume/v3/8af67916348c49ec9bb1b61a26e07849/volumes/74f1434a-87ac-4746-a191-d8c6aeef779a
Jun 03 11:58:40.448423 dv-cinder-844572-1-iscsi devstack@c-api.service[110522]: DEBUG cinder.api.openstack.wsgi [None req-d359c723-7b11-4dfd-8e2a-8ecbf4fdbfa1 tempest-VolumeQuotasNegativeTestJSON-1918580751 tempest-VolumeQuotasNegativeTestJSON-1918580751-project] Empty body provided in request {{(pid=110522) get_body /opt/stack/cinder/cinder/api/openstack/wsgi.py:715}}
Jun 03 11:58:40.448966 dv-cinder-844572-1-iscsi devstack@c-api.service[110522]: DEBUG cinder.api.openstack.wsgi [None req-d359c723-7b11-4dfd-8e2a-8ecbf4fdbfa1 tempest-VolumeQuotasNegativeTestJSON-1918580751 tempest-VolumeQuotasNegativeTestJSON-1918580751-project] Calling method 'show' {{(pid=110522) _process_stack /opt/stack/cinder/cinder/api/openstack/wsgi.py:868}}
Jun 03 11:58:40.462013 dv-cinder-844572-1-iscsi devstack@c-api.service[110523]: INFO cinder.api.openstack.wsgi [None req-06a1775d-20ca-405b-ba16-79ed2ea6c22a tempest-GroupsTest-721820357 tempest-GroupsTest-721820357-project] http://10.222.0.15/volume/v3/8b87f5539aa64ca4bfdaa22476c23704/groups/detail returned with HTTP 200
Jun 03 11:58:40.473278 dv-cinder-844572-1-iscsi devstack@c-api.service[110523]: [pid: 110523|app: 0|req: 44/79] 10.222.0.15 () {60 vars in 1272 bytes} [Fri Jun 3 11:58:40 2022] GET /volume/v3/8b87f5539aa64ca4bfdaa22476c23704/groups/detail => generated 640 bytes in 149 msecs (HTTP/1.1 200) 7 headers in 286 bytes (1 switches on core 0)
Jun 03 11:58:40.475206 dv-cinder-844572-1-iscsi devstack@c-api.service[110523]: DEBUG cinder.api.middleware.request_id [None req-e1312495-6c26-48b3-b2cb-9e6a9f230820 None None] RequestId filter calling following filter/app {{(pid=110523) _context_setter /opt/stack/cinder/cinder/api/middleware/request_id.py:62}}
Jun 03 11:58:40.479463 dv-cinder-844572-1-iscsi devstack@c-api.service[110523]: INFO cinder.api.openstack.wsgi [None req-e1312495-6c26-48b3-b2cb-9e6a9f230820 tempest-GroupsTest-721820357 tempest-GroupsTest-721820357-project] GET http://10.222.0.15/volume/v3/8b87f5539aa64ca4bfdaa22476c23704/volumes/detail
Jun 03 11:58:40.482393 dv-cinder-844572-1-iscsi devstack@c-api.service[110523]: DEBUG cinder.api.openstack.wsgi [None req-e1312495-6c26-48b3-b2cb-9e6a9f230820 tempest-GroupsTest-721820357 tempest-GroupsTest-721820357-project] Empty body provided in request {{(pid=110523) get_body /opt/stack/cinder/cinder/api/openstack/wsgi.py:715}}
Jun 03 11:58:40.484501 dv-cinder-844572-1-iscsi devstack@c-api.service[110523]: DEBUG cinder.api.openstack.wsgi [None req-e1312495-6c26-48b3-b2cb-9e6a9f230820 tempest-GroupsTest-721820357 tempest-GroupsTest-721820357-project] Calling method 'detail' {{(pid=110523) _process_stack /opt/stack/cinder/cinder/api/openstack/wsgi.py:868}}
Jun 03 11:58:40.489041 dv-cinder-844572-1-iscsi devstack@c-api.service[110523]: DEBUG cinder.api.api_utils [None req-e1312495-6c26-48b3-b2cb-9e6a9f230820 tempest-GroupsTest-721820357 tempest-GroupsTest-721820357-project] Removing options '' from query. {{(pid=110523) remove_invalid_filter_options /opt/stack/cinder/cinder/api/api_utils.py:73}}
Jun 03 11:58:40.490249 dv-cinder-844572-1-iscsi devstack@c-api.service[110523]: /usr/local/lib/python3.8/dist-packages/oslo_context/context.py:100: DeprecationWarning: Policy enforcement is depending on the value of is_admin. This key is deprecated. Please update your policy file to use the standard policy values.
Jun 03 11:58:40.490249 dv-cinder-844572-1-iscsi devstack@c-api.service[110523]: warnings.warn('Policy enforcement is depending on the value of '
Jun 03 11:58:40.494781 dv-cinder-844572-1-iscsi devstack@c-api.service[110523]: DEBUG cinder.volume.api [None req-e1312495-6c26-48b3-b2cb-9e6a9f230820 tempest-GroupsTest-721820357 tempest-GroupsTest-721820357-project] Searching by: MultiDict([('no_migration_targets', True)]). {{(pid=110523) get_all /opt/stack/cinder/cinder/volume/api.py:664}}
Jun 03 11:58:40.516893 dv-cinder-844572-1-iscsi devstack@c-api.service[110522]: INFO cinder.api.openstack.wsgi [None req-d359c723-7b11-4dfd-8e2a-8ecbf4fdbfa1 tempest-VolumeQuotasNegativeTestJSON-1918580751 tempest-VolumeQuotasNegativeTestJSON-1918580751-project] http://10.222.0.15/volume/v3/8af67916348c49ec9bb1b61a26e07849/volumes/74f1434a-87ac-4746-a191-d8c6aeef779a returned with HTTP 404
Jun 03 11:58:40.533569 dv-cinder-844572-1-iscsi devstack@c-api.service[110522]: [pid: 110522|app: 0|req: 36/80] 10.222.0.15 () {58 vars in 1324 bytes} [Fri Jun 3 11:58:40 2022] GET /volume/v3/8af67916348c49ec9bb1b61a26e07849/volumes/74f1434a-87ac-4746-a191-d8c6aeef779a => generated 109 bytes in 108 msecs (HTTP/1.1 404) 7 headers in 292 bytes (1 switches on core 0)
Jun 03 11:58:40.536529 dv-cinder-844572-1-iscsi devstack@c-api.service[110522]: DEBUG cinder.api.middleware.request_id [None req-3d706bd5-144d-4644-8ee0-2aa2bd71d0a7 None None] RequestId filter calling following filter/app {{(pid=110522) _context_setter /opt/stack/cinder/cinder/api/middleware/request_id.py:62}}
Jun 03 11:58:40.572559 dv-cinder-844572-1-iscsi devstack@c-api.service[110522]: INFO cinder.api.openstack.wsgi [None req-3d706bd5-144d-4644-8ee0-2aa2bd71d0a7 tempest-VolumeQuotasNegativeTestJSON-451625602 tempest-VolumeQuotasNegativeTestJSON-451625602-project-admin] PUT http://10.222.0.15/volume/v3/5009317ef9274b6f8cbb440dac20a3fe/os-quota-sets/8af67916348c49ec9bb1b61a26e07849
Jun 03 11:58:40.584716 dv-cinder-844572-1-iscsi devstack@c-api.service[110522]: DEBUG cinder.api.openstack.wsgi [None req-3d706bd5-144d-4644-8ee0-2aa2bd71d0a7 tempest-VolumeQuotasNegativeTestJSON-451625602 tempest-VolumeQuotasNegativeTestJSON-451625602-project-admin] Action: 'update', calling method: update, body: {"quota_set": {"volumes": 10, "per_volume_gigabytes": -1, "snapshots": 10, "gigabytes": 1000, "backups": 10, "backup_gigabytes": 1000}} {{(pid=110522) _process_stack /opt/stack/cinder/cinder/api/openstack/wsgi.py:866}}
Jun 03 11:58:40.595781 dv-cinder-844572-1-iscsi devstack@c-api.service[110523]: INFO cinder.volume.api [None req-e1312495-6c26-48b3-b2cb-9e6a9f230820 tempest-GroupsTest-721820357 tempest-GroupsTest-721820357-project] Get all volumes completed successfully.
Jun 03 11:58:40.597426 dv-cinder-844572-1-iscsi devstack@c-api.service[110523]: WARNING stevedore.named [None req-e1312495-6c26-48b3-b2cb-9e6a9f230820 tempest-GroupsTest-721820357 tempest-GroupsTest-721820357-project] Could not load cinder.keymgr.conf_key_mgr.ConfKeyManager
Jun 03 11:58:40.604719 dv-cinder-844572-1-iscsi devstack@c-api.service[110523]: WARNING castellan.key_manager [None req-e1312495-6c26-48b3-b2cb-9e6a9f230820 tempest-GroupsTest-721820357 tempest-GroupsTest-721820357-project] Deprecation Warning : cinder.keymgr.conf_key_mgr.ConfKeyManager is not a stevedore based driver, trying to load it as a class: stevedore.exception.NoMatches: No 'castellan.drivers' driver found, looking for 'cinder.keymgr.conf_key_mgr.ConfKeyManager'
Jun 03 11:58:40.614658 dv-cinder-844572-1-iscsi devstack@c-api.service[110523]: DEBUG oslo_db.sqlalchemy.engines [None req-e1312495-6c26-48b3-b2cb-9e6a9f230820 tempest-GroupsTest-721820357 tempest-GroupsTest-721820357-project] MySQL server mode set to STRICT_TRANS_TABLES,STRICT_ALL_TABLES,NO_ZERO_IN_DATE,NO_ZERO_DATE,ERROR_FOR_DIVISION_BY_ZERO,TRADITIONAL,NO_ENGINE_SUBSTITUTION {{(pid=110523) _check_effective_sql_mode /usr/local/lib/python3.8/dist-packages/oslo_db/sqlalchemy/engines.py:314}}
Jun 03 11:58:40.623846 dv-cinder-844572-1-iscsi devstack@c-api.service[110523]: /usr/local/lib/python3.8/dist-packages/oslo_context/context.py:100: DeprecationWarning: Policy enforcement is depending on the value of is_admin. This key is deprecated. Please update your policy file to use the standard policy values.
Jun 03 11:58:40.623846 dv-cinder-844572-1-iscsi devstack@c-api.service[110523]: warnings.warn('Policy enforcement is depending on the value of '
Jun 03 11:58:40.662393 dv-cinder-844572-1-iscsi devstack@c-api.service[110523]: INFO cinder.api.openstack.wsgi [None req-e1312495-6c26-48b3-b2cb-9e6a9f230820 tempest-GroupsTest-721820357 tempest-GroupsTest-721820357-project] http://10.222.0.15/volume/v3/8b87f5539aa64ca4bfdaa22476c23704/volumes/detail returned with HTTP 200
Jun 03 11:58:40.690980 dv-cinder-844572-1-iscsi devstack@c-api.service[110523]: [pid: 110523|app: 0|req: 45/81] 10.222.0.15 () {60 vars in 1275 bytes} [Fri Jun 3 11:58:40 2022] GET /volume/v3/8b87f5539aa64ca4bfdaa22476c23704/volumes/detail => generated 974 bytes in 217 msecs (HTTP/1.1 200) 7 headers in 286 bytes (1 switches on core 0)
