Sep 28 08:39:23.644017 dv-cinder-844563-8-iscsi devstack@c-api.service[119937]: DEBUG cinder.api.openstack.wsgi [None req-13a46c09-293a-49fe-afc5-956c2d855e8e tempest-VolumeTypesExtraSpecsTest-631594429 tempest-VolumeTypesExtraSpecsTest-631594429-project-admin] Action: 'create', calling method: create, body: {"extra_specs": {"spec2": "val1"}} {{(pid=119937) _process_stack /opt/stack/cinder/cinder/api/openstack/wsgi.py:866}}
Sep 28 08:39:23.645279 dv-cinder-844563-8-iscsi devstack@c-api.service[119936]: /usr/local/lib/python3.8/dist-packages/oslo_context/context.py:100: DeprecationWarning: Policy enforcement is depending on the value of is_admin. This key is deprecated. Please update your policy file to use the standard policy values.
Sep 28 08:39:23.645279 dv-cinder-844563-8-iscsi devstack@c-api.service[119936]: warnings.warn('Policy enforcement is depending on the value of '
Sep 28 08:39:23.655679 dv-cinder-844563-8-iscsi devstack@c-api.service[119936]: INFO cinder.volume.api [None req-22abf7fb-952e-443e-84c7-dd9c1bc6e979 tempest-VolumesImageMetadata-83545916 tempest-VolumesImageMetadata-83545916-project] Volume info retrieved successfully.
Sep 28 08:39:23.667457 dv-cinder-844563-8-iscsi devstack@c-api.service[119936]: INFO cinder.api.openstack.wsgi [None req-22abf7fb-952e-443e-84c7-dd9c1bc6e979 tempest-VolumesImageMetadata-83545916 tempest-VolumesImageMetadata-83545916-project] http://10.222.0.52/volume/v3/a40205da07f242a48c7ee37350a1d3bf/volumes/0b2c26ad-4598-4435-bdb9-030d376dc7d4 returned with HTTP 200
Sep 28 08:39:23.677123 dv-cinder-844563-8-iscsi devstack@c-api.service[119936]: [pid: 119936|app: 0|req: 212/429] 10.222.0.52 () {58 vars in 1325 bytes} [Wed Sep 28 08:39:23 2022] GET /volume/v3/a40205da07f242a48c7ee37350a1d3bf/volumes/0b2c26ad-4598-4435-bdb9-030d376dc7d4 => generated 972 bytes in 66 msecs (HTTP/1.1 200) 7 headers in 285 bytes (1 switches on core 0)
Sep 28 08:39:23.707876 dv-cinder-844563-8-iscsi devstack@c-api.service[119937]: INFO cinder.api.openstack.wsgi [None req-13a46c09-293a-49fe-afc5-956c2d855e8e tempest-VolumeTypesExtraSpecsTest-631594429 tempest-VolumeTypesExtraSpecsTest-631594429-project-admin] http://10.222.0.52/volume/v3/8fc6ef08b9e64baca2fa4871fef8f402/types/be36844b-1381-46a8-a9ca-59941808e0cf/extra_specs returned with HTTP 200
Sep 28 08:39:23.713575 dv-cinder-844563-8-iscsi devstack@c-api.service[119937]: [pid: 119937|app: 0|req: 218/430] 10.222.0.52 () {60 vars in 1376 bytes} [Wed Sep 28 08:39:23 2022] POST /volume/v3/8fc6ef08b9e64baca2fa4871fef8f402/types/be36844b-1381-46a8-a9ca-59941808e0cf/extra_specs => generated 34 bytes in 73 msecs (HTTP/1.1 200) 7 headers in 284 bytes (2 switches on core 0)
Sep 28 08:39:23.716612 dv-cinder-844563-8-iscsi devstack@c-api.service[119936]: DEBUG cinder.api.middleware.request_id [None req-426145ec-dba2-410a-94a2-3a607d979df1 None None] RequestId filter calling following filter/app {{(pid=119936) _context_setter /opt/stack/cinder/cinder/api/middleware/request_id.py:62}}
Sep 28 08:39:23.722581 dv-cinder-844563-8-iscsi devstack@c-api.service[119936]: INFO cinder.api.openstack.wsgi [None req-426145ec-dba2-410a-94a2-3a607d979df1 tempest-VolumeTypesExtraSpecsTest-631594429 tempest-VolumeTypesExtraSpecsTest-631594429-project-admin] PUT http://10.222.0.52/volume/v3/8fc6ef08b9e64baca2fa4871fef8f402/types/be36844b-1381-46a8-a9ca-59941808e0cf/extra_specs/spec2
Sep 28 08:39:23.723785 dv-cinder-844563-8-iscsi devstack@c-api.service[119936]: DEBUG cinder.api.openstack.wsgi [None req-426145ec-dba2-410a-94a2-3a607d979df1 tempest-VolumeTypesExtraSpecsTest-631594429 tempest-VolumeTypesExtraSpecsTest-631594429-project-admin] Action: 'update', calling method: update, body: {"spec2": "val2"} {{(pid=119936) _process_stack /opt/stack/cinder/cinder/api/openstack/wsgi.py:866}}
Sep 28 08:39:23.763322 dv-cinder-844563-8-iscsi devstack@c-api.service[119936]: INFO cinder.api.openstack.wsgi [None req-426145ec-dba2-410a-94a2-3a607d979df1 tempest-VolumeTypesExtraSpecsTest-631594429 tempest-VolumeTypesExtraSpecsTest-631594429-project-admin] http://10.222.0.52/volume/v3/8fc6ef08b9e64baca2fa4871fef8f402/types/be36844b-1381-46a8-a9ca-59941808e0cf/extra_specs/spec2 returned with HTTP 200
Sep 28 08:39:23.765651 dv-cinder-844563-8-iscsi devstack@c-api.service[119936]: [pid: 119936|app: 0|req: 213/431] 10.222.0.52 () {60 vars in 1393 bytes} [Wed Sep 28 08:39:23 2022] PUT /volume/v3/8fc6ef08b9e64baca2fa4871fef8f402/types/be36844b-1381-46a8-a9ca-59941808e0cf/extra_specs/spec2 => generated 17 bytes in 51 msecs (HTTP/1.1 200) 7 headers in 284 bytes (1 switches on core 0)
Sep 28 08:39:23.771700 dv-cinder-844563-8-iscsi devstack@c-api.service[119937]: DEBUG cinder.api.middleware.request_id [None req-285992f5-9534-4e8d-b411-f8bddb30b979 None None] RequestId filter calling following filter/app {{(pid=119937) _context_setter /opt/stack/cinder/cinder/api/middleware/request_id.py:62}}
Sep 28 08:39:23.778146 dv-cinder-844563-8-iscsi devstack@c-api.service[119937]: INFO cinder.api.openstack.wsgi [None req-285992f5-9534-4e8d-b411-f8bddb30b979 tempest-VolumeTypesExtraSpecsTest-631594429 tempest-VolumeTypesExtraSpecsTest-631594429-project-admin] GET http://10.222.0.52/volume/v3/8fc6ef08b9e64baca2fa4871fef8f402/types/be36844b-1381-46a8-a9ca-59941808e0cf/extra_specs/spec2
Sep 28 08:39:23.778630 dv-cinder-844563-8-iscsi devstack@c-api.service[119937]: DEBUG cinder.api.openstack.wsgi [None req-285992f5-9534-4e8d-b411-f8bddb30b979 tempest-VolumeTypesExtraSpecsTest-631594429 tempest-VolumeTypesExtraSpecsTest-631594429-project-admin] Empty body provided in request {{(pid=119937) get_body /opt/stack/cinder/cinder/api/openstack/wsgi.py:715}}
Sep 28 08:39:23.779085 dv-cinder-844563-8-iscsi devstack@c-api.service[119937]: DEBUG cinder.api.openstack.wsgi [None req-285992f5-9534-4e8d-b411-f8bddb30b979 tempest-VolumeTypesExtraSpecsTest-631594429 tempest-VolumeTypesExtraSpecsTest-631594429-project-admin] Calling method 'show' {{(pid=119937) _process_stack /opt/stack/cinder/cinder/api/openstack/wsgi.py:868}}
Sep 28 08:39:23.794453 dv-cinder-844563-8-iscsi devstack@c-api.service[119937]: INFO cinder.api.openstack.wsgi [None req-285992f5-9534-4e8d-b411-f8bddb30b979 tempest-VolumeTypesExtraSpecsTest-631594429 tempest-VolumeTypesExtraSpecsTest-631594429-project-admin] http://10.222.0.52/volume/v3/8fc6ef08b9e64baca2fa4871fef8f402/types/be36844b-1381-46a8-a9ca-59941808e0cf/extra_specs/spec2 returned with HTTP 200
Sep 28 08:39:23.795176 dv-cinder-844563-8-iscsi devstack@c-api.service[119937]: [pid: 119937|app: 0|req: 219/432] 10.222.0.52 () {58 vars in 1373 bytes} [Wed Sep 28 08:39:23 2022] GET /volume/v3/8fc6ef08b9e64baca2fa4871fef8f402/types/be36844b-1381-46a8-a9ca-59941808e0cf/extra_specs/spec2 => generated 17 bytes in 25 msecs (HTTP/1.1 200) 7 headers in 284 bytes (1 switches on core 0)
Sep 28 08:39:23.801348 dv-cinder-844563-8-iscsi devstack@c-api.service[119936]: DEBUG cinder.api.middleware.request_id [None req-d97172d8-fb46-49a4-a444-363933135344 None None] RequestId filter calling following filter/app {{(pid=119936) _context_setter /opt/stack/cinder/cinder/api/middleware/request_id.py:62}}
Sep 28 08:39:23.806327 dv-cinder-844563-8-iscsi devstack@c-api.service[119936]: INFO cinder.api.openstack.wsgi [None req-d97172d8-fb46-49a4-a444-363933135344 tempest-VolumeTypesExtraSpecsTest-631594429 tempest-VolumeTypesExtraSpecsTest-631594429-project-admin] POST http://10.222.0.52/volume/v3/8fc6ef08b9e64baca2fa4871fef8f402/types/be36844b-1381-46a8-a9ca-59941808e0cf/extra_specs
Sep 28 08:39:23.807635 dv-cinder-844563-8-iscsi devstack@c-api.service[119936]: DEBUG cinder.api.openstack.wsgi [None req-d97172d8-fb46-49a4-a444-363933135344 tempest-VolumeTypesExtraSpecsTest-631594429 tempest-VolumeTypesExtraSpecsTest-631594429-project-admin] Action: 'create', calling method: create, body: {"extra_specs": {"spec2": "val3", "spec4": "val4"}} {{(pid=119936) _process_stack /opt/stack/cinder/cinder/api/openstack/wsgi.py:866}}
Sep 28 08:39:23.878506 dv-cinder-844563-8-iscsi devstack@c-api.service[119936]: INFO cinder.api.openstack.wsgi [None req-d97172d8-fb46-49a4-a444-363933135344 tempest-VolumeTypesExtraSpecsTest-631594429 tempest-VolumeTypesExtraSpecsTest-631594429-project-admin] http://10.222.0.52/volume/v3/8fc6ef08b9e64baca2fa4871fef8f402/types/be36844b-1381-46a8-a9ca-59941808e0cf/extra_specs returned with HTTP 200
Sep 28 08:39:23.879297 dv-cinder-844563-8-iscsi devstack@c-api.service[119936]: [pid: 119936|app: 0|req: 214/433] 10.222.0.52 () {60 vars in 1376 bytes} [Wed Sep 28 08:39:23 2022] POST /volume/v3/8fc6ef08b9e64baca2fa4871fef8f402/types/be36844b-1381-46a8-a9ca-59941808e0cf/extra_specs => generated 51 bytes in 79 msecs (HTTP/1.1 200) 7 headers in 284 bytes (1 switches on core 0)
Sep 28 08:39:23.885632 dv-cinder-844563-8-iscsi devstack@c-api.service[119937]: DEBUG cinder.api.middleware.request_id [None req-e7b296ef-87a4-4013-884d-1174f8b48cc5 None None] RequestId filter calling following filter/app {{(pid=119937) _context_setter /opt/stack/cinder/cinder/api/middleware/request_id.py:62}}
Sep 28 08:39:23.891109 dv-cinder-844563-8-iscsi devstack@c-api.service[119937]: INFO cinder.api.openstack.wsgi [None req-e7b296ef-87a4-4013-884d-1174f8b48cc5 tempest-VolumeTypesExtraSpecsTest-631594429 tempest-VolumeTypesExtraSpecsTest-631594429-project-admin] GET http://10.222.0.52/volume/v3/8fc6ef08b9e64baca2fa4871fef8f402/types/be36844b-1381-46a8-a9ca-59941808e0cf/extra_specs
Sep 28 08:39:23.891558 dv-cinder-844563-8-iscsi devstack@c-api.service[119937]: DEBUG cinder.api.openstack.wsgi [None req-e7b296ef-87a4-4013-884d-1174f8b48cc5 tempest-VolumeTypesExtraSpecsTest-631594429 tempest-VolumeTypesExtraSpecsTest-631594429-project-admin] Empty body provided in request {{(pid=119937) get_body /opt/stack/cinder/cinder/api/openstack/wsgi.py:715}}
Sep 28 08:39:23.892152 dv-cinder-844563-8-iscsi devstack@c-api.service[119937]: DEBUG cinder.api.openstack.wsgi [None req-e7b296ef-87a4-4013-884d-1174f8b48cc5 tempest-VolumeTypesExtraSpecsTest-631594429 tempest-VolumeTypesExtraSpecsTest-631594429-project-admin] Calling method 'index' {{(pid=119937) _process_stack /opt/stack/cinder/cinder/api/openstack/wsgi.py:868}}
Sep 28 08:39:23.906250 dv-cinder-844563-8-iscsi devstack@c-api.service[119937]: INFO cinder.api.openstack.wsgi [None req-e7b296ef-87a4-4013-884d-1174f8b48cc5 tempest-VolumeTypesExtraSpecsTest-631594429 tempest-VolumeTypesExtraSpecsTest-631594429-project-admin] http://10.222.0.52/volume/v3/8fc6ef08b9e64baca2fa4871fef8f402/types/be36844b-1381-46a8-a9ca-59941808e0cf/extra_specs returned with HTTP 200
Sep 28 08:39:23.907405 dv-cinder-844563-8-iscsi devstack@c-api.service[119937]: [pid: 119937|app: 0|req: 220/434] 10.222.0.52 () {58 vars in 1355 bytes} [Wed Sep 28 08:39:23 2022] GET /volume/v3/8fc6ef08b9e64baca2fa4871fef8f402/types/be36844b-1381-46a8-a9ca-59941808e0cf/extra_specs => generated 68 bytes in 23 msecs (HTTP/1.1 200) 7 headers in 284 bytes (1 switches on core 0)
Sep 28 08:39:23.915764 dv-cinder-844563-8-iscsi devstack@c-api.service[119936]: DEBUG cinder.api.middleware.request_id [None req-a658a5ac-0d52-488f-b431-fd63441d0b44 None None] RequestId filter calling following filter/app {{(pid=119936) _context_setter /opt/stack/cinder/cinder/api/middleware/request_id.py:62}}
Sep 28 08:39:23.921364 dv-cinder-844563-8-iscsi devstack@c-api.service[119936]: INFO cinder.api.openstack.wsgi [None req-a658a5ac-0d52-488f-b431-fd63441d0b44 tempest-VolumeTypesExtraSpecsTest-631594429 tempest-VolumeTypesExtraSpecsTest-631594429-project-admin] DELETE http://10.222.0.52/volume/v3/8fc6ef08b9e64baca2fa4871fef8f402/types/be36844b-1381-46a8-a9ca-59941808e0cf
Sep 28 08:39:23.922104 dv-cinder-844563-8-iscsi devstack@c-api.service[119936]: DEBUG cinder.api.openstack.wsgi [None req-a658a5ac-0d52-488f-b431-fd63441d0b44 tempest-VolumeTypesExtraSpecsTest-631594429 tempest-VolumeTypesExtraSpecsTest-631594429-project-admin] Empty body provided in request {{(pid=119936) get_body /opt/stack/cinder/cinder/api/openstack/wsgi.py:715}}
Sep 28 08:39:23.922864 dv-cinder-844563-8-iscsi devstack@c-api.service[119936]: DEBUG cinder.api.openstack.wsgi [None req-a658a5ac-0d52-488f-b431-fd63441d0b44 tempest-VolumeTypesExtraSpecsTest-631594429 tempest-VolumeTypesExtraSpecsTest-631594429-project-admin] Calling method '_delete' {{(pid=119936) _process_stack /opt/stack/cinder/cinder/api/openstack/wsgi.py:868}}
Sep 28 08:39:23.975500 dv-cinder-844563-8-iscsi devstack@c-api.service[119936]: INFO cinder.api.openstack.wsgi [None req-a658a5ac-0d52-488f-b431-fd63441d0b44 tempest-VolumeTypesExtraSpecsTest-631594429 tempest-VolumeTypesExtraSpecsTest-631594429-project-admin] http://10.222.0.52/volume/v3/8fc6ef08b9e64baca2fa4871fef8f402/types/be36844b-1381-46a8-a9ca-59941808e0cf returned with HTTP 202
Sep 28 08:39:23.976242 dv-cinder-844563-8-iscsi devstack@c-api.service[119936]: [pid: 119936|app: 0|req: 215/435] 10.222.0.52 () {58 vars in 1322 bytes} [Wed Sep 28 08:39:23 2022] DELETE /volume/v3/8fc6ef08b9e64baca2fa4871fef8f402/types/be36844b-1381-46a8-a9ca-59941808e0cf => generated 0 bytes in 63 msecs (HTTP/1.1 202) 6 headers in 233 bytes (1 switches on core 0)
Sep 28 08:39:23.980799 dv-cinder-844563-8-iscsi devstack@c-api.service[119937]: DEBUG cinder.api.middleware.request_id [None req-f86e47af-8f37-47e9-9067-4643869c44a9 None None] RequestId filter calling following filter/app {{(pid=119937) _context_setter /opt/stack/cinder/cinder/api/middleware/request_id.py:62}}
Sep 28 08:39:23.984614 dv-cinder-844563-8-iscsi devstack@c-api.service[119937]: INFO cinder.api.openstack.wsgi [None req-f86e47af-8f37-47e9-9067-4643869c44a9 tempest-VolumeTypesExtraSpecsTest-631594429 tempest-VolumeTypesExtraSpecsTest-631594429-project-admin] GET http://10.222.0.52/volume/v3/8fc6ef08b9e64baca2fa4871fef8f402/types/be36844b-1381-46a8-a9ca-59941808e0cf
Sep 28 08:39:23.985139 dv-cinder-844563-8-iscsi devstack@c-api.service[119937]: DEBUG cinder.api.openstack.wsgi [None req-f86e47af-8f37-47e9-9067-4643869c44a9 tempest-VolumeTypesExtraSpecsTest-631594429 tempest-VolumeTypesExtraSpecsTest-631594429-project-admin] Empty body provided in request {{(pid=119937) get_body /opt/stack/cinder/cinder/api/openstack/wsgi.py:715}}
Sep 28 08:39:23.985784 dv-cinder-844563-8-iscsi devstack@c-api.service[119937]: DEBUG cinder.api.openstack.wsgi [None req-f86e47af-8f37-47e9-9067-4643869c44a9 tempest-VolumeTypesExtraSpecsTest-631594429 tempest-VolumeTypesExtraSpecsTest-631594429-project-admin] Calling method 'show' {{(pid=119937) _process_stack /opt/stack/cinder/cinder/api/openstack/wsgi.py:868}}
Sep 28 08:39:23.991142 dv-cinder-844563-8-iscsi devstack@c-api.service[119937]: INFO cinder.api.openstack.wsgi [None req-f86e47af-8f37-47e9-9067-4643869c44a9 tempest-VolumeTypesExtraSpecsTest-631594429 tempest-VolumeTypesExtraSpecsTest-631594429-project-admin] http://10.222.0.52/volume/v3/8fc6ef08b9e64baca2fa4871fef8f402/types/be36844b-1381-46a8-a9ca-59941808e0cf returned with HTTP 404
Sep 28 08:39:23.992029 dv-cinder-844563-8-iscsi devstack@c-api.service[119937]: [pid: 119937|app: 0|req: 221/436] 10.222.0.52 () {58 vars in 1319 bytes} [Wed Sep 28 08:39:23 2022] GET /volume/v3/8fc6ef08b9e64baca2fa4871fef8f402/types/be36844b-1381-46a8-a9ca-59941808e0cf => generated 114 bytes in 12 msecs (HTTP/1.1 404) 7 headers in 292 bytes (1 switches on core 0)
Sep 28 08:39:24.495404 dv-cinder-844563-8-iscsi devstack@c-api.service[119936]: DEBUG cinder.api.middleware.request_id [None req-1d21638e-eb95-46b3-84d0-fc08ab66ce94 None None] RequestId filter calling following filter/app {{(pid=119936) _context_setter /opt/stack/cinder/cinder/api/middleware/request_id.py:62}}
Sep 28 08:39:24.499557 dv-cinder-844563-8-iscsi devstack@c-api.service[119936]: INFO cinder.api.openstack.wsgi [None req-1d21638e-eb95-46b3-84d0-fc08ab66ce94 tempest-VolumesExtendTest-709172804 tempest-VolumesExtendTest-709172804-project] GET http://10.222.0.52/volume/v3/cd3e119c3abc473786626a27c865300e/volumes/dc4e8d87-8f89-4eee-8a5f-4b0ca5f9be39
Sep 28 08:39:24.500220 dv-cinder-844563-8-iscsi devstack@c-api.service[119936]: DEBUG cinder.api.openstack.wsgi [None req-1d21638e-eb95-46b3-84d0-fc08ab66ce94 tempest-VolumesExtendTest-709172804 tempest-VolumesExtendTest-709172804-project] Empty body provided in request {{(pid=119936) get_body /opt/stack/cinder/cinder/api/openstack/wsgi.py:715}}
Sep 28 08:39:24.500681 dv-cinder-844563-8-iscsi devstack@c-api.service[119936]: DEBUG cinder.api.openstack.wsgi [None req-1d21638e-eb95-46b3-84d0-fc08ab66ce94 tempest-VolumesExtendTest-709172804 tempest-VolumesExtendTest-709172804-project] Calling method 'show' {{(pid=119936) _process_stack /opt/stack/cinder/cinder/api/openstack/wsgi.py:868}}
Sep 28 08:39:24.505278 dv-cinder-844563-8-iscsi devstack@c-api.service[119936]: DEBUG dbcounter [-] [119936] Writing DB stats cinder:SELECT=86,cinder:UPDATE=11,cinder:INSERT=3 {{(pid=119936) stat_writer /usr/local/lib/python3.8/dist-packages/dbcounter.py:114}}
Sep 28 08:39:24.524499 dv-cinder-844563-8-iscsi devstack@c-api.service[119936]: /usr/local/lib/python3.8/dist-packages/oslo_context/context.py:100: DeprecationWarning: Policy enforcement is depending on the value of is_admin. This key is deprecated. Please update your policy file to use the standard policy values.
Sep 28 08:39:24.524499 dv-cinder-844563-8-iscsi devstack@c-api.service[119936]: warnings.warn('Policy enforcement is depending on the value of '
Sep 28 08:39:24.534979 dv-cinder-844563-8-iscsi devstack@c-api.service[119936]: INFO cinder.volume.api [None req-1d21638e-eb95-46b3-84d0-fc08ab66ce94 tempest-VolumesExtendTest-709172804 tempest-VolumesExtendTest-709172804-project] Volume info retrieved successfully.
Sep 28 08:39:24.547755 dv-cinder-844563-8-iscsi devstack@c-api.service[119936]: INFO cinder.api.openstack.wsgi [None req-1d21638e-eb95-46b3-84d0-fc08ab66ce94 tempest-VolumesExtendTest-709172804 tempest-VolumesExtendTest-709172804-project] http://10.222.0.52/volume/v3/cd3e119c3abc473786626a27c865300e/volumes/dc4e8d87-8f89-4eee-8a5f-4b0ca5f9be39 returned with HTTP 200
Sep 28 08:39:24.548841 dv-cinder-844563-8-iscsi devstack@c-api.service[119936]: [pid: 119936|app: 0|req: 216/437] 10.222.0.52 () {58 vars in 1325 bytes} [Wed Sep 28 08:39:24 2022] GET /volume/v3/cd3e119c3abc473786626a27c865300e/volumes/dc4e8d87-8f89-4eee-8a5f-4b0ca5f9be39 => generated 970 bytes in 54 msecs (HTTP/1.1 200) 7 headers in 285 bytes (1 switches on core 0)
Sep 28 08:39:24.688418 dv-cinder-844563-8-iscsi devstack@c-api.service[119937]: DEBUG cinder.api.middleware.request_id [None req-8fbecf27-bf59-4400-97b0-919d00a186dc None None] RequestId filter calling following filter/app {{(pid=119937) _context_setter /opt/stack/cinder/cinder/api/middleware/request_id.py:62}}
Sep 28 08:39:24.692296 dv-cinder-844563-8-iscsi devstack@c-api.service[119937]: INFO cinder.api.openstack.wsgi [None req-8fbecf27-bf59-4400-97b0-919d00a186dc tempest-VolumesImageMetadata-83545916 tempest-VolumesImageMetadata-83545916-project] GET http://10.222.0.52/volume/v3/a40205da07f242a48c7ee37350a1d3bf/volumes/0b2c26ad-4598-4435-bdb9-030d376dc7d4
Sep 28 08:39:24.692743 dv-cinder-844563-8-iscsi devstack@c-api.service[119937]: DEBUG cinder.api.openstack.wsgi [None req-8fbecf27-bf59-4400-97b0-919d00a186dc tempest-VolumesImageMetadata-83545916 tempest-VolumesImageMetadata-83545916-project] Empty body provided in request {{(pid=119937) get_body /opt/stack/cinder/cinder/api/openstack/wsgi.py:715}}
Sep 28 08:39:24.693232 dv-cinder-844563-8-iscsi devstack@c-api.service[119937]: DEBUG cinder.api.openstack.wsgi [None req-8fbecf27-bf59-4400-97b0-919d00a186dc tempest-VolumesImageMetadata-83545916 tempest-VolumesImageMetadata-83545916-project] Calling method 'show' {{(pid=119937) _process_stack /opt/stack/cinder/cinder/api/openstack/wsgi.py:868}}
Sep 28 08:39:24.709728 dv-cinder-844563-8-iscsi devstack@c-api.service[119937]: /usr/local/lib/python3.8/dist-packages/oslo_context/context.py:100: DeprecationWarning: Policy enforcement is depending on the value of is_admin. This key is deprecated. Please update your policy file to use the standard policy values.
Sep 28 08:39:24.709728 dv-cinder-844563-8-iscsi devstack@c-api.service[119937]: warnings.warn('Policy enforcement is depending on the value of '
Sep 28 08:39:24.714459 dv-cinder-844563-8-iscsi devstack@c-api.service[119937]: DEBUG dbcounter [-] [119937] Writing DB stats cinder:SELECT=88,cinder:UPDATE=10,cinder:INSERT=2 {{(pid=119937) stat_writer /usr/local/lib/python3.8/dist-packages/dbcounter.py:114}}
Sep 28 08:39:24.719169 dv-cinder-844563-8-iscsi devstack@c-api.service[119937]: INFO cinder.volume.api [None req-8fbecf27-bf59-4400-97b0-919d00a186dc tempest-VolumesImageMetadata-83545916 tempest-VolumesImageMetadata-83545916-project] Volume info retrieved successfully.
Sep 28 08:39:24.737420 dv-cinder-844563-8-iscsi devstack@c-api.service[119937]: INFO cinder.api.openstack.wsgi [None req-8fbecf27-bf59-4400-97b0-919d00a186dc tempest-VolumesImageMetadata-83545916 tempest-VolumesImageMetadata-83545916-project] http://10.222.0.52/volume/v3/a40205da07f242a48c7ee37350a1d3bf/volumes/0b2c26ad-4598-4435-bdb9-030d376dc7d4 returned with HTTP 200
Sep 28 08:39:24.739001 dv-cinder-844563-8-iscsi devstack@c-api.service[119937]: [pid: 119937|app: 0|req: 222/438] 10.222.0.52 () {58 vars in 1325 bytes} [Wed Sep 28 08:39:24 2022] GET /volume/v3/a40205da07f242a48c7ee37350a1d3bf/volumes/0b2c26ad-4598-4435-bdb9-030d376dc7d4 => generated 972 bytes in 52 msecs (HTTP/1.1 200) 7 headers in 285 bytes (1 switches on core 0)
Sep 28 08:39:25.567494 dv-cinder-844563-8-iscsi devstack@c-api.service[119936]: DEBUG cinder.api.middleware.request_id [None req-e08eaa02-4c90-4f58-902e-6a3bde633bdb None None] RequestId filter calling following filter/app {{(pid=119936) _context_setter /opt/stack/cinder/cinder/api/middleware/request_id.py:62}}
Sep 28 08:39:25.572379 dv-cinder-844563-8-iscsi devstack@c-api.service[119936]: INFO cinder.api.openstack.wsgi [None req-e08eaa02-4c90-4f58-902e-6a3bde633bdb tempest-VolumesExtendTest-709172804 tempest-VolumesExtendTest-709172804-project] GET http://10.222.0.52/volume/v3/cd3e119c3abc473786626a27c865300e/volumes/dc4e8d87-8f89-4eee-8a5f-4b0ca5f9be39
Sep 28 08:39:25.572909 dv-cinder-844563-8-iscsi devstack@c-api.service[119936]: DEBUG cinder.api.openstack.wsgi [None req-e08eaa02-4c90-4f58-902e-6a3bde633bdb tempest-VolumesExtendTest-709172804 tempest-VolumesExtendTest-709172804-project] Empty body provided in request {{(pid=119936) get_body /opt/stack/cinder/cinder/api/openstack/wsgi.py:715}}
Sep 28 08:39:25.573618 dv-cinder-844563-8-iscsi devstack@c-api.service[119936]: DEBUG cinder.api.openstack.wsgi [None req-e08eaa02-4c90-4f58-902e-6a3bde633bdb tempest-VolumesExtendTest-709172804 tempest-VolumesExtendTest-709172804-project] Calling method 'show' {{(pid=119936) _process_stack /opt/stack/cinder/cinder/api/openstack/wsgi.py:868}}
Sep 28 08:39:25.590458 dv-cinder-844563-8-iscsi devstack@c-api.service[119936]: /usr/local/lib/python3.8/dist-packages/oslo_context/context.py:100: DeprecationWarning: Policy enforcement is depending on the value of is_admin. This key is deprecated. Please update your policy file to use the standard policy values.
Sep 28 08:39:25.590458 dv-cinder-844563-8-iscsi devstack@c-api.service[119936]: warnings.warn('Policy enforcement is depending on the value of '
Sep 28 08:39:25.598584 dv-cinder-844563-8-iscsi devstack@c-api.service[119936]: INFO cinder.volume.api [None req-e08eaa02-4c90-4f58-902e-6a3bde633bdb tempest-VolumesExtendTest-709172804 tempest-VolumesExtendTest-709172804-project] Volume info retrieved successfully.
Sep 28 08:39:25.609965 dv-cinder-844563-8-iscsi devstack@c-api.service[119936]: INFO cinder.api.openstack.wsgi [None req-e08eaa02-4c90-4f58-902e-6a3bde633bdb tempest-VolumesExtendTest-709172804 tempest-VolumesExtendTest-709172804-project] http://10.222.0.52/volume/v3/cd3e119c3abc473786626a27c865300e/volumes/dc4e8d87-8f89-4eee-8a5f-4b0ca5f9be39 returned with HTTP 200
Sep 28 08:39:25.611240 dv-cinder-844563-8-iscsi devstack@c-api.service[119936]: [pid: 119936|app: 0|req: 217/439] 10.222.0.52 () {58 vars in 1325 bytes} [Wed Sep 28 08:39:25 2022] GET /volume/v3/cd3e119c3abc473786626a27c865300e/volumes/dc4e8d87-8f89-4eee-8a5f-4b0ca5f9be39 => generated 970 bytes in 45 msecs (HTTP/1.1 200) 7 headers in 285 bytes (1 switches on core 0)
Sep 28 08:39:25.712850 dv-cinder-844563-8-iscsi devstack@c-api.service[119937]: DEBUG cinder.api.middleware.request_id [None req-5b537ec4-4df1-41e6-8ef7-50cf0057b9ad None None] RequestId filter calling following filter/app {{(pid=119937) _context_setter /opt/stack/cinder/cinder/api/middleware/request_id.py:62}}
Sep 28 08:39:25.719745 dv-cinder-844563-8-iscsi devstack@c-api.service[119937]: INFO cinder.api.openstack.wsgi [None req-5b537ec4-4df1-41e6-8ef7-50cf0057b9ad tempest-DeleteServersTestJSON-1519572496 tempest-DeleteServersTestJSON-1519572496-project] POST http://10.222.0.52/volume/v3/dc7abcbb99b7466fb1581e1010b4a7e1/volumes
Sep 28 08:39:25.722769 dv-cinder-844563-8-iscsi devstack@c-api.service[119937]: DEBUG cinder.api.openstack.wsgi [None req-5b537ec4-4df1-41e6-8ef7-50cf0057b9ad tempest-DeleteServersTestJSON-1519572496 tempest-DeleteServersTestJSON-1519572496-project] Action: 'create', calling method: create, body: {"volume": {"size": 1, "display_name": "tempest-DeleteServersTestJSON-volume-450272736"}} {{(pid=119937) _process_stack /opt/stack/cinder/cinder/api/openstack/wsgi.py:866}}
Sep 28 08:39:25.731790 dv-cinder-844563-8-iscsi devstack@c-api.service[119937]: DEBUG cinder.api.v3.volumes [None req-5b537ec4-4df1-41e6-8ef7-50cf0057b9ad tempest-DeleteServersTestJSON-1519572496 tempest-DeleteServersTestJSON-1519572496-project] Create volume request body: {'volume': {'size': 1, 'display_name': 'tempest-DeleteServersTestJSON-volume-450272736'}} {{(pid=119937) create /opt/stack/cinder/cinder/api/v3/volumes.py:298}}
Sep 28 08:39:25.732299 dv-cinder-844563-8-iscsi devstack@c-api.service[119937]: INFO cinder.api.v3.volumes [None req-5b537ec4-4df1-41e6-8ef7-50cf0057b9ad tempest-DeleteServersTestJSON-1519572496 tempest-DeleteServersTestJSON-1519572496-project] Create volume of 1 GB
Sep 28 08:39:25.741298 dv-cinder-844563-8-iscsi devstack@c-api.service[119937]: INFO cinder.volume.api [None req-5b537ec4-4df1-41e6-8ef7-50cf0057b9ad tempest-DeleteServersTestJSON-1519572496 tempest-DeleteServersTestJSON-1519572496-project] Availability Zones retrieved successfully.
Sep 28 08:39:25.757941 dv-cinder-844563-8-iscsi devstack@c-api.service[119936]: DEBUG cinder.api.middleware.request_id [None req-943fd598-bc84-4fc3-9075-8c38e776dc31 None None] RequestId filter calling following filter/app {{(pid=119936) _context_setter /opt/stack/cinder/cinder/api/middleware/request_id.py:62}}
Sep 28 08:39:25.758801 dv-cinder-844563-8-iscsi devstack@c-api.service[119937]: DEBUG cinder.volume.api [None req-5b537ec4-4df1-41e6-8ef7-50cf0057b9ad tempest-DeleteServersTestJSON-1519572496 tempest-DeleteServersTestJSON-1519572496-project] Flow 'volume_create_api' (fc9660a0-4911-43d2-a7c1-f0e0f09af6a9) transitioned into state 'RUNNING' from state 'PENDING' {{(pid=119937) _flow_receiver /usr/local/lib/python3.8/dist-packages/taskflow/listeners/logging.py:141}}
Sep 28 08:39:25.761837 dv-cinder-844563-8-iscsi devstack@c-api.service[119936]: INFO cinder.api.openstack.wsgi [None req-943fd598-bc84-4fc3-9075-8c38e776dc31 tempest-VolumesImageMetadata-83545916 tempest-VolumesImageMetadata-83545916-project] GET http://10.222.0.52/volume/v3/a40205da07f242a48c7ee37350a1d3bf/volumes/0b2c26ad-4598-4435-bdb9-030d376dc7d4
Sep 28 08:39:25.762311 dv-cinder-844563-8-iscsi devstack@c-api.service[119936]: DEBUG cinder.api.openstack.wsgi [None req-943fd598-bc84-4fc3-9075-8c38e776dc31 tempest-VolumesImageMetadata-83545916 tempest-VolumesImageMetadata-83545916-project] Empty body provided in request {{(pid=119936) get_body /opt/stack/cinder/cinder/api/openstack/wsgi.py:715}}
Sep 28 08:39:25.762508 dv-cinder-844563-8-iscsi devstack@c-api.service[119937]: DEBUG cinder.volume.api [None req-5b537ec4-4df1-41e6-8ef7-50cf0057b9ad tempest-DeleteServersTestJSON-1519572496 tempest-DeleteServersTestJSON-1519572496-project] Task 'cinder.volume.flows.api.create_volume.ExtractVolumeRequestTask;volume:create' (563028f8-52a7-4f6d-abf6-fa2d96c0d052) transitioned into state 'RUNNING' from state 'PENDING' {{(pid=119937) _task_receiver /usr/local/lib/python3.8/dist-packages/taskflow/listeners/logging.py:190}}
Sep 28 08:39:25.763122 dv-cinder-844563-8-iscsi devstack@c-api.service[119936]: DEBUG cinder.api.openstack.wsgi [None req-943fd598-bc84-4fc3-9075-8c38e776dc31 tempest-VolumesImageMetadata-83545916 tempest-VolumesImageMetadata-83545916-project] Calling method 'show' {{(pid=119936) _process_stack /opt/stack/cinder/cinder/api/openstack/wsgi.py:868}}
Sep 28 08:39:25.765245 dv-cinder-844563-8-iscsi devstack@c-api.service[119937]: DEBUG cinder.volume.flows.api.create_volume [None req-5b537ec4-4df1-41e6-8ef7-50cf0057b9ad tempest-DeleteServersTestJSON-1519572496 tempest-DeleteServersTestJSON-1519572496-project] Validating volume size '1' using validate_int {{(pid=119937) _extract_size /opt/stack/cinder/cinder/volume/flows/api/create_volume.py:228}}
Sep 28 08:39:25.779090 dv-cinder-844563-8-iscsi devstack@c-api.service[119936]: /usr/local/lib/python3.8/dist-packages/oslo_context/context.py:100: DeprecationWarning: Policy enforcement is depending on the value of is_admin. This key is deprecated. Please update your policy file to use the standard policy values.
Sep 28 08:39:25.779090 dv-cinder-844563-8-iscsi devstack@c-api.service[119936]: warnings.warn('Policy enforcement is depending on the value of '
Sep 28 08:39:25.788248 dv-cinder-844563-8-iscsi devstack@c-api.service[119936]: INFO cinder.volume.api [None req-943fd598-bc84-4fc3-9075-8c38e776dc31 tempest-VolumesImageMetadata-83545916 tempest-VolumesImageMetadata-83545916-project] Volume info retrieved successfully.
Sep 28 08:39:25.803782 dv-cinder-844563-8-iscsi devstack@c-api.service[119937]: DEBUG cinder.volume.api [None req-5b537ec4-4df1-41e6-8ef7-50cf0057b9ad tempest-DeleteServersTestJSON-1519572496 tempest-DeleteServersTestJSON-1519572496-project] Task 'cinder.volume.flows.api.create_volume.ExtractVolumeRequestTask;volume:create' (563028f8-52a7-4f6d-abf6-fa2d96c0d052) transitioned into state 'SUCCESS' from state 'RUNNING' with result '{'size': 1, 'snapshot_id': None, 'source_volid': None, 'volume_type': VolumeType(created_at=2022-09-28T08:28:09Z,deleted=False,deleted_at=None,description='Default Volume Type',extra_specs={},id=eb4be418-c2ed-4a12-b002-3bd089893018,is_public=True,name='__DEFAULT__',projects=[],qos_specs=,qos_specs_id=None,updated_at=2022-09-28T08:28:09Z), 'volume_type_id': 'eb4be418-c2ed-4a12-b002-3bd089893018', 'encryption_key_id': None, 'qos_specs': None, 'consistencygroup_id': None, 'cgsnapshot_id': None, 'group_id': None, 'replication_status': 'disabled', 'refresh_az': False, 'backup_id': None, 'multiattach': False, 'availability_zones': ['nova']}' {{(pid=119937) _task_receiver /usr/local/lib/python3.8/dist-packages/taskflow/listeners/logging.py:178}}
Sep 28 08:39:25.804322 dv-cinder-844563-8-iscsi devstack@c-api.service[119936]: INFO cinder.api.openstack.wsgi [None req-943fd598-bc84-4fc3-9075-8c38e776dc31 tempest-VolumesImageMetadata-83545916 tempest-VolumesImageMetadata-83545916-project] http://10.222.0.52/volume/v3/a40205da07f242a48c7ee37350a1d3bf/volumes/0b2c26ad-4598-4435-bdb9-030d376dc7d4 returned with HTTP 200
Sep 28 08:39:25.806065 dv-cinder-844563-8-iscsi devstack@c-api.service[119937]: DEBUG cinder.volume.api [None req-5b537ec4-4df1-41e6-8ef7-50cf0057b9ad tempest-DeleteServersTestJSON-1519572496 tempest-DeleteServersTestJSON-1519572496-project] Task 'cinder.volume.flows.api.create_volume.QuotaReserveTask;volume:create' (eddf38f0-5ca9-4d24-829b-cb6fff581d6b) transitioned into state 'RUNNING' from state 'PENDING' {{(pid=119937) _task_receiver /usr/local/lib/python3.8/dist-packages/taskflow/listeners/logging.py:190}}
Sep 28 08:39:25.806227 dv-cinder-844563-8-iscsi devstack@c-api.service[119936]: [pid: 119936|app: 0|req: 218/440] 10.222.0.52 () {58 vars in 1325 bytes} [Wed Sep 28 08:39:25 2022] GET /volume/v3/a40205da07f242a48c7ee37350a1d3bf/volumes/0b2c26ad-4598-4435-bdb9-030d376dc7d4 => generated 972 bytes in 49 msecs (HTTP/1.1 200) 7 headers in 285 bytes (2 switches on core 0)
Sep 28 08:39:25.923309 dv-cinder-844563-8-iscsi devstack@c-api.service[119937]: DEBUG cinder.quota [None req-5b537ec4-4df1-41e6-8ef7-50cf0057b9ad tempest-DeleteServersTestJSON-1519572496 tempest-DeleteServersTestJSON-1519572496-project] Created reservations ['2d5c55a6-b5c6-4e0e-b324-96e4cd3604c6', 'a7d69cd3-5f13-401d-8a1e-932ad9660aab', '3fe8e896-62a6-43d0-88ad-1de8e75094ad', 'd62e6eb4-fb83-41b5-baa8-028d112376bc'] {{(pid=119937) reserve /opt/stack/cinder/cinder/quota.py:755}}
Sep 28 08:39:25.925586 dv-cinder-844563-8-iscsi devstack@c-api.service[119937]: DEBUG cinder.volume.api [None req-5b537ec4-4df1-41e6-8ef7-50cf0057b9ad tempest-DeleteServersTestJSON-1519572496 tempest-DeleteServersTestJSON-1519572496-project] Task 'cinder.volume.flows.api.create_volume.QuotaReserveTask;volume:create' (eddf38f0-5ca9-4d24-829b-cb6fff581d6b) transitioned into state 'SUCCESS' from state 'RUNNING' with result '{'reservations': ['2d5c55a6-b5c6-4e0e-b324-96e4cd3604c6', 'a7d69cd3-5f13-401d-8a1e-932ad9660aab', '3fe8e896-62a6-43d0-88ad-1de8e75094ad', 'd62e6eb4-fb83-41b5-baa8-028d112376bc']}' {{(pid=119937) _task_receiver /usr/local/lib/python3.8/dist-packages/taskflow/listeners/logging.py:178}}
Sep 28 08:39:25.928448 dv-cinder-844563-8-iscsi devstack@c-api.service[119937]: DEBUG cinder.volume.api [None req-5b537ec4-4df1-41e6-8ef7-50cf0057b9ad tempest-DeleteServersTestJSON-1519572496 tempest-DeleteServersTestJSON-1519572496-project] Task 'cinder.volume.flows.api.create_volume.EntryCreateTask;volume:create' (2661aa37-b6be-4e58-b071-912665e2b910) transitioned into state 'RUNNING' from state 'PENDING' {{(pid=119937) _task_receiver /usr/local/lib/python3.8/dist-packages/taskflow/listeners/logging.py:190}}
Sep 28 08:39:25.960795 dv-cinder-844563-8-iscsi devstack@c-api.service[119937]: DEBUG cinder.volume.api [None req-5b537ec4-4df1-41e6-8ef7-50cf0057b9ad tempest-DeleteServersTestJSON-1519572496 tempest-DeleteServersTestJSON-1519572496-project] Task 'cinder.volume.flows.api.create_volume.EntryCreateTask;volume:create' (2661aa37-b6be-4e58-b071-912665e2b910) transitioned into state 'SUCCESS' from state 'RUNNING' with result '{'volume_id': '28018027-e212-4076-84d3-03950e2013db', 'volume_properties': VolumeProperties(attach_status='detached',availability_zone='nova',cgsnapshot_id=None,consistencygroup_id=None,display_description=None,display_name='tempest-DeleteServersTestJSON-volume-450272736',encryption_key_id=None,group_id=None,group_type_id=,metadata={},multiattach=False,project_id='dc7abcbb99b7466fb1581e1010b4a7e1',qos_specs=None,replication_status=,reservations=['2d5c55a6-b5c6-4e0e-b324-96e4cd3604c6','a7d69cd3-5f13-401d-8a1e-932ad9660aab','3fe8e896-62a6-43d0-88ad-1de8e75094ad','d62e6eb4-fb83-41b5-baa8-028d112376bc'],size=1,snapshot_id=None,source_replicaid=,source_volid=None,status='creating',user_id='9369796f4c5b41d6b9fe1e786fbd4b38',volume_type_id=eb4be418-c2ed-4a12-b002-3bd089893018), 'volume': Volume(_name_id=None,admin_metadata=,attach_status='detached',availability_zone='nova',bootable=False,cluster=,cluster_name=None,consistencygroup=,consistencygroup_id=None,created_at=2022-09-28T08:39:25Z,deleted=False,deleted_at=None,display_description=None,display_name='tempest-DeleteServersTestJSON-volume-450272736',ec2_id=None,encryption_key_id=None,glance_metadata=,group=,group_id=None,host=None,id=28018027-e212-4076-84d3-03950e2013db,launched_at=None,metadata={},migration_status=None,multiattach=False,previous_status=None,project_id='dc7abcbb99b7466fb1581e1010b4a7e1',provider_auth=None,provider_geometry=None,provider_id=None,provider_location=None,replication_driver_data=None,replication_extended_status=None,replication_status=None,scheduled_at=None,service_uuid=None,shared_targets=True,size=1,snapshot_id=None,snapshots=,source_volid=None,status='creating',terminated_at=None,updated_at=None,use_quota=True,user_id='9369796f4c5b41d6b9fe1e786fbd4b38',volume_attachment=VolumeAttachmentList,volume_type=VolumeType(eb4be418-c2ed-4a12-b002-3bd089893018),volume_type_id=eb4be418-c2ed-4a12-b002-3bd089893018)}' {{(pid=119937) _task_receiver /usr/local/lib/python3.8/dist-packages/taskflow/listeners/logging.py:178}}
Sep 28 08:39:25.964294 dv-cinder-844563-8-iscsi devstack@c-api.service[119937]: DEBUG cinder.volume.api [None req-5b537ec4-4df1-41e6-8ef7-50cf0057b9ad tempest-DeleteServersTestJSON-1519572496 tempest-DeleteServersTestJSON-1519572496-project] Task 'cinder.volume.flows.api.create_volume.QuotaCommitTask;volume:create' (96ef827b-f3ed-4201-87fb-8bd649ceb749) transitioned into state 'RUNNING' from state 'PENDING' {{(pid=119937) _task_receiver /usr/local/lib/python3.8/dist-packages/taskflow/listeners/logging.py:190}}
Sep 28 08:39:26.006833 dv-cinder-844563-8-iscsi devstack@c-api.service[119937]: DEBUG cinder.volume.api [None req-5b537ec4-4df1-41e6-8ef7-50cf0057b9ad tempest-DeleteServersTestJSON-1519572496 tempest-DeleteServersTestJSON-1519572496-project] Task 'cinder.volume.flows.api.create_volume.QuotaCommitTask;volume:create' (96ef827b-f3ed-4201-87fb-8bd649ceb749) transitioned into state 'SUCCESS' from state 'RUNNING' with result '{'volume_properties': VolumeProperties(attach_status='detached',availability_zone='nova',cgsnapshot_id=None,consistencygroup_id=None,display_description=None,display_name='tempest-DeleteServersTestJSON-volume-450272736',encryption_key_id=None,group_id=None,group_type_id=,metadata={},multiattach=False,project_id='dc7abcbb99b7466fb1581e1010b4a7e1',qos_specs=None,replication_status=,reservations=['2d5c55a6-b5c6-4e0e-b324-96e4cd3604c6','a7d69cd3-5f13-401d-8a1e-932ad9660aab','3fe8e896-62a6-43d0-88ad-1de8e75094ad','d62e6eb4-fb83-41b5-baa8-028d112376bc'],size=1,snapshot_id=None,source_replicaid=,source_volid=None,status='creating',user_id='9369796f4c5b41d6b9fe1e786fbd4b38',volume_type_id=eb4be418-c2ed-4a12-b002-3bd089893018)}' {{(pid=119937) _task_receiver /usr/local/lib/python3.8/dist-packages/taskflow/listeners/logging.py:178}}
Sep 28 08:39:26.011099 dv-cinder-844563-8-iscsi devstack@c-api.service[119937]: DEBUG cinder.volume.api [None req-5b537ec4-4df1-41e6-8ef7-50cf0057b9ad tempest-DeleteServersTestJSON-1519572496 tempest-DeleteServersTestJSON-1519572496-project] Task 'cinder.volume.flows.api.create_volume.VolumeCastTask;volume:create' (51e41d17-bc4f-490a-be30-f16ec45d24b3) transitioned into state 'RUNNING' from state 'PENDING' {{(pid=119937) _task_receiver /usr/local/lib/python3.8/dist-packages/taskflow/listeners/logging.py:190}}
Sep 28 08:39:26.024218 dv-cinder-844563-8-iscsi devstack@c-api.service[119936]: DEBUG cinder.api.middleware.request_id [None req-9c42d105-71d4-4489-be7e-901cf30020c7 None None] RequestId filter calling following filter/app {{(pid=119936) _context_setter /opt/stack/cinder/cinder/api/middleware/request_id.py:62}}
Sep 28 08:39:26.040810 dv-cinder-844563-8-iscsi devstack@c-api.service[119937]: DEBUG cinder.volume.api [None req-5b537ec4-4df1-41e6-8ef7-50cf0057b9ad tempest-DeleteServersTestJSON-1519572496 tempest-DeleteServersTestJSON-1519572496-project] Task 'cinder.volume.flows.api.create_volume.VolumeCastTask;volume:create' (51e41d17-bc4f-490a-be30-f16ec45d24b3) transitioned into state 'SUCCESS' from state 'RUNNING' with result 'None' {{(pid=119937) _task_receiver /usr/local/lib/python3.8/dist-packages/taskflow/listeners/logging.py:178}}
Sep 28 08:39:26.043521 dv-cinder-844563-8-iscsi devstack@c-api.service[119937]: DEBUG cinder.volume.api [None req-5b537ec4-4df1-41e6-8ef7-50cf0057b9ad tempest-DeleteServersTestJSON-1519572496 tempest-DeleteServersTestJSON-1519572496-project] Flow 'volume_create_api' (fc9660a0-4911-43d2-a7c1-f0e0f09af6a9) transitioned into state 'SUCCESS' from state 'RUNNING' {{(pid=119937) _flow_receiver /usr/local/lib/python3.8/dist-packages/taskflow/listeners/logging.py:141}}
Sep 28 08:39:26.044429 dv-cinder-844563-8-iscsi devstack@c-api.service[119937]: INFO cinder.volume.api [None req-5b537ec4-4df1-41e6-8ef7-50cf0057b9ad tempest-DeleteServersTestJSON-1519572496 tempest-DeleteServersTestJSON-1519572496-project] Create volume request issued successfully.
Sep 28 08:39:26.045913 dv-cinder-844563-8-iscsi devstack@c-api.service[119937]: INFO cinder.api.openstack.wsgi [None req-5b537ec4-4df1-41e6-8ef7-50cf0057b9ad tempest-DeleteServersTestJSON-1519572496 tempest-DeleteServersTestJSON-1519572496-project] http://10.222.0.52/volume/v3/dc7abcbb99b7466fb1581e1010b4a7e1/volumes returned with HTTP 202
Sep 28 08:39:26.060820 dv-cinder-844563-8-iscsi devstack@c-api.service[119937]: [pid: 119937|app: 0|req: 223/441] 10.222.0.52 () {60 vars in 1235 bytes} [Wed Sep 28 08:39:25 2022] POST /volume/v3/dc7abcbb99b7466fb1581e1010b4a7e1/volumes => generated 820 bytes in 349 msecs (HTTP/1.1 202) 7 headers in 291 bytes (1 switches on core 0)
Sep 28 08:39:26.062646 dv-cinder-844563-8-iscsi devstack@c-api.service[119937]: DEBUG cinder.api.middleware.request_id [None req-229cdaab-6ca4-4097-9845-73c7e2410c06 None None] RequestId filter calling following filter/app {{(pid=119937) _context_setter /opt/stack/cinder/cinder/api/middleware/request_id.py:62}}
Sep 28 08:39:26.066666 dv-cinder-844563-8-iscsi devstack@c-api.service[119937]: INFO cinder.api.openstack.wsgi [None req-229cdaab-6ca4-4097-9845-73c7e2410c06 tempest-DeleteServersTestJSON-1519572496 tempest-DeleteServersTestJSON-1519572496-project] GET http://10.222.0.52/volume/v3/dc7abcbb99b7466fb1581e1010b4a7e1/volumes/28018027-e212-4076-84d3-03950e2013db
Sep 28 08:39:26.067185 dv-cinder-844563-8-iscsi devstack@c-api.service[119937]: DEBUG cinder.api.openstack.wsgi [None req-229cdaab-6ca4-4097-9845-73c7e2410c06 tempest-DeleteServersTestJSON-1519572496 tempest-DeleteServersTestJSON-1519572496-project] Empty body provided in request {{(pid=119937) get_body /opt/stack/cinder/cinder/api/openstack/wsgi.py:715}}
Sep 28 08:39:26.067709 dv-cinder-844563-8-iscsi devstack@c-api.service[119937]: DEBUG cinder.api.openstack.wsgi [None req-229cdaab-6ca4-4097-9845-73c7e2410c06 tempest-DeleteServersTestJSON-1519572496 tempest-DeleteServersTestJSON-1519572496-project] Calling method 'show' {{(pid=119937) _process_stack /opt/stack/cinder/cinder/api/openstack/wsgi.py:868}}
Sep 28 08:39:26.085527 dv-cinder-844563-8-iscsi devstack@c-api.service[119937]: /usr/local/lib/python3.8/dist-packages/oslo_context/context.py:100: DeprecationWarning: Policy enforcement is depending on the value of is_admin. This key is deprecated. Please update your policy file to use the standard policy values.
Sep 28 08:39:26.085527 dv-cinder-844563-8-iscsi devstack@c-api.service[119937]: warnings.warn('Policy enforcement is depending on the value of '
Sep 28 08:39:26.093958 dv-cinder-844563-8-iscsi devstack@c-api.service[119937]: INFO cinder.volume.api [None req-229cdaab-6ca4-4097-9845-73c7e2410c06 tempest-DeleteServersTestJSON-1519572496 tempest-DeleteServersTestJSON-1519572496-project] Volume info retrieved successfully.
Sep 28 08:39:26.106619 dv-cinder-844563-8-iscsi devstack@c-api.service[119937]: INFO cinder.api.openstack.wsgi [None req-229cdaab-6ca4-4097-9845-73c7e2410c06 tempest-DeleteServersTestJSON-1519572496 tempest-DeleteServersTestJSON-1519572496-project] http://10.222.0.52/volume/v3/dc7abcbb99b7466fb1581e1010b4a7e1/volumes/28018027-e212-4076-84d3-03950e2013db returned with HTTP 200
Sep 28 08:39:26.107673 dv-cinder-844563-8-iscsi devstack@c-api.service[119937]: [pid: 119937|app: 0|req: 224/442] 10.222.0.52 () {58 vars in 1325 bytes} [Wed Sep 28 08:39:26 2022] GET /volume/v3/dc7abcbb99b7466fb1581e1010b4a7e1/volumes/28018027-e212-4076-84d3-03950e2013db => generated 888 bytes in 46 msecs (HTTP/1.1 200) 7 headers in 285 bytes (1 switches on core 0)
Sep 28 08:39:26.365028 dv-cinder-844563-8-iscsi devstack@c-api.service[119936]: INFO cinder.api.openstack.wsgi [None req-9c42d105-71d4-4489-be7e-901cf30020c7 tempest-GroupSnapshotsV319Test-72921564 tempest-GroupSnapshotsV319Test-72921564-project-admin] POST http://10.222.0.52/volume/v3/c719c0c913704c76a8f8a7ff1f2dae62/types
Sep 28 08:39:26.365802 dv-cinder-844563-8-iscsi devstack@c-api.service[119936]: DEBUG cinder.api.openstack.wsgi [None req-9c42d105-71d4-4489-be7e-901cf30020c7 tempest-GroupSnapshotsV319Test-72921564 tempest-GroupSnapshotsV319Test-72921564-project-admin] Action: 'create', calling method: _create, body: {"volume_type": {"name": "tempest-GroupSnapshotsV319Test-volume-type-1093122603"}} {{(pid=119936) _process_stack /opt/stack/cinder/cinder/api/openstack/wsgi.py:866}}
Sep 28 08:39:26.391375 dv-cinder-844563-8-iscsi devstack@c-api.service[119936]: INFO cinder.api.openstack.wsgi [None req-9c42d105-71d4-4489-be7e-901cf30020c7 tempest-GroupSnapshotsV319Test-72921564 tempest-GroupSnapshotsV319Test-72921564-project-admin] http://10.222.0.52/volume/v3/c719c0c913704c76a8f8a7ff1f2dae62/types returned with HTTP 200
Sep 28 08:39:26.395430 dv-cinder-844563-8-iscsi devstack@c-api.service[119936]: [pid: 119936|app: 0|req: 219/443] 10.222.0.52 () {60 vars in 1229 bytes} [Wed Sep 28 08:39:26 2022] POST /volume/v3/c719c0c913704c76a8f8a7ff1f2dae62/types => generated 228 bytes in 369 msecs (HTTP/1.1 200) 7 headers in 285 bytes (2 switches on core 0)
Sep 28 08:39:26.400309 dv-cinder-844563-8-iscsi devstack@c-api.service[119937]: DEBUG cinder.api.middleware.request_id [None req-dd3fb095-ea29-4878-a03b-bfa44808e049 None None] RequestId filter calling following filter/app {{(pid=119937) _context_setter /opt/stack/cinder/cinder/api/middleware/request_id.py:62}}
Sep 28 08:39:26.404190 dv-cinder-844563-8-iscsi devstack@c-api.service[119937]: INFO cinder.api.openstack.wsgi [None req-dd3fb095-ea29-4878-a03b-bfa44808e049 tempest-GroupSnapshotsV319Test-72921564 tempest-GroupSnapshotsV319Test-72921564-project-admin] POST http://10.222.0.52/volume/v3/c719c0c913704c76a8f8a7ff1f2dae62/group_types
Sep 28 08:39:26.405042 dv-cinder-844563-8-iscsi devstack@c-api.service[119937]: DEBUG cinder.api.openstack.wsgi [None req-dd3fb095-ea29-4878-a03b-bfa44808e049 tempest-GroupSnapshotsV319Test-72921564 tempest-GroupSnapshotsV319Test-72921564-project-admin] Action: 'create', calling method: version_select, body: {"group_type": {"name": "tempest-GroupSnapshotsV319Test-group-type-1114054022"}} {{(pid=119937) _process_stack /opt/stack/cinder/cinder/api/openstack/wsgi.py:866}}
Sep 28 08:39:26.431140 dv-cinder-844563-8-iscsi devstack@c-api.service[119937]: INFO cinder.api.openstack.wsgi [None req-dd3fb095-ea29-4878-a03b-bfa44808e049 tempest-GroupSnapshotsV319Test-72921564 tempest-GroupSnapshotsV319Test-72921564-project-admin] http://10.222.0.52/volume/v3/c719c0c913704c76a8f8a7ff1f2dae62/group_types returned with HTTP 202
Sep 28 08:39:26.432174 dv-cinder-844563-8-iscsi devstack@c-api.service[119937]: [pid: 119937|app: 0|req: 225/444] 10.222.0.52 () {62 vars in 1288 bytes} [Wed Sep 28 08:39:26 2022] POST /volume/v3/c719c0c913704c76a8f8a7ff1f2dae62/group_types => generated 185 bytes in 33 msecs (HTTP/1.1 202) 7 headers in 292 bytes (1 switches on core 0)
Sep 28 08:39:26.440186 dv-cinder-844563-8-iscsi devstack@c-api.service[119936]: DEBUG cinder.api.middleware.request_id [None req-492b91c1-16bf-4f4b-a9bd-0ea6f8116768 None None] RequestId filter calling following filter/app {{(pid=119936) _context_setter /opt/stack/cinder/cinder/api/middleware/request_id.py:62}}
Sep 28 08:39:26.614120 dv-cinder-844563-8-iscsi devstack@c-api.service[119936]: INFO cinder.api.openstack.wsgi [None req-492b91c1-16bf-4f4b-a9bd-0ea6f8116768 tempest-GroupSnapshotsV319Test-1799201878 tempest-GroupSnapshotsV319Test-1799201878-project] POST http://10.222.0.52/volume/v3/34b00239804a45488ff8981c0e108f29/groups
Sep 28 08:39:26.615020 dv-cinder-844563-8-iscsi devstack@c-api.service[119936]: DEBUG cinder.api.openstack.wsgi [None req-492b91c1-16bf-4f4b-a9bd-0ea6f8116768 tempest-GroupSnapshotsV319Test-1799201878 tempest-GroupSnapshotsV319Test-1799201878-project] Action: 'create', calling method: version_select, body: {"group": {"group_type": "1f144a3e-9fd8-465e-b34b-845a2f5af760", "volume_types": ["d5c3f871-ea12-4683-a81c-30a8c1e3eb7f"], "name": "tempest-GroupSnapshotsV319Test-Group-535674085"}} {{(pid=119936) _process_stack /opt/stack/cinder/cinder/api/openstack/wsgi.py:866}}
Sep 28 08:39:26.617502 dv-cinder-844563-8-iscsi devstack@c-api.service[119936]: DEBUG cinder.api.v3.groups [None req-492b91c1-16bf-4f4b-a9bd-0ea6f8116768 tempest-GroupSnapshotsV319Test-1799201878 tempest-GroupSnapshotsV319Test-1799201878-project] Creating new group {'group': {'group_type': '1f144a3e-9fd8-465e-b34b-845a2f5af760', 'volume_types': ['d5c3f871-ea12-4683-a81c-30a8c1e3eb7f'], 'name': 'tempest-GroupSnapshotsV319Test-Group-535674085'}} {{(pid=119936) create /opt/stack/cinder/cinder/api/v3/groups.py:190}}
Sep 28 08:39:26.624318 dv-cinder-844563-8-iscsi devstack@c-api.service[119936]: INFO cinder.api.v3.groups [None req-492b91c1-16bf-4f4b-a9bd-0ea6f8116768 tempest-GroupSnapshotsV319Test-1799201878 tempest-GroupSnapshotsV319Test-1799201878-project] Creating group tempest-GroupSnapshotsV319Test-Group-535674085.
Sep 28 08:39:26.629420 dv-cinder-844563-8-iscsi devstack@c-api.service[119937]: DEBUG cinder.api.middleware.request_id [None req-9736225d-73a2-4732-b0b4-d7407a68a270 None None] RequestId filter calling following filter/app {{(pid=119937) _context_setter /opt/stack/cinder/cinder/api/middleware/request_id.py:62}}
Sep 28 08:39:26.633160 dv-cinder-844563-8-iscsi devstack@c-api.service[119937]: INFO cinder.api.openstack.wsgi [None req-9736225d-73a2-4732-b0b4-d7407a68a270 tempest-VolumesExtendTest-709172804 tempest-VolumesExtendTest-709172804-project] GET http://10.222.0.52/volume/v3/cd3e119c3abc473786626a27c865300e/volumes/dc4e8d87-8f89-4eee-8a5f-4b0ca5f9be39
