Sep 28 08:39:03.122647 dv-cinder-844563-8-iscsi devstack@c-api.service[119937]: INFO cinder.api.openstack.wsgi [None req-91879088-214c-4129-84ca-6345083c2455 tempest-GroupSnapshotsTest-746644147 tempest-GroupSnapshotsTest-746644147-project] GET http://10.222.0.52/volume/v3/6a472511439940f390b7b40a73e9e1d1/snapshots/7eb49f72-f378-4e9a-80de-395c9694e82c
Sep 28 08:39:03.124529 dv-cinder-844563-8-iscsi devstack@c-api.service[119937]: DEBUG cinder.api.openstack.wsgi [None req-91879088-214c-4129-84ca-6345083c2455 tempest-GroupSnapshotsTest-746644147 tempest-GroupSnapshotsTest-746644147-project] Empty body provided in request {{(pid=119937) get_body /opt/stack/cinder/cinder/api/openstack/wsgi.py:715}}
Sep 28 08:39:03.125812 dv-cinder-844563-8-iscsi devstack@c-api.service[119937]: DEBUG cinder.api.openstack.wsgi [None req-91879088-214c-4129-84ca-6345083c2455 tempest-GroupSnapshotsTest-746644147 tempest-GroupSnapshotsTest-746644147-project] Calling method 'show' {{(pid=119937) _process_stack /opt/stack/cinder/cinder/api/openstack/wsgi.py:868}}
Sep 28 08:39:03.136037 dv-cinder-844563-8-iscsi devstack@c-api.service[119937]: INFO cinder.api.openstack.wsgi [None req-91879088-214c-4129-84ca-6345083c2455 tempest-GroupSnapshotsTest-746644147 tempest-GroupSnapshotsTest-746644147-project] http://10.222.0.52/volume/v3/6a472511439940f390b7b40a73e9e1d1/snapshots/7eb49f72-f378-4e9a-80de-395c9694e82c returned with HTTP 404
Sep 28 08:39:03.139145 dv-cinder-844563-8-iscsi devstack@c-api.service[119936]: DEBUG cinder.api.middleware.request_id [None req-41751a4b-f6ae-4a84-b463-f96ece8e7e85 None None] RequestId filter calling following filter/app {{(pid=119936) _context_setter /opt/stack/cinder/cinder/api/middleware/request_id.py:62}}
Sep 28 08:39:03.143221 dv-cinder-844563-8-iscsi devstack@c-api.service[119937]: [pid: 119937|app: 0|req: 142/282] 10.222.0.52 () {58 vars in 1331 bytes} [Wed Sep 28 08:39:03 2022] GET /volume/v3/6a472511439940f390b7b40a73e9e1d1/snapshots/7eb49f72-f378-4e9a-80de-395c9694e82c => generated 111 bytes in 32 msecs (HTTP/1.1 404) 7 headers in 292 bytes (1 switches on core 0)
Sep 28 08:39:03.145182 dv-cinder-844563-8-iscsi devstack@c-api.service[119936]: INFO cinder.api.openstack.wsgi [None req-41751a4b-f6ae-4a84-b463-f96ece8e7e85 tempest-VolumesExtendTest-709172804 tempest-VolumesExtendTest-709172804-project] GET http://10.222.0.52/volume/v3/cd3e119c3abc473786626a27c865300e/volumes/dc4e8d87-8f89-4eee-8a5f-4b0ca5f9be39
Sep 28 08:39:03.145709 dv-cinder-844563-8-iscsi devstack@c-api.service[119936]: DEBUG cinder.api.openstack.wsgi [None req-41751a4b-f6ae-4a84-b463-f96ece8e7e85 tempest-VolumesExtendTest-709172804 tempest-VolumesExtendTest-709172804-project] Empty body provided in request {{(pid=119936) get_body /opt/stack/cinder/cinder/api/openstack/wsgi.py:715}}
Sep 28 08:39:03.146242 dv-cinder-844563-8-iscsi devstack@c-api.service[119936]: DEBUG cinder.api.openstack.wsgi [None req-41751a4b-f6ae-4a84-b463-f96ece8e7e85 tempest-VolumesExtendTest-709172804 tempest-VolumesExtendTest-709172804-project] Calling method 'show' {{(pid=119936) _process_stack /opt/stack/cinder/cinder/api/openstack/wsgi.py:868}}
Sep 28 08:39:03.148075 dv-cinder-844563-8-iscsi devstack@c-api.service[119937]: DEBUG cinder.api.middleware.request_id [None req-80934712-7bbf-4ee3-9923-00687296b60b None None] RequestId filter calling following filter/app {{(pid=119937) _context_setter /opt/stack/cinder/cinder/api/middleware/request_id.py:62}}
Sep 28 08:39:03.155392 dv-cinder-844563-8-iscsi devstack@c-api.service[119937]: INFO cinder.api.openstack.wsgi [None req-80934712-7bbf-4ee3-9923-00687296b60b tempest-GroupSnapshotsTest-746644147 tempest-GroupSnapshotsTest-746644147-project] GET http://10.222.0.52/volume/v3/6a472511439940f390b7b40a73e9e1d1/snapshots/739c22dd-d00e-4c1c-b845-a11c26c8f8a2
Sep 28 08:39:03.156115 dv-cinder-844563-8-iscsi devstack@c-api.service[119937]: DEBUG cinder.api.openstack.wsgi [None req-80934712-7bbf-4ee3-9923-00687296b60b tempest-GroupSnapshotsTest-746644147 tempest-GroupSnapshotsTest-746644147-project] Empty body provided in request {{(pid=119937) get_body /opt/stack/cinder/cinder/api/openstack/wsgi.py:715}}
Sep 28 08:39:03.156745 dv-cinder-844563-8-iscsi devstack@c-api.service[119937]: DEBUG cinder.api.openstack.wsgi [None req-80934712-7bbf-4ee3-9923-00687296b60b tempest-GroupSnapshotsTest-746644147 tempest-GroupSnapshotsTest-746644147-project] Calling method 'show' {{(pid=119937) _process_stack /opt/stack/cinder/cinder/api/openstack/wsgi.py:868}}
Sep 28 08:39:03.163624 dv-cinder-844563-8-iscsi devstack@c-api.service[119936]: /usr/local/lib/python3.8/dist-packages/oslo_context/context.py:100: DeprecationWarning: Policy enforcement is depending on the value of is_admin. This key is deprecated. Please update your policy file to use the standard policy values.
Sep 28 08:39:03.163624 dv-cinder-844563-8-iscsi devstack@c-api.service[119936]: warnings.warn('Policy enforcement is depending on the value of '
Sep 28 08:39:03.173576 dv-cinder-844563-8-iscsi devstack@c-api.service[119937]: INFO cinder.api.openstack.wsgi [None req-80934712-7bbf-4ee3-9923-00687296b60b tempest-GroupSnapshotsTest-746644147 tempest-GroupSnapshotsTest-746644147-project] http://10.222.0.52/volume/v3/6a472511439940f390b7b40a73e9e1d1/snapshots/739c22dd-d00e-4c1c-b845-a11c26c8f8a2 returned with HTTP 404
Sep 28 08:39:03.176614 dv-cinder-844563-8-iscsi devstack@c-api.service[119936]: INFO cinder.volume.api [None req-41751a4b-f6ae-4a84-b463-f96ece8e7e85 tempest-VolumesExtendTest-709172804 tempest-VolumesExtendTest-709172804-project] Volume info retrieved successfully.
Sep 28 08:39:03.178280 dv-cinder-844563-8-iscsi devstack@c-api.service[119937]: [pid: 119937|app: 0|req: 143/283] 10.222.0.52 () {58 vars in 1331 bytes} [Wed Sep 28 08:39:03 2022] GET /volume/v3/6a472511439940f390b7b40a73e9e1d1/snapshots/739c22dd-d00e-4c1c-b845-a11c26c8f8a2 => generated 111 bytes in 31 msecs (HTTP/1.1 404) 7 headers in 292 bytes (1 switches on core 0)
Sep 28 08:39:03.180524 dv-cinder-844563-8-iscsi devstack@c-api.service[119937]: DEBUG cinder.api.middleware.request_id [None req-6fd0dce6-cae4-4493-8c55-8028947f24be None None] RequestId filter calling following filter/app {{(pid=119937) _context_setter /opt/stack/cinder/cinder/api/middleware/request_id.py:62}}
Sep 28 08:39:03.189143 dv-cinder-844563-8-iscsi devstack@c-api.service[119936]: INFO cinder.api.openstack.wsgi [None req-41751a4b-f6ae-4a84-b463-f96ece8e7e85 tempest-VolumesExtendTest-709172804 tempest-VolumesExtendTest-709172804-project] http://10.222.0.52/volume/v3/cd3e119c3abc473786626a27c865300e/volumes/dc4e8d87-8f89-4eee-8a5f-4b0ca5f9be39 returned with HTTP 200
Sep 28 08:39:03.190180 dv-cinder-844563-8-iscsi devstack@c-api.service[119937]: INFO cinder.api.openstack.wsgi [None req-6fd0dce6-cae4-4493-8c55-8028947f24be tempest-GroupSnapshotsTest-746644147 tempest-GroupSnapshotsTest-746644147-project] GET http://10.222.0.52/volume/v3/6a472511439940f390b7b40a73e9e1d1/group_snapshots/56347699-2de6-4655-b46b-175f0c9cb2ca
Sep 28 08:39:03.191539 dv-cinder-844563-8-iscsi devstack@c-api.service[119937]: DEBUG cinder.api.openstack.wsgi [None req-6fd0dce6-cae4-4493-8c55-8028947f24be tempest-GroupSnapshotsTest-746644147 tempest-GroupSnapshotsTest-746644147-project] Empty body provided in request {{(pid=119937) get_body /opt/stack/cinder/cinder/api/openstack/wsgi.py:715}}
Sep 28 08:39:03.192071 dv-cinder-844563-8-iscsi devstack@c-api.service[119937]: DEBUG cinder.api.openstack.wsgi [None req-6fd0dce6-cae4-4493-8c55-8028947f24be tempest-GroupSnapshotsTest-746644147 tempest-GroupSnapshotsTest-746644147-project] Calling method 'version_select' {{(pid=119937) _process_stack /opt/stack/cinder/cinder/api/openstack/wsgi.py:868}}
Sep 28 08:39:03.192515 dv-cinder-844563-8-iscsi devstack@c-api.service[119937]: DEBUG cinder.api.v3.group_snapshots [None req-6fd0dce6-cae4-4493-8c55-8028947f24be tempest-GroupSnapshotsTest-746644147 tempest-GroupSnapshotsTest-746644147-project] show called for member 56347699-2de6-4655-b46b-175f0c9cb2ca {{(pid=119937) show /opt/stack/cinder/cinder/api/v3/group_snapshots.py:58}}
Sep 28 08:39:03.199360 dv-cinder-844563-8-iscsi devstack@c-api.service[119936]: [pid: 119936|app: 0|req: 141/284] 10.222.0.52 () {58 vars in 1325 bytes} [Wed Sep 28 08:39:03 2022] GET /volume/v3/cd3e119c3abc473786626a27c865300e/volumes/dc4e8d87-8f89-4eee-8a5f-4b0ca5f9be39 => generated 909 bytes in 61 msecs (HTTP/1.1 200) 7 headers in 285 bytes (1 switches on core 0)
Sep 28 08:39:03.203179 dv-cinder-844563-8-iscsi devstack@c-api.service[119937]: INFO cinder.api.openstack.wsgi [None req-6fd0dce6-cae4-4493-8c55-8028947f24be tempest-GroupSnapshotsTest-746644147 tempest-GroupSnapshotsTest-746644147-project] http://10.222.0.52/volume/v3/6a472511439940f390b7b40a73e9e1d1/group_snapshots/56347699-2de6-4655-b46b-175f0c9cb2ca returned with HTTP 404
Sep 28 08:39:03.210126 dv-cinder-844563-8-iscsi devstack@c-api.service[119936]: DEBUG cinder.api.middleware.request_id [None req-6b192f90-7757-4db4-8c01-4569eb99c95a None None] RequestId filter calling following filter/app {{(pid=119936) _context_setter /opt/stack/cinder/cinder/api/middleware/request_id.py:62}}
Sep 28 08:39:03.211043 dv-cinder-844563-8-iscsi devstack@c-api.service[119937]: [pid: 119937|app: 0|req: 144/285] 10.222.0.52 () {60 vars in 1390 bytes} [Wed Sep 28 08:39:03 2022] GET /volume/v3/6a472511439940f390b7b40a73e9e1d1/group_snapshots/56347699-2de6-4655-b46b-175f0c9cb2ca => generated 116 bytes in 32 msecs (HTTP/1.1 404) 7 headers in 293 bytes (1 switches on core 0)
Sep 28 08:39:03.214582 dv-cinder-844563-8-iscsi devstack@c-api.service[119936]: INFO cinder.api.openstack.wsgi [None req-6b192f90-7757-4db4-8c01-4569eb99c95a tempest-GroupSnapshotsTest-746644147 tempest-GroupSnapshotsTest-746644147-project] DELETE http://10.222.0.52/volume/v3/6a472511439940f390b7b40a73e9e1d1/group_snapshots/56347699-2de6-4655-b46b-175f0c9cb2ca
Sep 28 08:39:03.215075 dv-cinder-844563-8-iscsi devstack@c-api.service[119936]: DEBUG cinder.api.openstack.wsgi [None req-6b192f90-7757-4db4-8c01-4569eb99c95a tempest-GroupSnapshotsTest-746644147 tempest-GroupSnapshotsTest-746644147-project] Empty body provided in request {{(pid=119936) get_body /opt/stack/cinder/cinder/api/openstack/wsgi.py:715}}
Sep 28 08:39:03.215531 dv-cinder-844563-8-iscsi devstack@c-api.service[119936]: DEBUG cinder.api.openstack.wsgi [None req-6b192f90-7757-4db4-8c01-4569eb99c95a tempest-GroupSnapshotsTest-746644147 tempest-GroupSnapshotsTest-746644147-project] Calling method 'version_select' {{(pid=119936) _process_stack /opt/stack/cinder/cinder/api/openstack/wsgi.py:868}}
Sep 28 08:39:03.217594 dv-cinder-844563-8-iscsi devstack@c-api.service[119936]: DEBUG cinder.api.v3.group_snapshots [None req-6b192f90-7757-4db4-8c01-4569eb99c95a tempest-GroupSnapshotsTest-746644147 tempest-GroupSnapshotsTest-746644147-project] delete called for member 56347699-2de6-4655-b46b-175f0c9cb2ca {{(pid=119936) delete /opt/stack/cinder/cinder/api/v3/group_snapshots.py:72}}
Sep 28 08:39:03.218872 dv-cinder-844563-8-iscsi devstack@c-api.service[119936]: INFO cinder.api.v3.group_snapshots [None req-6b192f90-7757-4db4-8c01-4569eb99c95a tempest-GroupSnapshotsTest-746644147 tempest-GroupSnapshotsTest-746644147-project] Delete group_snapshot with id: 56347699-2de6-4655-b46b-175f0c9cb2ca
Sep 28 08:39:03.225971 dv-cinder-844563-8-iscsi devstack@c-api.service[119937]: DEBUG cinder.api.middleware.request_id [None req-57201a25-1717-4c66-92a1-68c132b80877 None None] RequestId filter calling following filter/app {{(pid=119937) _context_setter /opt/stack/cinder/cinder/api/middleware/request_id.py:62}}
Sep 28 08:39:03.230548 dv-cinder-844563-8-iscsi devstack@c-api.service[119937]: INFO cinder.api.openstack.wsgi [None req-57201a25-1717-4c66-92a1-68c132b80877 tempest-VolumesImageMetadata-83545916 tempest-VolumesImageMetadata-83545916-project] GET http://10.222.0.52/volume/v3/a40205da07f242a48c7ee37350a1d3bf/volumes/0b2c26ad-4598-4435-bdb9-030d376dc7d4
Sep 28 08:39:03.232358 dv-cinder-844563-8-iscsi devstack@c-api.service[119937]: DEBUG cinder.api.openstack.wsgi [None req-57201a25-1717-4c66-92a1-68c132b80877 tempest-VolumesImageMetadata-83545916 tempest-VolumesImageMetadata-83545916-project] Empty body provided in request {{(pid=119937) get_body /opt/stack/cinder/cinder/api/openstack/wsgi.py:715}}
Sep 28 08:39:03.237167 dv-cinder-844563-8-iscsi devstack@c-api.service[119937]: DEBUG cinder.api.openstack.wsgi [None req-57201a25-1717-4c66-92a1-68c132b80877 tempest-VolumesImageMetadata-83545916 tempest-VolumesImageMetadata-83545916-project] Calling method 'show' {{(pid=119937) _process_stack /opt/stack/cinder/cinder/api/openstack/wsgi.py:868}}
Sep 28 08:39:03.239519 dv-cinder-844563-8-iscsi devstack@c-api.service[119936]: INFO cinder.api.openstack.wsgi [None req-6b192f90-7757-4db4-8c01-4569eb99c95a tempest-GroupSnapshotsTest-746644147 tempest-GroupSnapshotsTest-746644147-project] http://10.222.0.52/volume/v3/6a472511439940f390b7b40a73e9e1d1/group_snapshots/56347699-2de6-4655-b46b-175f0c9cb2ca returned with HTTP 404
Sep 28 08:39:03.241998 dv-cinder-844563-8-iscsi devstack@c-api.service[119936]: [pid: 119936|app: 0|req: 142/286] 10.222.0.52 () {60 vars in 1393 bytes} [Wed Sep 28 08:39:03 2022] DELETE /volume/v3/6a472511439940f390b7b40a73e9e1d1/group_snapshots/56347699-2de6-4655-b46b-175f0c9cb2ca => generated 116 bytes in 33 msecs (HTTP/1.1 404) 7 headers in 293 bytes (1 switches on core 0)
Sep 28 08:39:03.247279 dv-cinder-844563-8-iscsi devstack@c-api.service[119936]: DEBUG cinder.api.middleware.request_id [None req-3873d839-474f-49af-8326-516a44bfc603 None None] RequestId filter calling following filter/app {{(pid=119936) _context_setter /opt/stack/cinder/cinder/api/middleware/request_id.py:62}}
Sep 28 08:39:03.262026 dv-cinder-844563-8-iscsi devstack@c-api.service[119936]: INFO cinder.api.openstack.wsgi [None req-3873d839-474f-49af-8326-516a44bfc603 tempest-GroupSnapshotsTest-746644147 tempest-GroupSnapshotsTest-746644147-project] GET http://10.222.0.52/volume/v3/6a472511439940f390b7b40a73e9e1d1/volumes/detail
Sep 28 08:39:03.262642 dv-cinder-844563-8-iscsi devstack@c-api.service[119936]: DEBUG cinder.api.openstack.wsgi [None req-3873d839-474f-49af-8326-516a44bfc603 tempest-GroupSnapshotsTest-746644147 tempest-GroupSnapshotsTest-746644147-project] Empty body provided in request {{(pid=119936) get_body /opt/stack/cinder/cinder/api/openstack/wsgi.py:715}}
Sep 28 08:39:03.263180 dv-cinder-844563-8-iscsi devstack@c-api.service[119936]: DEBUG cinder.api.openstack.wsgi [None req-3873d839-474f-49af-8326-516a44bfc603 tempest-GroupSnapshotsTest-746644147 tempest-GroupSnapshotsTest-746644147-project] Calling method 'detail' {{(pid=119936) _process_stack /opt/stack/cinder/cinder/api/openstack/wsgi.py:868}}
Sep 28 08:39:03.263389 dv-cinder-844563-8-iscsi devstack@c-api.service[119937]: /usr/local/lib/python3.8/dist-packages/oslo_context/context.py:100: DeprecationWarning: Policy enforcement is depending on the value of is_admin. This key is deprecated. Please update your policy file to use the standard policy values.
Sep 28 08:39:03.263389 dv-cinder-844563-8-iscsi devstack@c-api.service[119937]: warnings.warn('Policy enforcement is depending on the value of '
Sep 28 08:39:03.264056 dv-cinder-844563-8-iscsi devstack@c-api.service[119936]: DEBUG cinder.api.api_utils [None req-3873d839-474f-49af-8326-516a44bfc603 tempest-GroupSnapshotsTest-746644147 tempest-GroupSnapshotsTest-746644147-project] Removing options '' from query. {{(pid=119936) remove_invalid_filter_options /opt/stack/cinder/cinder/api/api_utils.py:83}}
Sep 28 08:39:03.268456 dv-cinder-844563-8-iscsi devstack@c-api.service[119936]: DEBUG cinder.volume.api [None req-3873d839-474f-49af-8326-516a44bfc603 tempest-GroupSnapshotsTest-746644147 tempest-GroupSnapshotsTest-746644147-project] Searching by: MultiDict([('no_migration_targets', True)]). {{(pid=119936) get_all /opt/stack/cinder/cinder/volume/api.py:664}}
Sep 28 08:39:03.288601 dv-cinder-844563-8-iscsi devstack@c-api.service[119937]: INFO cinder.volume.api [None req-57201a25-1717-4c66-92a1-68c132b80877 tempest-VolumesImageMetadata-83545916 tempest-VolumesImageMetadata-83545916-project] Volume info retrieved successfully.
Sep 28 08:39:03.307899 dv-cinder-844563-8-iscsi devstack@c-api.service[119937]: INFO cinder.api.openstack.wsgi [None req-57201a25-1717-4c66-92a1-68c132b80877 tempest-VolumesImageMetadata-83545916 tempest-VolumesImageMetadata-83545916-project] http://10.222.0.52/volume/v3/a40205da07f242a48c7ee37350a1d3bf/volumes/0b2c26ad-4598-4435-bdb9-030d376dc7d4 returned with HTTP 200
Sep 28 08:39:03.309444 dv-cinder-844563-8-iscsi devstack@c-api.service[119937]: [pid: 119937|app: 0|req: 145/287] 10.222.0.52 () {58 vars in 1325 bytes} [Wed Sep 28 08:39:03 2022] GET /volume/v3/a40205da07f242a48c7ee37350a1d3bf/volumes/0b2c26ad-4598-4435-bdb9-030d376dc7d4 => generated 911 bytes in 84 msecs (HTTP/1.1 200) 7 headers in 285 bytes (2 switches on core 0)
Sep 28 08:39:03.370941 dv-cinder-844563-8-iscsi devstack@c-api.service[119936]: INFO cinder.volume.api [None req-3873d839-474f-49af-8326-516a44bfc603 tempest-GroupSnapshotsTest-746644147 tempest-GroupSnapshotsTest-746644147-project] Get all volumes completed successfully.
Sep 28 08:39:03.374350 dv-cinder-844563-8-iscsi devstack@c-api.service[119936]: WARNING stevedore.named [None req-3873d839-474f-49af-8326-516a44bfc603 tempest-GroupSnapshotsTest-746644147 tempest-GroupSnapshotsTest-746644147-project] Could not load cinder.keymgr.conf_key_mgr.ConfKeyManager
Sep 28 08:39:03.375371 dv-cinder-844563-8-iscsi devstack@c-api.service[119936]: WARNING castellan.key_manager [None req-3873d839-474f-49af-8326-516a44bfc603 tempest-GroupSnapshotsTest-746644147 tempest-GroupSnapshotsTest-746644147-project] Deprecation Warning : cinder.keymgr.conf_key_mgr.ConfKeyManager is not a stevedore based driver, trying to load it as a class: stevedore.exception.NoMatches: No 'castellan.drivers' driver found, looking for 'cinder.keymgr.conf_key_mgr.ConfKeyManager'
Sep 28 08:39:03.387944 dv-cinder-844563-8-iscsi devstack@c-api.service[119936]: DEBUG oslo_db.sqlalchemy.engines [None req-3873d839-474f-49af-8326-516a44bfc603 tempest-GroupSnapshotsTest-746644147 tempest-GroupSnapshotsTest-746644147-project] MySQL server mode set to STRICT_TRANS_TABLES,STRICT_ALL_TABLES,NO_ZERO_IN_DATE,NO_ZERO_DATE,ERROR_FOR_DIVISION_BY_ZERO,TRADITIONAL,NO_ENGINE_SUBSTITUTION {{(pid=119936) _check_effective_sql_mode /usr/local/lib/python3.8/dist-packages/oslo_db/sqlalchemy/engines.py:314}}
Sep 28 08:39:03.397185 dv-cinder-844563-8-iscsi devstack@c-api.service[119936]: /usr/local/lib/python3.8/dist-packages/oslo_context/context.py:100: DeprecationWarning: Policy enforcement is depending on the value of is_admin. This key is deprecated. Please update your policy file to use the standard policy values.
Sep 28 08:39:03.397185 dv-cinder-844563-8-iscsi devstack@c-api.service[119936]: warnings.warn('Policy enforcement is depending on the value of '
Sep 28 08:39:03.422175 dv-cinder-844563-8-iscsi devstack@c-api.service[119936]: WARNING stevedore.named [None req-3873d839-474f-49af-8326-516a44bfc603 tempest-GroupSnapshotsTest-746644147 tempest-GroupSnapshotsTest-746644147-project] Could not load cinder.keymgr.conf_key_mgr.ConfKeyManager
Sep 28 08:39:03.422678 dv-cinder-844563-8-iscsi devstack@c-api.service[119936]: WARNING castellan.key_manager [None req-3873d839-474f-49af-8326-516a44bfc603 tempest-GroupSnapshotsTest-746644147 tempest-GroupSnapshotsTest-746644147-project] Deprecation Warning : cinder.keymgr.conf_key_mgr.ConfKeyManager is not a stevedore based driver, trying to load it as a class: stevedore.exception.NoMatches: No 'castellan.drivers' driver found, looking for 'cinder.keymgr.conf_key_mgr.ConfKeyManager'
Sep 28 08:39:03.438479 dv-cinder-844563-8-iscsi devstack@c-api.service[119936]: DEBUG oslo_db.sqlalchemy.engines [None req-3873d839-474f-49af-8326-516a44bfc603 tempest-GroupSnapshotsTest-746644147 tempest-GroupSnapshotsTest-746644147-project] MySQL server mode set to STRICT_TRANS_TABLES,STRICT_ALL_TABLES,NO_ZERO_IN_DATE,NO_ZERO_DATE,ERROR_FOR_DIVISION_BY_ZERO,TRADITIONAL,NO_ENGINE_SUBSTITUTION {{(pid=119936) _check_effective_sql_mode /usr/local/lib/python3.8/dist-packages/oslo_db/sqlalchemy/engines.py:314}}
Sep 28 08:39:03.451285 dv-cinder-844563-8-iscsi devstack@c-api.service[119936]: /usr/local/lib/python3.8/dist-packages/oslo_context/context.py:100: DeprecationWarning: Policy enforcement is depending on the value of is_admin. This key is deprecated. Please update your policy file to use the standard policy values.
Sep 28 08:39:03.451285 dv-cinder-844563-8-iscsi devstack@c-api.service[119936]: warnings.warn('Policy enforcement is depending on the value of '
Sep 28 08:39:03.471038 dv-cinder-844563-8-iscsi devstack@c-api.service[119936]: INFO cinder.api.openstack.wsgi [None req-3873d839-474f-49af-8326-516a44bfc603 tempest-GroupSnapshotsTest-746644147 tempest-GroupSnapshotsTest-746644147-project] http://10.222.0.52/volume/v3/6a472511439940f390b7b40a73e9e1d1/volumes/detail returned with HTTP 200
Sep 28 08:39:03.472310 dv-cinder-844563-8-iscsi devstack@c-api.service[119936]: [pid: 119936|app: 0|req: 143/288] 10.222.0.52 () {60 vars in 1276 bytes} [Wed Sep 28 08:39:03 2022] GET /volume/v3/6a472511439940f390b7b40a73e9e1d1/volumes/detail => generated 1993 bytes in 226 msecs (HTTP/1.1 200) 7 headers in 287 bytes (1 switches on core 0)
Sep 28 08:39:03.491862 dv-cinder-844563-8-iscsi devstack@c-api.service[119937]: DEBUG cinder.api.middleware.request_id [None req-fe6c15e1-5fa3-465d-b6d3-ffd8b14570d4 None None] RequestId filter calling following filter/app {{(pid=119937) _context_setter /opt/stack/cinder/cinder/api/middleware/request_id.py:62}}
Sep 28 08:39:03.497008 dv-cinder-844563-8-iscsi devstack@c-api.service[119937]: INFO cinder.api.openstack.wsgi [None req-fe6c15e1-5fa3-465d-b6d3-ffd8b14570d4 tempest-GroupSnapshotsTest-746644147 tempest-GroupSnapshotsTest-746644147-project] POST http://10.222.0.52/volume/v3/6a472511439940f390b7b40a73e9e1d1/groups/438ab791-d37f-4e82-8c20-89257269b244/action
Sep 28 08:39:03.497833 dv-cinder-844563-8-iscsi devstack@c-api.service[119937]: DEBUG cinder.api.openstack.wsgi [None req-fe6c15e1-5fa3-465d-b6d3-ffd8b14570d4 tempest-GroupSnapshotsTest-746644147 tempest-GroupSnapshotsTest-746644147-project] Action body: b'{"delete": {"delete-volumes": true}}' {{(pid=119937) get_method /opt/stack/cinder/cinder/api/openstack/wsgi.py:983}}
Sep 28 08:39:03.498246 dv-cinder-844563-8-iscsi devstack@c-api.service[119937]: DEBUG cinder.api.openstack.wsgi [None req-fe6c15e1-5fa3-465d-b6d3-ffd8b14570d4 tempest-GroupSnapshotsTest-746644147 tempest-GroupSnapshotsTest-746644147-project] Action: 'action', calling method: delete_group, body: {"delete": {"delete-volumes": true}} {{(pid=119937) _process_stack /opt/stack/cinder/cinder/api/openstack/wsgi.py:866}}
Sep 28 08:39:03.500302 dv-cinder-844563-8-iscsi devstack@c-api.service[119937]: DEBUG cinder.api.v3.groups [None req-fe6c15e1-5fa3-465d-b6d3-ffd8b14570d4 tempest-GroupSnapshotsTest-746644147 tempest-GroupSnapshotsTest-746644147-project] delete called for group 438ab791-d37f-4e82-8c20-89257269b244 {{(pid=119937) _delete /opt/stack/cinder/cinder/api/v3/groups.py:117}}
Sep 28 08:39:03.500622 dv-cinder-844563-8-iscsi devstack@c-api.service[119937]: INFO cinder.api.v3.groups [None req-fe6c15e1-5fa3-465d-b6d3-ffd8b14570d4 tempest-GroupSnapshotsTest-746644147 tempest-GroupSnapshotsTest-746644147-project] Delete group with id: 438ab791-d37f-4e82-8c20-89257269b244
Sep 28 08:39:03.507451 dv-cinder-844563-8-iscsi devstack@c-api.service[119937]: /usr/local/lib/python3.8/dist-packages/oslo_context/context.py:100: DeprecationWarning: Policy enforcement is depending on the value of is_admin. This key is deprecated. Please update your policy file to use the standard policy values.
Sep 28 08:39:03.507451 dv-cinder-844563-8-iscsi devstack@c-api.service[119937]: warnings.warn('Policy enforcement is depending on the value of '
Sep 28 08:39:03.527144 dv-cinder-844563-8-iscsi devstack@c-api.service[119937]: DEBUG dbcounter [-] [119937] Writing DB stats cinder:SELECT=100 {{(pid=119937) stat_writer /usr/local/lib/python3.8/dist-packages/dbcounter.py:114}}
Sep 28 08:39:03.618747 dv-cinder-844563-8-iscsi devstack@c-api.service[119937]: INFO cinder.api.openstack.wsgi [None req-fe6c15e1-5fa3-465d-b6d3-ffd8b14570d4 tempest-GroupSnapshotsTest-746644147 tempest-GroupSnapshotsTest-746644147-project] http://10.222.0.52/volume/v3/6a472511439940f390b7b40a73e9e1d1/groups/438ab791-d37f-4e82-8c20-89257269b244/action returned with HTTP 202
Sep 28 08:39:03.622733 dv-cinder-844563-8-iscsi devstack@c-api.service[119937]: [pid: 119937|app: 0|req: 146/289] 10.222.0.52 () {62 vars in 1405 bytes} [Wed Sep 28 08:39:03 2022] POST /volume/v3/6a472511439940f390b7b40a73e9e1d1/groups/438ab791-d37f-4e82-8c20-89257269b244/action => generated 0 bytes in 129 msecs (HTTP/1.1 202) 6 headers in 234 bytes (1 switches on core 0)
Sep 28 08:39:03.624657 dv-cinder-844563-8-iscsi devstack@c-api.service[119936]: DEBUG cinder.api.middleware.request_id [None req-0229bc71-5722-4d83-b249-26f9cc2bfaa1 None None] RequestId filter calling following filter/app {{(pid=119936) _context_setter /opt/stack/cinder/cinder/api/middleware/request_id.py:62}}
Sep 28 08:39:03.628532 dv-cinder-844563-8-iscsi devstack@c-api.service[119936]: INFO cinder.api.openstack.wsgi [None req-0229bc71-5722-4d83-b249-26f9cc2bfaa1 tempest-GroupSnapshotsTest-746644147 tempest-GroupSnapshotsTest-746644147-project] GET http://10.222.0.52/volume/v3/6a472511439940f390b7b40a73e9e1d1/volumes/5b8982b3-8bce-4c48-bf7d-4de16e768774
Sep 28 08:39:03.629126 dv-cinder-844563-8-iscsi devstack@c-api.service[119936]: DEBUG cinder.api.openstack.wsgi [None req-0229bc71-5722-4d83-b249-26f9cc2bfaa1 tempest-GroupSnapshotsTest-746644147 tempest-GroupSnapshotsTest-746644147-project] Empty body provided in request {{(pid=119936) get_body /opt/stack/cinder/cinder/api/openstack/wsgi.py:715}}
Sep 28 08:39:03.629573 dv-cinder-844563-8-iscsi devstack@c-api.service[119936]: DEBUG cinder.api.openstack.wsgi [None req-0229bc71-5722-4d83-b249-26f9cc2bfaa1 tempest-GroupSnapshotsTest-746644147 tempest-GroupSnapshotsTest-746644147-project] Calling method 'show' {{(pid=119936) _process_stack /opt/stack/cinder/cinder/api/openstack/wsgi.py:868}}
Sep 28 08:39:03.635649 dv-cinder-844563-8-iscsi devstack@c-api.service[119937]: DEBUG cinder.api.middleware.request_id [None req-c717f428-8255-4111-90b0-e07232dbc116 None None] RequestId filter calling following filter/app {{(pid=119937) _context_setter /opt/stack/cinder/cinder/api/middleware/request_id.py:62}}
Sep 28 08:39:03.645613 dv-cinder-844563-8-iscsi devstack@c-api.service[119937]: INFO cinder.api.openstack.wsgi [None req-c717f428-8255-4111-90b0-e07232dbc116 tempest-GroupsV314Test-880652338 tempest-GroupsV314Test-880652338-project] GET http://10.222.0.52/volume/v3/8aeb59d96a8f4eebae8478e30dbc865f/volumes/d302fc5c-ea8d-4f7a-b292-44dbba5cd57e
Sep 28 08:39:03.645613 dv-cinder-844563-8-iscsi devstack@c-api.service[119937]: DEBUG cinder.api.openstack.wsgi [None req-c717f428-8255-4111-90b0-e07232dbc116 tempest-GroupsV314Test-880652338 tempest-GroupsV314Test-880652338-project] Empty body provided in request {{(pid=119937) get_body /opt/stack/cinder/cinder/api/openstack/wsgi.py:715}}
Sep 28 08:39:03.646251 dv-cinder-844563-8-iscsi devstack@c-api.service[119937]: DEBUG cinder.api.openstack.wsgi [None req-c717f428-8255-4111-90b0-e07232dbc116 tempest-GroupsV314Test-880652338 tempest-GroupsV314Test-880652338-project] Calling method 'show' {{(pid=119937) _process_stack /opt/stack/cinder/cinder/api/openstack/wsgi.py:868}}
Sep 28 08:39:03.652258 dv-cinder-844563-8-iscsi devstack@c-api.service[119936]: /usr/local/lib/python3.8/dist-packages/oslo_context/context.py:100: DeprecationWarning: Policy enforcement is depending on the value of is_admin. This key is deprecated. Please update your policy file to use the standard policy values.
Sep 28 08:39:03.652258 dv-cinder-844563-8-iscsi devstack@c-api.service[119936]: warnings.warn('Policy enforcement is depending on the value of '
Sep 28 08:39:03.660061 dv-cinder-844563-8-iscsi devstack@c-api.service[119936]: INFO cinder.volume.api [None req-0229bc71-5722-4d83-b249-26f9cc2bfaa1 tempest-GroupSnapshotsTest-746644147 tempest-GroupSnapshotsTest-746644147-project] Volume info retrieved successfully.
Sep 28 08:39:03.661355 dv-cinder-844563-8-iscsi devstack@c-api.service[119936]: WARNING stevedore.named [None req-0229bc71-5722-4d83-b249-26f9cc2bfaa1 tempest-GroupSnapshotsTest-746644147 tempest-GroupSnapshotsTest-746644147-project] Could not load cinder.keymgr.conf_key_mgr.ConfKeyManager
Sep 28 08:39:03.661751 dv-cinder-844563-8-iscsi devstack@c-api.service[119936]: WARNING castellan.key_manager [None req-0229bc71-5722-4d83-b249-26f9cc2bfaa1 tempest-GroupSnapshotsTest-746644147 tempest-GroupSnapshotsTest-746644147-project] Deprecation Warning : cinder.keymgr.conf_key_mgr.ConfKeyManager is not a stevedore based driver, trying to load it as a class: stevedore.exception.NoMatches: No 'castellan.drivers' driver found, looking for 'cinder.keymgr.conf_key_mgr.ConfKeyManager'
Sep 28 08:39:03.670101 dv-cinder-844563-8-iscsi devstack@c-api.service[119937]: /usr/local/lib/python3.8/dist-packages/oslo_context/context.py:100: DeprecationWarning: Policy enforcement is depending on the value of is_admin. This key is deprecated. Please update your policy file to use the standard policy values.
Sep 28 08:39:03.670101 dv-cinder-844563-8-iscsi devstack@c-api.service[119937]: warnings.warn('Policy enforcement is depending on the value of '
Sep 28 08:39:03.680239 dv-cinder-844563-8-iscsi devstack@c-api.service[119937]: INFO cinder.volume.api [None req-c717f428-8255-4111-90b0-e07232dbc116 tempest-GroupsV314Test-880652338 tempest-GroupsV314Test-880652338-project] Volume info retrieved successfully.
Sep 28 08:39:03.681955 dv-cinder-844563-8-iscsi devstack@c-api.service[119936]: DEBUG oslo_db.sqlalchemy.engines [None req-0229bc71-5722-4d83-b249-26f9cc2bfaa1 tempest-GroupSnapshotsTest-746644147 tempest-GroupSnapshotsTest-746644147-project] MySQL server mode set to STRICT_TRANS_TABLES,STRICT_ALL_TABLES,NO_ZERO_IN_DATE,NO_ZERO_DATE,ERROR_FOR_DIVISION_BY_ZERO,TRADITIONAL,NO_ENGINE_SUBSTITUTION {{(pid=119936) _check_effective_sql_mode /usr/local/lib/python3.8/dist-packages/oslo_db/sqlalchemy/engines.py:314}}
Sep 28 08:39:03.683855 dv-cinder-844563-8-iscsi devstack@c-api.service[119937]: WARNING stevedore.named [None req-c717f428-8255-4111-90b0-e07232dbc116 tempest-GroupsV314Test-880652338 tempest-GroupsV314Test-880652338-project] Could not load cinder.keymgr.conf_key_mgr.ConfKeyManager
Sep 28 08:39:03.684508 dv-cinder-844563-8-iscsi devstack@c-api.service[119937]: WARNING castellan.key_manager [None req-c717f428-8255-4111-90b0-e07232dbc116 tempest-GroupsV314Test-880652338 tempest-GroupsV314Test-880652338-project] Deprecation Warning : cinder.keymgr.conf_key_mgr.ConfKeyManager is not a stevedore based driver, trying to load it as a class: stevedore.exception.NoMatches: No 'castellan.drivers' driver found, looking for 'cinder.keymgr.conf_key_mgr.ConfKeyManager'
Sep 28 08:39:03.694772 dv-cinder-844563-8-iscsi devstack@c-api.service[119936]: /usr/local/lib/python3.8/dist-packages/oslo_context/context.py:100: DeprecationWarning: Policy enforcement is depending on the value of is_admin. This key is deprecated. Please update your policy file to use the standard policy values.
Sep 28 08:39:03.694772 dv-cinder-844563-8-iscsi devstack@c-api.service[119936]: warnings.warn('Policy enforcement is depending on the value of '
Sep 28 08:39:03.697493 dv-cinder-844563-8-iscsi devstack@c-api.service[119937]: DEBUG oslo_db.sqlalchemy.engines [None req-c717f428-8255-4111-90b0-e07232dbc116 tempest-GroupsV314Test-880652338 tempest-GroupsV314Test-880652338-project] MySQL server mode set to STRICT_TRANS_TABLES,STRICT_ALL_TABLES,NO_ZERO_IN_DATE,NO_ZERO_DATE,ERROR_FOR_DIVISION_BY_ZERO,TRADITIONAL,NO_ENGINE_SUBSTITUTION {{(pid=119937) _check_effective_sql_mode /usr/local/lib/python3.8/dist-packages/oslo_db/sqlalchemy/engines.py:314}}
Sep 28 08:39:03.705721 dv-cinder-844563-8-iscsi devstack@c-api.service[119937]: /usr/local/lib/python3.8/dist-packages/oslo_context/context.py:100: DeprecationWarning: Policy enforcement is depending on the value of is_admin. This key is deprecated. Please update your policy file to use the standard policy values.
Sep 28 08:39:03.705721 dv-cinder-844563-8-iscsi devstack@c-api.service[119937]: warnings.warn('Policy enforcement is depending on the value of '
Sep 28 08:39:03.744782 dv-cinder-844563-8-iscsi devstack@c-api.service[119937]: INFO cinder.api.openstack.wsgi [None req-c717f428-8255-4111-90b0-e07232dbc116 tempest-GroupsV314Test-880652338 tempest-GroupsV314Test-880652338-project] http://10.222.0.52/volume/v3/8aeb59d96a8f4eebae8478e30dbc865f/volumes/d302fc5c-ea8d-4f7a-b292-44dbba5cd57e returned with HTTP 200
Sep 28 08:39:03.757117 dv-cinder-844563-8-iscsi devstack@c-api.service[119937]: [pid: 119937|app: 0|req: 147/290] 10.222.0.52 () {60 vars in 1366 bytes} [Wed Sep 28 08:39:03 2022] GET /volume/v3/8aeb59d96a8f4eebae8478e30dbc865f/volumes/d302fc5c-ea8d-4f7a-b292-44dbba5cd57e => generated 989 bytes in 112 msecs (HTTP/1.1 200) 7 headers in 286 bytes (1 switches on core 0)
Sep 28 08:39:03.760237 dv-cinder-844563-8-iscsi devstack@c-api.service[119936]: INFO cinder.api.openstack.wsgi [None req-0229bc71-5722-4d83-b249-26f9cc2bfaa1 tempest-GroupSnapshotsTest-746644147 tempest-GroupSnapshotsTest-746644147-project] http://10.222.0.52/volume/v3/6a472511439940f390b7b40a73e9e1d1/volumes/5b8982b3-8bce-4c48-bf7d-4de16e768774 returned with HTTP 200
Sep 28 08:39:03.762791 dv-cinder-844563-8-iscsi devstack@c-api.service[119937]: DEBUG cinder.api.middleware.request_id [None req-c7899c55-08d6-4d46-a901-1678697af75b None None] RequestId filter calling following filter/app {{(pid=119937) _context_setter /opt/stack/cinder/cinder/api/middleware/request_id.py:62}}
Sep 28 08:39:03.777285 dv-cinder-844563-8-iscsi devstack@c-api.service[119937]: INFO cinder.api.openstack.wsgi [None req-c7899c55-08d6-4d46-a901-1678697af75b tempest-GroupsV314Test-880652338 tempest-GroupsV314Test-880652338-project] GET http://10.222.0.52/volume/v3/8aeb59d96a8f4eebae8478e30dbc865f/groups/6bb67bb6-d78c-4a38-872e-199429f1fc7b
Sep 28 08:39:03.777285 dv-cinder-844563-8-iscsi devstack@c-api.service[119937]: DEBUG cinder.api.openstack.wsgi [None req-c7899c55-08d6-4d46-a901-1678697af75b tempest-GroupsV314Test-880652338 tempest-GroupsV314Test-880652338-project] Empty body provided in request {{(pid=119937) get_body /opt/stack/cinder/cinder/api/openstack/wsgi.py:715}}
Sep 28 08:39:03.777285 dv-cinder-844563-8-iscsi devstack@c-api.service[119937]: DEBUG cinder.api.openstack.wsgi [None req-c7899c55-08d6-4d46-a901-1678697af75b tempest-GroupsV314Test-880652338 tempest-GroupsV314Test-880652338-project] Calling method 'version_select' {{(pid=119937) _process_stack /opt/stack/cinder/cinder/api/openstack/wsgi.py:868}}
Sep 28 08:39:03.777285 dv-cinder-844563-8-iscsi devstack@c-api.service[119937]: DEBUG cinder.api.v3.groups [None req-c7899c55-08d6-4d46-a901-1678697af75b tempest-GroupsV314Test-880652338 tempest-GroupsV314Test-880652338-project] show called for member 6bb67bb6-d78c-4a38-872e-199429f1fc7b {{(pid=119937) show /opt/stack/cinder/cinder/api/v3/groups.py:58}}
Sep 28 08:39:03.777285 dv-cinder-844563-8-iscsi devstack@c-api.service[119937]: /usr/local/lib/python3.8/dist-packages/oslo_context/context.py:100: DeprecationWarning: Policy enforcement is depending on the value of is_admin. This key is deprecated. Please update your policy file to use the standard policy values.
Sep 28 08:39:03.777285 dv-cinder-844563-8-iscsi devstack@c-api.service[119937]: warnings.warn('Policy enforcement is depending on the value of '
Sep 28 08:39:03.785300 dv-cinder-844563-8-iscsi devstack@c-api.service[119936]: [pid: 119936|app: 0|req: 144/291] 10.222.0.52 () {60 vars in 1366 bytes} [Wed Sep 28 08:39:03 2022] GET /volume/v3/6a472511439940f390b7b40a73e9e1d1/volumes/5b8982b3-8bce-4c48-bf7d-4de16e768774 => generated 999 bytes in 162 msecs (HTTP/1.1 200) 7 headers in 286 bytes (1 switches on core 0)
Sep 28 08:39:03.791615 dv-cinder-844563-8-iscsi devstack@c-api.service[119937]: INFO cinder.api.openstack.wsgi [None req-c7899c55-08d6-4d46-a901-1678697af75b tempest-GroupsV314Test-880652338 tempest-GroupsV314Test-880652338-project] http://10.222.0.52/volume/v3/8aeb59d96a8f4eebae8478e30dbc865f/groups/6bb67bb6-d78c-4a38-872e-199429f1fc7b returned with HTTP 200
Sep 28 08:39:03.800443 dv-cinder-844563-8-iscsi devstack@c-api.service[119937]: [pid: 119937|app: 0|req: 148/292] 10.222.0.52 () {60 vars in 1363 bytes} [Wed Sep 28 08:39:03 2022] GET /volume/v3/8aeb59d96a8f4eebae8478e30dbc865f/groups/6bb67bb6-d78c-4a38-872e-199429f1fc7b => generated 417 bytes in 38 msecs (HTTP/1.1 200) 7 headers in 286 bytes (2 switches on core 0)
Sep 28 08:39:03.807588 dv-cinder-844563-8-iscsi devstack@c-api.service[119936]: DEBUG cinder.api.middleware.request_id [None req-52c4becf-a43b-4fc1-8935-e3974287d476 None None] RequestId filter calling following filter/app {{(pid=119936) _context_setter /opt/stack/cinder/cinder/api/middleware/request_id.py:62}}
Sep 28 08:39:03.812995 dv-cinder-844563-8-iscsi devstack@c-api.service[119936]: INFO cinder.api.openstack.wsgi [None req-52c4becf-a43b-4fc1-8935-e3974287d476 tempest-GroupsV314Test-880652338 tempest-GroupsV314Test-880652338-project] GET http://10.222.0.52/volume/v3/8aeb59d96a8f4eebae8478e30dbc865f/volumes/detail
Sep 28 08:39:03.813511 dv-cinder-844563-8-iscsi devstack@c-api.service[119936]: DEBUG cinder.api.openstack.wsgi [None req-52c4becf-a43b-4fc1-8935-e3974287d476 tempest-GroupsV314Test-880652338 tempest-GroupsV314Test-880652338-project] Empty body provided in request {{(pid=119936) get_body /opt/stack/cinder/cinder/api/openstack/wsgi.py:715}}
Sep 28 08:39:03.814108 dv-cinder-844563-8-iscsi devstack@c-api.service[119936]: DEBUG cinder.api.openstack.wsgi [None req-52c4becf-a43b-4fc1-8935-e3974287d476 tempest-GroupsV314Test-880652338 tempest-GroupsV314Test-880652338-project] Calling method 'detail' {{(pid=119936) _process_stack /opt/stack/cinder/cinder/api/openstack/wsgi.py:868}}
Sep 28 08:39:03.814774 dv-cinder-844563-8-iscsi devstack@c-api.service[119936]: DEBUG cinder.api.api_utils [None req-52c4becf-a43b-4fc1-8935-e3974287d476 tempest-GroupsV314Test-880652338 tempest-GroupsV314Test-880652338-project] Removing options '' from query. {{(pid=119936) remove_invalid_filter_options /opt/stack/cinder/cinder/api/api_utils.py:83}}
Sep 28 08:39:03.817276 dv-cinder-844563-8-iscsi devstack@c-api.service[119936]: DEBUG cinder.volume.api [None req-52c4becf-a43b-4fc1-8935-e3974287d476 tempest-GroupsV314Test-880652338 tempest-GroupsV314Test-880652338-project] Searching by: MultiDict([('no_migration_targets', True)]). {{(pid=119936) get_all /opt/stack/cinder/cinder/volume/api.py:664}}
Sep 28 08:39:03.891834 dv-cinder-844563-8-iscsi devstack@c-api.service[119936]: INFO cinder.volume.api [None req-52c4becf-a43b-4fc1-8935-e3974287d476 tempest-GroupsV314Test-880652338 tempest-GroupsV314Test-880652338-project] Get all volumes completed successfully.
Sep 28 08:39:03.893476 dv-cinder-844563-8-iscsi devstack@c-api.service[119936]: WARNING stevedore.named [None req-52c4becf-a43b-4fc1-8935-e3974287d476 tempest-GroupsV314Test-880652338 tempest-GroupsV314Test-880652338-project] Could not load cinder.keymgr.conf_key_mgr.ConfKeyManager
Sep 28 08:39:03.894098 dv-cinder-844563-8-iscsi devstack@c-api.service[119936]: WARNING castellan.key_manager [None req-52c4becf-a43b-4fc1-8935-e3974287d476 tempest-GroupsV314Test-880652338 tempest-GroupsV314Test-880652338-project] Deprecation Warning : cinder.keymgr.conf_key_mgr.ConfKeyManager is not a stevedore based driver, trying to load it as a class: stevedore.exception.NoMatches: No 'castellan.drivers' driver found, looking for 'cinder.keymgr.conf_key_mgr.ConfKeyManager'
Sep 28 08:39:03.904268 dv-cinder-844563-8-iscsi devstack@c-api.service[119936]: DEBUG oslo_db.sqlalchemy.engines [None req-52c4becf-a43b-4fc1-8935-e3974287d476 tempest-GroupsV314Test-880652338 tempest-GroupsV314Test-880652338-project] MySQL server mode set to STRICT_TRANS_TABLES,STRICT_ALL_TABLES,NO_ZERO_IN_DATE,NO_ZERO_DATE,ERROR_FOR_DIVISION_BY_ZERO,TRADITIONAL,NO_ENGINE_SUBSTITUTION {{(pid=119936) _check_effective_sql_mode /usr/local/lib/python3.8/dist-packages/oslo_db/sqlalchemy/engines.py:314}}
Sep 28 08:39:03.910658 dv-cinder-844563-8-iscsi devstack@c-api.service[119936]: /usr/local/lib/python3.8/dist-packages/oslo_context/context.py:100: DeprecationWarning: Policy enforcement is depending on the value of is_admin. This key is deprecated. Please update your policy file to use the standard policy values.
Sep 28 08:39:03.910658 dv-cinder-844563-8-iscsi devstack@c-api.service[119936]: warnings.warn('Policy enforcement is depending on the value of '
Sep 28 08:39:03.918466 dv-cinder-844563-8-iscsi devstack@c-api.service[119936]: WARNING stevedore.named [None req-52c4becf-a43b-4fc1-8935-e3974287d476 tempest-GroupsV314Test-880652338 tempest-GroupsV314Test-880652338-project] Could not load cinder.keymgr.conf_key_mgr.ConfKeyManager
Sep 28 08:39:03.918933 dv-cinder-844563-8-iscsi devstack@c-api.service[119936]: WARNING castellan.key_manager [None req-52c4becf-a43b-4fc1-8935-e3974287d476 tempest-GroupsV314Test-880652338 tempest-GroupsV314Test-880652338-project] Deprecation Warning : cinder.keymgr.conf_key_mgr.ConfKeyManager is not a stevedore based driver, trying to load it as a class: stevedore.exception.NoMatches: No 'castellan.drivers' driver found, looking for 'cinder.keymgr.conf_key_mgr.ConfKeyManager'
Sep 28 08:39:03.929001 dv-cinder-844563-8-iscsi devstack@c-api.service[119936]: DEBUG oslo_db.sqlalchemy.engines [None req-52c4becf-a43b-4fc1-8935-e3974287d476 tempest-GroupsV314Test-880652338 tempest-GroupsV314Test-880652338-project] MySQL server mode set to STRICT_TRANS_TABLES,STRICT_ALL_TABLES,NO_ZERO_IN_DATE,NO_ZERO_DATE,ERROR_FOR_DIVISION_BY_ZERO,TRADITIONAL,NO_ENGINE_SUBSTITUTION {{(pid=119936) _check_effective_sql_mode /usr/local/lib/python3.8/dist-packages/oslo_db/sqlalchemy/engines.py:314}}
Sep 28 08:39:03.941934 dv-cinder-844563-8-iscsi devstack@c-api.service[119936]: /usr/local/lib/python3.8/dist-packages/oslo_context/context.py:100: DeprecationWarning: Policy enforcement is depending on the value of is_admin. This key is deprecated. Please update your policy file to use the standard policy values.
Sep 28 08:39:03.941934 dv-cinder-844563-8-iscsi devstack@c-api.service[119936]: warnings.warn('Policy enforcement is depending on the value of '
Sep 28 08:39:03.964156 dv-cinder-844563-8-iscsi devstack@c-api.service[119936]: INFO cinder.api.openstack.wsgi [None req-52c4becf-a43b-4fc1-8935-e3974287d476 tempest-GroupsV314Test-880652338 tempest-GroupsV314Test-880652338-project] http://10.222.0.52/volume/v3/8aeb59d96a8f4eebae8478e30dbc865f/volumes/detail returned with HTTP 200
Sep 28 08:39:03.966963 dv-cinder-844563-8-iscsi devstack@c-api.service[119936]: [pid: 119936|app: 0|req: 145/293] 10.222.0.52 () {60 vars in 1276 bytes} [Wed Sep 28 08:39:03 2022] GET /volume/v3/8aeb59d96a8f4eebae8478e30dbc865f/volumes/detail => generated 1975 bytes in 162 msecs (HTTP/1.1 200) 7 headers in 287 bytes (1 switches on core 0)
Sep 28 08:39:03.986687 dv-cinder-844563-8-iscsi devstack@c-api.service[119937]: DEBUG cinder.api.middleware.request_id [None req-71541f4b-ef60-4ff5-a242-8beec29fdaae None None] RequestId filter calling following filter/app {{(pid=119937) _context_setter /opt/stack/cinder/cinder/api/middleware/request_id.py:62}}
Sep 28 08:39:03.993942 dv-cinder-844563-8-iscsi devstack@c-api.service[119937]: INFO cinder.api.openstack.wsgi [None req-71541f4b-ef60-4ff5-a242-8beec29fdaae tempest-GroupsV314Test-880652338 tempest-GroupsV314Test-880652338-project] POST http://10.222.0.52/volume/v3/8aeb59d96a8f4eebae8478e30dbc865f/groups/6bb67bb6-d78c-4a38-872e-199429f1fc7b/action
Sep 28 08:39:03.996401 dv-cinder-844563-8-iscsi devstack@c-api.service[119937]: DEBUG cinder.api.openstack.wsgi [None req-71541f4b-ef60-4ff5-a242-8beec29fdaae tempest-GroupsV314Test-880652338 tempest-GroupsV314Test-880652338-project] Action body: b'{"delete": {"delete-volumes": true}}' {{(pid=119937) get_method /opt/stack/cinder/cinder/api/openstack/wsgi.py:983}}
Sep 28 08:39:03.996791 dv-cinder-844563-8-iscsi devstack@c-api.service[119937]: DEBUG cinder.api.openstack.wsgi [None req-71541f4b-ef60-4ff5-a242-8beec29fdaae tempest-GroupsV314Test-880652338 tempest-GroupsV314Test-880652338-project] Action: 'action', calling method: delete_group, body: {"delete": {"delete-volumes": true}} {{(pid=119937) _process_stack /opt/stack/cinder/cinder/api/openstack/wsgi.py:866}}
Sep 28 08:39:03.999560 dv-cinder-844563-8-iscsi devstack@c-api.service[119937]: DEBUG cinder.api.v3.groups [None req-71541f4b-ef60-4ff5-a242-8beec29fdaae tempest-GroupsV314Test-880652338 tempest-GroupsV314Test-880652338-project] delete called for group 6bb67bb6-d78c-4a38-872e-199429f1fc7b {{(pid=119937) _delete /opt/stack/cinder/cinder/api/v3/groups.py:117}}
Sep 28 08:39:03.999881 dv-cinder-844563-8-iscsi devstack@c-api.service[119937]: INFO cinder.api.v3.groups [None req-71541f4b-ef60-4ff5-a242-8beec29fdaae tempest-GroupsV314Test-880652338 tempest-GroupsV314Test-880652338-project] Delete group with id: 6bb67bb6-d78c-4a38-872e-199429f1fc7b
Sep 28 08:39:04.010587 dv-cinder-844563-8-iscsi devstack@c-api.service[119937]: /usr/local/lib/python3.8/dist-packages/oslo_context/context.py:100: DeprecationWarning: Policy enforcement is depending on the value of is_admin. This key is deprecated. Please update your policy file to use the standard policy values.
Sep 28 08:39:04.010587 dv-cinder-844563-8-iscsi devstack@c-api.service[119937]: warnings.warn('Policy enforcement is depending on the value of '
Sep 28 08:39:04.127957 dv-cinder-844563-8-iscsi devstack@c-api.service[119937]: INFO cinder.api.openstack.wsgi [None req-71541f4b-ef60-4ff5-a242-8beec29fdaae tempest-GroupsV314Test-880652338 tempest-GroupsV314Test-880652338-project] http://10.222.0.52/volume/v3/8aeb59d96a8f4eebae8478e30dbc865f/groups/6bb67bb6-d78c-4a38-872e-199429f1fc7b/action returned with HTTP 202
Sep 28 08:39:04.133524 dv-cinder-844563-8-iscsi devstack@c-api.service[119937]: [pid: 119937|app: 0|req: 149/294] 10.222.0.52 () {62 vars in 1405 bytes} [Wed Sep 28 08:39:03 2022] POST /volume/v3/8aeb59d96a8f4eebae8478e30dbc865f/groups/6bb67bb6-d78c-4a38-872e-199429f1fc7b/action => generated 0 bytes in 145 msecs (HTTP/1.1 202) 6 headers in 234 bytes (1 switches on core 0)
Sep 28 08:39:04.134692 dv-cinder-844563-8-iscsi devstack@c-api.service[119936]: DEBUG cinder.api.middleware.request_id [None req-be1c9045-7961-444d-bc36-97eb6c9d063a None None] RequestId filter calling following filter/app {{(pid=119936) _context_setter /opt/stack/cinder/cinder/api/middleware/request_id.py:62}}
Sep 28 08:39:04.139341 dv-cinder-844563-8-iscsi devstack@c-api.service[119936]: INFO cinder.api.openstack.wsgi [None req-be1c9045-7961-444d-bc36-97eb6c9d063a tempest-GroupsV314Test-880652338 tempest-GroupsV314Test-880652338-project] GET http://10.222.0.52/volume/v3/8aeb59d96a8f4eebae8478e30dbc865f/volumes/d302fc5c-ea8d-4f7a-b292-44dbba5cd57e
Sep 28 08:39:04.140508 dv-cinder-844563-8-iscsi devstack@c-api.service[119936]: DEBUG cinder.api.openstack.wsgi [None req-be1c9045-7961-444d-bc36-97eb6c9d063a tempest-GroupsV314Test-880652338 tempest-GroupsV314Test-880652338-project] Empty body provided in request {{(pid=119936) get_body /opt/stack/cinder/cinder/api/openstack/wsgi.py:715}}
Sep 28 08:39:04.140888 dv-cinder-844563-8-iscsi devstack@c-api.service[119936]: DEBUG cinder.api.openstack.wsgi [None req-be1c9045-7961-444d-bc36-97eb6c9d063a tempest-GroupsV314Test-880652338 tempest-GroupsV314Test-880652338-project] Calling method 'show' {{(pid=119936) _process_stack /opt/stack/cinder/cinder/api/openstack/wsgi.py:868}}
Sep 28 08:39:04.160075 dv-cinder-844563-8-iscsi devstack@c-api.service[119936]: /usr/local/lib/python3.8/dist-packages/oslo_context/context.py:100: DeprecationWarning: Policy enforcement is depending on the value of is_admin. This key is deprecated. Please update your policy file to use the standard policy values.
Sep 28 08:39:04.160075 dv-cinder-844563-8-iscsi devstack@c-api.service[119936]: warnings.warn('Policy enforcement is depending on the value of '
Sep 28 08:39:04.168694 dv-cinder-844563-8-iscsi devstack@c-api.service[119936]: INFO cinder.volume.api [None req-be1c9045-7961-444d-bc36-97eb6c9d063a tempest-GroupsV314Test-880652338 tempest-GroupsV314Test-880652338-project] Volume info retrieved successfully.
Sep 28 08:39:04.170216 dv-cinder-844563-8-iscsi devstack@c-api.service[119936]: WARNING stevedore.named [None req-be1c9045-7961-444d-bc36-97eb6c9d063a tempest-GroupsV314Test-880652338 tempest-GroupsV314Test-880652338-project] Could not load cinder.keymgr.conf_key_mgr.ConfKeyManager
Sep 28 08:39:04.172588 dv-cinder-844563-8-iscsi devstack@c-api.service[119936]: WARNING castellan.key_manager [None req-be1c9045-7961-444d-bc36-97eb6c9d063a tempest-GroupsV314Test-880652338 tempest-GroupsV314Test-880652338-project] Deprecation Warning : cinder.keymgr.conf_key_mgr.ConfKeyManager is not a stevedore based driver, trying to load it as a class: stevedore.exception.NoMatches: No 'castellan.drivers' driver found, looking for 'cinder.keymgr.conf_key_mgr.ConfKeyManager'
