Sep 22 14:58:47.253366 dv-cinder-844563-6-iscsi devstack@c-api.service[113319]: INFO cinder.api.openstack.wsgi [None req-017edab6-68dd-41ae-9619-25e57565a2f4 tempest-VolumeQuotasAdminTestJSON-379327579 tempest-VolumeQuotasAdminTestJSON-379327579-project-admin] http://10.222.0.26/volume/v3/50d7421b77504bf4a43ab6e1dc9f203e/os-quota-sets/d68940106e9245d1aefa7c6b64436d61 returned with HTTP 200
Sep 22 14:58:47.254154 dv-cinder-844563-6-iscsi devstack@c-api.service[113319]: [pid: 113319|app: 0|req: 121/257] 10.222.0.26 () {58 vars in 1334 bytes} [Thu Sep 22 14:58:47 2022] DELETE /volume/v3/50d7421b77504bf4a43ab6e1dc9f203e/os-quota-sets/d68940106e9245d1aefa7c6b64436d61 => generated 0 bytes in 17 msecs (HTTP/1.1 200) 7 headers in 283 bytes (1 switches on core 0)
Sep 22 14:58:47.259010 dv-cinder-844563-6-iscsi devstack@c-api.service[113320]: DEBUG cinder.api.middleware.request_id [None req-10ad3bc9-8abd-4af5-a74b-e2b709d51dfb None None] RequestId filter calling following filter/app {{(pid=113320) _context_setter /opt/stack/cinder/cinder/api/middleware/request_id.py:62}}
Sep 22 14:58:47.263912 dv-cinder-844563-6-iscsi devstack@c-api.service[113320]: INFO cinder.api.openstack.wsgi [None req-10ad3bc9-8abd-4af5-a74b-e2b709d51dfb tempest-VolumeQuotasAdminTestJSON-379327579 tempest-VolumeQuotasAdminTestJSON-379327579-project-admin] GET http://10.222.0.26/volume/v3/50d7421b77504bf4a43ab6e1dc9f203e/os-quota-sets/d68940106e9245d1aefa7c6b64436d61
Sep 22 14:58:47.264355 dv-cinder-844563-6-iscsi devstack@c-api.service[113320]: DEBUG cinder.api.openstack.wsgi [None req-10ad3bc9-8abd-4af5-a74b-e2b709d51dfb tempest-VolumeQuotasAdminTestJSON-379327579 tempest-VolumeQuotasAdminTestJSON-379327579-project-admin] Empty body provided in request {{(pid=113320) get_body /opt/stack/cinder/cinder/api/openstack/wsgi.py:715}}
Sep 22 14:58:47.264836 dv-cinder-844563-6-iscsi devstack@c-api.service[113320]: DEBUG cinder.api.openstack.wsgi [None req-10ad3bc9-8abd-4af5-a74b-e2b709d51dfb tempest-VolumeQuotasAdminTestJSON-379327579 tempest-VolumeQuotasAdminTestJSON-379327579-project-admin] Calling method 'show' {{(pid=113320) _process_stack /opt/stack/cinder/cinder/api/openstack/wsgi.py:868}}
Sep 22 14:58:47.294893 dv-cinder-844563-6-iscsi devstack@c-api.service[113320]: INFO cinder.api.openstack.wsgi [None req-10ad3bc9-8abd-4af5-a74b-e2b709d51dfb tempest-VolumeQuotasAdminTestJSON-379327579 tempest-VolumeQuotasAdminTestJSON-379327579-project-admin] http://10.222.0.26/volume/v3/50d7421b77504bf4a43ab6e1dc9f203e/os-quota-sets/d68940106e9245d1aefa7c6b64436d61 returned with HTTP 200
Sep 22 14:58:47.295605 dv-cinder-844563-6-iscsi devstack@c-api.service[113320]: [pid: 113320|app: 0|req: 137/258] 10.222.0.26 () {58 vars in 1331 bytes} [Thu Sep 22 14:58:47 2022] GET /volume/v3/50d7421b77504bf4a43ab6e1dc9f203e/os-quota-sets/d68940106e9245d1aefa7c6b64436d61 => generated 1125 bytes in 38 msecs (HTTP/1.1 200) 7 headers in 286 bytes (1 switches on core 0)
Sep 22 14:58:47.304126 dv-cinder-844563-6-iscsi devstack@c-api.service[113319]: DEBUG cinder.api.middleware.request_id [None req-bae0a290-f375-420f-b5a0-08c6a5ba3d63 None None] RequestId filter calling following filter/app {{(pid=113319) _context_setter /opt/stack/cinder/cinder/api/middleware/request_id.py:62}}
Sep 22 14:58:47.308923 dv-cinder-844563-6-iscsi devstack@c-api.service[113319]: INFO cinder.api.openstack.wsgi [None req-bae0a290-f375-420f-b5a0-08c6a5ba3d63 tempest-VolumeQuotasAdminTestJSON-379327579 tempest-VolumeQuotasAdminTestJSON-379327579-project-admin] PUT http://10.222.0.26/volume/v3/50d7421b77504bf4a43ab6e1dc9f203e/os-quota-sets/d68940106e9245d1aefa7c6b64436d61
Sep 22 14:58:47.309629 dv-cinder-844563-6-iscsi devstack@c-api.service[113319]: DEBUG cinder.api.openstack.wsgi [None req-bae0a290-f375-420f-b5a0-08c6a5ba3d63 tempest-VolumeQuotasAdminTestJSON-379327579 tempest-VolumeQuotasAdminTestJSON-379327579-project-admin] Action: 'update', calling method: update, body: {"quota_set": {"volumes": 10, "per_volume_gigabytes": -1, "snapshots": 10, "gigabytes": 1000, "backups": 10, "backup_gigabytes": 1000}} {{(pid=113319) _process_stack /opt/stack/cinder/cinder/api/openstack/wsgi.py:866}}
Sep 22 14:58:47.325074 dv-cinder-844563-6-iscsi devstack@c-api.service[113319]: DEBUG dbcounter [-] [113319] Writing DB stats cinder:SELECT=77,cinder:INSERT=10,cinder:UPDATE=13 {{(pid=113319) stat_writer /usr/local/lib/python3.8/dist-packages/dbcounter.py:114}}
Sep 22 14:58:47.451450 dv-cinder-844563-6-iscsi devstack@c-api.service[113319]: INFO cinder.api.openstack.wsgi [None req-bae0a290-f375-420f-b5a0-08c6a5ba3d63 tempest-VolumeQuotasAdminTestJSON-379327579 tempest-VolumeQuotasAdminTestJSON-379327579-project-admin] http://10.222.0.26/volume/v3/50d7421b77504bf4a43ab6e1dc9f203e/os-quota-sets/d68940106e9245d1aefa7c6b64436d61 returned with HTTP 200
Sep 22 14:58:47.452228 dv-cinder-844563-6-iscsi devstack@c-api.service[113319]: [pid: 113319|app: 0|req: 122/259] 10.222.0.26 () {60 vars in 1352 bytes} [Thu Sep 22 14:58:47 2022] PUT /volume/v3/50d7421b77504bf4a43ab6e1dc9f203e/os-quota-sets/d68940106e9245d1aefa7c6b64436d61 => generated 1083 bytes in 150 msecs (HTTP/1.1 200) 7 headers in 286 bytes (1 switches on core 0)
Sep 22 14:58:47.463080 dv-cinder-844563-6-iscsi devstack@c-api.service[113320]: DEBUG cinder.api.middleware.request_id [None req-a9bbf87c-68a9-4165-9fcf-cea2961bff48 None None] RequestId filter calling following filter/app {{(pid=113320) _context_setter /opt/stack/cinder/cinder/api/middleware/request_id.py:62}}
Sep 22 14:58:47.468289 dv-cinder-844563-6-iscsi devstack@c-api.service[113320]: INFO cinder.api.openstack.wsgi [None req-a9bbf87c-68a9-4165-9fcf-cea2961bff48 tempest-VolumeQuotasAdminTestJSON-379327579 tempest-VolumeQuotasAdminTestJSON-379327579-project-admin] GET http://10.222.0.26/volume/v3/50d7421b77504bf4a43ab6e1dc9f203e/os-quota-sets/d68940106e9245d1aefa7c6b64436d61/defaults
Sep 22 14:58:47.468735 dv-cinder-844563-6-iscsi devstack@c-api.service[113320]: DEBUG cinder.api.openstack.wsgi [None req-a9bbf87c-68a9-4165-9fcf-cea2961bff48 tempest-VolumeQuotasAdminTestJSON-379327579 tempest-VolumeQuotasAdminTestJSON-379327579-project-admin] Empty body provided in request {{(pid=113320) get_body /opt/stack/cinder/cinder/api/openstack/wsgi.py:715}}
Sep 22 14:58:47.469191 dv-cinder-844563-6-iscsi devstack@c-api.service[113320]: DEBUG cinder.api.openstack.wsgi [None req-a9bbf87c-68a9-4165-9fcf-cea2961bff48 tempest-VolumeQuotasAdminTestJSON-379327579 tempest-VolumeQuotasAdminTestJSON-379327579-project-admin] Calling method 'defaults' {{(pid=113320) _process_stack /opt/stack/cinder/cinder/api/openstack/wsgi.py:868}}
Sep 22 14:58:47.493198 dv-cinder-844563-6-iscsi devstack@c-api.service[113320]: INFO cinder.api.openstack.wsgi [None req-a9bbf87c-68a9-4165-9fcf-cea2961bff48 tempest-VolumeQuotasAdminTestJSON-379327579 tempest-VolumeQuotasAdminTestJSON-379327579-project-admin] http://10.222.0.26/volume/v3/50d7421b77504bf4a43ab6e1dc9f203e/os-quota-sets/d68940106e9245d1aefa7c6b64436d61/defaults returned with HTTP 200
Sep 22 14:58:47.493855 dv-cinder-844563-6-iscsi devstack@c-api.service[113320]: [pid: 113320|app: 0|req: 138/260] 10.222.0.26 () {58 vars in 1358 bytes} [Thu Sep 22 14:58:47 2022] GET /volume/v3/50d7421b77504bf4a43ab6e1dc9f203e/os-quota-sets/d68940106e9245d1aefa7c6b64436d61/defaults => generated 1125 bytes in 32 msecs (HTTP/1.1 200) 7 headers in 286 bytes (1 switches on core 0)
Sep 22 14:58:47.503617 dv-cinder-844563-6-iscsi devstack@c-api.service[113319]: DEBUG cinder.api.middleware.request_id [None req-9fffa8a0-95a5-45c9-a30a-3a77d65da600 None None] RequestId filter calling following filter/app {{(pid=113319) _context_setter /opt/stack/cinder/cinder/api/middleware/request_id.py:62}}
Sep 22 14:58:47.508551 dv-cinder-844563-6-iscsi devstack@c-api.service[113319]: INFO cinder.api.openstack.wsgi [None req-9fffa8a0-95a5-45c9-a30a-3a77d65da600 tempest-VolumeQuotasAdminTestJSON-379327579 tempest-VolumeQuotasAdminTestJSON-379327579-project-admin] GET http://10.222.0.26/volume/v3/50d7421b77504bf4a43ab6e1dc9f203e/os-quota-sets/d68940106e9245d1aefa7c6b64436d61
Sep 22 14:58:47.508997 dv-cinder-844563-6-iscsi devstack@c-api.service[113319]: DEBUG cinder.api.openstack.wsgi [None req-9fffa8a0-95a5-45c9-a30a-3a77d65da600 tempest-VolumeQuotasAdminTestJSON-379327579 tempest-VolumeQuotasAdminTestJSON-379327579-project-admin] Empty body provided in request {{(pid=113319) get_body /opt/stack/cinder/cinder/api/openstack/wsgi.py:715}}
Sep 22 14:58:47.509452 dv-cinder-844563-6-iscsi devstack@c-api.service[113319]: DEBUG cinder.api.openstack.wsgi [None req-9fffa8a0-95a5-45c9-a30a-3a77d65da600 tempest-VolumeQuotasAdminTestJSON-379327579 tempest-VolumeQuotasAdminTestJSON-379327579-project-admin] Calling method 'show' {{(pid=113319) _process_stack /opt/stack/cinder/cinder/api/openstack/wsgi.py:868}}
Sep 22 14:58:47.541637 dv-cinder-844563-6-iscsi devstack@c-api.service[113319]: INFO cinder.api.openstack.wsgi [None req-9fffa8a0-95a5-45c9-a30a-3a77d65da600 tempest-VolumeQuotasAdminTestJSON-379327579 tempest-VolumeQuotasAdminTestJSON-379327579-project-admin] http://10.222.0.26/volume/v3/50d7421b77504bf4a43ab6e1dc9f203e/os-quota-sets/d68940106e9245d1aefa7c6b64436d61 returned with HTTP 200
Sep 22 14:58:47.542515 dv-cinder-844563-6-iscsi devstack@c-api.service[113319]: [pid: 113319|app: 0|req: 123/261] 10.222.0.26 () {58 vars in 1331 bytes} [Thu Sep 22 14:58:47 2022] GET /volume/v3/50d7421b77504bf4a43ab6e1dc9f203e/os-quota-sets/d68940106e9245d1aefa7c6b64436d61 => generated 1125 bytes in 40 msecs (HTTP/1.1 200) 7 headers in 286 bytes (1 switches on core 0)
Sep 22 14:58:47.553060 dv-cinder-844563-6-iscsi devstack@c-api.service[113320]: DEBUG cinder.api.middleware.request_id [None req-5a86207f-a204-4c5a-952a-059231d7e49e None None] RequestId filter calling following filter/app {{(pid=113320) _context_setter /opt/stack/cinder/cinder/api/middleware/request_id.py:62}}
Sep 22 14:58:47.557933 dv-cinder-844563-6-iscsi devstack@c-api.service[113320]: INFO cinder.api.openstack.wsgi [None req-5a86207f-a204-4c5a-952a-059231d7e49e tempest-VolumeQuotasAdminTestJSON-379327579 tempest-VolumeQuotasAdminTestJSON-379327579-project-admin] GET http://10.222.0.26/volume/v3/50d7421b77504bf4a43ab6e1dc9f203e/os-quota-sets/d68940106e9245d1aefa7c6b64436d61?usage=True
Sep 22 14:58:47.558379 dv-cinder-844563-6-iscsi devstack@c-api.service[113320]: DEBUG cinder.api.openstack.wsgi [None req-5a86207f-a204-4c5a-952a-059231d7e49e tempest-VolumeQuotasAdminTestJSON-379327579 tempest-VolumeQuotasAdminTestJSON-379327579-project-admin] Empty body provided in request {{(pid=113320) get_body /opt/stack/cinder/cinder/api/openstack/wsgi.py:715}}
Sep 22 14:58:47.558879 dv-cinder-844563-6-iscsi devstack@c-api.service[113320]: DEBUG cinder.api.openstack.wsgi [None req-5a86207f-a204-4c5a-952a-059231d7e49e tempest-VolumeQuotasAdminTestJSON-379327579 tempest-VolumeQuotasAdminTestJSON-379327579-project-admin] Calling method 'show' {{(pid=113320) _process_stack /opt/stack/cinder/cinder/api/openstack/wsgi.py:868}}
Sep 22 14:58:47.600762 dv-cinder-844563-6-iscsi devstack@c-api.service[113320]: INFO cinder.api.openstack.wsgi [None req-5a86207f-a204-4c5a-952a-059231d7e49e tempest-VolumeQuotasAdminTestJSON-379327579 tempest-VolumeQuotasAdminTestJSON-379327579-project-admin] http://10.222.0.26/volume/v3/50d7421b77504bf4a43ab6e1dc9f203e/os-quota-sets/d68940106e9245d1aefa7c6b64436d61?usage=True returned with HTTP 200
Sep 22 14:58:47.601535 dv-cinder-844563-6-iscsi devstack@c-api.service[113320]: [pid: 113320|app: 0|req: 139/262] 10.222.0.26 () {58 vars in 1352 bytes} [Thu Sep 22 14:58:47 2022] GET /volume/v3/50d7421b77504bf4a43ab6e1dc9f203e/os-quota-sets/d68940106e9245d1aefa7c6b64436d61?usage=True => generated 2217 bytes in 50 msecs (HTTP/1.1 200) 7 headers in 286 bytes (1 switches on core 0)
Sep 22 14:58:47.617248 dv-cinder-844563-6-iscsi devstack@c-api.service[113319]: DEBUG cinder.api.middleware.request_id [None req-a2a4c37e-64f5-43d4-b635-643019ff026b None None] RequestId filter calling following filter/app {{(pid=113319) _context_setter /opt/stack/cinder/cinder/api/middleware/request_id.py:62}}
Sep 22 14:58:47.700365 dv-cinder-844563-6-iscsi devstack@c-api.service[113320]: DEBUG cinder.api.middleware.request_id [None req-45516a83-8f97-42af-b82d-fa592457765a None None] RequestId filter calling following filter/app {{(pid=113320) _context_setter /opt/stack/cinder/cinder/api/middleware/request_id.py:62}}
Sep 22 14:58:47.713016 dv-cinder-844563-6-iscsi devstack@c-api.service[113320]: INFO cinder.api.openstack.wsgi [None req-45516a83-8f97-42af-b82d-fa592457765a tempest-VolumeRetypeWithoutMigrationTest-222113901 tempest-VolumeRetypeWithoutMigrationTest-222113901-project] GET http://10.222.0.26/volume/v3/57438b15417a4566bac79b68ce36c670/volumes/3553b7a5-c884-4380-8157-0e357fecdc62
Sep 22 14:58:47.713743 dv-cinder-844563-6-iscsi devstack@c-api.service[113320]: DEBUG cinder.api.openstack.wsgi [None req-45516a83-8f97-42af-b82d-fa592457765a tempest-VolumeRetypeWithoutMigrationTest-222113901 tempest-VolumeRetypeWithoutMigrationTest-222113901-project] Empty body provided in request {{(pid=113320) get_body /opt/stack/cinder/cinder/api/openstack/wsgi.py:715}}
Sep 22 14:58:47.714349 dv-cinder-844563-6-iscsi devstack@c-api.service[113320]: DEBUG cinder.api.openstack.wsgi [None req-45516a83-8f97-42af-b82d-fa592457765a tempest-VolumeRetypeWithoutMigrationTest-222113901 tempest-VolumeRetypeWithoutMigrationTest-222113901-project] Calling method 'show' {{(pid=113320) _process_stack /opt/stack/cinder/cinder/api/openstack/wsgi.py:868}}
Sep 22 14:58:47.731282 dv-cinder-844563-6-iscsi devstack@c-api.service[113320]: /usr/local/lib/python3.8/dist-packages/oslo_context/context.py:100: DeprecationWarning: Policy enforcement is depending on the value of is_admin. This key is deprecated. Please update your policy file to use the standard policy values.
Sep 22 14:58:47.731282 dv-cinder-844563-6-iscsi devstack@c-api.service[113320]: warnings.warn('Policy enforcement is depending on the value of '
Sep 22 14:58:47.739047 dv-cinder-844563-6-iscsi devstack@c-api.service[113320]: INFO cinder.volume.api [None req-45516a83-8f97-42af-b82d-fa592457765a tempest-VolumeRetypeWithoutMigrationTest-222113901 tempest-VolumeRetypeWithoutMigrationTest-222113901-project] Volume info retrieved successfully.
Sep 22 14:58:47.750375 dv-cinder-844563-6-iscsi devstack@c-api.service[113320]: INFO cinder.api.openstack.wsgi [None req-45516a83-8f97-42af-b82d-fa592457765a tempest-VolumeRetypeWithoutMigrationTest-222113901 tempest-VolumeRetypeWithoutMigrationTest-222113901-project] http://10.222.0.26/volume/v3/57438b15417a4566bac79b68ce36c670/volumes/3553b7a5-c884-4380-8157-0e357fecdc62 returned with HTTP 200
Sep 22 14:58:47.751656 dv-cinder-844563-6-iscsi devstack@c-api.service[113319]: INFO cinder.api.openstack.wsgi [None req-a2a4c37e-64f5-43d4-b635-643019ff026b tempest-VolumeQuotasAdminTestJSON-1092668980 tempest-VolumeQuotasAdminTestJSON-1092668980-project] POST http://10.222.0.26/volume/v3/d68940106e9245d1aefa7c6b64436d61/volumes
Sep 22 14:58:47.752970 dv-cinder-844563-6-iscsi devstack@c-api.service[113319]: DEBUG cinder.api.openstack.wsgi [None req-a2a4c37e-64f5-43d4-b635-643019ff026b tempest-VolumeQuotasAdminTestJSON-1092668980 tempest-VolumeQuotasAdminTestJSON-1092668980-project] Action: 'create', calling method: create, body: {"volume": {"size": 1, "name": "tempest-VolumeQuotasAdminTestJSON-Volume-459411811"}} {{(pid=113319) _process_stack /opt/stack/cinder/cinder/api/openstack/wsgi.py:866}}
Sep 22 14:58:47.757911 dv-cinder-844563-6-iscsi devstack@c-api.service[113319]: DEBUG cinder.api.v3.volumes [None req-a2a4c37e-64f5-43d4-b635-643019ff026b tempest-VolumeQuotasAdminTestJSON-1092668980 tempest-VolumeQuotasAdminTestJSON-1092668980-project] Create volume request body: {'volume': {'size': 1, 'name': 'tempest-VolumeQuotasAdminTestJSON-Volume-459411811'}} {{(pid=113319) create /opt/stack/cinder/cinder/api/v3/volumes.py:298}}
Sep 22 14:58:47.758373 dv-cinder-844563-6-iscsi devstack@c-api.service[113319]: INFO cinder.api.v3.volumes [None req-a2a4c37e-64f5-43d4-b635-643019ff026b tempest-VolumeQuotasAdminTestJSON-1092668980 tempest-VolumeQuotasAdminTestJSON-1092668980-project] Create volume of 1 GB
Sep 22 14:58:47.763333 dv-cinder-844563-6-iscsi devstack@c-api.service[113320]: [pid: 113320|app: 0|req: 140/263] 10.222.0.26 () {58 vars in 1325 bytes} [Thu Sep 22 14:58:47 2022] GET /volume/v3/57438b15417a4566bac79b68ce36c670/volumes/3553b7a5-c884-4380-8157-0e357fecdc62 => generated 925 bytes in 66 msecs (HTTP/1.1 200) 7 headers in 285 bytes (2 switches on core 0)
Sep 22 14:58:47.772297 dv-cinder-844563-6-iscsi devstack@c-api.service[113319]: INFO cinder.volume.api [None req-a2a4c37e-64f5-43d4-b635-643019ff026b tempest-VolumeQuotasAdminTestJSON-1092668980 tempest-VolumeQuotasAdminTestJSON-1092668980-project] Availability Zones retrieved successfully.
Sep 22 14:58:47.788015 dv-cinder-844563-6-iscsi devstack@c-api.service[113319]: DEBUG cinder.volume.api [None req-a2a4c37e-64f5-43d4-b635-643019ff026b tempest-VolumeQuotasAdminTestJSON-1092668980 tempest-VolumeQuotasAdminTestJSON-1092668980-project] Flow 'volume_create_api' (cb96a7a2-6eb9-4a33-958c-0a77ba878115) transitioned into state 'RUNNING' from state 'PENDING' {{(pid=113319) _flow_receiver /usr/local/lib/python3.8/dist-packages/taskflow/listeners/logging.py:141}}
Sep 22 14:58:47.792972 dv-cinder-844563-6-iscsi devstack@c-api.service[113319]: DEBUG cinder.volume.api [None req-a2a4c37e-64f5-43d4-b635-643019ff026b tempest-VolumeQuotasAdminTestJSON-1092668980 tempest-VolumeQuotasAdminTestJSON-1092668980-project] Task 'cinder.volume.flows.api.create_volume.ExtractVolumeRequestTask;volume:create' (6f682a1d-7ec2-4f88-adf9-2c16ed8d60cc) transitioned into state 'RUNNING' from state 'PENDING' {{(pid=113319) _task_receiver /usr/local/lib/python3.8/dist-packages/taskflow/listeners/logging.py:190}}
Sep 22 14:58:47.795467 dv-cinder-844563-6-iscsi devstack@c-api.service[113319]: DEBUG cinder.volume.flows.api.create_volume [None req-a2a4c37e-64f5-43d4-b635-643019ff026b tempest-VolumeQuotasAdminTestJSON-1092668980 tempest-VolumeQuotasAdminTestJSON-1092668980-project] Validating volume size '1' using validate_int {{(pid=113319) _extract_size /opt/stack/cinder/cinder/volume/flows/api/create_volume.py:228}}
Sep 22 14:58:47.830186 dv-cinder-844563-6-iscsi devstack@c-api.service[113319]: DEBUG cinder.volume.api [None req-a2a4c37e-64f5-43d4-b635-643019ff026b tempest-VolumeQuotasAdminTestJSON-1092668980 tempest-VolumeQuotasAdminTestJSON-1092668980-project] Task 'cinder.volume.flows.api.create_volume.ExtractVolumeRequestTask;volume:create' (6f682a1d-7ec2-4f88-adf9-2c16ed8d60cc) transitioned into state 'SUCCESS' from state 'RUNNING' with result '{'size': 1, 'snapshot_id': None, 'source_volid': None, 'volume_type': VolumeType(created_at=2022-09-22T14:48:09Z,deleted=False,deleted_at=None,description='Default Volume Type',extra_specs={},id=aa462cbb-fa51-4fb8-9005-857b2b65eaf9,is_public=True,name='__DEFAULT__',projects=[],qos_specs=,qos_specs_id=None,updated_at=2022-09-22T14:48:09Z), 'volume_type_id': 'aa462cbb-fa51-4fb8-9005-857b2b65eaf9', 'encryption_key_id': None, 'qos_specs': None, 'consistencygroup_id': None, 'cgsnapshot_id': None, 'group_id': None, 'replication_status': 'disabled', 'refresh_az': False, 'backup_id': None, 'multiattach': False, 'availability_zones': ['nova']}' {{(pid=113319) _task_receiver /usr/local/lib/python3.8/dist-packages/taskflow/listeners/logging.py:178}}
Sep 22 14:58:47.832323 dv-cinder-844563-6-iscsi devstack@c-api.service[113319]: DEBUG cinder.volume.api [None req-a2a4c37e-64f5-43d4-b635-643019ff026b tempest-VolumeQuotasAdminTestJSON-1092668980 tempest-VolumeQuotasAdminTestJSON-1092668980-project] Task 'cinder.volume.flows.api.create_volume.QuotaReserveTask;volume:create' (c511f73b-a6e8-491b-81dc-8b18ab36e1e4) transitioned into state 'RUNNING' from state 'PENDING' {{(pid=113319) _task_receiver /usr/local/lib/python3.8/dist-packages/taskflow/listeners/logging.py:190}}
Sep 22 14:58:47.896353 dv-cinder-844563-6-iscsi devstack@c-api.service[113319]: DEBUG dbcounter [-] [113319] Writing DB stats cinder:SELECT=90,cinder:INSERT=10 {{(pid=113319) stat_writer /usr/local/lib/python3.8/dist-packages/dbcounter.py:114}}
Sep 22 14:58:47.921178 dv-cinder-844563-6-iscsi devstack@c-api.service[113319]: DEBUG cinder.quota [None req-a2a4c37e-64f5-43d4-b635-643019ff026b tempest-VolumeQuotasAdminTestJSON-1092668980 tempest-VolumeQuotasAdminTestJSON-1092668980-project] Created reservations ['a6e7ccb8-1779-4832-96e9-814c8ddac5b6', '4480742b-2210-497b-8e46-27ab3524f8ea', 'd0077e17-efd0-4457-b4d2-e4dd7d15c818', '52b0bd65-c414-4347-96f6-d56920e9d347'] {{(pid=113319) reserve /opt/stack/cinder/cinder/quota.py:755}}
Sep 22 14:58:47.922975 dv-cinder-844563-6-iscsi devstack@c-api.service[113319]: DEBUG cinder.volume.api [None req-a2a4c37e-64f5-43d4-b635-643019ff026b tempest-VolumeQuotasAdminTestJSON-1092668980 tempest-VolumeQuotasAdminTestJSON-1092668980-project] Task 'cinder.volume.flows.api.create_volume.QuotaReserveTask;volume:create' (c511f73b-a6e8-491b-81dc-8b18ab36e1e4) transitioned into state 'SUCCESS' from state 'RUNNING' with result '{'reservations': ['a6e7ccb8-1779-4832-96e9-814c8ddac5b6', '4480742b-2210-497b-8e46-27ab3524f8ea', 'd0077e17-efd0-4457-b4d2-e4dd7d15c818', '52b0bd65-c414-4347-96f6-d56920e9d347']}' {{(pid=113319) _task_receiver /usr/local/lib/python3.8/dist-packages/taskflow/listeners/logging.py:178}}
Sep 22 14:58:47.925303 dv-cinder-844563-6-iscsi devstack@c-api.service[113319]: DEBUG cinder.volume.api [None req-a2a4c37e-64f5-43d4-b635-643019ff026b tempest-VolumeQuotasAdminTestJSON-1092668980 tempest-VolumeQuotasAdminTestJSON-1092668980-project] Task 'cinder.volume.flows.api.create_volume.EntryCreateTask;volume:create' (f82f7f21-1322-4619-b889-cb4bf6f42a28) transitioned into state 'RUNNING' from state 'PENDING' {{(pid=113319) _task_receiver /usr/local/lib/python3.8/dist-packages/taskflow/listeners/logging.py:190}}
Sep 22 14:58:47.946722 dv-cinder-844563-6-iscsi devstack@c-api.service[113319]: DEBUG cinder.volume.api [None req-a2a4c37e-64f5-43d4-b635-643019ff026b tempest-VolumeQuotasAdminTestJSON-1092668980 tempest-VolumeQuotasAdminTestJSON-1092668980-project] Task 'cinder.volume.flows.api.create_volume.EntryCreateTask;volume:create' (f82f7f21-1322-4619-b889-cb4bf6f42a28) transitioned into state 'SUCCESS' from state 'RUNNING' with result '{'volume_id': '64a7776d-3ff4-41f7-af73-5c30a6a28191', 'volume_properties': VolumeProperties(attach_status='detached',availability_zone='nova',cgsnapshot_id=None,consistencygroup_id=None,display_description=None,display_name='tempest-VolumeQuotasAdminTestJSON-Volume-459411811',encryption_key_id=None,group_id=None,group_type_id=,metadata={},multiattach=False,project_id='d68940106e9245d1aefa7c6b64436d61',qos_specs=None,replication_status=,reservations=['a6e7ccb8-1779-4832-96e9-814c8ddac5b6','4480742b-2210-497b-8e46-27ab3524f8ea','d0077e17-efd0-4457-b4d2-e4dd7d15c818','52b0bd65-c414-4347-96f6-d56920e9d347'],size=1,snapshot_id=None,source_replicaid=,source_volid=None,status='creating',user_id='d4f2d6cbec524c908fb0522d80433c48',volume_type_id=aa462cbb-fa51-4fb8-9005-857b2b65eaf9), 'volume': Volume(_name_id=None,admin_metadata=,attach_status='detached',availability_zone='nova',bootable=False,cluster=,cluster_name=None,consistencygroup=,consistencygroup_id=None,created_at=2022-09-22T14:58:47Z,deleted=False,deleted_at=None,display_description=None,display_name='tempest-VolumeQuotasAdminTestJSON-Volume-459411811',ec2_id=None,encryption_key_id=None,glance_metadata=,group=,group_id=None,host=None,id=64a7776d-3ff4-41f7-af73-5c30a6a28191,launched_at=None,metadata={},migration_status=None,multiattach=False,previous_status=None,project_id='d68940106e9245d1aefa7c6b64436d61',provider_auth=None,provider_geometry=None,provider_id=None,provider_location=None,replication_driver_data=None,replication_extended_status=None,replication_status=None,scheduled_at=None,service_uuid=None,shared_targets=True,size=1,snapshot_id=None,snapshots=,source_volid=None,status='creating',terminated_at=None,updated_at=None,use_quota=True,user_id='d4f2d6cbec524c908fb0522d80433c48',volume_attachment=VolumeAttachmentList,volume_type=VolumeType(aa462cbb-fa51-4fb8-9005-857b2b65eaf9),volume_type_id=aa462cbb-fa51-4fb8-9005-857b2b65eaf9)}' {{(pid=113319) _task_receiver /usr/local/lib/python3.8/dist-packages/taskflow/listeners/logging.py:178}}
Sep 22 14:58:47.948579 dv-cinder-844563-6-iscsi devstack@c-api.service[113319]: DEBUG cinder.volume.api [None req-a2a4c37e-64f5-43d4-b635-643019ff026b tempest-VolumeQuotasAdminTestJSON-1092668980 tempest-VolumeQuotasAdminTestJSON-1092668980-project] Task 'cinder.volume.flows.api.create_volume.QuotaCommitTask;volume:create' (a8ef24a0-fada-431d-b845-4a6eb182519a) transitioned into state 'RUNNING' from state 'PENDING' {{(pid=113319) _task_receiver /usr/local/lib/python3.8/dist-packages/taskflow/listeners/logging.py:190}}
Sep 22 14:58:47.975035 dv-cinder-844563-6-iscsi devstack@c-api.service[113319]: DEBUG cinder.volume.api [None req-a2a4c37e-64f5-43d4-b635-643019ff026b tempest-VolumeQuotasAdminTestJSON-1092668980 tempest-VolumeQuotasAdminTestJSON-1092668980-project] Task 'cinder.volume.flows.api.create_volume.QuotaCommitTask;volume:create' (a8ef24a0-fada-431d-b845-4a6eb182519a) transitioned into state 'SUCCESS' from state 'RUNNING' with result '{'volume_properties': VolumeProperties(attach_status='detached',availability_zone='nova',cgsnapshot_id=None,consistencygroup_id=None,display_description=None,display_name='tempest-VolumeQuotasAdminTestJSON-Volume-459411811',encryption_key_id=None,group_id=None,group_type_id=,metadata={},multiattach=False,project_id='d68940106e9245d1aefa7c6b64436d61',qos_specs=None,replication_status=,reservations=['a6e7ccb8-1779-4832-96e9-814c8ddac5b6','4480742b-2210-497b-8e46-27ab3524f8ea','d0077e17-efd0-4457-b4d2-e4dd7d15c818','52b0bd65-c414-4347-96f6-d56920e9d347'],size=1,snapshot_id=None,source_replicaid=,source_volid=None,status='creating',user_id='d4f2d6cbec524c908fb0522d80433c48',volume_type_id=aa462cbb-fa51-4fb8-9005-857b2b65eaf9)}' {{(pid=113319) _task_receiver /usr/local/lib/python3.8/dist-packages/taskflow/listeners/logging.py:178}}
Sep 22 14:58:47.977240 dv-cinder-844563-6-iscsi devstack@c-api.service[113319]: DEBUG cinder.volume.api [None req-a2a4c37e-64f5-43d4-b635-643019ff026b tempest-VolumeQuotasAdminTestJSON-1092668980 tempest-VolumeQuotasAdminTestJSON-1092668980-project] Task 'cinder.volume.flows.api.create_volume.VolumeCastTask;volume:create' (be6417eb-4d89-43cd-8f6e-a583502f477d) transitioned into state 'RUNNING' from state 'PENDING' {{(pid=113319) _task_receiver /usr/local/lib/python3.8/dist-packages/taskflow/listeners/logging.py:190}}
Sep 22 14:58:47.998092 dv-cinder-844563-6-iscsi devstack@c-api.service[113319]: DEBUG cinder.volume.api [None req-a2a4c37e-64f5-43d4-b635-643019ff026b tempest-VolumeQuotasAdminTestJSON-1092668980 tempest-VolumeQuotasAdminTestJSON-1092668980-project] Task 'cinder.volume.flows.api.create_volume.VolumeCastTask;volume:create' (be6417eb-4d89-43cd-8f6e-a583502f477d) transitioned into state 'SUCCESS' from state 'RUNNING' with result 'None' {{(pid=113319) _task_receiver /usr/local/lib/python3.8/dist-packages/taskflow/listeners/logging.py:178}}
Sep 22 14:58:48.000729 dv-cinder-844563-6-iscsi devstack@c-api.service[113319]: DEBUG cinder.volume.api [None req-a2a4c37e-64f5-43d4-b635-643019ff026b tempest-VolumeQuotasAdminTestJSON-1092668980 tempest-VolumeQuotasAdminTestJSON-1092668980-project] Flow 'volume_create_api' (cb96a7a2-6eb9-4a33-958c-0a77ba878115) transitioned into state 'SUCCESS' from state 'RUNNING' {{(pid=113319) _flow_receiver /usr/local/lib/python3.8/dist-packages/taskflow/listeners/logging.py:141}}
Sep 22 14:58:48.001424 dv-cinder-844563-6-iscsi devstack@c-api.service[113319]: INFO cinder.volume.api [None req-a2a4c37e-64f5-43d4-b635-643019ff026b tempest-VolumeQuotasAdminTestJSON-1092668980 tempest-VolumeQuotasAdminTestJSON-1092668980-project] Create volume request issued successfully.
Sep 22 14:58:48.003603 dv-cinder-844563-6-iscsi devstack@c-api.service[113319]: INFO cinder.api.openstack.wsgi [None req-a2a4c37e-64f5-43d4-b635-643019ff026b tempest-VolumeQuotasAdminTestJSON-1092668980 tempest-VolumeQuotasAdminTestJSON-1092668980-project] http://10.222.0.26/volume/v3/d68940106e9245d1aefa7c6b64436d61/volumes returned with HTTP 202
Sep 22 14:58:48.004934 dv-cinder-844563-6-iscsi devstack@c-api.service[113320]: DEBUG cinder.api.middleware.request_id [None req-33f3c536-7190-49aa-b2e0-f9a7b45884f0 None None] RequestId filter calling following filter/app {{(pid=113320) _context_setter /opt/stack/cinder/cinder/api/middleware/request_id.py:62}}
Sep 22 14:58:48.013831 dv-cinder-844563-6-iscsi devstack@c-api.service[113319]: [pid: 113319|app: 0|req: 124/264] 10.222.0.26 () {60 vars in 1235 bytes} [Thu Sep 22 14:58:47 2022] POST /volume/v3/d68940106e9245d1aefa7c6b64436d61/volumes => generated 824 bytes in 389 msecs (HTTP/1.1 202) 7 headers in 291 bytes (2 switches on core 0)
Sep 22 14:58:48.019359 dv-cinder-844563-6-iscsi devstack@c-api.service[113320]: INFO cinder.api.openstack.wsgi [None req-33f3c536-7190-49aa-b2e0-f9a7b45884f0 tempest-SnapshotMetadataTestJSON-75559714 tempest-SnapshotMetadataTestJSON-75559714-project] GET http://10.222.0.26/volume/v3/d02a1da1edb74420b35ae5a2bd680064/volumes/7b02b03c-23ba-4677-8622-587b503fcde8
Sep 22 14:58:48.020168 dv-cinder-844563-6-iscsi devstack@c-api.service[113320]: DEBUG cinder.api.openstack.wsgi [None req-33f3c536-7190-49aa-b2e0-f9a7b45884f0 tempest-SnapshotMetadataTestJSON-75559714 tempest-SnapshotMetadataTestJSON-75559714-project] Empty body provided in request {{(pid=113320) get_body /opt/stack/cinder/cinder/api/openstack/wsgi.py:715}}
Sep 22 14:58:48.021276 dv-cinder-844563-6-iscsi devstack@c-api.service[113320]: DEBUG cinder.api.openstack.wsgi [None req-33f3c536-7190-49aa-b2e0-f9a7b45884f0 tempest-SnapshotMetadataTestJSON-75559714 tempest-SnapshotMetadataTestJSON-75559714-project] Calling method 'show' {{(pid=113320) _process_stack /opt/stack/cinder/cinder/api/openstack/wsgi.py:868}}
Sep 22 14:58:48.026248 dv-cinder-844563-6-iscsi devstack@c-api.service[113319]: DEBUG cinder.api.middleware.request_id [None req-c96d76a9-22ee-401b-a980-a8d0d6d3d9e0 None None] RequestId filter calling following filter/app {{(pid=113319) _context_setter /opt/stack/cinder/cinder/api/middleware/request_id.py:62}}
Sep 22 14:58:48.036110 dv-cinder-844563-6-iscsi devstack@c-api.service[113319]: INFO cinder.api.openstack.wsgi [None req-c96d76a9-22ee-401b-a980-a8d0d6d3d9e0 tempest-VolumeQuotasAdminTestJSON-1092668980 tempest-VolumeQuotasAdminTestJSON-1092668980-project] GET http://10.222.0.26/volume/v3/d68940106e9245d1aefa7c6b64436d61/volumes/64a7776d-3ff4-41f7-af73-5c30a6a28191
Sep 22 14:58:48.037969 dv-cinder-844563-6-iscsi devstack@c-api.service[113319]: DEBUG cinder.api.openstack.wsgi [None req-c96d76a9-22ee-401b-a980-a8d0d6d3d9e0 tempest-VolumeQuotasAdminTestJSON-1092668980 tempest-VolumeQuotasAdminTestJSON-1092668980-project] Empty body provided in request {{(pid=113319) get_body /opt/stack/cinder/cinder/api/openstack/wsgi.py:715}}
Sep 22 14:58:48.044494 dv-cinder-844563-6-iscsi devstack@c-api.service[113319]: DEBUG cinder.api.openstack.wsgi [None req-c96d76a9-22ee-401b-a980-a8d0d6d3d9e0 tempest-VolumeQuotasAdminTestJSON-1092668980 tempest-VolumeQuotasAdminTestJSON-1092668980-project] Calling method 'show' {{(pid=113319) _process_stack /opt/stack/cinder/cinder/api/openstack/wsgi.py:868}}
Sep 22 14:58:48.046645 dv-cinder-844563-6-iscsi devstack@c-api.service[113320]: /usr/local/lib/python3.8/dist-packages/oslo_context/context.py:100: DeprecationWarning: Policy enforcement is depending on the value of is_admin. This key is deprecated. Please update your policy file to use the standard policy values.
Sep 22 14:58:48.046645 dv-cinder-844563-6-iscsi devstack@c-api.service[113320]: warnings.warn('Policy enforcement is depending on the value of '
Sep 22 14:58:48.057986 dv-cinder-844563-6-iscsi devstack@c-api.service[113320]: INFO cinder.volume.api [None req-33f3c536-7190-49aa-b2e0-f9a7b45884f0 tempest-SnapshotMetadataTestJSON-75559714 tempest-SnapshotMetadataTestJSON-75559714-project] Volume info retrieved successfully.
Sep 22 14:58:48.076228 dv-cinder-844563-6-iscsi devstack@c-api.service[113320]: INFO cinder.api.openstack.wsgi [None req-33f3c536-7190-49aa-b2e0-f9a7b45884f0 tempest-SnapshotMetadataTestJSON-75559714 tempest-SnapshotMetadataTestJSON-75559714-project] http://10.222.0.26/volume/v3/d02a1da1edb74420b35ae5a2bd680064/volumes/7b02b03c-23ba-4677-8622-587b503fcde8 returned with HTTP 200
Sep 22 14:58:48.086780 dv-cinder-844563-6-iscsi devstack@c-api.service[113320]: [pid: 113320|app: 0|req: 141/265] 10.222.0.26 () {58 vars in 1325 bytes} [Thu Sep 22 14:58:48 2022] GET /volume/v3/d02a1da1edb74420b35ae5a2bd680064/volumes/7b02b03c-23ba-4677-8622-587b503fcde8 => generated 915 bytes in 74 msecs (HTTP/1.1 200) 7 headers in 285 bytes (2 switches on core 0)
Sep 22 14:58:48.094322 dv-cinder-844563-6-iscsi devstack@c-api.service[113320]: DEBUG cinder.api.middleware.request_id [None req-9e0371d4-1ff5-494d-9545-feba46343c2c None None] RequestId filter calling following filter/app {{(pid=113320) _context_setter /opt/stack/cinder/cinder/api/middleware/request_id.py:62}}
Sep 22 14:58:48.101071 dv-cinder-844563-6-iscsi devstack@c-api.service[113320]: INFO cinder.api.openstack.wsgi [None req-9e0371d4-1ff5-494d-9545-feba46343c2c tempest-GroupSnapshotsTest-1637160240 tempest-GroupSnapshotsTest-1637160240-project] GET http://10.222.0.26/volume/v3/1073a3c6ec9d4b96aaa7fc219b87343f/group_snapshots/bc2f1305-fee7-4007-9027-543b2876d2f2
Sep 22 14:58:48.101071 dv-cinder-844563-6-iscsi devstack@c-api.service[113320]: DEBUG cinder.api.openstack.wsgi [None req-9e0371d4-1ff5-494d-9545-feba46343c2c tempest-GroupSnapshotsTest-1637160240 tempest-GroupSnapshotsTest-1637160240-project] Empty body provided in request {{(pid=113320) get_body /opt/stack/cinder/cinder/api/openstack/wsgi.py:715}}
Sep 22 14:58:48.101071 dv-cinder-844563-6-iscsi devstack@c-api.service[113320]: DEBUG cinder.api.openstack.wsgi [None req-9e0371d4-1ff5-494d-9545-feba46343c2c tempest-GroupSnapshotsTest-1637160240 tempest-GroupSnapshotsTest-1637160240-project] Calling method 'version_select' {{(pid=113320) _process_stack /opt/stack/cinder/cinder/api/openstack/wsgi.py:868}}
Sep 22 14:58:48.103572 dv-cinder-844563-6-iscsi devstack@c-api.service[113320]: DEBUG cinder.api.v3.group_snapshots [None req-9e0371d4-1ff5-494d-9545-feba46343c2c tempest-GroupSnapshotsTest-1637160240 tempest-GroupSnapshotsTest-1637160240-project] show called for member bc2f1305-fee7-4007-9027-543b2876d2f2 {{(pid=113320) show /opt/stack/cinder/cinder/api/v3/group_snapshots.py:58}}
Sep 22 14:58:48.110115 dv-cinder-844563-6-iscsi devstack@c-api.service[113319]: /usr/local/lib/python3.8/dist-packages/oslo_context/context.py:100: DeprecationWarning: Policy enforcement is depending on the value of is_admin. This key is deprecated. Please update your policy file to use the standard policy values.
Sep 22 14:58:48.110115 dv-cinder-844563-6-iscsi devstack@c-api.service[113319]: warnings.warn('Policy enforcement is depending on the value of '
Sep 22 14:58:48.114703 dv-cinder-844563-6-iscsi devstack@c-api.service[113320]: /usr/local/lib/python3.8/dist-packages/oslo_context/context.py:100: DeprecationWarning: Policy enforcement is depending on the value of is_admin. This key is deprecated. Please update your policy file to use the standard policy values.
Sep 22 14:58:48.114703 dv-cinder-844563-6-iscsi devstack@c-api.service[113320]: warnings.warn('Policy enforcement is depending on the value of '
Sep 22 14:58:48.128797 dv-cinder-844563-6-iscsi devstack@c-api.service[113319]: INFO cinder.volume.api [None req-c96d76a9-22ee-401b-a980-a8d0d6d3d9e0 tempest-VolumeQuotasAdminTestJSON-1092668980 tempest-VolumeQuotasAdminTestJSON-1092668980-project] Volume info retrieved successfully.
Sep 22 14:58:48.130314 dv-cinder-844563-6-iscsi devstack@c-api.service[113320]: INFO cinder.api.openstack.wsgi [None req-9e0371d4-1ff5-494d-9545-feba46343c2c tempest-GroupSnapshotsTest-1637160240 tempest-GroupSnapshotsTest-1637160240-project] http://10.222.0.26/volume/v3/1073a3c6ec9d4b96aaa7fc219b87343f/group_snapshots/bc2f1305-fee7-4007-9027-543b2876d2f2 returned with HTTP 200
Sep 22 14:58:48.133538 dv-cinder-844563-6-iscsi devstack@c-api.service[113320]: [pid: 113320|app: 0|req: 142/266] 10.222.0.26 () {60 vars in 1390 bytes} [Thu Sep 22 14:58:48 2022] GET /volume/v3/1073a3c6ec9d4b96aaa7fc219b87343f/group_snapshots/bc2f1305-fee7-4007-9027-543b2876d2f2 => generated 308 bytes in 41 msecs (HTTP/1.1 200) 7 headers in 286 bytes (1 switches on core 0)
Sep 22 14:58:48.145153 dv-cinder-844563-6-iscsi devstack@c-api.service[113320]: DEBUG cinder.api.middleware.request_id [None req-17f12c45-45a0-45f7-9a6a-41e66aa2dd62 None None] RequestId filter calling following filter/app {{(pid=113320) _context_setter /opt/stack/cinder/cinder/api/middleware/request_id.py:62}}
Sep 22 14:58:48.153297 dv-cinder-844563-6-iscsi devstack@c-api.service[113320]: INFO cinder.api.openstack.wsgi [None req-17f12c45-45a0-45f7-9a6a-41e66aa2dd62 tempest-GroupSnapshotsTest-1637160240 tempest-GroupSnapshotsTest-1637160240-project] GET http://10.222.0.26/volume/v3/1073a3c6ec9d4b96aaa7fc219b87343f/snapshots/detail
Sep 22 14:58:48.156880 dv-cinder-844563-6-iscsi devstack@c-api.service[113320]: DEBUG cinder.api.openstack.wsgi [None req-17f12c45-45a0-45f7-9a6a-41e66aa2dd62 tempest-GroupSnapshotsTest-1637160240 tempest-GroupSnapshotsTest-1637160240-project] Empty body provided in request {{(pid=113320) get_body /opt/stack/cinder/cinder/api/openstack/wsgi.py:715}}
Sep 22 14:58:48.159041 dv-cinder-844563-6-iscsi devstack@c-api.service[113320]: DEBUG cinder.api.openstack.wsgi [None req-17f12c45-45a0-45f7-9a6a-41e66aa2dd62 tempest-GroupSnapshotsTest-1637160240 tempest-GroupSnapshotsTest-1637160240-project] Calling method 'detail' {{(pid=113320) _process_stack /opt/stack/cinder/cinder/api/openstack/wsgi.py:868}}
Sep 22 14:58:48.160883 dv-cinder-844563-6-iscsi devstack@c-api.service[113320]: DEBUG cinder.api.api_utils [None req-17f12c45-45a0-45f7-9a6a-41e66aa2dd62 tempest-GroupSnapshotsTest-1637160240 tempest-GroupSnapshotsTest-1637160240-project] Removing options '' from query. {{(pid=113320) remove_invalid_filter_options /opt/stack/cinder/cinder/api/api_utils.py:83}}
Sep 22 14:58:48.161588 dv-cinder-844563-6-iscsi devstack@c-api.service[113319]: INFO cinder.api.openstack.wsgi [None req-c96d76a9-22ee-401b-a980-a8d0d6d3d9e0 tempest-VolumeQuotasAdminTestJSON-1092668980 tempest-VolumeQuotasAdminTestJSON-1092668980-project] http://10.222.0.26/volume/v3/d68940106e9245d1aefa7c6b64436d61/volumes/64a7776d-3ff4-41f7-af73-5c30a6a28191 returned with HTTP 200
Sep 22 14:58:48.177457 dv-cinder-844563-6-iscsi devstack@c-api.service[113320]: DEBUG cinder.db.sqlalchemy.api [None req-17f12c45-45a0-45f7-9a6a-41e66aa2dd62 tempest-GroupSnapshotsTest-1637160240 tempest-GroupSnapshotsTest-1637160240-project] Building query based on filter {{(pid=113320) _process_snaps_filters /opt/stack/cinder/cinder/db/sqlalchemy/api.py:3885}}
Sep 22 14:58:48.178189 dv-cinder-844563-6-iscsi devstack@c-api.service[113319]: [pid: 113319|app: 0|req: 125/267] 10.222.0.26 () {58 vars in 1325 bytes} [Thu Sep 22 14:58:48 2022] GET /volume/v3/d68940106e9245d1aefa7c6b64436d61/volumes/64a7776d-3ff4-41f7-af73-5c30a6a28191 => generated 892 bytes in 153 msecs (HTTP/1.1 200) 7 headers in 285 bytes (2 switches on core 0)
Sep 22 14:58:48.186389 dv-cinder-844563-6-iscsi devstack@c-api.service[113320]: INFO cinder.volume.api [None req-17f12c45-45a0-45f7-9a6a-41e66aa2dd62 tempest-GroupSnapshotsTest-1637160240 tempest-GroupSnapshotsTest-1637160240-project] Get all snapshots completed successfully.
Sep 22 14:58:48.187400 dv-cinder-844563-6-iscsi devstack@c-api.service[113320]: /usr/local/lib/python3.8/dist-packages/oslo_context/context.py:100: DeprecationWarning: Policy enforcement is depending on the value of is_admin. This key is deprecated. Please update your policy file to use the standard policy values.
Sep 22 14:58:48.187400 dv-cinder-844563-6-iscsi devstack@c-api.service[113320]: warnings.warn('Policy enforcement is depending on the value of '
Sep 22 14:58:48.188725 dv-cinder-844563-6-iscsi devstack@c-api.service[113320]: INFO cinder.api.openstack.wsgi [None req-17f12c45-45a0-45f7-9a6a-41e66aa2dd62 tempest-GroupSnapshotsTest-1637160240 tempest-GroupSnapshotsTest-1637160240-project] http://10.222.0.26/volume/v3/1073a3c6ec9d4b96aaa7fc219b87343f/snapshots/detail returned with HTTP 200
Sep 22 14:58:48.189783 dv-cinder-844563-6-iscsi devstack@c-api.service[113320]: [pid: 113320|app: 0|req: 143/268] 10.222.0.26 () {58 vars in 1241 bytes} [Thu Sep 22 14:58:48 2022] GET /volume/v3/1073a3c6ec9d4b96aaa7fc219b87343f/snapshots/detail => generated 454 bytes in 46 msecs (HTTP/1.1 200) 7 headers in 285 bytes (1 switches on core 0)
Sep 22 14:58:48.201586 dv-cinder-844563-6-iscsi devstack@c-api.service[113319]: DEBUG cinder.api.middleware.request_id [None req-de1df33f-93a3-40c6-9d7d-01bbf6046d11 None None] RequestId filter calling following filter/app {{(pid=113319) _context_setter /opt/stack/cinder/cinder/api/middleware/request_id.py:62}}
Sep 22 14:58:48.206461 dv-cinder-844563-6-iscsi devstack@c-api.service[113319]: INFO cinder.api.openstack.wsgi [None req-de1df33f-93a3-40c6-9d7d-01bbf6046d11 tempest-GroupSnapshotsTest-1637160240 tempest-GroupSnapshotsTest-1637160240-project] GET http://10.222.0.26/volume/v3/1073a3c6ec9d4b96aaa7fc219b87343f/snapshots/a4798c8d-d68b-4dde-aabf-9f538bd6f8b1
Sep 22 14:58:48.206962 dv-cinder-844563-6-iscsi devstack@c-api.service[113319]: DEBUG cinder.api.openstack.wsgi [None req-de1df33f-93a3-40c6-9d7d-01bbf6046d11 tempest-GroupSnapshotsTest-1637160240 tempest-GroupSnapshotsTest-1637160240-project] Empty body provided in request {{(pid=113319) get_body /opt/stack/cinder/cinder/api/openstack/wsgi.py:715}}
Sep 22 14:58:48.207426 dv-cinder-844563-6-iscsi devstack@c-api.service[113319]: DEBUG cinder.api.openstack.wsgi [None req-de1df33f-93a3-40c6-9d7d-01bbf6046d11 tempest-GroupSnapshotsTest-1637160240 tempest-GroupSnapshotsTest-1637160240-project] Calling method 'show' {{(pid=113319) _process_stack /opt/stack/cinder/cinder/api/openstack/wsgi.py:868}}
Sep 22 14:58:48.219545 dv-cinder-844563-6-iscsi devstack@c-api.service[113319]: /usr/local/lib/python3.8/dist-packages/oslo_context/context.py:100: DeprecationWarning: Policy enforcement is depending on the value of is_admin. This key is deprecated. Please update your policy file to use the standard policy values.
Sep 22 14:58:48.219545 dv-cinder-844563-6-iscsi devstack@c-api.service[113319]: warnings.warn('Policy enforcement is depending on the value of '
Sep 22 14:58:48.220614 dv-cinder-844563-6-iscsi devstack@c-api.service[113319]: INFO cinder.volume.api [None req-de1df33f-93a3-40c6-9d7d-01bbf6046d11 tempest-GroupSnapshotsTest-1637160240 tempest-GroupSnapshotsTest-1637160240-project] Snapshot retrieved successfully.
Sep 22 14:58:48.222720 dv-cinder-844563-6-iscsi devstack@c-api.service[113319]: INFO cinder.api.openstack.wsgi [None req-de1df33f-93a3-40c6-9d7d-01bbf6046d11 tempest-GroupSnapshotsTest-1637160240 tempest-GroupSnapshotsTest-1637160240-project] http://10.222.0.26/volume/v3/1073a3c6ec9d4b96aaa7fc219b87343f/snapshots/a4798c8d-d68b-4dde-aabf-9f538bd6f8b1 returned with HTTP 200
Sep 22 14:58:48.229642 dv-cinder-844563-6-iscsi devstack@c-api.service[113319]: [pid: 113319|app: 0|req: 126/269] 10.222.0.26 () {58 vars in 1331 bytes} [Thu Sep 22 14:58:48 2022] GET /volume/v3/1073a3c6ec9d4b96aaa7fc219b87343f/snapshots/a4798c8d-d68b-4dde-aabf-9f538bd6f8b1 => generated 451 bytes in 30 msecs (HTTP/1.1 200) 7 headers in 285 bytes (1 switches on core 0)
Sep 22 14:58:48.232743 dv-cinder-844563-6-iscsi devstack@c-api.service[113320]: DEBUG cinder.api.middleware.request_id [None req-ae6c952e-89c2-4713-80ae-21d91785be28 None None] RequestId filter calling following filter/app {{(pid=113320) _context_setter /opt/stack/cinder/cinder/api/middleware/request_id.py:62}}
Sep 22 14:58:48.236422 dv-cinder-844563-6-iscsi devstack@c-api.service[113320]: INFO cinder.api.openstack.wsgi [None req-ae6c952e-89c2-4713-80ae-21d91785be28 tempest-GroupSnapshotsTest-1637160240 tempest-GroupSnapshotsTest-1637160240-project] GET http://10.222.0.26/volume/v3/1073a3c6ec9d4b96aaa7fc219b87343f/group_snapshots/bc2f1305-fee7-4007-9027-543b2876d2f2
Sep 22 14:58:48.236943 dv-cinder-844563-6-iscsi devstack@c-api.service[113320]: DEBUG cinder.api.openstack.wsgi [None req-ae6c952e-89c2-4713-80ae-21d91785be28 tempest-GroupSnapshotsTest-1637160240 tempest-GroupSnapshotsTest-1637160240-project] Empty body provided in request {{(pid=113320) get_body /opt/stack/cinder/cinder/api/openstack/wsgi.py:715}}
Sep 22 14:58:48.237379 dv-cinder-844563-6-iscsi devstack@c-api.service[113320]: DEBUG cinder.api.openstack.wsgi [None req-ae6c952e-89c2-4713-80ae-21d91785be28 tempest-GroupSnapshotsTest-1637160240 tempest-GroupSnapshotsTest-1637160240-project] Calling method 'version_select' {{(pid=113320) _process_stack /opt/stack/cinder/cinder/api/openstack/wsgi.py:868}}
Sep 22 14:58:48.237726 dv-cinder-844563-6-iscsi devstack@c-api.service[113320]: DEBUG cinder.api.v3.group_snapshots [None req-ae6c952e-89c2-4713-80ae-21d91785be28 tempest-GroupSnapshotsTest-1637160240 tempest-GroupSnapshotsTest-1637160240-project] show called for member bc2f1305-fee7-4007-9027-543b2876d2f2 {{(pid=113320) show /opt/stack/cinder/cinder/api/v3/group_snapshots.py:58}}
Sep 22 14:58:48.244670 dv-cinder-844563-6-iscsi devstack@c-api.service[113320]: /usr/local/lib/python3.8/dist-packages/oslo_context/context.py:100: DeprecationWarning: Policy enforcement is depending on the value of is_admin. This key is deprecated. Please update your policy file to use the standard policy values.
Sep 22 14:58:48.244670 dv-cinder-844563-6-iscsi devstack@c-api.service[113320]: warnings.warn('Policy enforcement is depending on the value of '
Sep 22 14:58:48.253853 dv-cinder-844563-6-iscsi devstack@c-api.service[113320]: INFO cinder.api.openstack.wsgi [None req-ae6c952e-89c2-4713-80ae-21d91785be28 tempest-GroupSnapshotsTest-1637160240 tempest-GroupSnapshotsTest-1637160240-project] http://10.222.0.26/volume/v3/1073a3c6ec9d4b96aaa7fc219b87343f/group_snapshots/bc2f1305-fee7-4007-9027-543b2876d2f2 returned with HTTP 200
Sep 22 14:58:48.255609 dv-cinder-844563-6-iscsi devstack@c-api.service[113320]: [pid: 113320|app: 0|req: 144/270] 10.222.0.26 () {60 vars in 1390 bytes} [Thu Sep 22 14:58:48 2022] GET /volume/v3/1073a3c6ec9d4b96aaa7fc219b87343f/group_snapshots/bc2f1305-fee7-4007-9027-543b2876d2f2 => generated 308 bytes in 24 msecs (HTTP/1.1 200) 7 headers in 286 bytes (1 switches on core 0)
Sep 22 14:58:48.263834 dv-cinder-844563-6-iscsi devstack@c-api.service[113319]: DEBUG cinder.api.middleware.request_id [None req-927f59e5-0b9c-45c5-936f-4fceff94fe00 None None] RequestId filter calling following filter/app {{(pid=113319) _context_setter /opt/stack/cinder/cinder/api/middleware/request_id.py:62}}
Sep 22 14:58:48.267950 dv-cinder-844563-6-iscsi devstack@c-api.service[113319]: INFO cinder.api.openstack.wsgi [None req-927f59e5-0b9c-45c5-936f-4fceff94fe00 tempest-GroupSnapshotsTest-1637160240 tempest-GroupSnapshotsTest-1637160240-project] GET http://10.222.0.26/volume/v3/1073a3c6ec9d4b96aaa7fc219b87343f/group_snapshots/detail
Sep 22 14:58:48.268497 dv-cinder-844563-6-iscsi devstack@c-api.service[113319]: DEBUG cinder.api.openstack.wsgi [None req-927f59e5-0b9c-45c5-936f-4fceff94fe00 tempest-GroupSnapshotsTest-1637160240 tempest-GroupSnapshotsTest-1637160240-project] Empty body provided in request {{(pid=113319) get_body /opt/stack/cinder/cinder/api/openstack/wsgi.py:715}}
Sep 22 14:58:48.268961 dv-cinder-844563-6-iscsi devstack@c-api.service[113319]: DEBUG cinder.api.openstack.wsgi [None req-927f59e5-0b9c-45c5-936f-4fceff94fe00 tempest-GroupSnapshotsTest-1637160240 tempest-GroupSnapshotsTest-1637160240-project] Calling method 'version_select' {{(pid=113319) _process_stack /opt/stack/cinder/cinder/api/openstack/wsgi.py:868}}
Sep 22 14:58:48.285307 dv-cinder-844563-6-iscsi devstack@c-api.service[113319]: INFO cinder.api.openstack.wsgi [None req-927f59e5-0b9c-45c5-936f-4fceff94fe00 tempest-GroupSnapshotsTest-1637160240 tempest-GroupSnapshotsTest-1637160240-project] http://10.222.0.26/volume/v3/1073a3c6ec9d4b96aaa7fc219b87343f/group_snapshots/detail returned with HTTP 200
Sep 22 14:58:48.294022 dv-cinder-844563-6-iscsi devstack@c-api.service[113319]: [pid: 113319|app: 0|req: 127/271] 10.222.0.26 () {60 vars in 1300 bytes} [Thu Sep 22 14:58:48 2022] GET /volume/v3/1073a3c6ec9d4b96aaa7fc219b87343f/group_snapshots/detail => generated 311 bytes in 31 msecs (HTTP/1.1 200) 7 headers in 286 bytes (1 switches on core 0)
Sep 22 14:58:48.295841 dv-cinder-844563-6-iscsi devstack@c-api.service[113320]: DEBUG cinder.api.middleware.request_id [None req-0ed37bb0-bea9-41e7-a3e7-a63d4dd0e6aa None None] RequestId filter calling following filter/app {{(pid=113320) _context_setter /opt/stack/cinder/cinder/api/middleware/request_id.py:62}}
Sep 22 14:58:48.300695 dv-cinder-844563-6-iscsi devstack@c-api.service[113320]: INFO cinder.api.openstack.wsgi [None req-0ed37bb0-bea9-41e7-a3e7-a63d4dd0e6aa tempest-GroupSnapshotsTest-1637160240 tempest-GroupSnapshotsTest-1637160240-project] DELETE http://10.222.0.26/volume/v3/1073a3c6ec9d4b96aaa7fc219b87343f/group_snapshots/bc2f1305-fee7-4007-9027-543b2876d2f2
