Aug 03 09:31:07.467123 dv-cinder-844563-5-iscsi neutron-server[103953]: DEBUG neutron.plugins.ml2.db [None req-7723a188-f55e-4fa2-98e9-f07454c49e05 None None] For port 11fbb955-cb55-401d-b52c-df2706864e50, host hv-cinder-84456, got binding levels [PortBindingLevel(driver='hyperv',host='hv-cinder-84456',level=0,port_id=11fbb955-cb55-401d-b52c-df2706864e50,segment=NetworkSegment(85633bcf-7b47-4a9d-8325-f4a51add2b48),segment_id=85633bcf-7b47-4a9d-8325-f4a51add2b48)] {{(pid=103953) get_binding_level_objs /opt/stack/neutron/neutron/plugins/ml2/db.py:74}}
Aug 03 09:31:07.475949 dv-cinder-844563-5-iscsi neutron-server[103953]: DEBUG neutron_lib.callbacks.manager [None req-7723a188-f55e-4fa2-98e9-f07454c49e05 None None] Publish callbacks ['neutron.plugins.ml2.plugin.SecurityGroupServerNotifierRpcMixin._notify_sg_on_port_change-2048083', 'neutron.plugins.ml2.ovo_rpc._ObjectChangeHandler.handle_event-98575', 'neutron.api.rpc.agentnotifiers.dhcp_rpc_agent_api.DhcpAgentNotifyAPI._native_event_send_dhcp_notification-525477', 'neutron.db.l3_db.L3RpcNotifierMixin._notify_gateway_port_ip_changed-8764502247581', 'neutron.db.l3_dvrscheduler_db._notify_l3_agent_port_update-8764501771156', 'neutron.db.l3_hascheduler_db._notify_l3_agent_ha_port_update-8764501771174'] for port (11fbb955-cb55-401d-b52c-df2706864e50), after_update {{(pid=103953) _notify_loop /usr/local/lib/python3.8/dist-packages/neutron_lib/callbacks/manager.py:176}}
Aug 03 09:31:07.522376 dv-cinder-844563-5-iscsi neutron-server[103953]: DEBUG neutron.api.rpc.handlers.resources_rpc [None req-7723a188-f55e-4fa2-98e9-f07454c49e05 None None] Pushing event updated for resources: {'Port': ['ID=11fbb955-cb55-401d-b52c-df2706864e50,revision_number=4']} {{(pid=103953) push /opt/stack/neutron/neutron/api/rpc/handlers/resources_rpc.py:237}}
Aug 03 09:31:07.903096 dv-cinder-844563-5-iscsi neutron-server[103952]: DEBUG neutron.pecan_wsgi.hooks.policy_enforcement [req-f7bef425-8bf7-493f-a70d-3ca40b32a968 req-37fe3b2d-0676-45f6-b926-36cb371f453a tempest-ServerRescueNegativeTestJSON-1255087555 tempest-ServerRescueNegativeTestJSON-1255087555-project] Attributes excluded by policy engine: ['standard_attr_id', 'binding:profile', 'binding:host_id', 'binding:vif_type', 'binding:vif_details'] {{(pid=103952) _exclude_attributes_by_policy /opt/stack/neutron/neutron/pecan_wsgi/hooks/policy_enforcement.py:259}}
Aug 03 09:31:07.904578 dv-cinder-844563-5-iscsi neutron-server[103952]: INFO neutron.wsgi [req-f7bef425-8bf7-493f-a70d-3ca40b32a968 req-37fe3b2d-0676-45f6-b926-36cb371f453a tempest-ServerRescueNegativeTestJSON-1255087555 tempest-ServerRescueNegativeTestJSON-1255087555-project] 10.222.0.20 "GET /networking/v2.0/ports?device_id=b3166329-2bc2-4aea-983b-a8e05ff43d38 HTTP/1.1" status: 200 len: 944 time: 0.0527945
Aug 03 09:31:07.933533 dv-cinder-844563-5-iscsi neutron-server[103952]: DEBUG dbcounter [-] [103952] Writing DB stats neutron:SELECT=100 {{(pid=103952) stat_writer /usr/local/lib/python3.8/dist-packages/dbcounter.py:114}}
Aug 03 09:31:07.957624 dv-cinder-844563-5-iscsi neutron-server[103952]: INFO neutron.wsgi [req-f7bef425-8bf7-493f-a70d-3ca40b32a968 req-9f72e079-654e-4f20-826c-fcc02d85ca5d tempest-ServerRescueNegativeTestJSON-1255087555 tempest-ServerRescueNegativeTestJSON-1255087555-project] 10.222.0.20 "GET /networking/v2.0/security-groups?id=f626fdd6-2baf-4155-a4c0-7504c11ac8e3&fields=id&fields=name HTTP/1.1" status: 200 len: 286 time: 0.0467591
Aug 03 09:31:08.049829 dv-cinder-844563-5-iscsi neutron-server[103951]: DEBUG neutron.pecan_wsgi.hooks.policy_enforcement [req-5107cf29-fd3a-4e06-9729-17edfe01f45d req-74e557ae-ac5d-47e5-b330-ff81cad258ca tempest-AttachVolumeShelveTestJSON-1147351077 tempest-AttachVolumeShelveTestJSON-1147351077-project] Attributes excluded by policy engine: ['standard_attr_id', 'binding:profile', 'binding:host_id', 'binding:vif_type', 'binding:vif_details'] {{(pid=103951) _exclude_attributes_by_policy /opt/stack/neutron/neutron/pecan_wsgi/hooks/policy_enforcement.py:259}}
Aug 03 09:31:08.052120 dv-cinder-844563-5-iscsi neutron-server[103951]: INFO neutron.wsgi [req-5107cf29-fd3a-4e06-9729-17edfe01f45d req-74e557ae-ac5d-47e5-b330-ff81cad258ca tempest-AttachVolumeShelveTestJSON-1147351077 tempest-AttachVolumeShelveTestJSON-1147351077-project] 10.222.0.20 "GET /networking/v2.0/ports?device_id=c30c986d-ad83-45a8-b4e6-96d056aaa6d5 HTTP/1.1" status: 200 len: 944 time: 0.0489595
Aug 03 09:31:08.106842 dv-cinder-844563-5-iscsi neutron-server[103953]: DEBUG neutron_lib.callbacks.manager [None req-99ca2a1b-72bf-448e-af7c-2a61d049a48b None None] Publish callbacks ['neutron.services.segments.db._update_segment_host_mapping_for_agent-8764502174949', 'neutron.plugins.ml2.plugin.Ml2Plugin._retry_binding_revived_agents-1892139'] for agent (ba86f522-f32d-47c8-936a-39985d39d34e), after_update {{(pid=103953) _notify_loop /usr/local/lib/python3.8/dist-packages/neutron_lib/callbacks/manager.py:176}}
Aug 03 09:31:08.112993 dv-cinder-844563-5-iscsi neutron-server[103951]: INFO neutron.wsgi [req-5107cf29-fd3a-4e06-9729-17edfe01f45d req-79456499-b7e8-4e34-abde-fbcfc9f46731 tempest-AttachVolumeShelveTestJSON-1147351077 tempest-AttachVolumeShelveTestJSON-1147351077-project] 10.222.0.20 "GET /networking/v2.0/security-groups?id=9cd43c3d-489d-48e6-8c2b-b01e455235a4&fields=id&fields=name HTTP/1.1" status: 200 len: 313 time: 0.0550113
Aug 03 09:31:08.187160 dv-cinder-844563-5-iscsi neutron-server[103952]: DEBUG neutron.pecan_wsgi.hooks.policy_enforcement [req-102bf6cd-83f6-4d93-934b-118255f4c775 req-c0d54d05-591d-4e6c-92a1-c333a5dbb3bb tempest-AttachVolumeTestJSON-382633331 tempest-AttachVolumeTestJSON-382633331-project] Attributes excluded by policy engine: ['standard_attr_id', 'binding:profile', 'binding:host_id', 'binding:vif_type', 'binding:vif_details'] {{(pid=103952) _exclude_attributes_by_policy /opt/stack/neutron/neutron/pecan_wsgi/hooks/policy_enforcement.py:259}}
Aug 03 09:31:08.189069 dv-cinder-844563-5-iscsi neutron-server[103952]: INFO neutron.wsgi [req-102bf6cd-83f6-4d93-934b-118255f4c775 req-c0d54d05-591d-4e6c-92a1-c333a5dbb3bb tempest-AttachVolumeTestJSON-382633331 tempest-AttachVolumeTestJSON-382633331-project] 10.222.0.20 "GET /networking/v2.0/ports?device_id=92a1a022-8f7e-4e28-9a07-49184dfcfcfd HTTP/1.1" status: 200 len: 944 time: 0.0501893
Aug 03 09:31:08.217720 dv-cinder-844563-5-iscsi neutron-server[103951]: DEBUG neutron.wsgi [-] (103951) accepted ('10.222.0.20', 38694) {{(pid=103951) server /usr/local/lib/python3.8/dist-packages/eventlet/wsgi.py:1004}}
Aug 03 09:31:08.236502 dv-cinder-844563-5-iscsi neutron-server[103953]: DEBUG neutron_lib.callbacks.manager [None req-23b2f492-aef7-4573-9f61-8c8b37d96b94 None None] Publish callbacks ['neutron.services.segments.db._update_segment_host_mapping_for_agent-8764502174949', 'neutron.plugins.ml2.plugin.Ml2Plugin._retry_binding_revived_agents-1892139'] for agent (be89d95b-5cbe-47bc-9014-34b35f781a9f), after_update {{(pid=103953) _notify_loop /usr/local/lib/python3.8/dist-packages/neutron_lib/callbacks/manager.py:176}}
Aug 03 09:31:08.251404 dv-cinder-844563-5-iscsi neutron-server[103952]: INFO neutron.wsgi [req-102bf6cd-83f6-4d93-934b-118255f4c775 req-cad81c37-acaf-46fb-8a98-34270363f6c7 tempest-AttachVolumeTestJSON-382633331 tempest-AttachVolumeTestJSON-382633331-project] 10.222.0.20 "GET /networking/v2.0/security-groups?id=99da26da-9fc5-4779-a9f3-3531278e91ed&fields=id&fields=name HTTP/1.1" status: 200 len: 313 time: 0.0468688
Aug 03 09:31:08.331440 dv-cinder-844563-5-iscsi neutron-server[103951]: DEBUG neutron_lib.callbacks.manager [None req-0d1019ed-e913-42bd-aa63-698f8fd02ed1 admin admin] Publish callbacks [] for security_group (None), before_create {{(pid=103951) _notify_loop /usr/local/lib/python3.8/dist-packages/neutron_lib/callbacks/manager.py:176}}
Aug 03 09:31:08.404878 dv-cinder-844563-5-iscsi neutron-server[103951]: DEBUG dbcounter [-] [103951] Writing DB stats neutron:SELECT=93,neutron:INSERT=6,neutron:UPDATE=1 {{(pid=103951) stat_writer /usr/local/lib/python3.8/dist-packages/dbcounter.py:114}}
Aug 03 09:31:08.447467 dv-cinder-844563-5-iscsi neutron-server[103951]: DEBUG dbcounter [-] [103951] Writing DB stats neutron:SELECT=95,neutron:INSERT=5 {{(pid=103951) stat_writer /usr/local/lib/python3.8/dist-packages/dbcounter.py:114}}
Aug 03 09:31:08.450130 dv-cinder-844563-5-iscsi neutron-server[103951]: DEBUG neutron_lib.callbacks.manager [None req-0d1019ed-e913-42bd-aa63-698f8fd02ed1 admin admin] Publish callbacks [] for security_group (12e6906a-14f9-48cb-9fe0-ba76be951125), precommit_create {{(pid=103951) _notify_loop /usr/local/lib/python3.8/dist-packages/neutron_lib/callbacks/manager.py:176}}
Aug 03 09:31:08.456350 dv-cinder-844563-5-iscsi neutron-server[103951]: DEBUG neutron_lib.callbacks.manager [None req-0d1019ed-e913-42bd-aa63-698f8fd02ed1 admin admin] Publish callbacks ['neutron.plugins.ml2.ovo_rpc._ObjectChangeHandler.handle_event-707504'] for security_group (12e6906a-14f9-48cb-9fe0-ba76be951125), after_create {{(pid=103951) _notify_loop /usr/local/lib/python3.8/dist-packages/neutron_lib/callbacks/manager.py:176}}
Aug 03 09:31:08.468348 dv-cinder-844563-5-iscsi neutron-server[103951]: DEBUG neutron.pecan_wsgi.hooks.policy_enforcement [req-aa2e76e2-3f12-487e-a05b-b3feaf80a4ef req-0bac7ff5-87de-4dee-aebe-9c6198660c50 tempest-DeleteServersTestJSON-1465813669 tempest-DeleteServersTestJSON-1465813669-project] Attributes excluded by policy engine: ['standard_attr_id', 'binding:profile', 'binding:host_id', 'binding:vif_type', 'binding:vif_details'] {{(pid=103951) _exclude_attributes_by_policy /opt/stack/neutron/neutron/pecan_wsgi/hooks/policy_enforcement.py:259}}
Aug 03 09:31:08.469855 dv-cinder-844563-5-iscsi neutron-server[103951]: INFO neutron.wsgi [req-aa2e76e2-3f12-487e-a05b-b3feaf80a4ef req-0bac7ff5-87de-4dee-aebe-9c6198660c50 tempest-DeleteServersTestJSON-1465813669 tempest-DeleteServersTestJSON-1465813669-project] 10.222.0.20 "GET /networking/v2.0/ports?device_id=fbc1c84c-9403-45ab-987b-c0e33d70b89c HTTP/1.1" status: 200 len: 944 time: 0.0810077
Aug 03 09:31:08.490110 dv-cinder-844563-5-iscsi neutron-server[103952]: DEBUG neutron.pecan_wsgi.hooks.policy_enforcement [req-cb62130d-5346-48c1-afb5-603731216809 req-668c6705-6a83-48fd-983c-baebdd75c527 tempest-AttachVolumeNegativeTest-1956186670 tempest-AttachVolumeNegativeTest-1956186670-project] Attributes excluded by policy engine: ['standard_attr_id', 'binding:profile', 'binding:host_id', 'binding:vif_type', 'binding:vif_details'] {{(pid=103952) _exclude_attributes_by_policy /opt/stack/neutron/neutron/pecan_wsgi/hooks/policy_enforcement.py:259}}
Aug 03 09:31:08.491857 dv-cinder-844563-5-iscsi neutron-server[103952]: INFO neutron.wsgi [req-cb62130d-5346-48c1-afb5-603731216809 req-668c6705-6a83-48fd-983c-baebdd75c527 tempest-AttachVolumeNegativeTest-1956186670 tempest-AttachVolumeNegativeTest-1956186670-project] 10.222.0.20 "GET /networking/v2.0/ports?device_id=c3dcc900-18b4-4f36-911d-e61fc4a9cc58 HTTP/1.1" status: 200 len: 943 time: 0.0528598
Aug 03 09:31:08.522613 dv-cinder-844563-5-iscsi neutron-server[103951]: INFO neutron.wsgi [None req-0d1019ed-e913-42bd-aa63-698f8fd02ed1 admin admin] 10.222.0.20 "GET /networking/v2.0/security-groups?tenant_id=39606d3e4a704e94ba061d47b50f471e&name=default HTTP/1.1" status: 200 len: 2996 time: 0.3034339
Aug 03 09:31:08.525209 dv-cinder-844563-5-iscsi neutron-server[103951]: DEBUG neutron.wsgi [-] (103951) accepted ('10.222.0.20', 38702) {{(pid=103951) server /usr/local/lib/python3.8/dist-packages/eventlet/wsgi.py:1004}}
Aug 03 09:31:08.534780 dv-cinder-844563-5-iscsi neutron-server[103951]: DEBUG neutron.api.rpc.handlers.resources_rpc [None req-0d1019ed-e913-42bd-aa63-698f8fd02ed1 admin admin] Pushing event updated for resources: {'SecurityGroup': ['ID=12e6906a-14f9-48cb-9fe0-ba76be951125,revision_number=1']} {{(pid=103951) push /opt/stack/neutron/neutron/api/rpc/handlers/resources_rpc.py:237}}
Aug 03 09:31:08.545207 dv-cinder-844563-5-iscsi neutron-server[103952]: INFO neutron.wsgi [req-cb62130d-5346-48c1-afb5-603731216809 req-1236b085-f09c-4791-a724-cefb69d0485c tempest-AttachVolumeNegativeTest-1956186670 tempest-AttachVolumeNegativeTest-1956186670-project] 10.222.0.20 "GET /networking/v2.0/security-groups?id=6d4acd3b-7abb-42e8-b4d4-cc056a86ab5c&fields=id&fields=name HTTP/1.1" status: 200 len: 313 time: 0.0469191
Aug 03 09:31:08.584952 dv-cinder-844563-5-iscsi neutron-server[103951]: INFO neutron.wsgi [req-aa2e76e2-3f12-487e-a05b-b3feaf80a4ef req-1df1752f-b633-4df9-97a8-36c08b78cf9b tempest-DeleteServersTestJSON-1465813669 tempest-DeleteServersTestJSON-1465813669-project] 10.222.0.20 "GET /networking/v2.0/security-groups?id=d6d91586-745d-4820-866a-f7c963b4be4f&fields=id&fields=name HTTP/1.1" status: 200 len: 286 time: 0.1038873
Aug 03 09:31:08.601157 dv-cinder-844563-5-iscsi neutron-server[103951]: DEBUG neutron_lib.callbacks.manager [None req-d987a6cd-163d-4f1d-b8a5-9037d621fbc4 admin admin] Publish callbacks [] for security_group (12e6906a-14f9-48cb-9fe0-ba76be951125), before_delete {{(pid=103951) _notify_loop /usr/local/lib/python3.8/dist-packages/neutron_lib/callbacks/manager.py:176}}
Aug 03 09:31:08.626027 dv-cinder-844563-5-iscsi neutron-server[103951]: DEBUG neutron_lib.callbacks.manager [None req-d987a6cd-163d-4f1d-b8a5-9037d621fbc4 admin admin] Publish callbacks [] for security_group (12e6906a-14f9-48cb-9fe0-ba76be951125), precommit_delete {{(pid=103951) _notify_loop /usr/local/lib/python3.8/dist-packages/neutron_lib/callbacks/manager.py:176}}
Aug 03 09:31:08.672931 dv-cinder-844563-5-iscsi neutron-server[103951]: DEBUG neutron_lib.callbacks.manager [None req-d987a6cd-163d-4f1d-b8a5-9037d621fbc4 admin admin] Publish callbacks ['neutron.plugins.ml2.ovo_rpc._ObjectChangeHandler.handle_event-707504'] for security_group (12e6906a-14f9-48cb-9fe0-ba76be951125), after_delete {{(pid=103951) _notify_loop /usr/local/lib/python3.8/dist-packages/neutron_lib/callbacks/manager.py:176}}
Aug 03 09:31:08.675769 dv-cinder-844563-5-iscsi neutron-server[103951]: DEBUG neutron_lib.callbacks.manager [None req-d987a6cd-163d-4f1d-b8a5-9037d621fbc4 admin admin] Publish callbacks [] for security_group (None), before_response {{(pid=103951) _notify_loop /usr/local/lib/python3.8/dist-packages/neutron_lib/callbacks/manager.py:176}}
Aug 03 09:31:08.677758 dv-cinder-844563-5-iscsi neutron-server[103951]: INFO neutron.wsgi [None req-d987a6cd-163d-4f1d-b8a5-9037d621fbc4 admin admin] 10.222.0.20 "DELETE /networking/v2.0/security-groups/12e6906a-14f9-48cb-9fe0-ba76be951125 HTTP/1.1" status: 204 len: 168 time: 0.1516497
Aug 03 09:31:08.688582 dv-cinder-844563-5-iscsi neutron-server[103951]: DEBUG neutron.api.rpc.handlers.resources_rpc [None req-d987a6cd-163d-4f1d-b8a5-9037d621fbc4 admin admin] Pushing event deleted for resources: {'SecurityGroup': ['ID=12e6906a-14f9-48cb-9fe0-ba76be951125,revision_number=None']} {{(pid=103951) push /opt/stack/neutron/neutron/api/rpc/handlers/resources_rpc.py:237}}
Aug 03 09:31:08.969689 dv-cinder-844563-5-iscsi neutron-server[103951]: DEBUG neutron.wsgi [-] (103951) accepted ('10.222.0.20', 38712) {{(pid=103951) server /usr/local/lib/python3.8/dist-packages/eventlet/wsgi.py:1004}}
Aug 03 09:31:08.983760 dv-cinder-844563-5-iscsi neutron-server[103951]: DEBUG neutron_lib.callbacks.manager [None req-854c157a-9914-4847-a0ad-d55f6b94621b admin admin] Publish callbacks [] for security_group (None), before_create {{(pid=103951) _notify_loop /usr/local/lib/python3.8/dist-packages/neutron_lib/callbacks/manager.py:176}}
Aug 03 09:31:09.069236 dv-cinder-844563-5-iscsi neutron-server[103951]: DEBUG neutron_lib.callbacks.manager [None req-854c157a-9914-4847-a0ad-d55f6b94621b admin admin] Publish callbacks [] for security_group (9ea585cf-bbb2-4cad-832d-47895b896801), precommit_create {{(pid=103951) _notify_loop /usr/local/lib/python3.8/dist-packages/neutron_lib/callbacks/manager.py:176}}
Aug 03 09:31:09.074228 dv-cinder-844563-5-iscsi neutron-server[103951]: DEBUG neutron_lib.callbacks.manager [None req-854c157a-9914-4847-a0ad-d55f6b94621b admin admin] Publish callbacks ['neutron.plugins.ml2.ovo_rpc._ObjectChangeHandler.handle_event-707504'] for security_group (9ea585cf-bbb2-4cad-832d-47895b896801), after_create {{(pid=103951) _notify_loop /usr/local/lib/python3.8/dist-packages/neutron_lib/callbacks/manager.py:176}}
Aug 03 09:31:09.089781 dv-cinder-844563-5-iscsi neutron-server[103952]: DEBUG neutron.pecan_wsgi.hooks.policy_enforcement [req-a88807dc-9c83-476d-adc8-061cee371637 req-af5434e5-dc52-4dd6-bc40-3301354e96e5 tempest-ServerRescueNegativeTestJSON-1255087555 tempest-ServerRescueNegativeTestJSON-1255087555-project] Attributes excluded by policy engine: ['standard_attr_id', 'binding:profile', 'binding:host_id', 'binding:vif_type', 'binding:vif_details'] {{(pid=103952) _exclude_attributes_by_policy /opt/stack/neutron/neutron/pecan_wsgi/hooks/policy_enforcement.py:259}}
Aug 03 09:31:09.091470 dv-cinder-844563-5-iscsi neutron-server[103952]: INFO neutron.wsgi [req-a88807dc-9c83-476d-adc8-061cee371637 req-af5434e5-dc52-4dd6-bc40-3301354e96e5 tempest-ServerRescueNegativeTestJSON-1255087555 tempest-ServerRescueNegativeTestJSON-1255087555-project] 10.222.0.20 "GET /networking/v2.0/ports?device_id=b3166329-2bc2-4aea-983b-a8e05ff43d38 HTTP/1.1" status: 200 len: 944 time: 0.0498474
Aug 03 09:31:09.117531 dv-cinder-844563-5-iscsi neutron-server[103951]: INFO neutron.wsgi [None req-854c157a-9914-4847-a0ad-d55f6b94621b admin admin] 10.222.0.20 "GET /networking/v2.0/security-groups?tenant_id=6c589d02b8e24d85886efd2cd1c7d551&name=default HTTP/1.1" status: 200 len: 2996 time: 0.1442697
Aug 03 09:31:09.118435 dv-cinder-844563-5-iscsi neutron-server[103951]: DEBUG neutron.wsgi [-] (103951) accepted ('10.222.0.20', 38716) {{(pid=103951) server /usr/local/lib/python3.8/dist-packages/eventlet/wsgi.py:1004}}
Aug 03 09:31:09.124826 dv-cinder-844563-5-iscsi neutron-server[103951]: DEBUG neutron.api.rpc.handlers.resources_rpc [None req-854c157a-9914-4847-a0ad-d55f6b94621b admin admin] Pushing event updated for resources: {'SecurityGroup': ['ID=9ea585cf-bbb2-4cad-832d-47895b896801,revision_number=1']} {{(pid=103951) push /opt/stack/neutron/neutron/api/rpc/handlers/resources_rpc.py:237}}
Aug 03 09:31:09.142870 dv-cinder-844563-5-iscsi neutron-server[103952]: INFO neutron.wsgi [req-a88807dc-9c83-476d-adc8-061cee371637 req-3ff85935-6f18-460a-a60f-b5258d855e67 tempest-ServerRescueNegativeTestJSON-1255087555 tempest-ServerRescueNegativeTestJSON-1255087555-project] 10.222.0.20 "GET /networking/v2.0/security-groups?id=f626fdd6-2baf-4155-a4c0-7504c11ac8e3&fields=id&fields=name HTTP/1.1" status: 200 len: 286 time: 0.0458312
Aug 03 09:31:09.181437 dv-cinder-844563-5-iscsi neutron-server[103951]: DEBUG neutron_lib.callbacks.manager [None req-aff7b19a-40f3-4557-a0ab-3f838ba36cb5 admin admin] Publish callbacks [] for security_group (9ea585cf-bbb2-4cad-832d-47895b896801), before_delete {{(pid=103951) _notify_loop /usr/local/lib/python3.8/dist-packages/neutron_lib/callbacks/manager.py:176}}
Aug 03 09:31:09.233520 dv-cinder-844563-5-iscsi neutron-server[103951]: DEBUG neutron_lib.callbacks.manager [None req-aff7b19a-40f3-4557-a0ab-3f838ba36cb5 admin admin] Publish callbacks [] for security_group (9ea585cf-bbb2-4cad-832d-47895b896801), precommit_delete {{(pid=103951) _notify_loop /usr/local/lib/python3.8/dist-packages/neutron_lib/callbacks/manager.py:176}}
Aug 03 09:31:09.269103 dv-cinder-844563-5-iscsi neutron-server[103954]: DEBUG dbcounter [-] [103954] Writing DB stats neutron:SELECT=57 {{(pid=103954) stat_writer /usr/local/lib/python3.8/dist-packages/dbcounter.py:114}}
Aug 03 09:31:09.273563 dv-cinder-844563-5-iscsi neutron-server[103951]: DEBUG neutron.pecan_wsgi.hooks.policy_enforcement [req-27276b2d-8771-486b-bd9b-582de19a9a10 req-4ee4c5a1-54c9-447c-abca-9a0e6a446718 tempest-AttachVolumeShelveTestJSON-1147351077 tempest-AttachVolumeShelveTestJSON-1147351077-project] Attributes excluded by policy engine: ['standard_attr_id', 'binding:profile', 'binding:host_id', 'binding:vif_type', 'binding:vif_details'] {{(pid=103951) _exclude_attributes_by_policy /opt/stack/neutron/neutron/pecan_wsgi/hooks/policy_enforcement.py:259}}
Aug 03 09:31:09.275041 dv-cinder-844563-5-iscsi neutron-server[103951]: INFO neutron.wsgi [req-27276b2d-8771-486b-bd9b-582de19a9a10 req-4ee4c5a1-54c9-447c-abca-9a0e6a446718 tempest-AttachVolumeShelveTestJSON-1147351077 tempest-AttachVolumeShelveTestJSON-1147351077-project] 10.222.0.20 "GET /networking/v2.0/ports?device_id=c30c986d-ad83-45a8-b4e6-96d056aaa6d5 HTTP/1.1" status: 200 len: 944 time: 0.0793529
Aug 03 09:31:09.330393 dv-cinder-844563-5-iscsi neutron-server[103951]: DEBUG neutron_lib.callbacks.manager [None req-aff7b19a-40f3-4557-a0ab-3f838ba36cb5 admin admin] Publish callbacks ['neutron.plugins.ml2.ovo_rpc._ObjectChangeHandler.handle_event-707504'] for security_group (9ea585cf-bbb2-4cad-832d-47895b896801), after_delete {{(pid=103951) _notify_loop /usr/local/lib/python3.8/dist-packages/neutron_lib/callbacks/manager.py:176}}
Aug 03 09:31:09.333774 dv-cinder-844563-5-iscsi neutron-server[103951]: DEBUG neutron_lib.callbacks.manager [None req-aff7b19a-40f3-4557-a0ab-3f838ba36cb5 admin admin] Publish callbacks [] for security_group (None), before_response {{(pid=103951) _notify_loop /usr/local/lib/python3.8/dist-packages/neutron_lib/callbacks/manager.py:176}}
Aug 03 09:31:09.336851 dv-cinder-844563-5-iscsi neutron-server[103951]: INFO neutron.wsgi [None req-aff7b19a-40f3-4557-a0ab-3f838ba36cb5 admin admin] 10.222.0.20 "DELETE /networking/v2.0/security-groups/9ea585cf-bbb2-4cad-832d-47895b896801 HTTP/1.1" status: 204 len: 168 time: 0.2155859
Aug 03 09:31:09.345908 dv-cinder-844563-5-iscsi neutron-server[103951]: INFO neutron.wsgi [req-27276b2d-8771-486b-bd9b-582de19a9a10 req-c439fc70-56dc-4c7b-8488-ff705f741e3c tempest-AttachVolumeShelveTestJSON-1147351077 tempest-AttachVolumeShelveTestJSON-1147351077-project] 10.222.0.20 "GET /networking/v2.0/security-groups?id=9cd43c3d-489d-48e6-8c2b-b01e455235a4&fields=id&fields=name HTTP/1.1" status: 200 len: 313 time: 0.0632980
Aug 03 09:31:09.346999 dv-cinder-844563-5-iscsi neutron-server[103951]: DEBUG neutron.api.rpc.handlers.resources_rpc [None req-aff7b19a-40f3-4557-a0ab-3f838ba36cb5 admin admin] Pushing event deleted for resources: {'SecurityGroup': ['ID=9ea585cf-bbb2-4cad-832d-47895b896801,revision_number=None']} {{(pid=103951) push /opt/stack/neutron/neutron/api/rpc/handlers/resources_rpc.py:237}}
Aug 03 09:31:09.381181 dv-cinder-844563-5-iscsi neutron-server[103952]: DEBUG neutron.pecan_wsgi.hooks.policy_enforcement [req-d0bd68e8-e1c5-492d-b1f1-943505f65d5f req-a16c20c3-05ef-4930-a3b4-735e2ef8a151 tempest-AttachVolumeTestJSON-382633331 tempest-AttachVolumeTestJSON-382633331-project] Attributes excluded by policy engine: ['standard_attr_id', 'binding:profile', 'binding:host_id', 'binding:vif_type', 'binding:vif_details'] {{(pid=103952) _exclude_attributes_by_policy /opt/stack/neutron/neutron/pecan_wsgi/hooks/policy_enforcement.py:259}}
Aug 03 09:31:09.383137 dv-cinder-844563-5-iscsi neutron-server[103952]: INFO neutron.wsgi [req-d0bd68e8-e1c5-492d-b1f1-943505f65d5f req-a16c20c3-05ef-4930-a3b4-735e2ef8a151 tempest-AttachVolumeTestJSON-382633331 tempest-AttachVolumeTestJSON-382633331-project] 10.222.0.20 "GET /networking/v2.0/ports?device_id=92a1a022-8f7e-4e28-9a07-49184dfcfcfd HTTP/1.1" status: 200 len: 944 time: 0.0579197
Aug 03 09:31:09.437280 dv-cinder-844563-5-iscsi neutron-server[103952]: INFO neutron.wsgi [req-d0bd68e8-e1c5-492d-b1f1-943505f65d5f req-ba84f0ef-666b-4c05-805b-4f3a9a62098e tempest-AttachVolumeTestJSON-382633331 tempest-AttachVolumeTestJSON-382633331-project] 10.222.0.20 "GET /networking/v2.0/security-groups?id=99da26da-9fc5-4779-a9f3-3531278e91ed&fields=id&fields=name HTTP/1.1" status: 200 len: 313 time: 0.0477355
Aug 03 09:31:09.691644 dv-cinder-844563-5-iscsi neutron-server[103951]: DEBUG neutron.pecan_wsgi.hooks.policy_enforcement [req-a82a45c7-c9cd-4c7d-817f-65fd6551a80a req-7afa1a9c-60a6-48d0-876c-4eba9b39da11 tempest-AttachVolumeNegativeTest-1956186670 tempest-AttachVolumeNegativeTest-1956186670-project] Attributes excluded by policy engine: ['standard_attr_id', 'binding:profile', 'binding:host_id', 'binding:vif_type', 'binding:vif_details'] {{(pid=103951) _exclude_attributes_by_policy /opt/stack/neutron/neutron/pecan_wsgi/hooks/policy_enforcement.py:259}}
Aug 03 09:31:09.694146 dv-cinder-844563-5-iscsi neutron-server[103951]: INFO neutron.wsgi [req-a82a45c7-c9cd-4c7d-817f-65fd6551a80a req-7afa1a9c-60a6-48d0-876c-4eba9b39da11 tempest-AttachVolumeNegativeTest-1956186670 tempest-AttachVolumeNegativeTest-1956186670-project] 10.222.0.20 "GET /networking/v2.0/ports?device_id=c3dcc900-18b4-4f36-911d-e61fc4a9cc58 HTTP/1.1" status: 200 len: 943 time: 0.0588007
Aug 03 09:31:09.734948 dv-cinder-844563-5-iscsi neutron-server[103951]: DEBUG dbcounter [-] [103951] Writing DB stats neutron:SELECT=88,neutron:DELETE=4,neutron:INSERT=8 {{(pid=103951) stat_writer /usr/local/lib/python3.8/dist-packages/dbcounter.py:114}}
Aug 03 09:31:09.773113 dv-cinder-844563-5-iscsi neutron-server[103951]: INFO neutron.wsgi [req-a82a45c7-c9cd-4c7d-817f-65fd6551a80a req-2bb340f3-dd0b-4bcf-aa3e-7ee073b2d67f tempest-AttachVolumeNegativeTest-1956186670 tempest-AttachVolumeNegativeTest-1956186670-project] 10.222.0.20 "GET /networking/v2.0/security-groups?id=6d4acd3b-7abb-42e8-b4d4-cc056a86ab5c&fields=id&fields=name HTTP/1.1" status: 200 len: 313 time: 0.0648739
Aug 03 09:31:09.869122 dv-cinder-844563-5-iscsi neutron-server[103953]: DEBUG neutron.plugins.ml2.db [None req-7723a188-f55e-4fa2-98e9-f07454c49e05 None None] get_ports_and_sgs() called for port_ids ['5bef86f0-0366-4357-ae69-095f33a29c62'] {{(pid=103953) get_ports_and_sgs /opt/stack/neutron/neutron/plugins/ml2/db.py:156}}
Aug 03 09:31:09.896555 dv-cinder-844563-5-iscsi neutron-server[103952]: DEBUG neutron.pecan_wsgi.hooks.policy_enforcement [req-cffe7af9-486b-4c8c-aaca-66642409740c req-57ec13de-cf9c-425b-bf7e-d641be99ae80 tempest-DeleteServersTestJSON-1465813669 tempest-DeleteServersTestJSON-1465813669-project] Attributes excluded by policy engine: ['standard_attr_id', 'binding:profile', 'binding:host_id', 'binding:vif_type', 'binding:vif_details'] {{(pid=103952) _exclude_attributes_by_policy /opt/stack/neutron/neutron/pecan_wsgi/hooks/policy_enforcement.py:259}}
Aug 03 09:31:09.899256 dv-cinder-844563-5-iscsi neutron-server[103952]: INFO neutron.wsgi [req-cffe7af9-486b-4c8c-aaca-66642409740c req-57ec13de-cf9c-425b-bf7e-d641be99ae80 tempest-DeleteServersTestJSON-1465813669 tempest-DeleteServersTestJSON-1465813669-project] 10.222.0.20 "GET /networking/v2.0/ports?device_id=fbc1c84c-9403-45ab-987b-c0e33d70b89c HTTP/1.1" status: 200 len: 944 time: 0.2381492
Aug 03 09:31:09.967141 dv-cinder-844563-5-iscsi neutron-server[103952]: INFO neutron.wsgi [req-cffe7af9-486b-4c8c-aaca-66642409740c req-469f633c-e2ed-4805-a8c6-473706aeffd5 tempest-DeleteServersTestJSON-1465813669 tempest-DeleteServersTestJSON-1465813669-project] 10.222.0.20 "GET /networking/v2.0/security-groups?id=d6d91586-745d-4820-866a-f7c963b4be4f&fields=id&fields=name HTTP/1.1" status: 200 len: 286 time: 0.0615473
Aug 03 09:31:10.134759 dv-cinder-844563-5-iscsi neutron-server[103953]: DEBUG neutron.plugins.ml2.db [None req-7723a188-f55e-4fa2-98e9-f07454c49e05 None None] get_ports_and_sgs() called for port_ids ['11fbb955-cb55-401d-b52c-df2706864e50'] {{(pid=103953) get_ports_and_sgs /opt/stack/neutron/neutron/plugins/ml2/db.py:156}}
Aug 03 09:31:10.139505 dv-cinder-844563-5-iscsi neutron-server[103952]: DEBUG neutron.pecan_wsgi.hooks.policy_enforcement [req-0c6622de-b81a-4e12-8c13-ea68871e2e63 req-fc1da794-dd58-4c6b-8115-3e9c1e1ea2d8 service neutron] Attributes excluded by policy engine: ['standard_attr_id'] {{(pid=103952) _exclude_attributes_by_policy /opt/stack/neutron/neutron/pecan_wsgi/hooks/policy_enforcement.py:259}}
Aug 03 09:31:10.142140 dv-cinder-844563-5-iscsi neutron-server[103952]: INFO neutron.wsgi [req-0c6622de-b81a-4e12-8c13-ea68871e2e63 req-fc1da794-dd58-4c6b-8115-3e9c1e1ea2d8 service neutron] 10.222.0.46 "GET /networking/v2.0/ports?tenant_id=79dda421f5ac471e8096942dcc4cedf5&device_id=708ec0aa-3818-45fd-9be1-1832b91abdbc HTTP/1.1" status: 200 len: 1127 time: 0.0662034
Aug 03 09:31:10.250805 dv-cinder-844563-5-iscsi neutron-server[103952]: DEBUG neutron.wsgi [-] (103952) accepted ('10.222.0.20', 38756) {{(pid=103952) server /usr/local/lib/python3.8/dist-packages/eventlet/wsgi.py:1004}}
Aug 03 09:31:10.279752 dv-cinder-844563-5-iscsi neutron-server[103951]: DEBUG neutron.pecan_wsgi.hooks.policy_enforcement [req-438d0ba2-09c3-4ad8-a802-f95b3bccd9d3 req-429c86f5-e982-4033-9eaa-765085f94499 tempest-ServerRescueNegativeTestJSON-1255087555 tempest-ServerRescueNegativeTestJSON-1255087555-project] Attributes excluded by policy engine: ['standard_attr_id', 'binding:profile', 'binding:host_id', 'binding:vif_type', 'binding:vif_details'] {{(pid=103951) _exclude_attributes_by_policy /opt/stack/neutron/neutron/pecan_wsgi/hooks/policy_enforcement.py:259}}
Aug 03 09:31:10.281262 dv-cinder-844563-5-iscsi neutron-server[103951]: INFO neutron.wsgi [req-438d0ba2-09c3-4ad8-a802-f95b3bccd9d3 req-429c86f5-e982-4033-9eaa-765085f94499 tempest-ServerRescueNegativeTestJSON-1255087555 tempest-ServerRescueNegativeTestJSON-1255087555-project] 10.222.0.20 "GET /networking/v2.0/ports?device_id=b3166329-2bc2-4aea-983b-a8e05ff43d38 HTTP/1.1" status: 200 len: 944 time: 0.0616956
Aug 03 09:31:10.339522 dv-cinder-844563-5-iscsi neutron-server[103951]: INFO neutron.wsgi [req-438d0ba2-09c3-4ad8-a802-f95b3bccd9d3 req-142ba84b-8b4a-4de6-914e-29578889157e tempest-ServerRescueNegativeTestJSON-1255087555 tempest-ServerRescueNegativeTestJSON-1255087555-project] 10.222.0.20 "GET /networking/v2.0/security-groups?id=f626fdd6-2baf-4155-a4c0-7504c11ac8e3&fields=id&fields=name HTTP/1.1" status: 200 len: 286 time: 0.0522273
Aug 03 09:31:10.384307 dv-cinder-844563-5-iscsi neutron-server[103952]: DEBUG neutron.api.v2.base [None req-d4eeb65e-a779-4edb-a9d5-630cea146e62 admin admin] Request body: {'network': {'name': 'tempest-VolumesActionsTest-1133323898-network', 'tenant_id': '4be63a28a4f14a85944cb8ccba441917'}} {{(pid=103952) prepare_request_body /opt/stack/neutron/neutron/api/v2/base.py:730}}
Aug 03 09:31:10.406035 dv-cinder-844563-5-iscsi neutron-server[103952]: DEBUG neutron.pecan_wsgi.hooks.quota_enforcement [None req-d4eeb65e-a779-4edb-a9d5-630cea146e62 admin admin] Made reservation on behalf of 4be63a28a4f14a85944cb8ccba441917 for: {'network': 1} {{(pid=103952) before /opt/stack/neutron/neutron/pecan_wsgi/hooks/quota_enforcement.py:53}}
Aug 03 09:31:10.408344 dv-cinder-844563-5-iscsi neutron-server[103952]: DEBUG neutron_lib.callbacks.manager [None req-d4eeb65e-a779-4edb-a9d5-630cea146e62 admin admin] Publish callbacks ['neutron.plugins.ml2.plugin.SecurityGroupDbMixin._ensure_default_security_group_handler-2048028'] for network (None), before_create {{(pid=103952) _notify_loop /usr/local/lib/python3.8/dist-packages/neutron_lib/callbacks/manager.py:176}}
Aug 03 09:31:10.417160 dv-cinder-844563-5-iscsi neutron-server[103952]: DEBUG neutron_lib.callbacks.manager [None req-d4eeb65e-a779-4edb-a9d5-630cea146e62 admin admin] Publish callbacks [] for security_group (None), before_create {{(pid=103952) _notify_loop /usr/local/lib/python3.8/dist-packages/neutron_lib/callbacks/manager.py:176}}
Aug 03 09:31:10.503769 dv-cinder-844563-5-iscsi neutron-server[103952]: DEBUG neutron.pecan_wsgi.hooks.policy_enforcement [req-203ed4f5-a660-4de6-a13a-91826c6b0355 req-8ee569ba-1471-4b65-b20b-fe103d8286b6 tempest-AttachVolumeShelveTestJSON-1147351077 tempest-AttachVolumeShelveTestJSON-1147351077-project] Attributes excluded by policy engine: ['standard_attr_id', 'binding:profile', 'binding:host_id', 'binding:vif_type', 'binding:vif_details'] {{(pid=103952) _exclude_attributes_by_policy /opt/stack/neutron/neutron/pecan_wsgi/hooks/policy_enforcement.py:259}}
Aug 03 09:31:10.506044 dv-cinder-844563-5-iscsi neutron-server[103952]: INFO neutron.wsgi [req-203ed4f5-a660-4de6-a13a-91826c6b0355 req-8ee569ba-1471-4b65-b20b-fe103d8286b6 tempest-AttachVolumeShelveTestJSON-1147351077 tempest-AttachVolumeShelveTestJSON-1147351077-project] 10.222.0.20 "GET /networking/v2.0/ports?device_id=c30c986d-ad83-45a8-b4e6-96d056aaa6d5 HTTP/1.1" status: 200 len: 944 time: 0.0600822
Aug 03 09:31:10.563378 dv-cinder-844563-5-iscsi neutron-server[103951]: DEBUG neutron.pecan_wsgi.hooks.policy_enforcement [req-e50c4d6d-5ad8-44a5-b82f-baa13af03e2e req-c13ff40e-fb27-428b-b607-2999b0efeae4 tempest-AttachVolumeTestJSON-382633331 tempest-AttachVolumeTestJSON-382633331-project] Attributes excluded by policy engine: ['standard_attr_id', 'binding:profile', 'binding:host_id', 'binding:vif_type', 'binding:vif_details'] {{(pid=103951) _exclude_attributes_by_policy /opt/stack/neutron/neutron/pecan_wsgi/hooks/policy_enforcement.py:259}}
Aug 03 09:31:10.564918 dv-cinder-844563-5-iscsi neutron-server[103951]: INFO neutron.wsgi [req-e50c4d6d-5ad8-44a5-b82f-baa13af03e2e req-c13ff40e-fb27-428b-b607-2999b0efeae4 tempest-AttachVolumeTestJSON-382633331 tempest-AttachVolumeTestJSON-382633331-project] 10.222.0.20 "GET /networking/v2.0/ports?device_id=92a1a022-8f7e-4e28-9a07-49184dfcfcfd HTTP/1.1" status: 200 len: 944 time: 0.0517993
Aug 03 09:31:10.569272 dv-cinder-844563-5-iscsi neutron-server[103952]: DEBUG neutron_lib.callbacks.manager [None req-d4eeb65e-a779-4edb-a9d5-630cea146e62 admin admin] Publish callbacks [] for security_group (90a9c05c-f5bf-46ca-93dd-6783a20ed76d), precommit_create {{(pid=103952) _notify_loop /usr/local/lib/python3.8/dist-packages/neutron_lib/callbacks/manager.py:176}}
Aug 03 09:31:10.574714 dv-cinder-844563-5-iscsi neutron-server[103952]: DEBUG neutron_lib.callbacks.manager [None req-d4eeb65e-a779-4edb-a9d5-630cea146e62 admin admin] Publish callbacks ['neutron.plugins.ml2.ovo_rpc._ObjectChangeHandler.handle_event-707504'] for security_group (90a9c05c-f5bf-46ca-93dd-6783a20ed76d), after_create {{(pid=103952) _notify_loop /usr/local/lib/python3.8/dist-packages/neutron_lib/callbacks/manager.py:176}}
Aug 03 09:31:10.587115 dv-cinder-844563-5-iscsi neutron-server[103951]: DEBUG dbcounter [-] [103951] Writing DB stats neutron:SELECT=92,neutron:DELETE=4,neutron:INSERT=3,neutron:UPDATE=1 {{(pid=103951) stat_writer /usr/local/lib/python3.8/dist-packages/dbcounter.py:114}}
Aug 03 09:31:10.594860 dv-cinder-844563-5-iscsi neutron-server[103952]: INFO neutron.wsgi [req-203ed4f5-a660-4de6-a13a-91826c6b0355 req-9939c95a-f236-428a-af71-a1b74dc827f4 tempest-AttachVolumeShelveTestJSON-1147351077 tempest-AttachVolumeShelveTestJSON-1147351077-project] 10.222.0.20 "GET /networking/v2.0/security-groups?id=9cd43c3d-489d-48e6-8c2b-b01e455235a4&fields=id&fields=name HTTP/1.1" status: 200 len: 313 time: 0.0830536
Aug 03 09:31:10.604273 dv-cinder-844563-5-iscsi neutron-server[103952]: DEBUG neutron.plugins.ml2.drivers.helpers [None req-d4eeb65e-a779-4edb-a9d5-630cea146e62 admin admin] vlan segment allocate from pool success with {'physical_network': 'physnet1', 'vlan_id': 138} {{(pid=103952) allocate_partially_specified_segment /opt/stack/neutron/neutron/plugins/ml2/drivers/helpers.py:153}}
Aug 03 09:31:10.620417 dv-cinder-844563-5-iscsi neutron-server[103952]: DEBUG neutron.api.rpc.handlers.resources_rpc [None req-d4eeb65e-a779-4edb-a9d5-630cea146e62 admin admin] Pushing event updated for resources: {'SecurityGroup': ['ID=90a9c05c-f5bf-46ca-93dd-6783a20ed76d,revision_number=1']} {{(pid=103952) push /opt/stack/neutron/neutron/api/rpc/handlers/resources_rpc.py:237}}
Aug 03 09:31:10.623755 dv-cinder-844563-5-iscsi neutron-server[103952]: DEBUG neutron_lib.callbacks.manager [None req-d4eeb65e-a779-4edb-a9d5-630cea146e62 admin admin] Publish callbacks ['neutron.plugins.ml2.plugin.Ml2Plugin._handle_segment_change-1894654'] for segment (199b9813-0e3a-41b7-b12c-f09ac5ff0cc3), precommit_create {{(pid=103952) _notify_loop /usr/local/lib/python3.8/dist-packages/neutron_lib/callbacks/manager.py:176}}
Aug 03 09:31:10.623872 dv-cinder-844563-5-iscsi neutron-server[103952]: INFO neutron.db.segments_db [None req-d4eeb65e-a779-4edb-a9d5-630cea146e62 admin admin] Added segment 199b9813-0e3a-41b7-b12c-f09ac5ff0cc3 of type vlan for network 814968b3-cb28-46f8-84e0-12b0f57a2637
Aug 03 09:31:10.628835 dv-cinder-844563-5-iscsi neutron-server[103951]: INFO neutron.wsgi [req-e50c4d6d-5ad8-44a5-b82f-baa13af03e2e req-61ef7d4b-2bbd-4336-b2ac-321e86db2fa9 tempest-AttachVolumeTestJSON-382633331 tempest-AttachVolumeTestJSON-382633331-project] 10.222.0.20 "GET /networking/v2.0/security-groups?id=99da26da-9fc5-4779-a9f3-3531278e91ed&fields=id&fields=name HTTP/1.1" status: 200 len: 313 time: 0.0566182
Aug 03 09:31:10.657092 dv-cinder-844563-5-iscsi neutron-server[103952]: DEBUG dbcounter [-] [103952] Writing DB stats neutron:SELECT=88,neutron:INSERT=11,neutron:UPDATE=1 {{(pid=103952) stat_writer /usr/local/lib/python3.8/dist-packages/dbcounter.py:114}}
Aug 03 09:31:10.671520 dv-cinder-844563-5-iscsi neutron-server[103952]: DEBUG neutron_lib.callbacks.manager [None req-d4eeb65e-a779-4edb-a9d5-630cea146e62 admin admin] Publish callbacks ['neutron.services.auto_allocate.db._ensure_external_network_default_value_callback-8764501756609'] for network (814968b3-cb28-46f8-84e0-12b0f57a2637), precommit_create {{(pid=103952) _notify_loop /usr/local/lib/python3.8/dist-packages/neutron_lib/callbacks/manager.py:176}}
Aug 03 09:31:10.683104 dv-cinder-844563-5-iscsi neutron-server[103952]: DEBUG dbcounter [-] [103952] Writing DB stats neutron:SELECT=90,neutron:INSERT=7,neutron:UPDATE=3 {{(pid=103952) stat_writer /usr/local/lib/python3.8/dist-packages/dbcounter.py:114}}
Aug 03 09:31:10.699869 dv-cinder-844563-5-iscsi neutron-server[103952]: DEBUG neutron_lib.callbacks.manager [None req-d4eeb65e-a779-4edb-a9d5-630cea146e62 admin admin] Publish callbacks ['neutron.plugins.ml2.ovo_rpc._ObjectChangeHandler.handle_event-707682', 'neutron.api.rpc.agentnotifiers.dhcp_rpc_agent_api.DhcpAgentNotifyAPI._native_event_send_dhcp_notification-525477'] for network (814968b3-cb28-46f8-84e0-12b0f57a2637), after_create {{(pid=103952) _notify_loop /usr/local/lib/python3.8/dist-packages/neutron_lib/callbacks/manager.py:176}}
Aug 03 09:31:10.700858 dv-cinder-844563-5-iscsi neutron-server[103952]: DEBUG neutron.pecan_wsgi.hooks.policy_enforcement [None req-d4eeb65e-a779-4edb-a9d5-630cea146e62 admin admin] Attributes excluded by policy engine: ['standard_attr_id', 'vlan_transparent'] {{(pid=103952) _exclude_attributes_by_policy /opt/stack/neutron/neutron/pecan_wsgi/hooks/policy_enforcement.py:259}}
Aug 03 09:31:10.701430 dv-cinder-844563-5-iscsi neutron-server[103952]: DEBUG neutron_lib.callbacks.manager [None req-d4eeb65e-a779-4edb-a9d5-630cea146e62 admin admin] Publish callbacks ['neutron.api.rpc.agentnotifiers.dhcp_rpc_agent_api.DhcpAgentNotifyAPI._send_dhcp_notification-525491'] for network (None), before_response {{(pid=103952) _notify_loop /usr/local/lib/python3.8/dist-packages/neutron_lib/callbacks/manager.py:176}}
Aug 03 09:31:10.740555 dv-cinder-844563-5-iscsi neutron-server[103952]: INFO neutron.wsgi [None req-d4eeb65e-a779-4edb-a9d5-630cea146e62 admin admin] 10.222.0.20 "POST /networking/v2.0/networks HTTP/1.1" status: 201 len: 863 time: 0.4882648
Aug 03 09:31:10.743969 dv-cinder-844563-5-iscsi neutron-server[103951]: DEBUG neutron.wsgi [-] (103951) accepted ('10.222.0.20', 38764) {{(pid=103951) server /usr/local/lib/python3.8/dist-packages/eventlet/wsgi.py:1004}}
Aug 03 09:31:10.749110 dv-cinder-844563-5-iscsi neutron-server[103951]: DEBUG neutron.api.v2.base [None req-0f10a5c0-1f4a-4ded-958a-4e553d10b30d admin admin] Request body: {'subnet': {'network_id': '814968b3-cb28-46f8-84e0-12b0f57a2637', 'cidr': '172.20.0.0/28', 'name': 'tempest-VolumesActionsTest-1133323898-subnet', 'tenant_id': '4be63a28a4f14a85944cb8ccba441917', 'enable_dhcp': False, 'ip_version': 4}} {{(pid=103951) prepare_request_body /opt/stack/neutron/neutron/api/v2/base.py:730}}
Aug 03 09:31:10.772063 dv-cinder-844563-5-iscsi neutron-server[103952]: DEBUG neutron.api.rpc.handlers.resources_rpc [None req-d4eeb65e-a779-4edb-a9d5-630cea146e62 admin admin] Pushing event updated for resources: {'Network': ['ID=814968b3-cb28-46f8-84e0-12b0f57a2637,revision_number=1']} {{(pid=103952) push /opt/stack/neutron/neutron/api/rpc/handlers/resources_rpc.py:237}}
Aug 03 09:31:10.774865 dv-cinder-844563-5-iscsi neutron-server[103951]: DEBUG neutron.pecan_wsgi.hooks.quota_enforcement [None req-0f10a5c0-1f4a-4ded-958a-4e553d10b30d admin admin] Made reservation on behalf of 4be63a28a4f14a85944cb8ccba441917 for: {'subnet': 1} {{(pid=103951) before /opt/stack/neutron/neutron/pecan_wsgi/hooks/quota_enforcement.py:53}}
Aug 03 09:31:10.777566 dv-cinder-844563-5-iscsi neutron-server[103951]: DEBUG neutron_lib.callbacks.manager [None req-0f10a5c0-1f4a-4ded-958a-4e553d10b30d admin admin] Publish callbacks [] for subnet (None), before_create {{(pid=103951) _notify_loop /usr/local/lib/python3.8/dist-packages/neutron_lib/callbacks/manager.py:176}}
Aug 03 09:31:10.782790 dv-cinder-844563-5-iscsi neutron-server[103953]: DEBUG neutron.plugins.ml2.rpc [None req-23b2f492-aef7-4573-9f61-8c8b37d96b94 None None] Network 814968b3-cb28-46f8-84e0-12b0f57a2637 details requested by agent ovs-agent-dv-cinder-844563-5-iscsi with host dv-cinder-844563-5-iscsi {{(pid=103953) get_network_details /opt/stack/neutron/neutron/plugins/ml2/rpc.py:248}}
Aug 03 09:31:10.894650 dv-cinder-844563-5-iscsi neutron-server[103952]: DEBUG neutron.pecan_wsgi.hooks.policy_enforcement [req-0e506f6b-a8b6-48c6-aa4f-bae383bc60ae req-bbd62265-19da-4dfa-a767-da5f2fdec851 tempest-AttachVolumeNegativeTest-1956186670 tempest-AttachVolumeNegativeTest-1956186670-project] Attributes excluded by policy engine: ['standard_attr_id', 'binding:profile', 'binding:host_id', 'binding:vif_type', 'binding:vif_details'] {{(pid=103952) _exclude_attributes_by_policy /opt/stack/neutron/neutron/pecan_wsgi/hooks/policy_enforcement.py:259}}
Aug 03 09:31:10.896258 dv-cinder-844563-5-iscsi neutron-server[103952]: INFO neutron.wsgi [req-0e506f6b-a8b6-48c6-aa4f-bae383bc60ae req-bbd62265-19da-4dfa-a767-da5f2fdec851 tempest-AttachVolumeNegativeTest-1956186670 tempest-AttachVolumeNegativeTest-1956186670-project] 10.222.0.20 "GET /networking/v2.0/ports?device_id=c3dcc900-18b4-4f36-911d-e61fc4a9cc58 HTTP/1.1" status: 200 len: 943 time: 0.0584896
Aug 03 09:31:10.961934 dv-cinder-844563-5-iscsi neutron-server[103952]: INFO neutron.wsgi [req-0e506f6b-a8b6-48c6-aa4f-bae383bc60ae req-60d68910-b9d2-4d06-a800-41abdf24b3e1 tempest-AttachVolumeNegativeTest-1956186670 tempest-AttachVolumeNegativeTest-1956186670-project] 10.222.0.20 "GET /networking/v2.0/security-groups?id=6d4acd3b-7abb-42e8-b4d4-cc056a86ab5c&fields=id&fields=name HTTP/1.1" status: 200 len: 313 time: 0.0594592
Aug 03 09:31:10.991720 dv-cinder-844563-5-iscsi neutron-server[103951]: DEBUG neutron_lib.callbacks.manager [None req-0f10a5c0-1f4a-4ded-958a-4e553d10b30d admin admin] Publish callbacks ['neutron.plugins.ml2.ovo_rpc._ObjectChangeHandler.handle_event-715057', 'neutron.api.rpc.agentnotifiers.dhcp_rpc_agent_api.DhcpAgentNotifyAPI._native_event_send_dhcp_notification-525477'] for subnet (d53c7287-71af-4d1d-88a3-5e075b71b0fb), after_create {{(pid=103951) _notify_loop /usr/local/lib/python3.8/dist-packages/neutron_lib/callbacks/manager.py:176}}
Aug 03 09:31:11.049927 dv-cinder-844563-5-iscsi neutron-server[103951]: DEBUG neutron.api.rpc.handlers.resources_rpc [None req-0f10a5c0-1f4a-4ded-958a-4e553d10b30d admin admin] Pushing event updated for resources: {'Subnet': ['ID=d53c7287-71af-4d1d-88a3-5e075b71b0fb,revision_number=0']} {{(pid=103951) push /opt/stack/neutron/neutron/api/rpc/handlers/resources_rpc.py:237}}
Aug 03 09:31:11.101345 dv-cinder-844563-5-iscsi neutron-server[103951]: DEBUG neutron.plugins.ml2.drivers.mech_agent [None req-0f10a5c0-1f4a-4ded-958a-4e553d10b30d admin admin] Checking segment: {'id': '199b9813-0e3a-41b7-b12c-f09ac5ff0cc3', 'network_type': 'vlan', 'physical_network': 'physnet1', 'segmentation_id': 138, 'network_id': '814968b3-cb28-46f8-84e0-12b0f57a2637'} for mappings: {'physnet1': 'br-data'} with network types: ['local', 'flat', 'vlan'] {{(pid=103951) check_segment_for_agent /opt/stack/neutron/neutron/plugins/ml2/drivers/mech_agent.py:373}}
Aug 03 09:31:11.101695 dv-cinder-844563-5-iscsi neutron-server[103951]: DEBUG neutron.scheduler.dhcp_agent_scheduler [None req-0f10a5c0-1f4a-4ded-958a-4e553d10b30d admin admin] Network hostable DHCP agents. Network: 814968b3-cb28-46f8-84e0-12b0f57a2637, hostable agents: ['789a82b9-ccda-4794-ae9b-69429e0e3d95'], hosted agents: [] {{(pid=103951) _get_network_hostable_dhcp_agents /opt/stack/neutron/neutron/scheduler/dhcp_agent_scheduler.py:329}}
Aug 03 09:31:11.112896 dv-cinder-844563-5-iscsi neutron-server[103951]: DEBUG neutron.pecan_wsgi.hooks.policy_enforcement [req-2373077a-8bc4-4d01-a653-af553051d54b req-73970e33-92a4-440c-a4ae-9ca4f3a73f29 tempest-DeleteServersTestJSON-1465813669 tempest-DeleteServersTestJSON-1465813669-project] Attributes excluded by policy engine: ['standard_attr_id', 'binding:profile', 'binding:host_id', 'binding:vif_type', 'binding:vif_details'] {{(pid=103951) _exclude_attributes_by_policy /opt/stack/neutron/neutron/pecan_wsgi/hooks/policy_enforcement.py:259}}
Aug 03 09:31:11.115159 dv-cinder-844563-5-iscsi neutron-server[103951]: INFO neutron.wsgi [req-2373077a-8bc4-4d01-a653-af553051d54b req-73970e33-92a4-440c-a4ae-9ca4f3a73f29 tempest-DeleteServersTestJSON-1465813669 tempest-DeleteServersTestJSON-1465813669-project] 10.222.0.20 "GET /networking/v2.0/ports?device_id=fbc1c84c-9403-45ab-987b-c0e33d70b89c HTTP/1.1" status: 200 len: 944 time: 0.0675099
Aug 03 09:31:11.144550 dv-cinder-844563-5-iscsi neutron-server[103951]: DEBUG neutron.scheduler.dhcp_agent_scheduler [None req-0f10a5c0-1f4a-4ded-958a-4e553d10b30d admin admin] Network 814968b3-cb28-46f8-84e0-12b0f57a2637 is scheduled to be hosted by DHCP agent 789a82b9-ccda-4794-ae9b-69429e0e3d95 with binding_index 1 {{(pid=103951) bind /opt/stack/neutron/neutron/scheduler/dhcp_agent_scheduler.py:227}}
Aug 03 09:31:11.169939 dv-cinder-844563-5-iscsi neutron-server[103951]: DEBUG neutron.scheduler.base_scheduler [None req-0f10a5c0-1f4a-4ded-958a-4e553d10b30d admin admin] Resources bound (agent type, host, resource id): (DHCP agent, dv-cinder-844563-5-iscsi, 814968b3-cb28-46f8-84e0-12b0f57a2637) {{(pid=103951) schedule /opt/stack/neutron/neutron/scheduler/base_scheduler.py:57}}
Aug 03 09:31:11.175147 dv-cinder-844563-5-iscsi neutron-server[103951]: DEBUG neutron.pecan_wsgi.hooks.policy_enforcement [None req-0f10a5c0-1f4a-4ded-958a-4e553d10b30d admin admin] Attributes excluded by policy engine: ['standard_attr_id', 'shared', 'network'] {{(pid=103951) _exclude_attributes_by_policy /opt/stack/neutron/neutron/pecan_wsgi/hooks/policy_enforcement.py:259}}
Aug 03 09:31:11.175737 dv-cinder-844563-5-iscsi neutron-server[103951]: DEBUG neutron_lib.callbacks.manager [None req-0f10a5c0-1f4a-4ded-958a-4e553d10b30d admin admin] Publish callbacks ['neutron.api.rpc.agentnotifiers.dhcp_rpc_agent_api.DhcpAgentNotifyAPI._send_dhcp_notification-525491'] for subnet (None), before_response {{(pid=103951) _notify_loop /usr/local/lib/python3.8/dist-packages/neutron_lib/callbacks/manager.py:176}}
Aug 03 09:31:11.180506 dv-cinder-844563-5-iscsi neutron-server[103953]: DEBUG neutron.api.rpc.handlers.dhcp_rpc [None req-73bbb31f-e463-4584-8a10-4ad8ad2d4d7e None None] Network 814968b3-cb28-46f8-84e0-12b0f57a2637 requested from dv-cinder-844563-5-iscsi {{(pid=103953) get_network_info /opt/stack/neutron/neutron/api/rpc/handlers/dhcp_rpc.py:191}}
Aug 03 09:31:11.182092 dv-cinder-844563-5-iscsi neutron-server[103951]: INFO neutron.wsgi [req-2373077a-8bc4-4d01-a653-af553051d54b req-a0284b51-8749-494c-8420-841bc3e45b4e tempest-DeleteServersTestJSON-1465813669 tempest-DeleteServersTestJSON-1465813669-project] 10.222.0.20 "GET /networking/v2.0/security-groups?id=d6d91586-745d-4820-866a-f7c963b4be4f&fields=id&fields=name HTTP/1.1" status: 200 len: 286 time: 0.0591855
Aug 03 09:31:11.206254 dv-cinder-844563-5-iscsi neutron-server[103951]: INFO neutron.wsgi [None req-0f10a5c0-1f4a-4ded-958a-4e553d10b30d admin admin] 10.222.0.20 "POST /networking/v2.0/subnets HTTP/1.1" status: 201 len: 846 time: 0.4529827
Aug 03 09:31:11.291903 dv-cinder-844563-5-iscsi neutron-server[103953]: DEBUG neutron.api.rpc.handlers.dhcp_rpc [None req-c1059293-1c57-4507-9c44-d288608d83a1 None None] Network 814968b3-cb28-46f8-84e0-12b0f57a2637 requested from dv-cinder-844563-5-iscsi {{(pid=103953) get_network_info /opt/stack/neutron/neutron/api/rpc/handlers/dhcp_rpc.py:191}}
Aug 03 09:31:11.353764 dv-cinder-844563-5-iscsi neutron-server[103953]: DEBUG dbcounter [-] [103953] Writing DB stats neutron:SELECT=99,neutron:UPDATE=1 {{(pid=103953) stat_writer /usr/local/lib/python3.8/dist-packages/dbcounter.py:114}}
Aug 03 09:31:11.362678 dv-cinder-844563-5-iscsi neutron-server[103953]: DEBUG dbcounter [-] [103953] Writing DB stats neutron:SELECT=97,neutron:UPDATE=3 {{(pid=103953) stat_writer /usr/local/lib/python3.8/dist-packages/dbcounter.py:114}}
Aug 03 09:31:11.479992 dv-cinder-844563-5-iscsi neutron-server[103952]: DEBUG neutron.pecan_wsgi.hooks.policy_enforcement [req-ac83ccfb-7bdd-4202-af5b-a65d6f6c28dd req-2d4ea45c-3408-4bdb-8aaa-e1e2a037e07e tempest-ServerRescueNegativeTestJSON-1255087555 tempest-ServerRescueNegativeTestJSON-1255087555-project] Attributes excluded by policy engine: ['standard_attr_id', 'binding:profile', 'binding:host_id', 'binding:vif_type', 'binding:vif_details'] {{(pid=103952) _exclude_attributes_by_policy /opt/stack/neutron/neutron/pecan_wsgi/hooks/policy_enforcement.py:259}}
