Aug 03 09:31:16.806153 dv-cinder-844563-5-iscsi neutron-server[103951]: DEBUG neutron.pecan_wsgi.hooks.policy_enforcement [req-ec702712-0731-4dac-a155-b7ecaef386b7 req-853b9fab-3f49-4bbe-bf81-c047e39dd4f8 service neutron] Attributes excluded by policy engine: ['standard_attr_id', 'vlan_transparent'] {{(pid=103951) _exclude_attributes_by_policy /opt/stack/neutron/neutron/pecan_wsgi/hooks/policy_enforcement.py:259}}
Aug 03 09:31:16.814159 dv-cinder-844563-5-iscsi neutron-server[103951]: INFO neutron.wsgi [req-ec702712-0731-4dac-a155-b7ecaef386b7 req-853b9fab-3f49-4bbe-bf81-c047e39dd4f8 service neutron] 10.222.0.46 "GET /networking/v2.0/networks?id=eb1b7df0-9151-4a05-b278-939fa226e4f3 HTTP/1.1" status: 200 len: 919 time: 0.1160557
Aug 03 09:31:16.848995 dv-cinder-844563-5-iscsi neutron-server[103953]: DEBUG neutron.api.rpc.handlers.resources_rpc [None req-7723a188-f55e-4fa2-98e9-f07454c49e05 None None] Pushing event updated for resources: {'Port': ['ID=779880c1-0e74-44a1-b797-d284789bbdc6,revision_number=4']} {{(pid=103953) push /opt/stack/neutron/neutron/api/rpc/handlers/resources_rpc.py:237}}
Aug 03 09:31:16.857411 dv-cinder-844563-5-iscsi neutron-server[103952]: DEBUG neutron.pecan_wsgi.hooks.policy_enforcement [req-01771aa9-67c9-4756-98e6-2137dff70b51 req-dd170264-d9c0-4b16-93ac-97a5963f0213 service neutron] Attributes excluded by policy engine: ['standard_attr_id'] {{(pid=103952) _exclude_attributes_by_policy /opt/stack/neutron/neutron/pecan_wsgi/hooks/policy_enforcement.py:259}}
Aug 03 09:31:16.859446 dv-cinder-844563-5-iscsi neutron-server[103952]: INFO neutron.wsgi [req-01771aa9-67c9-4756-98e6-2137dff70b51 req-dd170264-d9c0-4b16-93ac-97a5963f0213 service neutron] 10.222.0.46 "GET /networking/v2.0/ports?device_id=92a1a022-8f7e-4e28-9a07-49184dfcfcfd HTTP/1.1" status: 200 len: 1129 time: 0.0820727
Aug 03 09:31:16.861615 dv-cinder-844563-5-iscsi neutron-server[103951]: INFO neutron.wsgi [req-ec702712-0731-4dac-a155-b7ecaef386b7 req-be68f60f-3954-4702-82e0-85bddf97846c service neutron] 10.222.0.46 "GET /networking/v2.0/floatingips?fixed_ip_address=172.20.0.14&port_id=779880c1-0e74-44a1-b797-d284789bbdc6 HTTP/1.1" status: 200 len: 217 time: 0.0434325
Aug 03 09:31:16.883136 dv-cinder-844563-5-iscsi neutron-server[103952]: DEBUG dbcounter [-] [103952] Writing DB stats neutron:SELECT=91,neutron:INSERT=8,neutron:UPDATE=1 {{(pid=103952) stat_writer /usr/local/lib/python3.8/dist-packages/dbcounter.py:114}}
Aug 03 09:31:16.894927 dv-cinder-844563-5-iscsi neutron-server[103952]: DEBUG neutron.pecan_wsgi.hooks.policy_enforcement [req-2f75f25b-5b5d-4433-8756-676b37f028e0 req-a0f17639-5526-4231-8691-570c1e35145f tempest-AttachVolumeShelveTestJSON-1147351077 tempest-AttachVolumeShelveTestJSON-1147351077-project] Attributes excluded by policy engine: ['standard_attr_id', 'binding:profile', 'binding:host_id', 'binding:vif_type', 'binding:vif_details'] {{(pid=103952) _exclude_attributes_by_policy /opt/stack/neutron/neutron/pecan_wsgi/hooks/policy_enforcement.py:259}}
Aug 03 09:31:16.896551 dv-cinder-844563-5-iscsi neutron-server[103952]: INFO neutron.wsgi [req-2f75f25b-5b5d-4433-8756-676b37f028e0 req-a0f17639-5526-4231-8691-570c1e35145f tempest-AttachVolumeShelveTestJSON-1147351077 tempest-AttachVolumeShelveTestJSON-1147351077-project] 10.222.0.20 "GET /networking/v2.0/ports?device_id=c30c986d-ad83-45a8-b4e6-96d056aaa6d5 HTTP/1.1" status: 200 len: 945 time: 0.0498476
Aug 03 09:31:16.943729 dv-cinder-844563-5-iscsi neutron-server[103952]: INFO neutron.wsgi [req-2f75f25b-5b5d-4433-8756-676b37f028e0 req-65576399-d61c-4fff-b7d0-c77fd087bb72 tempest-AttachVolumeShelveTestJSON-1147351077 tempest-AttachVolumeShelveTestJSON-1147351077-project] 10.222.0.20 "GET /networking/v2.0/security-groups?id=9cd43c3d-489d-48e6-8c2b-b01e455235a4&fields=id&fields=name HTTP/1.1" status: 200 len: 313 time: 0.0412366
Aug 03 09:31:17.064866 dv-cinder-844563-5-iscsi neutron-server[103951]: DEBUG neutron.pecan_wsgi.hooks.policy_enforcement [req-48993698-10fc-43b8-a79c-da2c10980c3c req-229ca0cb-9dce-49cf-873c-0d0e69b16d8a tempest-AttachVolumeTestJSON-382633331 tempest-AttachVolumeTestJSON-382633331-project] Attributes excluded by policy engine: ['standard_attr_id', 'binding:profile', 'binding:host_id', 'binding:vif_type', 'binding:vif_details'] {{(pid=103951) _exclude_attributes_by_policy /opt/stack/neutron/neutron/pecan_wsgi/hooks/policy_enforcement.py:259}}
Aug 03 09:31:17.066273 dv-cinder-844563-5-iscsi neutron-server[103951]: INFO neutron.wsgi [req-48993698-10fc-43b8-a79c-da2c10980c3c req-229ca0cb-9dce-49cf-873c-0d0e69b16d8a tempest-AttachVolumeTestJSON-382633331 tempest-AttachVolumeTestJSON-382633331-project] 10.222.0.20 "GET /networking/v2.0/ports?device_id=92a1a022-8f7e-4e28-9a07-49184dfcfcfd HTTP/1.1" status: 200 len: 945 time: 0.0461154
Aug 03 09:31:17.215775 dv-cinder-844563-5-iscsi neutron-server[103952]: INFO neutron.wsgi [req-01771aa9-67c9-4756-98e6-2137dff70b51 req-8ef31995-cc5c-4ec0-8080-36fff4291239 service neutron] 10.222.0.46 "GET /networking/v2.0/security-groups?id=99da26da-9fc5-4779-a9f3-3531278e91ed&fields=id&fields=name HTTP/1.1" status: 200 len: 313 time: 0.0428669
Aug 03 09:31:17.271835 dv-cinder-844563-5-iscsi neutron-server[103952]: DEBUG neutron.pecan_wsgi.hooks.policy_enforcement [req-64f57575-c0e2-4af9-b6cb-d1c7e66232d6 req-96772024-6462-40b2-a5bc-f83e80fa3b89 tempest-AttachVolumeNegativeTest-1956186670 tempest-AttachVolumeNegativeTest-1956186670-project] Attributes excluded by policy engine: ['standard_attr_id', 'binding:profile', 'binding:host_id', 'binding:vif_type', 'binding:vif_details'] {{(pid=103952) _exclude_attributes_by_policy /opt/stack/neutron/neutron/pecan_wsgi/hooks/policy_enforcement.py:259}}
Aug 03 09:31:17.273681 dv-cinder-844563-5-iscsi neutron-server[103952]: INFO neutron.wsgi [req-64f57575-c0e2-4af9-b6cb-d1c7e66232d6 req-96772024-6462-40b2-a5bc-f83e80fa3b89 tempest-AttachVolumeNegativeTest-1956186670 tempest-AttachVolumeNegativeTest-1956186670-project] 10.222.0.20 "GET /networking/v2.0/ports?device_id=c3dcc900-18b4-4f36-911d-e61fc4a9cc58 HTTP/1.1" status: 200 len: 944 time: 0.0493946
Aug 03 09:31:17.341469 dv-cinder-844563-5-iscsi neutron-server[103952]: INFO neutron.wsgi [req-64f57575-c0e2-4af9-b6cb-d1c7e66232d6 req-efddfd66-436a-47f5-b191-cbb5e5fcf11c tempest-AttachVolumeNegativeTest-1956186670 tempest-AttachVolumeNegativeTest-1956186670-project] 10.222.0.20 "GET /networking/v2.0/security-groups?id=6d4acd3b-7abb-42e8-b4d4-cc056a86ab5c&fields=id&fields=name HTTP/1.1" status: 200 len: 313 time: 0.0616176
Aug 03 09:31:17.347980 dv-cinder-844563-5-iscsi neutron-server[103951]: INFO neutron.wsgi [req-48993698-10fc-43b8-a79c-da2c10980c3c req-d0773efb-52ca-416c-b90f-f8be70add3e1 tempest-AttachVolumeTestJSON-382633331 tempest-AttachVolumeTestJSON-382633331-project] 10.222.0.20 "GET /networking/v2.0/security-groups?id=99da26da-9fc5-4779-a9f3-3531278e91ed&fields=id&fields=name HTTP/1.1" status: 200 len: 313 time: 0.2750530
Aug 03 09:31:17.378583 dv-cinder-844563-5-iscsi neutron-server[103951]: DEBUG neutron.pecan_wsgi.hooks.policy_enforcement [req-ec702712-0731-4dac-a155-b7ecaef386b7 req-12a29d91-a423-4867-852e-5ec9b74d0df3 service neutron] Attributes excluded by policy engine: ['standard_attr_id', 'shared'] {{(pid=103951) _exclude_attributes_by_policy /opt/stack/neutron/neutron/pecan_wsgi/hooks/policy_enforcement.py:259}}
Aug 03 09:31:17.380067 dv-cinder-844563-5-iscsi neutron-server[103951]: INFO neutron.wsgi [req-ec702712-0731-4dac-a155-b7ecaef386b7 req-12a29d91-a423-4867-852e-5ec9b74d0df3 service neutron] 10.222.0.46 "GET /networking/v2.0/subnets?id=8237854f-f6a1-4bbc-b47f-133c1c231212 HTTP/1.1" status: 200 len: 857 time: 0.0797551
Aug 03 09:31:17.526821 dv-cinder-844563-5-iscsi neutron-server[103951]: DEBUG neutron.pecan_wsgi.hooks.policy_enforcement [req-ec702712-0731-4dac-a155-b7ecaef386b7 req-50c1cbd8-f322-4778-90d2-9c3af42d1d59 service neutron] Attributes excluded by policy engine: ['standard_attr_id'] {{(pid=103951) _exclude_attributes_by_policy /opt/stack/neutron/neutron/pecan_wsgi/hooks/policy_enforcement.py:259}}
Aug 03 09:31:17.540174 dv-cinder-844563-5-iscsi neutron-server[103951]: INFO neutron.wsgi [req-ec702712-0731-4dac-a155-b7ecaef386b7 req-50c1cbd8-f322-4778-90d2-9c3af42d1d59 service neutron] 10.222.0.46 "GET /networking/v2.0/ports?network_id=eb1b7df0-9151-4a05-b278-939fa226e4f3&device_owner=network%3Adhcp HTTP/1.1" status: 200 len: 1212 time: 0.0549276
Aug 03 09:31:17.549604 dv-cinder-844563-5-iscsi neutron-server[103953]: DEBUG neutron.plugins.ml2.db [None req-7723a188-f55e-4fa2-98e9-f07454c49e05 None None] get_ports_and_sgs() called for port_ids ['6c4ed275-12af-431c-bcaf-a4b506ad02ef'] {{(pid=103953) get_ports_and_sgs /opt/stack/neutron/neutron/plugins/ml2/db.py:156}}
Aug 03 09:31:17.679683 dv-cinder-844563-5-iscsi neutron-server[103952]: DEBUG neutron.pecan_wsgi.hooks.policy_enforcement [req-22af7f6f-ee50-447a-b68c-5097f05e812e req-7c97e667-f4b0-45bc-a3f4-1d377ec90f86 tempest-ServerRescueNegativeTestJSON-1255087555 tempest-ServerRescueNegativeTestJSON-1255087555-project] Attributes excluded by policy engine: ['standard_attr_id', 'binding:profile', 'binding:host_id', 'binding:vif_type', 'binding:vif_details'] {{(pid=103952) _exclude_attributes_by_policy /opt/stack/neutron/neutron/pecan_wsgi/hooks/policy_enforcement.py:259}}
Aug 03 09:31:17.681302 dv-cinder-844563-5-iscsi neutron-server[103952]: INFO neutron.wsgi [req-22af7f6f-ee50-447a-b68c-5097f05e812e req-7c97e667-f4b0-45bc-a3f4-1d377ec90f86 tempest-ServerRescueNegativeTestJSON-1255087555 tempest-ServerRescueNegativeTestJSON-1255087555-project] 10.222.0.20 "GET /networking/v2.0/ports?device_id=b3166329-2bc2-4aea-983b-a8e05ff43d38 HTTP/1.1" status: 200 len: 945 time: 0.0623960
Aug 03 09:31:17.736566 dv-cinder-844563-5-iscsi neutron-server[103951]: DEBUG neutron.pecan_wsgi.hooks.policy_enforcement [req-fc4b32cd-6a3e-430f-91ed-551e3d462073 req-210e368f-8889-4b65-b57a-b93516ca77b3 tempest-DeleteServersTestJSON-1465813669 tempest-DeleteServersTestJSON-1465813669-project] Attributes excluded by policy engine: ['standard_attr_id', 'binding:profile', 'binding:host_id', 'binding:vif_type', 'binding:vif_details'] {{(pid=103951) _exclude_attributes_by_policy /opt/stack/neutron/neutron/pecan_wsgi/hooks/policy_enforcement.py:259}}
Aug 03 09:31:17.750142 dv-cinder-844563-5-iscsi neutron-server[103951]: INFO neutron.wsgi [req-fc4b32cd-6a3e-430f-91ed-551e3d462073 req-210e368f-8889-4b65-b57a-b93516ca77b3 tempest-DeleteServersTestJSON-1465813669 tempest-DeleteServersTestJSON-1465813669-project] 10.222.0.20 "GET /networking/v2.0/ports?device_id=fbc1c84c-9403-45ab-987b-c0e33d70b89c HTTP/1.1" status: 200 len: 945 time: 0.1517527
Aug 03 09:31:17.753120 dv-cinder-844563-5-iscsi neutron-server[103953]: DEBUG neutron.plugins.ml2.db [None req-7723a188-f55e-4fa2-98e9-f07454c49e05 None None] get_ports_and_sgs() called for port_ids ['a9835cd0-aeee-4d2f-a2c5-ce9aeea7bd3f'] {{(pid=103953) get_ports_and_sgs /opt/stack/neutron/neutron/plugins/ml2/db.py:156}}
Aug 03 09:31:17.757581 dv-cinder-844563-5-iscsi neutron-server[103952]: INFO neutron.wsgi [req-22af7f6f-ee50-447a-b68c-5097f05e812e req-beb1f5fc-db10-4fa0-a461-28a66f852b64 tempest-ServerRescueNegativeTestJSON-1255087555 tempest-ServerRescueNegativeTestJSON-1255087555-project] 10.222.0.20 "GET /networking/v2.0/security-groups?id=f626fdd6-2baf-4155-a4c0-7504c11ac8e3&fields=id&fields=name HTTP/1.1" status: 200 len: 286 time: 0.0624800
Aug 03 09:31:17.794003 dv-cinder-844563-5-iscsi neutron-server[103951]: INFO neutron.wsgi [req-ec702712-0731-4dac-a155-b7ecaef386b7 req-427ed566-823b-4094-b8c8-fa1d3eaa9d8d service neutron] 10.222.0.46 "GET /networking/v2.0/networks/eb1b7df0-9151-4a05-b278-939fa226e4f3?fields=segments HTTP/1.1" status: 200 len: 212 time: 0.2423923
Aug 03 09:31:17.817116 dv-cinder-844563-5-iscsi neutron-server[103951]: INFO neutron.wsgi [req-fc4b32cd-6a3e-430f-91ed-551e3d462073 req-c4e60ded-889d-4cbb-8f65-1d5cd5e2b667 tempest-DeleteServersTestJSON-1465813669 tempest-DeleteServersTestJSON-1465813669-project] 10.222.0.20 "GET /networking/v2.0/security-groups?id=d6d91586-745d-4820-866a-f7c963b4be4f&fields=id&fields=name HTTP/1.1" status: 200 len: 286 time: 0.0658264
Aug 03 09:31:18.064652 dv-cinder-844563-5-iscsi neutron-server[103952]: DEBUG neutron.pecan_wsgi.hooks.policy_enforcement [req-e7590c0c-fed8-4927-b44c-cdc7c3378051 req-2132cfc0-6383-4287-a582-b9c5d422280b tempest-AttachVolumeShelveTestJSON-1147351077 tempest-AttachVolumeShelveTestJSON-1147351077-project] Attributes excluded by policy engine: ['standard_attr_id', 'binding:profile', 'binding:host_id', 'binding:vif_type', 'binding:vif_details'] {{(pid=103952) _exclude_attributes_by_policy /opt/stack/neutron/neutron/pecan_wsgi/hooks/policy_enforcement.py:259}}
Aug 03 09:31:18.066143 dv-cinder-844563-5-iscsi neutron-server[103952]: INFO neutron.wsgi [req-e7590c0c-fed8-4927-b44c-cdc7c3378051 req-2132cfc0-6383-4287-a582-b9c5d422280b tempest-AttachVolumeShelveTestJSON-1147351077 tempest-AttachVolumeShelveTestJSON-1147351077-project] 10.222.0.20 "GET /networking/v2.0/ports?device_id=c30c986d-ad83-45a8-b4e6-96d056aaa6d5 HTTP/1.1" status: 200 len: 945 time: 0.0464399
Aug 03 09:31:18.113936 dv-cinder-844563-5-iscsi neutron-server[103952]: INFO neutron.wsgi [req-e7590c0c-fed8-4927-b44c-cdc7c3378051 req-81bda280-aa51-413e-a6d8-17e4994fa84a tempest-AttachVolumeShelveTestJSON-1147351077 tempest-AttachVolumeShelveTestJSON-1147351077-project] 10.222.0.20 "GET /networking/v2.0/security-groups?id=9cd43c3d-489d-48e6-8c2b-b01e455235a4&fields=id&fields=name HTTP/1.1" status: 200 len: 313 time: 0.0412440
Aug 03 09:31:18.457116 dv-cinder-844563-5-iscsi neutron-server[103952]: DEBUG dbcounter [-] [103952] Writing DB stats neutron:SELECT=97,neutron:INSERT=3 {{(pid=103952) stat_writer /usr/local/lib/python3.8/dist-packages/dbcounter.py:114}}
Aug 03 09:31:18.462003 dv-cinder-844563-5-iscsi neutron-server[103951]: DEBUG neutron.pecan_wsgi.hooks.policy_enforcement [req-a10cc2d8-45e9-4943-8abb-8402e1d08998 req-a5c39b92-99c4-4014-a681-9f4e9acb1b9f tempest-AttachVolumeNegativeTest-1956186670 tempest-AttachVolumeNegativeTest-1956186670-project] Attributes excluded by policy engine: ['standard_attr_id', 'binding:profile', 'binding:host_id', 'binding:vif_type', 'binding:vif_details'] {{(pid=103951) _exclude_attributes_by_policy /opt/stack/neutron/neutron/pecan_wsgi/hooks/policy_enforcement.py:259}}
Aug 03 09:31:18.469438 dv-cinder-844563-5-iscsi neutron-server[103951]: INFO neutron.wsgi [req-a10cc2d8-45e9-4943-8abb-8402e1d08998 req-a5c39b92-99c4-4014-a681-9f4e9acb1b9f tempest-AttachVolumeNegativeTest-1956186670 tempest-AttachVolumeNegativeTest-1956186670-project] 10.222.0.20 "GET /networking/v2.0/ports?device_id=c3dcc900-18b4-4f36-911d-e61fc4a9cc58 HTTP/1.1" status: 200 len: 944 time: 0.0591693
Aug 03 09:31:18.475790 dv-cinder-844563-5-iscsi neutron-server[103952]: DEBUG neutron.pecan_wsgi.hooks.policy_enforcement [req-501e6f64-f42c-4d7d-b2bf-ab5afb985e0e req-6036680b-eeec-47d0-9e04-82886e0f2068 tempest-AttachVolumeTestJSON-382633331 tempest-AttachVolumeTestJSON-382633331-project] Attributes excluded by policy engine: ['standard_attr_id', 'binding:profile', 'binding:host_id', 'binding:vif_type', 'binding:vif_details'] {{(pid=103952) _exclude_attributes_by_policy /opt/stack/neutron/neutron/pecan_wsgi/hooks/policy_enforcement.py:259}}
Aug 03 09:31:18.482007 dv-cinder-844563-5-iscsi neutron-server[103952]: INFO neutron.wsgi [req-501e6f64-f42c-4d7d-b2bf-ab5afb985e0e req-6036680b-eeec-47d0-9e04-82886e0f2068 tempest-AttachVolumeTestJSON-382633331 tempest-AttachVolumeTestJSON-382633331-project] 10.222.0.20 "GET /networking/v2.0/ports?device_id=92a1a022-8f7e-4e28-9a07-49184dfcfcfd HTTP/1.1" status: 200 len: 945 time: 0.0579607
Aug 03 09:31:18.517544 dv-cinder-844563-5-iscsi neutron-server[103951]: INFO neutron.wsgi [req-a10cc2d8-45e9-4943-8abb-8402e1d08998 req-5228b010-6a32-4cbd-b396-03bd953698d1 tempest-AttachVolumeNegativeTest-1956186670 tempest-AttachVolumeNegativeTest-1956186670-project] 10.222.0.20 "GET /networking/v2.0/security-groups?id=6d4acd3b-7abb-42e8-b4d4-cc056a86ab5c&fields=id&fields=name HTTP/1.1" status: 200 len: 313 time: 0.0472558
Aug 03 09:31:18.539268 dv-cinder-844563-5-iscsi neutron-server[103952]: INFO neutron.wsgi [req-501e6f64-f42c-4d7d-b2bf-ab5afb985e0e req-3b06d1d5-acce-4af2-8607-ced7e17a870e tempest-AttachVolumeTestJSON-382633331 tempest-AttachVolumeTestJSON-382633331-project] 10.222.0.20 "GET /networking/v2.0/security-groups?id=99da26da-9fc5-4779-a9f3-3531278e91ed&fields=id&fields=name HTTP/1.1" status: 200 len: 313 time: 0.0550098
Aug 03 09:31:18.883133 dv-cinder-844563-5-iscsi neutron-server[103951]: DEBUG neutron.pecan_wsgi.hooks.policy_enforcement [req-38b57af1-87a7-43bb-90be-4fdf082e2d17 req-45297e83-9574-4527-ba86-87f1f0407875 tempest-ServerRescueNegativeTestJSON-1255087555 tempest-ServerRescueNegativeTestJSON-1255087555-project] Attributes excluded by policy engine: ['standard_attr_id', 'binding:profile', 'binding:host_id', 'binding:vif_type', 'binding:vif_details'] {{(pid=103951) _exclude_attributes_by_policy /opt/stack/neutron/neutron/pecan_wsgi/hooks/policy_enforcement.py:259}}
Aug 03 09:31:18.884654 dv-cinder-844563-5-iscsi neutron-server[103951]: INFO neutron.wsgi [req-38b57af1-87a7-43bb-90be-4fdf082e2d17 req-45297e83-9574-4527-ba86-87f1f0407875 tempest-ServerRescueNegativeTestJSON-1255087555 tempest-ServerRescueNegativeTestJSON-1255087555-project] 10.222.0.20 "GET /networking/v2.0/ports?device_id=b3166329-2bc2-4aea-983b-a8e05ff43d38 HTTP/1.1" status: 200 len: 945 time: 0.0598121
Aug 03 09:31:18.933475 dv-cinder-844563-5-iscsi neutron-server[103951]: INFO neutron.wsgi [req-38b57af1-87a7-43bb-90be-4fdf082e2d17 req-46e87712-741d-4a49-8cc8-b576345d76f9 tempest-ServerRescueNegativeTestJSON-1255087555 tempest-ServerRescueNegativeTestJSON-1255087555-project] 10.222.0.20 "GET /networking/v2.0/security-groups?id=f626fdd6-2baf-4155-a4c0-7504c11ac8e3&fields=id&fields=name HTTP/1.1" status: 200 len: 286 time: 0.0431993
Aug 03 09:31:18.937024 dv-cinder-844563-5-iscsi neutron-server[103952]: DEBUG neutron.pecan_wsgi.hooks.policy_enforcement [req-7843d41c-b4d6-4e62-84af-0ba46c3b74c5 req-43291728-68de-4b18-9c80-212e7a2a9da0 tempest-DeleteServersTestJSON-1465813669 tempest-DeleteServersTestJSON-1465813669-project] Attributes excluded by policy engine: ['standard_attr_id', 'binding:profile', 'binding:host_id', 'binding:vif_type', 'binding:vif_details'] {{(pid=103952) _exclude_attributes_by_policy /opt/stack/neutron/neutron/pecan_wsgi/hooks/policy_enforcement.py:259}}
Aug 03 09:31:18.938521 dv-cinder-844563-5-iscsi neutron-server[103952]: INFO neutron.wsgi [req-7843d41c-b4d6-4e62-84af-0ba46c3b74c5 req-43291728-68de-4b18-9c80-212e7a2a9da0 tempest-DeleteServersTestJSON-1465813669 tempest-DeleteServersTestJSON-1465813669-project] 10.222.0.20 "GET /networking/v2.0/ports?device_id=fbc1c84c-9403-45ab-987b-c0e33d70b89c HTTP/1.1" status: 200 len: 945 time: 0.0464323
Aug 03 09:31:18.987341 dv-cinder-844563-5-iscsi neutron-server[103952]: INFO neutron.wsgi [req-7843d41c-b4d6-4e62-84af-0ba46c3b74c5 req-ac6b3f3b-fc2a-40e5-a0ac-df6425e87667 tempest-DeleteServersTestJSON-1465813669 tempest-DeleteServersTestJSON-1465813669-project] 10.222.0.20 "GET /networking/v2.0/security-groups?id=d6d91586-745d-4820-866a-f7c963b4be4f&fields=id&fields=name HTTP/1.1" status: 200 len: 286 time: 0.0432351
Aug 03 09:31:19.238332 dv-cinder-844563-5-iscsi neutron-server[103951]: DEBUG neutron.pecan_wsgi.hooks.policy_enforcement [req-e19cdc60-2aab-4327-96e9-ce0ad150e39f req-200e0f95-f505-4979-a6dc-aaa4c0477706 tempest-AttachVolumeShelveTestJSON-1147351077 tempest-AttachVolumeShelveTestJSON-1147351077-project] Attributes excluded by policy engine: ['standard_attr_id', 'binding:profile', 'binding:host_id', 'binding:vif_type', 'binding:vif_details'] {{(pid=103951) _exclude_attributes_by_policy /opt/stack/neutron/neutron/pecan_wsgi/hooks/policy_enforcement.py:259}}
Aug 03 09:31:19.239823 dv-cinder-844563-5-iscsi neutron-server[103951]: INFO neutron.wsgi [req-e19cdc60-2aab-4327-96e9-ce0ad150e39f req-200e0f95-f505-4979-a6dc-aaa4c0477706 tempest-AttachVolumeShelveTestJSON-1147351077 tempest-AttachVolumeShelveTestJSON-1147351077-project] 10.222.0.20 "GET /networking/v2.0/ports?device_id=c30c986d-ad83-45a8-b4e6-96d056aaa6d5 HTTP/1.1" status: 200 len: 945 time: 0.0501943
Aug 03 09:31:19.293688 dv-cinder-844563-5-iscsi neutron-server[103951]: INFO neutron.wsgi [req-e19cdc60-2aab-4327-96e9-ce0ad150e39f req-3c170e9e-e9fc-4670-8773-144573aadba5 tempest-AttachVolumeShelveTestJSON-1147351077 tempest-AttachVolumeShelveTestJSON-1147351077-project] 10.222.0.20 "GET /networking/v2.0/security-groups?id=9cd43c3d-489d-48e6-8c2b-b01e455235a4&fields=id&fields=name HTTP/1.1" status: 200 len: 313 time: 0.0465121
Aug 03 09:31:19.644543 dv-cinder-844563-5-iscsi neutron-server[103952]: DEBUG neutron.pecan_wsgi.hooks.policy_enforcement [req-96fd57fe-02c5-422b-b646-12ac5fc20657 req-a3ca1043-3841-4c93-98d4-5edca461fcbf tempest-AttachVolumeNegativeTest-1956186670 tempest-AttachVolumeNegativeTest-1956186670-project] Attributes excluded by policy engine: ['standard_attr_id', 'binding:profile', 'binding:host_id', 'binding:vif_type', 'binding:vif_details'] {{(pid=103952) _exclude_attributes_by_policy /opt/stack/neutron/neutron/pecan_wsgi/hooks/policy_enforcement.py:259}}
Aug 03 09:31:19.646766 dv-cinder-844563-5-iscsi neutron-server[103952]: INFO neutron.wsgi [req-96fd57fe-02c5-422b-b646-12ac5fc20657 req-a3ca1043-3841-4c93-98d4-5edca461fcbf tempest-AttachVolumeNegativeTest-1956186670 tempest-AttachVolumeNegativeTest-1956186670-project] 10.222.0.20 "GET /networking/v2.0/ports?device_id=c3dcc900-18b4-4f36-911d-e61fc4a9cc58 HTTP/1.1" status: 200 len: 944 time: 0.0524015
Aug 03 09:31:19.662805 dv-cinder-844563-5-iscsi neutron-server[103951]: DEBUG neutron.pecan_wsgi.hooks.policy_enforcement [req-3c220691-dda7-411e-8c16-d0527c0f7847 req-010e6fd4-737e-453a-b474-cc03787a48c2 tempest-AttachVolumeTestJSON-382633331 tempest-AttachVolumeTestJSON-382633331-project] Attributes excluded by policy engine: ['standard_attr_id', 'binding:profile', 'binding:host_id', 'binding:vif_type', 'binding:vif_details'] {{(pid=103951) _exclude_attributes_by_policy /opt/stack/neutron/neutron/pecan_wsgi/hooks/policy_enforcement.py:259}}
Aug 03 09:31:19.664354 dv-cinder-844563-5-iscsi neutron-server[103951]: INFO neutron.wsgi [req-3c220691-dda7-411e-8c16-d0527c0f7847 req-010e6fd4-737e-453a-b474-cc03787a48c2 tempest-AttachVolumeTestJSON-382633331 tempest-AttachVolumeTestJSON-382633331-project] 10.222.0.20 "GET /networking/v2.0/ports?device_id=92a1a022-8f7e-4e28-9a07-49184dfcfcfd HTTP/1.1" status: 200 len: 945 time: 0.0484765
Aug 03 09:31:19.709002 dv-cinder-844563-5-iscsi neutron-server[103952]: INFO neutron.wsgi [req-96fd57fe-02c5-422b-b646-12ac5fc20657 req-d451c50f-a573-4db6-8202-3e9578b1a15c tempest-AttachVolumeNegativeTest-1956186670 tempest-AttachVolumeNegativeTest-1956186670-project] 10.222.0.20 "GET /networking/v2.0/security-groups?id=6d4acd3b-7abb-42e8-b4d4-cc056a86ab5c&fields=id&fields=name HTTP/1.1" status: 200 len: 313 time: 0.0553732
Aug 03 09:31:19.713860 dv-cinder-844563-5-iscsi neutron-server[103951]: INFO neutron.wsgi [req-3c220691-dda7-411e-8c16-d0527c0f7847 req-153fbb91-6ff8-4255-8193-8dd400f61a42 tempest-AttachVolumeTestJSON-382633331 tempest-AttachVolumeTestJSON-382633331-project] 10.222.0.20 "GET /networking/v2.0/security-groups?id=99da26da-9fc5-4779-a9f3-3531278e91ed&fields=id&fields=name HTTP/1.1" status: 200 len: 313 time: 0.0430012
Aug 03 09:31:20.055850 dv-cinder-844563-5-iscsi neutron-server[103952]: DEBUG neutron.pecan_wsgi.hooks.policy_enforcement [req-5148ab4e-8ab9-4842-9175-1e8aede302ee req-591574d3-b455-4846-ba0c-b2dc2081ad1c tempest-ServerRescueNegativeTestJSON-1255087555 tempest-ServerRescueNegativeTestJSON-1255087555-project] Attributes excluded by policy engine: ['standard_attr_id', 'binding:profile', 'binding:host_id', 'binding:vif_type', 'binding:vif_details'] {{(pid=103952) _exclude_attributes_by_policy /opt/stack/neutron/neutron/pecan_wsgi/hooks/policy_enforcement.py:259}}
Aug 03 09:31:20.057490 dv-cinder-844563-5-iscsi neutron-server[103952]: INFO neutron.wsgi [req-5148ab4e-8ab9-4842-9175-1e8aede302ee req-591574d3-b455-4846-ba0c-b2dc2081ad1c tempest-ServerRescueNegativeTestJSON-1255087555 tempest-ServerRescueNegativeTestJSON-1255087555-project] 10.222.0.20 "GET /networking/v2.0/ports?device_id=b3166329-2bc2-4aea-983b-a8e05ff43d38 HTTP/1.1" status: 200 len: 945 time: 0.0543087
Aug 03 09:31:20.097026 dv-cinder-844563-5-iscsi neutron-server[103951]: DEBUG dbcounter [-] [103951] Writing DB stats neutron:SELECT=100 {{(pid=103951) stat_writer /usr/local/lib/python3.8/dist-packages/dbcounter.py:114}}
Aug 03 09:31:20.107869 dv-cinder-844563-5-iscsi neutron-server[103951]: DEBUG neutron.pecan_wsgi.hooks.policy_enforcement [req-c6c6f0d3-ba54-40c3-8e43-09c4328648e2 req-3a836e83-9f9f-4894-bf3c-8e1293ef71a2 tempest-DeleteServersTestJSON-1465813669 tempest-DeleteServersTestJSON-1465813669-project] Attributes excluded by policy engine: ['standard_attr_id', 'binding:profile', 'binding:host_id', 'binding:vif_type', 'binding:vif_details'] {{(pid=103951) _exclude_attributes_by_policy /opt/stack/neutron/neutron/pecan_wsgi/hooks/policy_enforcement.py:259}}
Aug 03 09:31:20.109461 dv-cinder-844563-5-iscsi neutron-server[103951]: INFO neutron.wsgi [req-c6c6f0d3-ba54-40c3-8e43-09c4328648e2 req-3a836e83-9f9f-4894-bf3c-8e1293ef71a2 tempest-DeleteServersTestJSON-1465813669 tempest-DeleteServersTestJSON-1465813669-project] 10.222.0.20 "GET /networking/v2.0/ports?device_id=fbc1c84c-9403-45ab-987b-c0e33d70b89c HTTP/1.1" status: 200 len: 945 time: 0.0519526
Aug 03 09:31:20.126282 dv-cinder-844563-5-iscsi neutron-server[103952]: INFO neutron.wsgi [req-5148ab4e-8ab9-4842-9175-1e8aede302ee req-f0241a60-710d-456c-8093-f39c50ee4cc9 tempest-ServerRescueNegativeTestJSON-1255087555 tempest-ServerRescueNegativeTestJSON-1255087555-project] 10.222.0.20 "GET /networking/v2.0/security-groups?id=f626fdd6-2baf-4155-a4c0-7504c11ac8e3&fields=id&fields=name HTTP/1.1" status: 200 len: 286 time: 0.0606334
Aug 03 09:31:20.175359 dv-cinder-844563-5-iscsi neutron-server[103951]: INFO neutron.wsgi [req-c6c6f0d3-ba54-40c3-8e43-09c4328648e2 req-4d449703-a86d-48e2-ba63-2582c10dd3f2 tempest-DeleteServersTestJSON-1465813669 tempest-DeleteServersTestJSON-1465813669-project] 10.222.0.20 "GET /networking/v2.0/security-groups?id=d6d91586-745d-4820-866a-f7c963b4be4f&fields=id&fields=name HTTP/1.1" status: 200 len: 286 time: 0.0582209
Aug 03 09:31:20.424660 dv-cinder-844563-5-iscsi neutron-server[103952]: DEBUG neutron.pecan_wsgi.hooks.policy_enforcement [req-d6b0e591-b5bc-4670-8e42-1ee6ccaf6ad5 req-acb12174-5c70-4167-b2c7-960e646f007f tempest-AttachVolumeShelveTestJSON-1147351077 tempest-AttachVolumeShelveTestJSON-1147351077-project] Attributes excluded by policy engine: ['standard_attr_id', 'binding:profile', 'binding:host_id', 'binding:vif_type', 'binding:vif_details'] {{(pid=103952) _exclude_attributes_by_policy /opt/stack/neutron/neutron/pecan_wsgi/hooks/policy_enforcement.py:259}}
Aug 03 09:31:20.426073 dv-cinder-844563-5-iscsi neutron-server[103952]: INFO neutron.wsgi [req-d6b0e591-b5bc-4670-8e42-1ee6ccaf6ad5 req-acb12174-5c70-4167-b2c7-960e646f007f tempest-AttachVolumeShelveTestJSON-1147351077 tempest-AttachVolumeShelveTestJSON-1147351077-project] 10.222.0.20 "GET /networking/v2.0/ports?device_id=c30c986d-ad83-45a8-b4e6-96d056aaa6d5 HTTP/1.1" status: 200 len: 945 time: 0.0535841
Aug 03 09:31:20.441970 dv-cinder-844563-5-iscsi neutron-server[103953]: DEBUG neutron.plugins.ml2.db [None req-7723a188-f55e-4fa2-98e9-f07454c49e05 None None] get_ports_and_sgs() called for port_ids ['a6eb1086-96d4-48f1-ba49-b2cdf68828f9'] {{(pid=103953) get_ports_and_sgs /opt/stack/neutron/neutron/plugins/ml2/db.py:156}}
Aug 03 09:31:20.483571 dv-cinder-844563-5-iscsi neutron-server[103952]: INFO neutron.wsgi [req-d6b0e591-b5bc-4670-8e42-1ee6ccaf6ad5 req-9af4343c-86fd-48d7-b0e9-75f95b388b1f tempest-AttachVolumeShelveTestJSON-1147351077 tempest-AttachVolumeShelveTestJSON-1147351077-project] 10.222.0.20 "GET /networking/v2.0/security-groups?id=9cd43c3d-489d-48e6-8c2b-b01e455235a4&fields=id&fields=name HTTP/1.1" status: 200 len: 313 time: 0.0507936
Aug 03 09:31:20.607999 dv-cinder-844563-5-iscsi neutron-server[103953]: DEBUG dbcounter [-] [103953] Writing DB stats neutron:SELECT=99,neutron:UPDATE=1 {{(pid=103953) stat_writer /usr/local/lib/python3.8/dist-packages/dbcounter.py:114}}
Aug 03 09:31:20.706508 dv-cinder-844563-5-iscsi neutron-server[103951]: INFO neutron.wsgi [req-ec702712-0731-4dac-a155-b7ecaef386b7 req-2c78b5a0-ef0b-412a-9749-04859648ea43 service neutron] 10.222.0.46 "GET /networking/v2.0/networks/eb1b7df0-9151-4a05-b278-939fa226e4f3?fields=provider%3Aphysical_network&fields=provider%3Anetwork_type HTTP/1.1" status: 200 len: 281 time: 0.1150219
Aug 03 09:31:20.869966 dv-cinder-844563-5-iscsi neutron-server[103951]: DEBUG neutron.pecan_wsgi.hooks.policy_enforcement [req-ec702712-0731-4dac-a155-b7ecaef386b7 req-c45958f4-5642-4312-867b-b3fc9b77ed76 service neutron] Attributes excluded by policy engine: ['standard_attr_id'] {{(pid=103951) _exclude_attributes_by_policy /opt/stack/neutron/neutron/pecan_wsgi/hooks/policy_enforcement.py:259}}
Aug 03 09:31:20.871501 dv-cinder-844563-5-iscsi neutron-server[103951]: INFO neutron.wsgi [req-ec702712-0731-4dac-a155-b7ecaef386b7 req-c45958f4-5642-4312-867b-b3fc9b77ed76 service neutron] 10.222.0.46 "GET /networking/v2.0/ports?tenant_id=733f2d7dcb854bba87efcf08912c40f8&device_id=c3dcc900-18b4-4f36-911d-e61fc4a9cc58 HTTP/1.1" status: 200 len: 1128 time: 0.1169195
Aug 03 09:31:20.872085 dv-cinder-844563-5-iscsi neutron-server[103952]: DEBUG neutron.pecan_wsgi.hooks.policy_enforcement [req-956d6051-320e-4e80-8a6a-0c44f7017070 req-1492541a-afcb-4c7b-a7b7-972e58f7b558 tempest-AttachVolumeTestJSON-382633331 tempest-AttachVolumeTestJSON-382633331-project] Attributes excluded by policy engine: ['standard_attr_id', 'binding:profile', 'binding:host_id', 'binding:vif_type', 'binding:vif_details'] {{(pid=103952) _exclude_attributes_by_policy /opt/stack/neutron/neutron/pecan_wsgi/hooks/policy_enforcement.py:259}}
Aug 03 09:31:20.873636 dv-cinder-844563-5-iscsi neutron-server[103952]: INFO neutron.wsgi [req-956d6051-320e-4e80-8a6a-0c44f7017070 req-1492541a-afcb-4c7b-a7b7-972e58f7b558 tempest-AttachVolumeTestJSON-382633331 tempest-AttachVolumeTestJSON-382633331-project] 10.222.0.20 "GET /networking/v2.0/ports?device_id=92a1a022-8f7e-4e28-9a07-49184dfcfcfd HTTP/1.1" status: 200 len: 945 time: 0.0552137
Aug 03 09:31:20.881706 dv-cinder-844563-5-iscsi neutron-server[103951]: DEBUG neutron.pecan_wsgi.hooks.policy_enforcement [req-819a64d1-075d-4a59-8a9f-e3b06d6d5a1e req-bbe30c12-c11a-4d5a-bee8-0dfe4ec28ad6 tempest-AttachVolumeNegativeTest-1956186670 tempest-AttachVolumeNegativeTest-1956186670-project] Attributes excluded by policy engine: ['standard_attr_id', 'binding:profile', 'binding:host_id', 'binding:vif_type', 'binding:vif_details'] {{(pid=103951) _exclude_attributes_by_policy /opt/stack/neutron/neutron/pecan_wsgi/hooks/policy_enforcement.py:259}}
Aug 03 09:31:20.883633 dv-cinder-844563-5-iscsi neutron-server[103951]: INFO neutron.wsgi [req-819a64d1-075d-4a59-8a9f-e3b06d6d5a1e req-bbe30c12-c11a-4d5a-bee8-0dfe4ec28ad6 tempest-AttachVolumeNegativeTest-1956186670 tempest-AttachVolumeNegativeTest-1956186670-project] 10.222.0.20 "GET /networking/v2.0/ports?device_id=c3dcc900-18b4-4f36-911d-e61fc4a9cc58 HTTP/1.1" status: 200 len: 944 time: 0.0782714
Aug 03 09:31:20.901476 dv-cinder-844563-5-iscsi neutron-server[103951]: DEBUG dbcounter [-] [103951] Writing DB stats neutron:SELECT=100 {{(pid=103951) stat_writer /usr/local/lib/python3.8/dist-packages/dbcounter.py:114}}
Aug 03 09:31:20.910526 dv-cinder-844563-5-iscsi neutron-server[103952]: DEBUG dbcounter [-] [103952] Writing DB stats neutron:SELECT=100 {{(pid=103952) stat_writer /usr/local/lib/python3.8/dist-packages/dbcounter.py:114}}
Aug 03 09:31:20.959458 dv-cinder-844563-5-iscsi neutron-server[103951]: INFO neutron.wsgi [req-819a64d1-075d-4a59-8a9f-e3b06d6d5a1e req-6e21d15e-cac5-48c6-a0af-2e65e8bf289c tempest-AttachVolumeNegativeTest-1956186670 tempest-AttachVolumeNegativeTest-1956186670-project] 10.222.0.20 "GET /networking/v2.0/security-groups?id=6d4acd3b-7abb-42e8-b4d4-cc056a86ab5c&fields=id&fields=name HTTP/1.1" status: 200 len: 313 time: 0.0688145
Aug 03 09:31:20.968325 dv-cinder-844563-5-iscsi neutron-server[103952]: INFO neutron.wsgi [req-956d6051-320e-4e80-8a6a-0c44f7017070 req-b0ec96cf-9295-4ae1-a0d9-e319576be3b2 tempest-AttachVolumeTestJSON-382633331 tempest-AttachVolumeTestJSON-382633331-project] 10.222.0.20 "GET /networking/v2.0/security-groups?id=99da26da-9fc5-4779-a9f3-3531278e91ed&fields=id&fields=name HTTP/1.1" status: 200 len: 313 time: 0.0848444
Aug 03 09:31:21.196971 dv-cinder-844563-5-iscsi neutron-server[103953]: DEBUG neutron.plugins.ml2.db [None req-7723a188-f55e-4fa2-98e9-f07454c49e05 None None] get_ports_and_sgs() called for port_ids ['779880c1-0e74-44a1-b797-d284789bbdc6'] {{(pid=103953) get_ports_and_sgs /opt/stack/neutron/neutron/plugins/ml2/db.py:156}}
Aug 03 09:31:21.288699 dv-cinder-844563-5-iscsi neutron-server[103951]: DEBUG neutron.pecan_wsgi.hooks.policy_enforcement [req-ae8255ad-070b-444c-93e9-41f427b57606 req-111f0f44-671d-43c3-a497-e37b699c72d8 tempest-ServerRescueNegativeTestJSON-1255087555 tempest-ServerRescueNegativeTestJSON-1255087555-project] Attributes excluded by policy engine: ['standard_attr_id', 'binding:profile', 'binding:host_id', 'binding:vif_type', 'binding:vif_details'] {{(pid=103951) _exclude_attributes_by_policy /opt/stack/neutron/neutron/pecan_wsgi/hooks/policy_enforcement.py:259}}
Aug 03 09:31:21.290354 dv-cinder-844563-5-iscsi neutron-server[103951]: INFO neutron.wsgi [req-ae8255ad-070b-444c-93e9-41f427b57606 req-111f0f44-671d-43c3-a497-e37b699c72d8 tempest-ServerRescueNegativeTestJSON-1255087555 tempest-ServerRescueNegativeTestJSON-1255087555-project] 10.222.0.20 "GET /networking/v2.0/ports?device_id=b3166329-2bc2-4aea-983b-a8e05ff43d38 HTTP/1.1" status: 200 len: 945 time: 0.0738478
Aug 03 09:31:21.386973 dv-cinder-844563-5-iscsi neutron-server[103952]: DEBUG neutron.pecan_wsgi.hooks.policy_enforcement [req-235a7d89-0664-4d92-8755-92a94f298a95 req-813865c1-676b-43f7-be0f-24ab284a8321 tempest-DeleteServersTestJSON-1465813669 tempest-DeleteServersTestJSON-1465813669-project] Attributes excluded by policy engine: ['standard_attr_id', 'binding:profile', 'binding:host_id', 'binding:vif_type', 'binding:vif_details'] {{(pid=103952) _exclude_attributes_by_policy /opt/stack/neutron/neutron/pecan_wsgi/hooks/policy_enforcement.py:259}}
Aug 03 09:31:21.394212 dv-cinder-844563-5-iscsi neutron-server[103952]: INFO neutron.wsgi [req-235a7d89-0664-4d92-8755-92a94f298a95 req-813865c1-676b-43f7-be0f-24ab284a8321 tempest-DeleteServersTestJSON-1465813669 tempest-DeleteServersTestJSON-1465813669-project] 10.222.0.20 "GET /networking/v2.0/ports?device_id=fbc1c84c-9403-45ab-987b-c0e33d70b89c HTTP/1.1" status: 200 len: 945 time: 0.0747628
Aug 03 09:31:21.395781 dv-cinder-844563-5-iscsi neutron-server[103951]: INFO neutron.wsgi [req-ae8255ad-070b-444c-93e9-41f427b57606 req-eb9a78b5-827f-4ade-9362-99809d854153 tempest-ServerRescueNegativeTestJSON-1255087555 tempest-ServerRescueNegativeTestJSON-1255087555-project] 10.222.0.20 "GET /networking/v2.0/security-groups?id=f626fdd6-2baf-4155-a4c0-7504c11ac8e3&fields=id&fields=name HTTP/1.1" status: 200 len: 286 time: 0.0976932
Aug 03 09:31:21.440562 dv-cinder-844563-5-iscsi neutron-server[103952]: INFO neutron.wsgi [req-235a7d89-0664-4d92-8755-92a94f298a95 req-89eead91-8fd8-4df0-8123-1d1bd454b95d tempest-DeleteServersTestJSON-1465813669 tempest-DeleteServersTestJSON-1465813669-project] 10.222.0.20 "GET /networking/v2.0/security-groups?id=d6d91586-745d-4820-866a-f7c963b4be4f&fields=id&fields=name HTTP/1.1" status: 200 len: 286 time: 0.0454683
Aug 03 09:31:21.570428 dv-cinder-844563-5-iscsi neutron-server[103951]: DEBUG neutron.pecan_wsgi.hooks.policy_enforcement [req-ec702712-0731-4dac-a155-b7ecaef386b7 req-420c3994-2735-4b2b-80be-9bea0c2a4f8c service neutron] Attributes excluded by policy engine: ['standard_attr_id', 'vlan_transparent'] {{(pid=103951) _exclude_attributes_by_policy /opt/stack/neutron/neutron/pecan_wsgi/hooks/policy_enforcement.py:259}}
Aug 03 09:31:21.572008 dv-cinder-844563-5-iscsi neutron-server[103951]: INFO neutron.wsgi [req-ec702712-0731-4dac-a155-b7ecaef386b7 req-420c3994-2735-4b2b-80be-9bea0c2a4f8c service neutron] 10.222.0.46 "GET /networking/v2.0/networks?id=1b08b9e0-74e3-4321-8eca-779df9e19114 HTTP/1.1" status: 200 len: 916 time: 0.0972853
Aug 03 09:31:21.631419 dv-cinder-844563-5-iscsi neutron-server[103951]: DEBUG neutron.pecan_wsgi.hooks.policy_enforcement [req-0c49c4f9-7982-4d7d-b925-41e5e667af6c req-9292258e-4097-462e-8c9e-6a246c950906 tempest-AttachVolumeShelveTestJSON-1147351077 tempest-AttachVolumeShelveTestJSON-1147351077-project] Attributes excluded by policy engine: ['standard_attr_id', 'binding:profile', 'binding:host_id', 'binding:vif_type', 'binding:vif_details'] {{(pid=103951) _exclude_attributes_by_policy /opt/stack/neutron/neutron/pecan_wsgi/hooks/policy_enforcement.py:259}}
Aug 03 09:31:21.632963 dv-cinder-844563-5-iscsi neutron-server[103951]: INFO neutron.wsgi [req-0c49c4f9-7982-4d7d-b925-41e5e667af6c req-9292258e-4097-462e-8c9e-6a246c950906 tempest-AttachVolumeShelveTestJSON-1147351077 tempest-AttachVolumeShelveTestJSON-1147351077-project] 10.222.0.20 "GET /networking/v2.0/ports?device_id=c30c986d-ad83-45a8-b4e6-96d056aaa6d5 HTTP/1.1" status: 200 len: 945 time: 0.0544066
Aug 03 09:31:21.724642 dv-cinder-844563-5-iscsi neutron-server[103951]: INFO neutron.wsgi [req-0c49c4f9-7982-4d7d-b925-41e5e667af6c req-3bd12776-4ef1-4ccc-88c9-88be720eaa62 tempest-AttachVolumeShelveTestJSON-1147351077 tempest-AttachVolumeShelveTestJSON-1147351077-project] 10.222.0.20 "GET /networking/v2.0/security-groups?id=9cd43c3d-489d-48e6-8c2b-b01e455235a4&fields=id&fields=name HTTP/1.1" status: 200 len: 313 time: 0.0840986
Aug 03 09:31:21.767135 dv-cinder-844563-5-iscsi neutron-server[103951]: INFO neutron.wsgi [req-ec702712-0731-4dac-a155-b7ecaef386b7 req-6f6036d8-7a08-416e-99f8-604c7423c424 service neutron] 10.222.0.46 "GET /networking/v2.0/floatingips?fixed_ip_address=172.20.0.8&port_id=a9835cd0-aeee-4d2f-a2c5-ce9aeea7bd3f HTTP/1.1" status: 200 len: 217 time: 0.0631747
Aug 03 09:31:22.079100 dv-cinder-844563-5-iscsi neutron-server[103952]: DEBUG neutron.pecan_wsgi.hooks.policy_enforcement [req-20af1232-9362-4e88-a2e7-efbd03d280c5 req-bd402bb9-e97a-4e71-a464-d17a8727e3da tempest-AttachVolumeNegativeTest-1956186670 tempest-AttachVolumeNegativeTest-1956186670-project] Attributes excluded by policy engine: ['standard_attr_id', 'binding:profile', 'binding:host_id', 'binding:vif_type', 'binding:vif_details'] {{(pid=103952) _exclude_attributes_by_policy /opt/stack/neutron/neutron/pecan_wsgi/hooks/policy_enforcement.py:259}}
Aug 03 09:31:22.080567 dv-cinder-844563-5-iscsi neutron-server[103952]: INFO neutron.wsgi [req-20af1232-9362-4e88-a2e7-efbd03d280c5 req-bd402bb9-e97a-4e71-a464-d17a8727e3da tempest-AttachVolumeNegativeTest-1956186670 tempest-AttachVolumeNegativeTest-1956186670-project] 10.222.0.20 "GET /networking/v2.0/ports?device_id=c3dcc900-18b4-4f36-911d-e61fc4a9cc58 HTTP/1.1" status: 200 len: 944 time: 0.0511193
Aug 03 09:31:22.099862 dv-cinder-844563-5-iscsi neutron-server[103951]: DEBUG neutron.pecan_wsgi.hooks.policy_enforcement [req-e742c408-d126-46f3-85b1-2d2ac5ba7177 req-3c1b2c46-18d8-42ef-a555-b987d4d977dd tempest-AttachVolumeTestJSON-382633331 tempest-AttachVolumeTestJSON-382633331-project] Attributes excluded by policy engine: ['standard_attr_id', 'binding:profile', 'binding:host_id', 'binding:vif_type', 'binding:vif_details'] {{(pid=103951) _exclude_attributes_by_policy /opt/stack/neutron/neutron/pecan_wsgi/hooks/policy_enforcement.py:259}}
Aug 03 09:31:22.101373 dv-cinder-844563-5-iscsi neutron-server[103951]: INFO neutron.wsgi [req-e742c408-d126-46f3-85b1-2d2ac5ba7177 req-3c1b2c46-18d8-42ef-a555-b987d4d977dd tempest-AttachVolumeTestJSON-382633331 tempest-AttachVolumeTestJSON-382633331-project] 10.222.0.20 "GET /networking/v2.0/ports?device_id=92a1a022-8f7e-4e28-9a07-49184dfcfcfd HTTP/1.1" status: 200 len: 945 time: 0.0529346
Aug 03 09:31:22.131658 dv-cinder-844563-5-iscsi neutron-server[103952]: INFO neutron.wsgi [req-20af1232-9362-4e88-a2e7-efbd03d280c5 req-1b5cc950-4931-49bc-b649-35b978725908 tempest-AttachVolumeNegativeTest-1956186670 tempest-AttachVolumeNegativeTest-1956186670-project] 10.222.0.20 "GET /networking/v2.0/security-groups?id=6d4acd3b-7abb-42e8-b4d4-cc056a86ab5c&fields=id&fields=name HTTP/1.1" status: 200 len: 313 time: 0.0453200
Aug 03 09:31:22.167037 dv-cinder-844563-5-iscsi neutron-server[103951]: INFO neutron.wsgi [req-e742c408-d126-46f3-85b1-2d2ac5ba7177 req-0c958410-7b42-47b9-9706-cdcba6197c39 tempest-AttachVolumeTestJSON-382633331 tempest-AttachVolumeTestJSON-382633331-project] 10.222.0.20 "GET /networking/v2.0/security-groups?id=99da26da-9fc5-4779-a9f3-3531278e91ed&fields=id&fields=name HTTP/1.1" status: 200 len: 313 time: 0.0583806
Aug 03 09:31:22.311516 dv-cinder-844563-5-iscsi neutron-server[103951]: DEBUG neutron.pecan_wsgi.hooks.policy_enforcement [req-ec702712-0731-4dac-a155-b7ecaef386b7 req-a6c29648-2fd2-4891-9901-ff9c0c71be39 service neutron] Attributes excluded by policy engine: ['standard_attr_id', 'shared'] {{(pid=103951) _exclude_attributes_by_policy /opt/stack/neutron/neutron/pecan_wsgi/hooks/policy_enforcement.py:259}}
Aug 03 09:31:22.313060 dv-cinder-844563-5-iscsi neutron-server[103951]: INFO neutron.wsgi [req-ec702712-0731-4dac-a155-b7ecaef386b7 req-a6c29648-2fd2-4891-9901-ff9c0c71be39 service neutron] 10.222.0.46 "GET /networking/v2.0/subnets?id=189c45b0-5ee8-4bf2-a8da-22df6a535eb7 HTTP/1.1" status: 200 len: 854 time: 0.0581198
Aug 03 09:31:22.369949 dv-cinder-844563-5-iscsi neutron-server[103952]: INFO neutron.wsgi [req-94b58814-14cc-4254-b808-83aaa7a1394e req-83d4224c-7736-4025-bbcf-8a14f157466b service neutron] 10.222.0.46 "GET /networking/v2.0/ports?device_id=92a1a022-8f7e-4e28-9a07-49184dfcfcfd&fields=binding%3Ahost_id&fields=binding%3Avif_type HTTP/1.1" status: 200 len: 275 time: 0.1140022
Aug 03 09:31:22.378823 dv-cinder-844563-5-iscsi neutron-server[103951]: DEBUG neutron.pecan_wsgi.hooks.policy_enforcement [req-ec702712-0731-4dac-a155-b7ecaef386b7 req-b06b5e88-55c1-406d-bc49-acb9d7aebe81 service neutron] Attributes excluded by policy engine: ['standard_attr_id'] {{(pid=103951) _exclude_attributes_by_policy /opt/stack/neutron/neutron/pecan_wsgi/hooks/policy_enforcement.py:259}}
Aug 03 09:31:22.380865 dv-cinder-844563-5-iscsi neutron-server[103951]: INFO neutron.wsgi [req-ec702712-0731-4dac-a155-b7ecaef386b7 req-b06b5e88-55c1-406d-bc49-acb9d7aebe81 service neutron] 10.222.0.46 "GET /networking/v2.0/ports?network_id=1b08b9e0-74e3-4321-8eca-779df9e19114&device_owner=network%3Adhcp HTTP/1.1" status: 200 len: 1212 time: 0.0542657
Aug 03 09:31:22.385692 dv-cinder-844563-5-iscsi neutron-server[103952]: DEBUG neutron.pecan_wsgi.hooks.policy_enforcement [req-0df8b56c-8cb4-4f25-b677-d583dc4704fe req-480cf67b-bd0f-4ed4-a0dc-307b92627606 tempest-AttachVolumeTestJSON-382633331 tempest-AttachVolumeTestJSON-382633331-project] Attributes excluded by policy engine: ['standard_attr_id', 'binding:profile', 'binding:host_id', 'binding:vif_type', 'binding:vif_details'] {{(pid=103952) _exclude_attributes_by_policy /opt/stack/neutron/neutron/pecan_wsgi/hooks/policy_enforcement.py:259}}
Aug 03 09:31:22.387266 dv-cinder-844563-5-iscsi neutron-server[103952]: INFO neutron.wsgi [req-0df8b56c-8cb4-4f25-b677-d583dc4704fe req-480cf67b-bd0f-4ed4-a0dc-307b92627606 tempest-AttachVolumeTestJSON-382633331 tempest-AttachVolumeTestJSON-382633331-project] 10.222.0.20 "GET /networking/v2.0/ports?device_id=92a1a022-8f7e-4e28-9a07-49184dfcfcfd HTTP/1.1" status: 200 len: 945 time: 0.0644059
Aug 03 09:31:22.398314 dv-cinder-844563-5-iscsi neutron-server[103952]: DEBUG neutron.wsgi [-] (103952) accepted ('10.222.0.20', 39020) {{(pid=103952) server /usr/local/lib/python3.8/dist-packages/eventlet/wsgi.py:1004}}
Aug 03 09:31:22.402776 dv-cinder-844563-5-iscsi neutron-server[103952]: DEBUG neutron.api.v2.base [None req-a3cb9f60-aa97-466e-9147-526ea9d06ca4 tempest-AttachVolumeTestJSON-382633331 tempest-AttachVolumeTestJSON-382633331-project] Request body: {'floatingip': {'port_id': '11fbb955-cb55-401d-b52c-df2706864e50'}} {{(pid=103952) prepare_request_body /opt/stack/neutron/neutron/api/v2/base.py:730}}
Aug 03 09:31:22.546517 dv-cinder-844563-5-iscsi neutron-server[103951]: DEBUG neutron.pecan_wsgi.hooks.policy_enforcement [req-4fb2fbba-a851-4263-8da5-c0608821add2 req-08314f98-9143-41a8-8f01-c35e6856d1e5 tempest-ServerRescueNegativeTestJSON-1255087555 tempest-ServerRescueNegativeTestJSON-1255087555-project] Attributes excluded by policy engine: ['standard_attr_id', 'binding:profile', 'binding:host_id', 'binding:vif_type', 'binding:vif_details'] {{(pid=103951) _exclude_attributes_by_policy /opt/stack/neutron/neutron/pecan_wsgi/hooks/policy_enforcement.py:259}}
Aug 03 09:31:22.548087 dv-cinder-844563-5-iscsi neutron-server[103951]: INFO neutron.wsgi [req-4fb2fbba-a851-4263-8da5-c0608821add2 req-08314f98-9143-41a8-8f01-c35e6856d1e5 tempest-ServerRescueNegativeTestJSON-1255087555 tempest-ServerRescueNegativeTestJSON-1255087555-project] 10.222.0.20 "GET /networking/v2.0/ports?device_id=b3166329-2bc2-4aea-983b-a8e05ff43d38 HTTP/1.1" status: 200 len: 945 time: 0.0711527
Aug 03 09:31:22.550787 dv-cinder-844563-5-iscsi neutron-server[103951]: INFO neutron.wsgi [req-ec702712-0731-4dac-a155-b7ecaef386b7 req-38ff27c1-d46a-4deb-9153-c0a65284a53e service neutron] 10.222.0.46 "GET /networking/v2.0/networks/1b08b9e0-74e3-4321-8eca-779df9e19114?fields=segments HTTP/1.1" status: 200 len: 212 time: 0.1604543
Aug 03 09:31:22.634031 dv-cinder-844563-5-iscsi neutron-server[103951]: DEBUG dbcounter [-] [103951] Writing DB stats neutron:SELECT=100 {{(pid=103951) stat_writer /usr/local/lib/python3.8/dist-packages/dbcounter.py:114}}
Aug 03 09:31:22.637960 dv-cinder-844563-5-iscsi neutron-server[103951]: INFO neutron.wsgi [req-4fb2fbba-a851-4263-8da5-c0608821add2 req-f7b63e45-b74b-4858-aa2c-d4b6b6de7342 tempest-ServerRescueNegativeTestJSON-1255087555 tempest-ServerRescueNegativeTestJSON-1255087555-project] 10.222.0.20 "GET /networking/v2.0/security-groups?id=f626fdd6-2baf-4155-a4c0-7504c11ac8e3&fields=id&fields=name HTTP/1.1" status: 200 len: 286 time: 0.0697377
Aug 03 09:31:22.691137 dv-cinder-844563-5-iscsi neutron-server[103952]: DEBUG neutron_lib.callbacks.manager [None req-a3cb9f60-aa97-466e-9147-526ea9d06ca4 tempest-AttachVolumeTestJSON-382633331 tempest-AttachVolumeTestJSON-382633331-project] Publish callbacks [] for floatingip (1e57a7a8-8a85-46e4-b963-02ad6b804044), before_update {{(pid=103952) _notify_loop /usr/local/lib/python3.8/dist-packages/neutron_lib/callbacks/manager.py:176}}
Aug 03 09:31:22.713726 dv-cinder-844563-5-iscsi neutron-server[103951]: INFO neutron.wsgi [req-ec702712-0731-4dac-a155-b7ecaef386b7 req-8a27ee8e-a306-437a-9c45-a6ee88889044 service neutron] 10.222.0.46 "GET /networking/v2.0/networks/1b08b9e0-74e3-4321-8eca-779df9e19114?fields=provider%3Aphysical_network&fields=provider%3Anetwork_type HTTP/1.1" status: 200 len: 281 time: 0.1555700
Aug 03 09:31:22.764436 dv-cinder-844563-5-iscsi neutron-server[103952]: DEBUG neutron.pecan_wsgi.hooks.policy_enforcement [req-94b58814-14cc-4254-b808-83aaa7a1394e req-46dfb0ec-b4b0-441c-8673-6260c33ae15e service neutron] Attributes excluded by policy engine: ['standard_attr_id'] {{(pid=103952) _exclude_attributes_by_policy /opt/stack/neutron/neutron/pecan_wsgi/hooks/policy_enforcement.py:259}}
Aug 03 09:31:22.766063 dv-cinder-844563-5-iscsi neutron-server[103952]: INFO neutron.wsgi [req-94b58814-14cc-4254-b808-83aaa7a1394e req-46dfb0ec-b4b0-441c-8673-6260c33ae15e service neutron] 10.222.0.46 "GET /networking/v2.0/ports?tenant_id=0e293737b69a41e79fdcdbb99baca498&device_id=92a1a022-8f7e-4e28-9a07-49184dfcfcfd HTTP/1.1" status: 200 len: 1129 time: 0.3208921
Aug 03 09:31:22.955157 dv-cinder-844563-5-iscsi neutron-server[103952]: DEBUG dbcounter [-] [103952] Writing DB stats neutron:SELECT=100 {{(pid=103952) stat_writer /usr/local/lib/python3.8/dist-packages/dbcounter.py:114}}
Aug 03 09:31:22.991357 dv-cinder-844563-5-iscsi neutron-server[103952]: DEBUG neutron.pecan_wsgi.hooks.policy_enforcement [req-ff434d1e-5541-430e-a10f-04b27bb9844d req-9e6571d0-2a0c-4bc9-ae7c-caf041cfcc85 tempest-AttachVolumeShelveTestJSON-1147351077 tempest-AttachVolumeShelveTestJSON-1147351077-project] Attributes excluded by policy engine: ['standard_attr_id', 'binding:profile', 'binding:host_id', 'binding:vif_type', 'binding:vif_details'] {{(pid=103952) _exclude_attributes_by_policy /opt/stack/neutron/neutron/pecan_wsgi/hooks/policy_enforcement.py:259}}
Aug 03 09:31:22.992867 dv-cinder-844563-5-iscsi neutron-server[103952]: INFO neutron.wsgi [req-ff434d1e-5541-430e-a10f-04b27bb9844d req-9e6571d0-2a0c-4bc9-ae7c-caf041cfcc85 tempest-AttachVolumeShelveTestJSON-1147351077 tempest-AttachVolumeShelveTestJSON-1147351077-project] 10.222.0.20 "GET /networking/v2.0/ports?device_id=c30c986d-ad83-45a8-b4e6-96d056aaa6d5 HTTP/1.1" status: 200 len: 945 time: 0.1599503
Aug 03 09:31:23.019893 dv-cinder-844563-5-iscsi neutron-server[103953]: DEBUG neutron.plugins.ml2.rpc [None req-7723a188-f55e-4fa2-98e9-f07454c49e05 None None] Device a6eb1086-96d4-48f1-ba49-b2cdf68828f9 up at agent hyperv_hv-cinder-84456 {{(pid=103953) update_device_up /opt/stack/neutron/neutron/plugins/ml2/rpc.py:296}}
