Aug 03 09:30:18.148845 dv-cinder-844563-5-iscsi devstack@c-api.service[110821]: INFO cinder.api.openstack.wsgi [None req-8550b145-deb6-49e9-949b-2bee2fcebafd tempest-GroupsTest-587041222 tempest-GroupsTest-587041222-project-admin] http://10.222.0.20/volume/v3/f5fd4bb4954e40c299843fafa096a7b7/group_types returned with HTTP 202
Aug 03 09:30:18.152000 dv-cinder-844563-5-iscsi devstack@c-api.service[110821]: [pid: 110821|app: 0|req: 7/14] 10.222.0.20 () {62 vars in 1288 bytes} [Wed Aug 3 09:30:17 2022] POST /volume/v3/f5fd4bb4954e40c299843fafa096a7b7/group_types => generated 173 bytes in 154 msecs (HTTP/1.1 202) 7 headers in 292 bytes (1 switches on core 0)
Aug 03 09:30:18.152360 dv-cinder-844563-5-iscsi devstack@c-api.service[110820]: DEBUG cinder.db.sqlalchemy.api [req-c5ef485c-1010-4e3e-b06c-e3464d9eede7 req-b351d639-b411-4001-b0db-21057d550b5a tempest-VolumesSnapshotsTestJSON-978177445 tempest-VolumesSnapshotsTestJSON-978177445-project] Building query based on filter {{(pid=110820) _process_snaps_filters /opt/stack/cinder/cinder/db/sqlalchemy/api.py:3885}}
Aug 03 09:30:18.160740 dv-cinder-844563-5-iscsi devstack@c-api.service[110821]: DEBUG cinder.api.middleware.request_id [None req-dddb8516-6994-476b-aa9f-0909f6a8c678 None None] RequestId filter calling following filter/app {{(pid=110821) _context_setter /opt/stack/cinder/cinder/api/middleware/request_id.py:62}}
Aug 03 09:30:18.224138 dv-cinder-844563-5-iscsi devstack@c-api.service[110820]: INFO cinder.volume.api [req-c5ef485c-1010-4e3e-b06c-e3464d9eede7 req-b351d639-b411-4001-b0db-21057d550b5a tempest-VolumesSnapshotsTestJSON-978177445 tempest-VolumesSnapshotsTestJSON-978177445-project] Get all snapshots completed successfully.
Aug 03 09:30:18.228974 dv-cinder-844563-5-iscsi devstack@c-api.service[110820]: /usr/local/lib/python3.8/dist-packages/oslo_context/context.py:100: DeprecationWarning: Policy enforcement is depending on the value of is_admin. This key is deprecated. Please update your policy file to use the standard policy values.
Aug 03 09:30:18.228974 dv-cinder-844563-5-iscsi devstack@c-api.service[110820]: warnings.warn('Policy enforcement is depending on the value of '
Aug 03 09:30:18.234392 dv-cinder-844563-5-iscsi devstack@c-api.service[110820]: INFO cinder.api.openstack.wsgi [req-c5ef485c-1010-4e3e-b06c-e3464d9eede7 req-b351d639-b411-4001-b0db-21057d550b5a tempest-VolumesSnapshotsTestJSON-978177445 tempest-VolumesSnapshotsTestJSON-978177445-project] http://10.222.0.20/volume/v3/fa7447c8489845b2a3d674139146f2fb/snapshots/detail returned with HTTP 200
Aug 03 09:30:18.236864 dv-cinder-844563-5-iscsi devstack@c-api.service[110820]: [pid: 110820|app: 0|req: 8/15] 10.222.0.20 () {60 vars in 1494 bytes} [Wed Aug 3 09:30:18 2022] GET /volume/v3/fa7447c8489845b2a3d674139146f2fb/snapshots/detail => generated 446 bytes in 102 msecs (HTTP/1.1 200) 7 headers in 285 bytes (1 switches on core 0)
Aug 03 09:30:18.241049 dv-cinder-844563-5-iscsi devstack@c-api.service[110820]: DEBUG cinder.api.middleware.request_id [None req-e303dd8b-84de-42f5-b835-e1d3fdd6c62b None None] RequestId filter calling following filter/app {{(pid=110820) _context_setter /opt/stack/cinder/cinder/api/middleware/request_id.py:62}}
Aug 03 09:30:18.336477 dv-cinder-844563-5-iscsi devstack@c-api.service[110820]: INFO cinder.api.openstack.wsgi [None req-e303dd8b-84de-42f5-b835-e1d3fdd6c62b tempest-GroupSnapshotsV319Test-938096283 tempest-GroupSnapshotsV319Test-938096283-project-admin] POST http://10.222.0.20/volume/v3/37a0dbe1e4ee4af088c9649b3a130b4c/types
Aug 03 09:30:18.337364 dv-cinder-844563-5-iscsi devstack@c-api.service[110820]: DEBUG cinder.api.openstack.wsgi [None req-e303dd8b-84de-42f5-b835-e1d3fdd6c62b tempest-GroupSnapshotsV319Test-938096283 tempest-GroupSnapshotsV319Test-938096283-project-admin] Action: 'create', calling method: _create, body: {"volume_type": {"name": "tempest-GroupSnapshotsV319Test-volume-type-342829101"}} {{(pid=110820) _process_stack /opt/stack/cinder/cinder/api/openstack/wsgi.py:866}}
Aug 03 09:30:18.385131 dv-cinder-844563-5-iscsi devstack@c-api.service[110820]: INFO cinder.api.openstack.wsgi [None req-e303dd8b-84de-42f5-b835-e1d3fdd6c62b tempest-GroupSnapshotsV319Test-938096283 tempest-GroupSnapshotsV319Test-938096283-project-admin] http://10.222.0.20/volume/v3/37a0dbe1e4ee4af088c9649b3a130b4c/types returned with HTTP 200
Aug 03 09:30:18.395500 dv-cinder-844563-5-iscsi devstack@c-api.service[110820]: [pid: 110820|app: 0|req: 9/16] 10.222.0.20 () {60 vars in 1229 bytes} [Wed Aug 3 09:30:18 2022] POST /volume/v3/37a0dbe1e4ee4af088c9649b3a130b4c/types => generated 227 bytes in 149 msecs (HTTP/1.1 200) 7 headers in 285 bytes (1 switches on core 0)
Aug 03 09:30:18.395500 dv-cinder-844563-5-iscsi devstack@c-api.service[110820]: DEBUG cinder.api.middleware.request_id [req-51333bd9-7605-460d-88e2-b769c591b4bb req-18242352-3307-42ef-9df1-3d94c03945e2 None None] RequestId filter calling following filter/app {{(pid=110820) _context_setter /opt/stack/cinder/cinder/api/middleware/request_id.py:62}}
Aug 03 09:30:18.410095 dv-cinder-844563-5-iscsi devstack@c-api.service[110820]: INFO cinder.api.openstack.wsgi [req-51333bd9-7605-460d-88e2-b769c591b4bb req-18242352-3307-42ef-9df1-3d94c03945e2 tempest-VolumesSnapshotsTestJSON-978177445 tempest-VolumesSnapshotsTestJSON-978177445-project] GET http://10.222.0.20/volume/v3/fa7447c8489845b2a3d674139146f2fb/snapshots/53cef0cf-f00d-41aa-8a3c-4307e4bec88a
Aug 03 09:30:18.412567 dv-cinder-844563-5-iscsi devstack@c-api.service[110820]: DEBUG cinder.api.openstack.wsgi [req-51333bd9-7605-460d-88e2-b769c591b4bb req-18242352-3307-42ef-9df1-3d94c03945e2 tempest-VolumesSnapshotsTestJSON-978177445 tempest-VolumesSnapshotsTestJSON-978177445-project] Empty body provided in request {{(pid=110820) get_body /opt/stack/cinder/cinder/api/openstack/wsgi.py:715}}
Aug 03 09:30:18.415023 dv-cinder-844563-5-iscsi devstack@c-api.service[110820]: DEBUG cinder.api.openstack.wsgi [req-51333bd9-7605-460d-88e2-b769c591b4bb req-18242352-3307-42ef-9df1-3d94c03945e2 tempest-VolumesSnapshotsTestJSON-978177445 tempest-VolumesSnapshotsTestJSON-978177445-project] Calling method 'show' {{(pid=110820) _process_stack /opt/stack/cinder/cinder/api/openstack/wsgi.py:868}}
Aug 03 09:30:18.440669 dv-cinder-844563-5-iscsi devstack@c-api.service[110820]: /usr/local/lib/python3.8/dist-packages/oslo_context/context.py:100: DeprecationWarning: Policy enforcement is depending on the value of is_admin. This key is deprecated. Please update your policy file to use the standard policy values.
Aug 03 09:30:18.440669 dv-cinder-844563-5-iscsi devstack@c-api.service[110820]: warnings.warn('Policy enforcement is depending on the value of '
Aug 03 09:30:18.443592 dv-cinder-844563-5-iscsi devstack@c-api.service[110820]: INFO cinder.volume.api [req-51333bd9-7605-460d-88e2-b769c591b4bb req-18242352-3307-42ef-9df1-3d94c03945e2 tempest-VolumesSnapshotsTestJSON-978177445 tempest-VolumesSnapshotsTestJSON-978177445-project] Snapshot retrieved successfully.
Aug 03 09:30:18.454901 dv-cinder-844563-5-iscsi devstack@c-api.service[110820]: INFO cinder.api.openstack.wsgi [req-51333bd9-7605-460d-88e2-b769c591b4bb req-18242352-3307-42ef-9df1-3d94c03945e2 tempest-VolumesSnapshotsTestJSON-978177445 tempest-VolumesSnapshotsTestJSON-978177445-project] http://10.222.0.20/volume/v3/fa7447c8489845b2a3d674139146f2fb/snapshots/53cef0cf-f00d-41aa-8a3c-4307e4bec88a returned with HTTP 200
Aug 03 09:30:18.458931 dv-cinder-844563-5-iscsi devstack@c-api.service[110820]: [pid: 110820|app: 0|req: 10/17] 10.222.0.20 () {60 vars in 1584 bytes} [Wed Aug 3 09:30:18 2022] GET /volume/v3/fa7447c8489845b2a3d674139146f2fb/snapshots/53cef0cf-f00d-41aa-8a3c-4307e4bec88a => generated 443 bytes in 71 msecs (HTTP/1.1 200) 7 headers in 285 bytes (1 switches on core 0)
Aug 03 09:30:18.463868 dv-cinder-844563-5-iscsi devstack@c-api.service[110820]: DEBUG cinder.api.middleware.request_id [None req-5b99ec68-ad47-4ad3-a95b-13cdec64d158 None None] RequestId filter calling following filter/app {{(pid=110820) _context_setter /opt/stack/cinder/cinder/api/middleware/request_id.py:62}}
Aug 03 09:30:18.483264 dv-cinder-844563-5-iscsi devstack@c-api.service[110820]: INFO cinder.api.openstack.wsgi [None req-5b99ec68-ad47-4ad3-a95b-13cdec64d158 tempest-GroupSnapshotsV319Test-938096283 tempest-GroupSnapshotsV319Test-938096283-project-admin] POST http://10.222.0.20/volume/v3/37a0dbe1e4ee4af088c9649b3a130b4c/group_types
Aug 03 09:30:18.484123 dv-cinder-844563-5-iscsi devstack@c-api.service[110820]: DEBUG cinder.api.openstack.wsgi [None req-5b99ec68-ad47-4ad3-a95b-13cdec64d158 tempest-GroupSnapshotsV319Test-938096283 tempest-GroupSnapshotsV319Test-938096283-project-admin] Action: 'create', calling method: version_select, body: {"group_type": {"name": "tempest-GroupSnapshotsV319Test-group-type-1323634347"}} {{(pid=110820) _process_stack /opt/stack/cinder/cinder/api/openstack/wsgi.py:866}}
Aug 03 09:30:18.491356 dv-cinder-844563-5-iscsi devstack@c-api.service[110821]: INFO cinder.api.openstack.wsgi [None req-dddb8516-6994-476b-aa9f-0909f6a8c678 tempest-GroupsTest-701940216 tempest-GroupsTest-701940216-project] POST http://10.222.0.20/volume/v3/f0d57b0f999c4192b7064bb4a8eea8d9/groups
Aug 03 09:30:18.492942 dv-cinder-844563-5-iscsi devstack@c-api.service[110821]: DEBUG cinder.api.openstack.wsgi [None req-dddb8516-6994-476b-aa9f-0909f6a8c678 tempest-GroupsTest-701940216 tempest-GroupsTest-701940216-project] Action: 'create', calling method: version_select, body: {"group": {"group_type": "d430bdfc-163c-4ae6-8bd0-4f2abf3b87f2", "volume_types": ["95ab4435-66f8-44ca-8fb4-9c973ec1a833"], "name": "tempest-Group1-1448471417"}} {{(pid=110821) _process_stack /opt/stack/cinder/cinder/api/openstack/wsgi.py:866}}
Aug 03 09:30:18.497714 dv-cinder-844563-5-iscsi devstack@c-api.service[110821]: DEBUG cinder.api.v3.groups [None req-dddb8516-6994-476b-aa9f-0909f6a8c678 tempest-GroupsTest-701940216 tempest-GroupsTest-701940216-project] Creating new group {'group': {'group_type': 'd430bdfc-163c-4ae6-8bd0-4f2abf3b87f2', 'volume_types': ['95ab4435-66f8-44ca-8fb4-9c973ec1a833'], 'name': 'tempest-Group1-1448471417'}} {{(pid=110821) create /opt/stack/cinder/cinder/api/v3/groups.py:190}}
Aug 03 09:30:18.507016 dv-cinder-844563-5-iscsi devstack@c-api.service[110821]: INFO cinder.api.v3.groups [None req-dddb8516-6994-476b-aa9f-0909f6a8c678 tempest-GroupsTest-701940216 tempest-GroupsTest-701940216-project] Creating group tempest-Group1-1448471417.
Aug 03 09:30:18.574814 dv-cinder-844563-5-iscsi devstack@c-api.service[110821]: DEBUG cinder.volume.api [None req-dddb8516-6994-476b-aa9f-0909f6a8c678 tempest-GroupsTest-701940216 tempest-GroupsTest-701940216-project] Availability zone cache updated, next update will occur around 2022-08-03 10:30:18.573760. {{(pid=110821) list_availability_zones /opt/stack/cinder/cinder/volume/api.py:153}}
Aug 03 09:30:18.575495 dv-cinder-844563-5-iscsi devstack@c-api.service[110821]: INFO cinder.volume.api [None req-dddb8516-6994-476b-aa9f-0909f6a8c678 tempest-GroupsTest-701940216 tempest-GroupsTest-701940216-project] Availability Zones retrieved successfully.
Aug 03 09:30:18.606189 dv-cinder-844563-5-iscsi devstack@c-api.service[110820]: INFO cinder.api.openstack.wsgi [None req-5b99ec68-ad47-4ad3-a95b-13cdec64d158 tempest-GroupSnapshotsV319Test-938096283 tempest-GroupSnapshotsV319Test-938096283-project-admin] http://10.222.0.20/volume/v3/37a0dbe1e4ee4af088c9649b3a130b4c/group_types returned with HTTP 202
Aug 03 09:30:18.607143 dv-cinder-844563-5-iscsi devstack@c-api.service[110820]: [pid: 110820|app: 0|req: 11/18] 10.222.0.20 () {62 vars in 1288 bytes} [Wed Aug 3 09:30:18 2022] POST /volume/v3/37a0dbe1e4ee4af088c9649b3a130b4c/group_types => generated 185 bytes in 148 msecs (HTTP/1.1 202) 7 headers in 292 bytes (1 switches on core 0)
Aug 03 09:30:18.618967 dv-cinder-844563-5-iscsi devstack@c-api.service[110820]: DEBUG cinder.api.middleware.request_id [None req-9b2fb7c2-a6a0-42e4-a815-ea85b5467245 None None] RequestId filter calling following filter/app {{(pid=110820) _context_setter /opt/stack/cinder/cinder/api/middleware/request_id.py:62}}
Aug 03 09:30:18.657394 dv-cinder-844563-5-iscsi devstack@c-api.service[110821]: DEBUG cinder.quota [None req-dddb8516-6994-476b-aa9f-0909f6a8c678 tempest-GroupsTest-701940216 tempest-GroupsTest-701940216-project] Created reservations ['bc64d89c-f26f-4958-a7f8-78e9c4aea273'] {{(pid=110821) reserve /opt/stack/cinder/cinder/quota.py:755}}
Aug 03 09:30:18.829186 dv-cinder-844563-5-iscsi devstack@c-api.service[110820]: INFO cinder.api.openstack.wsgi [None req-9b2fb7c2-a6a0-42e4-a815-ea85b5467245 tempest-GroupSnapshotsV319Test-2123280143 tempest-GroupSnapshotsV319Test-2123280143-project] POST http://10.222.0.20/volume/v3/88aef3783ec54ece9d3dc18654ad1b54/groups
Aug 03 09:30:18.830765 dv-cinder-844563-5-iscsi devstack@c-api.service[110820]: DEBUG cinder.api.openstack.wsgi [None req-9b2fb7c2-a6a0-42e4-a815-ea85b5467245 tempest-GroupSnapshotsV319Test-2123280143 tempest-GroupSnapshotsV319Test-2123280143-project] Action: 'create', calling method: version_select, body: {"group": {"group_type": "a516907b-8150-40f1-84bd-faf43fd658ae", "volume_types": ["e5fbad0d-5526-4ce7-98c2-93d92e9cbed6"], "name": "tempest-GroupSnapshotsV319Test-Group-116354346"}} {{(pid=110820) _process_stack /opt/stack/cinder/cinder/api/openstack/wsgi.py:866}}
Aug 03 09:30:18.834300 dv-cinder-844563-5-iscsi devstack@c-api.service[110820]: DEBUG cinder.api.v3.groups [None req-9b2fb7c2-a6a0-42e4-a815-ea85b5467245 tempest-GroupSnapshotsV319Test-2123280143 tempest-GroupSnapshotsV319Test-2123280143-project] Creating new group {'group': {'group_type': 'a516907b-8150-40f1-84bd-faf43fd658ae', 'volume_types': ['e5fbad0d-5526-4ce7-98c2-93d92e9cbed6'], 'name': 'tempest-GroupSnapshotsV319Test-Group-116354346'}} {{(pid=110820) create /opt/stack/cinder/cinder/api/v3/groups.py:190}}
Aug 03 09:30:18.851467 dv-cinder-844563-5-iscsi devstack@c-api.service[110820]: INFO cinder.api.v3.groups [None req-9b2fb7c2-a6a0-42e4-a815-ea85b5467245 tempest-GroupSnapshotsV319Test-2123280143 tempest-GroupSnapshotsV319Test-2123280143-project] Creating group tempest-GroupSnapshotsV319Test-Group-116354346.
Aug 03 09:30:18.907589 dv-cinder-844563-5-iscsi devstack@c-api.service[110820]: DEBUG cinder.volume.api [None req-9b2fb7c2-a6a0-42e4-a815-ea85b5467245 tempest-GroupSnapshotsV319Test-2123280143 tempest-GroupSnapshotsV319Test-2123280143-project] Availability zone cache updated, next update will occur around 2022-08-03 10:30:18.907012. {{(pid=110820) list_availability_zones /opt/stack/cinder/cinder/volume/api.py:153}}
Aug 03 09:30:18.907940 dv-cinder-844563-5-iscsi devstack@c-api.service[110820]: INFO cinder.volume.api [None req-9b2fb7c2-a6a0-42e4-a815-ea85b5467245 tempest-GroupSnapshotsV319Test-2123280143 tempest-GroupSnapshotsV319Test-2123280143-project] Availability Zones retrieved successfully.
Aug 03 09:30:18.916868 dv-cinder-844563-5-iscsi devstack@c-api.service[110821]: INFO cinder.api.openstack.wsgi [None req-dddb8516-6994-476b-aa9f-0909f6a8c678 tempest-GroupsTest-701940216 tempest-GroupsTest-701940216-project] http://10.222.0.20/volume/v3/f0d57b0f999c4192b7064bb4a8eea8d9/groups returned with HTTP 202
Aug 03 09:30:18.920853 dv-cinder-844563-5-iscsi devstack@c-api.service[110821]: [pid: 110821|app: 0|req: 8/19] 10.222.0.20 () {62 vars in 1274 bytes} [Wed Aug 3 09:30:18 2022] POST /volume/v3/f0d57b0f999c4192b7064bb4a8eea8d9/groups => generated 94 bytes in 759 msecs (HTTP/1.1 202) 7 headers in 291 bytes (1 switches on core 0)
Aug 03 09:30:18.927001 dv-cinder-844563-5-iscsi devstack@c-api.service[110821]: DEBUG cinder.api.middleware.request_id [None req-9209f710-701d-4873-8ab7-57a818a4b1f0 None None] RequestId filter calling following filter/app {{(pid=110821) _context_setter /opt/stack/cinder/cinder/api/middleware/request_id.py:62}}
Aug 03 09:30:18.931852 dv-cinder-844563-5-iscsi devstack@c-api.service[110821]: INFO cinder.api.openstack.wsgi [None req-9209f710-701d-4873-8ab7-57a818a4b1f0 tempest-GroupsTest-701940216 tempest-GroupsTest-701940216-project] GET http://10.222.0.20/volume/v3/f0d57b0f999c4192b7064bb4a8eea8d9/groups/c9bf96f2-f2c5-4d64-bcfd-655f4ade44a6
Aug 03 09:30:18.932453 dv-cinder-844563-5-iscsi devstack@c-api.service[110821]: DEBUG cinder.api.openstack.wsgi [None req-9209f710-701d-4873-8ab7-57a818a4b1f0 tempest-GroupsTest-701940216 tempest-GroupsTest-701940216-project] Empty body provided in request {{(pid=110821) get_body /opt/stack/cinder/cinder/api/openstack/wsgi.py:715}}
Aug 03 09:30:18.933075 dv-cinder-844563-5-iscsi devstack@c-api.service[110821]: DEBUG cinder.api.openstack.wsgi [None req-9209f710-701d-4873-8ab7-57a818a4b1f0 tempest-GroupsTest-701940216 tempest-GroupsTest-701940216-project] Calling method 'version_select' {{(pid=110821) _process_stack /opt/stack/cinder/cinder/api/openstack/wsgi.py:868}}
Aug 03 09:30:18.933600 dv-cinder-844563-5-iscsi devstack@c-api.service[110821]: DEBUG cinder.api.v3.groups [None req-9209f710-701d-4873-8ab7-57a818a4b1f0 tempest-GroupsTest-701940216 tempest-GroupsTest-701940216-project] show called for member c9bf96f2-f2c5-4d64-bcfd-655f4ade44a6 {{(pid=110821) show /opt/stack/cinder/cinder/api/v3/groups.py:58}}
Aug 03 09:30:18.947117 dv-cinder-844563-5-iscsi devstack@c-api.service[110821]: /usr/local/lib/python3.8/dist-packages/oslo_context/context.py:100: DeprecationWarning: Policy enforcement is depending on the value of is_admin. This key is deprecated. Please update your policy file to use the standard policy values.
Aug 03 09:30:18.947117 dv-cinder-844563-5-iscsi devstack@c-api.service[110821]: warnings.warn('Policy enforcement is depending on the value of '
Aug 03 09:30:18.960963 dv-cinder-844563-5-iscsi devstack@c-api.service[110820]: DEBUG cinder.quota [None req-9b2fb7c2-a6a0-42e4-a815-ea85b5467245 tempest-GroupSnapshotsV319Test-2123280143 tempest-GroupSnapshotsV319Test-2123280143-project] Created reservations ['8bbf0f67-4f53-4f61-a0bb-f9e5c7b1d9a0'] {{(pid=110820) reserve /opt/stack/cinder/cinder/quota.py:755}}
Aug 03 09:30:19.003014 dv-cinder-844563-5-iscsi devstack@c-api.service[110821]: INFO cinder.api.openstack.wsgi [None req-9209f710-701d-4873-8ab7-57a818a4b1f0 tempest-GroupsTest-701940216 tempest-GroupsTest-701940216-project] http://10.222.0.20/volume/v3/f0d57b0f999c4192b7064bb4a8eea8d9/groups/c9bf96f2-f2c5-4d64-bcfd-655f4ade44a6 returned with HTTP 200
Aug 03 09:30:19.004604 dv-cinder-844563-5-iscsi devstack@c-api.service[110821]: [pid: 110821|app: 0|req: 9/20] 10.222.0.20 () {60 vars in 1363 bytes} [Wed Aug 3 09:30:18 2022] GET /volume/v3/f0d57b0f999c4192b7064bb4a8eea8d9/groups/c9bf96f2-f2c5-4d64-bcfd-655f4ade44a6 => generated 322 bytes in 79 msecs (HTTP/1.1 200) 7 headers in 286 bytes (2 switches on core 0)
Aug 03 09:30:19.054091 dv-cinder-844563-5-iscsi devstack@c-api.service[110820]: INFO cinder.api.openstack.wsgi [None req-9b2fb7c2-a6a0-42e4-a815-ea85b5467245 tempest-GroupSnapshotsV319Test-2123280143 tempest-GroupSnapshotsV319Test-2123280143-project] http://10.222.0.20/volume/v3/88aef3783ec54ece9d3dc18654ad1b54/groups returned with HTTP 202
Aug 03 09:30:19.059611 dv-cinder-844563-5-iscsi devstack@c-api.service[110821]: DEBUG cinder.api.middleware.request_id [None req-2343024e-7527-4645-b163-6a54cffc0426 None None] RequestId filter calling following filter/app {{(pid=110821) _context_setter /opt/stack/cinder/cinder/api/middleware/request_id.py:62}}
Aug 03 09:30:19.061078 dv-cinder-844563-5-iscsi devstack@c-api.service[110820]: [pid: 110820|app: 0|req: 12/21] 10.222.0.20 () {62 vars in 1274 bytes} [Wed Aug 3 09:30:18 2022] POST /volume/v3/88aef3783ec54ece9d3dc18654ad1b54/groups => generated 115 bytes in 445 msecs (HTTP/1.1 202) 7 headers in 292 bytes (1 switches on core 0)
Aug 03 09:30:19.066221 dv-cinder-844563-5-iscsi devstack@c-api.service[110821]: INFO cinder.api.openstack.wsgi [None req-2343024e-7527-4645-b163-6a54cffc0426 tempest-GroupSnapshotsV319Test-2123280143 tempest-GroupSnapshotsV319Test-2123280143-project] GET http://10.222.0.20/volume/v3/88aef3783ec54ece9d3dc18654ad1b54/groups/0258bb52-8715-4736-ad1d-b44d5b3104ef
Aug 03 09:30:19.066954 dv-cinder-844563-5-iscsi devstack@c-api.service[110821]: DEBUG cinder.api.openstack.wsgi [None req-2343024e-7527-4645-b163-6a54cffc0426 tempest-GroupSnapshotsV319Test-2123280143 tempest-GroupSnapshotsV319Test-2123280143-project] Empty body provided in request {{(pid=110821) get_body /opt/stack/cinder/cinder/api/openstack/wsgi.py:715}}
Aug 03 09:30:19.068568 dv-cinder-844563-5-iscsi devstack@c-api.service[110821]: DEBUG cinder.api.openstack.wsgi [None req-2343024e-7527-4645-b163-6a54cffc0426 tempest-GroupSnapshotsV319Test-2123280143 tempest-GroupSnapshotsV319Test-2123280143-project] Calling method 'version_select' {{(pid=110821) _process_stack /opt/stack/cinder/cinder/api/openstack/wsgi.py:868}}
Aug 03 09:30:19.068568 dv-cinder-844563-5-iscsi devstack@c-api.service[110821]: DEBUG cinder.api.v3.groups [None req-2343024e-7527-4645-b163-6a54cffc0426 tempest-GroupSnapshotsV319Test-2123280143 tempest-GroupSnapshotsV319Test-2123280143-project] show called for member 0258bb52-8715-4736-ad1d-b44d5b3104ef {{(pid=110821) show /opt/stack/cinder/cinder/api/v3/groups.py:58}}
Aug 03 09:30:19.098653 dv-cinder-844563-5-iscsi devstack@c-api.service[110821]: /usr/local/lib/python3.8/dist-packages/oslo_context/context.py:100: DeprecationWarning: Policy enforcement is depending on the value of is_admin. This key is deprecated. Please update your policy file to use the standard policy values.
Aug 03 09:30:19.098653 dv-cinder-844563-5-iscsi devstack@c-api.service[110821]: warnings.warn('Policy enforcement is depending on the value of '
Aug 03 09:30:19.134003 dv-cinder-844563-5-iscsi devstack@c-api.service[110821]: INFO cinder.api.openstack.wsgi [None req-2343024e-7527-4645-b163-6a54cffc0426 tempest-GroupSnapshotsV319Test-2123280143 tempest-GroupSnapshotsV319Test-2123280143-project] http://10.222.0.20/volume/v3/88aef3783ec54ece9d3dc18654ad1b54/groups/0258bb52-8715-4736-ad1d-b44d5b3104ef returned with HTTP 200
Aug 03 09:30:19.143311 dv-cinder-844563-5-iscsi devstack@c-api.service[110821]: [pid: 110821|app: 0|req: 10/22] 10.222.0.20 () {60 vars in 1363 bytes} [Wed Aug 3 09:30:19 2022] GET /volume/v3/88aef3783ec54ece9d3dc18654ad1b54/groups/0258bb52-8715-4736-ad1d-b44d5b3104ef => generated 395 bytes in 85 msecs (HTTP/1.1 200) 7 headers in 286 bytes (2 switches on core 0)
Aug 03 09:30:19.484416 dv-cinder-844563-5-iscsi devstack@c-api.service[110820]: DEBUG cinder.api.middleware.request_id [req-e827af41-5d21-4f6e-b936-bc25c3cbdf96 req-f287ac96-2de0-416f-a481-6abd00c194f2 None None] RequestId filter calling following filter/app {{(pid=110820) _context_setter /opt/stack/cinder/cinder/api/middleware/request_id.py:62}}
Aug 03 09:30:19.490511 dv-cinder-844563-5-iscsi devstack@c-api.service[110820]: INFO cinder.api.openstack.wsgi [req-e827af41-5d21-4f6e-b936-bc25c3cbdf96 req-f287ac96-2de0-416f-a481-6abd00c194f2 tempest-VolumesSnapshotsTestJSON-978177445 tempest-VolumesSnapshotsTestJSON-978177445-project] GET http://10.222.0.20/volume/v3/fa7447c8489845b2a3d674139146f2fb/snapshots/53cef0cf-f00d-41aa-8a3c-4307e4bec88a
Aug 03 09:30:19.490511 dv-cinder-844563-5-iscsi devstack@c-api.service[110820]: DEBUG cinder.api.openstack.wsgi [req-e827af41-5d21-4f6e-b936-bc25c3cbdf96 req-f287ac96-2de0-416f-a481-6abd00c194f2 tempest-VolumesSnapshotsTestJSON-978177445 tempest-VolumesSnapshotsTestJSON-978177445-project] Empty body provided in request {{(pid=110820) get_body /opt/stack/cinder/cinder/api/openstack/wsgi.py:715}}
Aug 03 09:30:19.491054 dv-cinder-844563-5-iscsi devstack@c-api.service[110820]: DEBUG cinder.api.openstack.wsgi [req-e827af41-5d21-4f6e-b936-bc25c3cbdf96 req-f287ac96-2de0-416f-a481-6abd00c194f2 tempest-VolumesSnapshotsTestJSON-978177445 tempest-VolumesSnapshotsTestJSON-978177445-project] Calling method 'show' {{(pid=110820) _process_stack /opt/stack/cinder/cinder/api/openstack/wsgi.py:868}}
Aug 03 09:30:19.504031 dv-cinder-844563-5-iscsi devstack@c-api.service[110820]: /usr/local/lib/python3.8/dist-packages/oslo_context/context.py:100: DeprecationWarning: Policy enforcement is depending on the value of is_admin. This key is deprecated. Please update your policy file to use the standard policy values.
Aug 03 09:30:19.504031 dv-cinder-844563-5-iscsi devstack@c-api.service[110820]: warnings.warn('Policy enforcement is depending on the value of '
Aug 03 09:30:19.504740 dv-cinder-844563-5-iscsi devstack@c-api.service[110820]: INFO cinder.volume.api [req-e827af41-5d21-4f6e-b936-bc25c3cbdf96 req-f287ac96-2de0-416f-a481-6abd00c194f2 tempest-VolumesSnapshotsTestJSON-978177445 tempest-VolumesSnapshotsTestJSON-978177445-project] Snapshot retrieved successfully.
Aug 03 09:30:19.507299 dv-cinder-844563-5-iscsi devstack@c-api.service[110820]: INFO cinder.api.openstack.wsgi [req-e827af41-5d21-4f6e-b936-bc25c3cbdf96 req-f287ac96-2de0-416f-a481-6abd00c194f2 tempest-VolumesSnapshotsTestJSON-978177445 tempest-VolumesSnapshotsTestJSON-978177445-project] http://10.222.0.20/volume/v3/fa7447c8489845b2a3d674139146f2fb/snapshots/53cef0cf-f00d-41aa-8a3c-4307e4bec88a returned with HTTP 200
Aug 03 09:30:19.508724 dv-cinder-844563-5-iscsi devstack@c-api.service[110820]: [pid: 110820|app: 0|req: 13/23] 10.222.0.20 () {60 vars in 1584 bytes} [Wed Aug 3 09:30:19 2022] GET /volume/v3/fa7447c8489845b2a3d674139146f2fb/snapshots/53cef0cf-f00d-41aa-8a3c-4307e4bec88a => generated 443 bytes in 25 msecs (HTTP/1.1 200) 7 headers in 285 bytes (1 switches on core 0)
Aug 03 09:30:20.015521 dv-cinder-844563-5-iscsi devstack@c-api.service[110821]: DEBUG cinder.api.middleware.request_id [None req-7be40a14-5e47-4efc-826f-65863cd7dcb5 None None] RequestId filter calling following filter/app {{(pid=110821) _context_setter /opt/stack/cinder/cinder/api/middleware/request_id.py:62}}
Aug 03 09:30:20.027918 dv-cinder-844563-5-iscsi devstack@c-api.service[110821]: INFO cinder.api.openstack.wsgi [None req-7be40a14-5e47-4efc-826f-65863cd7dcb5 tempest-GroupsTest-701940216 tempest-GroupsTest-701940216-project] GET http://10.222.0.20/volume/v3/f0d57b0f999c4192b7064bb4a8eea8d9/groups/c9bf96f2-f2c5-4d64-bcfd-655f4ade44a6
Aug 03 09:30:20.028640 dv-cinder-844563-5-iscsi devstack@c-api.service[110821]: DEBUG cinder.api.openstack.wsgi [None req-7be40a14-5e47-4efc-826f-65863cd7dcb5 tempest-GroupsTest-701940216 tempest-GroupsTest-701940216-project] Empty body provided in request {{(pid=110821) get_body /opt/stack/cinder/cinder/api/openstack/wsgi.py:715}}
Aug 03 09:30:20.033727 dv-cinder-844563-5-iscsi devstack@c-api.service[110821]: DEBUG cinder.api.openstack.wsgi [None req-7be40a14-5e47-4efc-826f-65863cd7dcb5 tempest-GroupsTest-701940216 tempest-GroupsTest-701940216-project] Calling method 'version_select' {{(pid=110821) _process_stack /opt/stack/cinder/cinder/api/openstack/wsgi.py:868}}
Aug 03 09:30:20.034265 dv-cinder-844563-5-iscsi devstack@c-api.service[110821]: DEBUG cinder.api.v3.groups [None req-7be40a14-5e47-4efc-826f-65863cd7dcb5 tempest-GroupsTest-701940216 tempest-GroupsTest-701940216-project] show called for member c9bf96f2-f2c5-4d64-bcfd-655f4ade44a6 {{(pid=110821) show /opt/stack/cinder/cinder/api/v3/groups.py:58}}
Aug 03 09:30:20.045507 dv-cinder-844563-5-iscsi devstack@c-api.service[110821]: /usr/local/lib/python3.8/dist-packages/oslo_context/context.py:100: DeprecationWarning: Policy enforcement is depending on the value of is_admin. This key is deprecated. Please update your policy file to use the standard policy values.
Aug 03 09:30:20.045507 dv-cinder-844563-5-iscsi devstack@c-api.service[110821]: warnings.warn('Policy enforcement is depending on the value of '
Aug 03 09:30:20.086683 dv-cinder-844563-5-iscsi devstack@c-api.service[110821]: INFO cinder.api.openstack.wsgi [None req-7be40a14-5e47-4efc-826f-65863cd7dcb5 tempest-GroupsTest-701940216 tempest-GroupsTest-701940216-project] http://10.222.0.20/volume/v3/f0d57b0f999c4192b7064bb4a8eea8d9/groups/c9bf96f2-f2c5-4d64-bcfd-655f4ade44a6 returned with HTTP 200
Aug 03 09:30:20.087791 dv-cinder-844563-5-iscsi devstack@c-api.service[110821]: [pid: 110821|app: 0|req: 11/24] 10.222.0.20 () {60 vars in 1363 bytes} [Wed Aug 3 09:30:20 2022] GET /volume/v3/f0d57b0f999c4192b7064bb4a8eea8d9/groups/c9bf96f2-f2c5-4d64-bcfd-655f4ade44a6 => generated 323 bytes in 73 msecs (HTTP/1.1 200) 7 headers in 286 bytes (1 switches on core 0)
Aug 03 09:30:20.096386 dv-cinder-844563-5-iscsi devstack@c-api.service[110820]: DEBUG cinder.api.middleware.request_id [None req-bd0a4552-f726-4005-b949-249fdd8ae52e None None] RequestId filter calling following filter/app {{(pid=110820) _context_setter /opt/stack/cinder/cinder/api/middleware/request_id.py:62}}
Aug 03 09:30:20.100771 dv-cinder-844563-5-iscsi devstack@c-api.service[110820]: INFO cinder.api.openstack.wsgi [None req-bd0a4552-f726-4005-b949-249fdd8ae52e tempest-GroupsTest-701940216 tempest-GroupsTest-701940216-project] POST http://10.222.0.20/volume/v3/f0d57b0f999c4192b7064bb4a8eea8d9/groups
Aug 03 09:30:20.101882 dv-cinder-844563-5-iscsi devstack@c-api.service[110820]: DEBUG cinder.api.openstack.wsgi [None req-bd0a4552-f726-4005-b949-249fdd8ae52e tempest-GroupsTest-701940216 tempest-GroupsTest-701940216-project] Action: 'create', calling method: version_select, body: {"group": {"group_type": "d430bdfc-163c-4ae6-8bd0-4f2abf3b87f2", "volume_types": ["95ab4435-66f8-44ca-8fb4-9c973ec1a833"], "name": "tempest-Group2-422829691"}} {{(pid=110820) _process_stack /opt/stack/cinder/cinder/api/openstack/wsgi.py:866}}
Aug 03 09:30:20.104406 dv-cinder-844563-5-iscsi devstack@c-api.service[110820]: DEBUG cinder.api.v3.groups [None req-bd0a4552-f726-4005-b949-249fdd8ae52e tempest-GroupsTest-701940216 tempest-GroupsTest-701940216-project] Creating new group {'group': {'group_type': 'd430bdfc-163c-4ae6-8bd0-4f2abf3b87f2', 'volume_types': ['95ab4435-66f8-44ca-8fb4-9c973ec1a833'], 'name': 'tempest-Group2-422829691'}} {{(pid=110820) create /opt/stack/cinder/cinder/api/v3/groups.py:190}}
Aug 03 09:30:20.111051 dv-cinder-844563-5-iscsi devstack@c-api.service[110820]: INFO cinder.api.v3.groups [None req-bd0a4552-f726-4005-b949-249fdd8ae52e tempest-GroupsTest-701940216 tempest-GroupsTest-701940216-project] Creating group tempest-Group2-422829691.
Aug 03 09:30:20.124971 dv-cinder-844563-5-iscsi devstack@c-api.service[110820]: INFO cinder.volume.api [None req-bd0a4552-f726-4005-b949-249fdd8ae52e tempest-GroupsTest-701940216 tempest-GroupsTest-701940216-project] Availability Zones retrieved successfully.
Aug 03 09:30:20.146821 dv-cinder-844563-5-iscsi devstack@c-api.service[110821]: DEBUG cinder.api.middleware.request_id [None req-d4b14f68-9739-4707-8108-95092a8444ee None None] RequestId filter calling following filter/app {{(pid=110821) _context_setter /opt/stack/cinder/cinder/api/middleware/request_id.py:62}}
Aug 03 09:30:20.151637 dv-cinder-844563-5-iscsi devstack@c-api.service[110821]: INFO cinder.api.openstack.wsgi [None req-d4b14f68-9739-4707-8108-95092a8444ee tempest-GroupSnapshotsV319Test-2123280143 tempest-GroupSnapshotsV319Test-2123280143-project] GET http://10.222.0.20/volume/v3/88aef3783ec54ece9d3dc18654ad1b54/groups/0258bb52-8715-4736-ad1d-b44d5b3104ef
Aug 03 09:30:20.152287 dv-cinder-844563-5-iscsi devstack@c-api.service[110821]: DEBUG cinder.api.openstack.wsgi [None req-d4b14f68-9739-4707-8108-95092a8444ee tempest-GroupSnapshotsV319Test-2123280143 tempest-GroupSnapshotsV319Test-2123280143-project] Empty body provided in request {{(pid=110821) get_body /opt/stack/cinder/cinder/api/openstack/wsgi.py:715}}
Aug 03 09:30:20.152858 dv-cinder-844563-5-iscsi devstack@c-api.service[110821]: DEBUG cinder.api.openstack.wsgi [None req-d4b14f68-9739-4707-8108-95092a8444ee tempest-GroupSnapshotsV319Test-2123280143 tempest-GroupSnapshotsV319Test-2123280143-project] Calling method 'version_select' {{(pid=110821) _process_stack /opt/stack/cinder/cinder/api/openstack/wsgi.py:868}}
Aug 03 09:30:20.153263 dv-cinder-844563-5-iscsi devstack@c-api.service[110821]: DEBUG cinder.api.v3.groups [None req-d4b14f68-9739-4707-8108-95092a8444ee tempest-GroupSnapshotsV319Test-2123280143 tempest-GroupSnapshotsV319Test-2123280143-project] show called for member 0258bb52-8715-4736-ad1d-b44d5b3104ef {{(pid=110821) show /opt/stack/cinder/cinder/api/v3/groups.py:58}}
Aug 03 09:30:20.154561 dv-cinder-844563-5-iscsi devstack@c-api.service[110820]: DEBUG cinder.quota [None req-bd0a4552-f726-4005-b949-249fdd8ae52e tempest-GroupsTest-701940216 tempest-GroupsTest-701940216-project] Created reservations ['6a70c104-927c-43a9-8869-29c6ab9ee88d'] {{(pid=110820) reserve /opt/stack/cinder/cinder/quota.py:755}}
Aug 03 09:30:20.166295 dv-cinder-844563-5-iscsi devstack@c-api.service[110821]: /usr/local/lib/python3.8/dist-packages/oslo_context/context.py:100: DeprecationWarning: Policy enforcement is depending on the value of is_admin. This key is deprecated. Please update your policy file to use the standard policy values.
Aug 03 09:30:20.166295 dv-cinder-844563-5-iscsi devstack@c-api.service[110821]: warnings.warn('Policy enforcement is depending on the value of '
Aug 03 09:30:20.188107 dv-cinder-844563-5-iscsi devstack@c-api.service[110821]: INFO cinder.api.openstack.wsgi [None req-d4b14f68-9739-4707-8108-95092a8444ee tempest-GroupSnapshotsV319Test-2123280143 tempest-GroupSnapshotsV319Test-2123280143-project] http://10.222.0.20/volume/v3/88aef3783ec54ece9d3dc18654ad1b54/groups/0258bb52-8715-4736-ad1d-b44d5b3104ef returned with HTTP 200
Aug 03 09:30:20.189533 dv-cinder-844563-5-iscsi devstack@c-api.service[110821]: [pid: 110821|app: 0|req: 12/25] 10.222.0.20 () {60 vars in 1363 bytes} [Wed Aug 3 09:30:20 2022] GET /volume/v3/88aef3783ec54ece9d3dc18654ad1b54/groups/0258bb52-8715-4736-ad1d-b44d5b3104ef => generated 396 bytes in 44 msecs (HTTP/1.1 200) 7 headers in 286 bytes (1 switches on core 0)
Aug 03 09:30:20.199630 dv-cinder-844563-5-iscsi devstack@c-api.service[110821]: DEBUG cinder.api.middleware.request_id [None req-42b5e188-11c2-470b-a6bc-3a75f8e84299 None None] RequestId filter calling following filter/app {{(pid=110821) _context_setter /opt/stack/cinder/cinder/api/middleware/request_id.py:62}}
Aug 03 09:30:20.203235 dv-cinder-844563-5-iscsi devstack@c-api.service[110821]: INFO cinder.api.openstack.wsgi [None req-42b5e188-11c2-470b-a6bc-3a75f8e84299 tempest-GroupSnapshotsV319Test-2123280143 tempest-GroupSnapshotsV319Test-2123280143-project] POST http://10.222.0.20/volume/v3/88aef3783ec54ece9d3dc18654ad1b54/volumes
Aug 03 09:30:20.204524 dv-cinder-844563-5-iscsi devstack@c-api.service[110821]: DEBUG cinder.api.openstack.wsgi [None req-42b5e188-11c2-470b-a6bc-3a75f8e84299 tempest-GroupSnapshotsV319Test-2123280143 tempest-GroupSnapshotsV319Test-2123280143-project] Action: 'create', calling method: create, body: {"volume": {"volume_type": "e5fbad0d-5526-4ce7-98c2-93d92e9cbed6", "group_id": "0258bb52-8715-4736-ad1d-b44d5b3104ef", "size": 1, "name": "tempest-GroupSnapshotsV319Test-Volume-272239685"}} {{(pid=110821) _process_stack /opt/stack/cinder/cinder/api/openstack/wsgi.py:866}}
Aug 03 09:30:20.207100 dv-cinder-844563-5-iscsi devstack@c-api.service[110821]: DEBUG cinder.api.v3.volumes [None req-42b5e188-11c2-470b-a6bc-3a75f8e84299 tempest-GroupSnapshotsV319Test-2123280143 tempest-GroupSnapshotsV319Test-2123280143-project] Create volume request body: {'volume': {'volume_type': 'e5fbad0d-5526-4ce7-98c2-93d92e9cbed6', 'group_id': '0258bb52-8715-4736-ad1d-b44d5b3104ef', 'size': 1, 'name': 'tempest-GroupSnapshotsV319Test-Volume-272239685'}} {{(pid=110821) create /opt/stack/cinder/cinder/api/v3/volumes.py:298}}
Aug 03 09:30:20.230999 dv-cinder-844563-5-iscsi devstack@c-api.service[110820]: DEBUG dbcounter [-] [110820] Writing DB stats cinder:UPDATE=17,cinder:INSERT=12,cinder:SELECT=71 {{(pid=110820) stat_writer /usr/local/lib/python3.8/dist-packages/dbcounter.py:114}}
Aug 03 09:30:20.249572 dv-cinder-844563-5-iscsi devstack@c-api.service[110821]: /usr/local/lib/python3.8/dist-packages/oslo_context/context.py:100: DeprecationWarning: Policy enforcement is depending on the value of is_admin. This key is deprecated. Please update your policy file to use the standard policy values.
Aug 03 09:30:20.249572 dv-cinder-844563-5-iscsi devstack@c-api.service[110821]: warnings.warn('Policy enforcement is depending on the value of '
Aug 03 09:30:20.254967 dv-cinder-844563-5-iscsi devstack@c-api.service[110821]: INFO cinder.api.v3.volumes [None req-42b5e188-11c2-470b-a6bc-3a75f8e84299 tempest-GroupSnapshotsV319Test-2123280143 tempest-GroupSnapshotsV319Test-2123280143-project] Create volume of 1 GB
Aug 03 09:30:20.301557 dv-cinder-844563-5-iscsi devstack@c-api.service[110821]: DEBUG cinder.volume.api [None req-42b5e188-11c2-470b-a6bc-3a75f8e84299 tempest-GroupSnapshotsV319Test-2123280143 tempest-GroupSnapshotsV319Test-2123280143-project] Availability zone cache updated, next update will occur around 2022-08-03 10:30:20.300909. {{(pid=110821) list_availability_zones /opt/stack/cinder/cinder/volume/api.py:153}}
Aug 03 09:30:20.302481 dv-cinder-844563-5-iscsi devstack@c-api.service[110821]: INFO cinder.volume.api [None req-42b5e188-11c2-470b-a6bc-3a75f8e84299 tempest-GroupSnapshotsV319Test-2123280143 tempest-GroupSnapshotsV319Test-2123280143-project] Availability Zones retrieved successfully.
Aug 03 09:30:20.381687 dv-cinder-844563-5-iscsi devstack@c-api.service[110821]: DEBUG cinder.volume.api [None req-42b5e188-11c2-470b-a6bc-3a75f8e84299 tempest-GroupSnapshotsV319Test-2123280143 tempest-GroupSnapshotsV319Test-2123280143-project] Flow 'volume_create_api' (29db6be8-c28e-404b-8221-6e2b6c9b9738) transitioned into state 'RUNNING' from state 'PENDING' {{(pid=110821) _flow_receiver /usr/local/lib/python3.8/dist-packages/taskflow/listeners/logging.py:141}}
Aug 03 09:30:20.384953 dv-cinder-844563-5-iscsi devstack@c-api.service[110821]: DEBUG cinder.volume.api [None req-42b5e188-11c2-470b-a6bc-3a75f8e84299 tempest-GroupSnapshotsV319Test-2123280143 tempest-GroupSnapshotsV319Test-2123280143-project] Task 'cinder.volume.flows.api.create_volume.ExtractVolumeRequestTask;volume:create' (9e76e78c-fa6c-4313-909d-e16ddcdeb832) transitioned into state 'RUNNING' from state 'PENDING' {{(pid=110821) _task_receiver /usr/local/lib/python3.8/dist-packages/taskflow/listeners/logging.py:190}}
Aug 03 09:30:20.386964 dv-cinder-844563-5-iscsi devstack@c-api.service[110821]: /usr/local/lib/python3.8/dist-packages/oslo_context/context.py:100: DeprecationWarning: Policy enforcement is depending on the value of is_admin. This key is deprecated. Please update your policy file to use the standard policy values.
Aug 03 09:30:20.386964 dv-cinder-844563-5-iscsi devstack@c-api.service[110821]: warnings.warn('Policy enforcement is depending on the value of '
Aug 03 09:30:20.389233 dv-cinder-844563-5-iscsi devstack@c-api.service[110821]: DEBUG cinder.volume.flows.api.create_volume [None req-42b5e188-11c2-470b-a6bc-3a75f8e84299 tempest-GroupSnapshotsV319Test-2123280143 tempest-GroupSnapshotsV319Test-2123280143-project] Validating volume size '1' using validate_int {{(pid=110821) _extract_size /opt/stack/cinder/cinder/volume/flows/api/create_volume.py:228}}
Aug 03 09:30:20.466183 dv-cinder-844563-5-iscsi devstack@c-api.service[110821]: DEBUG cinder.volume.api [None req-42b5e188-11c2-470b-a6bc-3a75f8e84299 tempest-GroupSnapshotsV319Test-2123280143 tempest-GroupSnapshotsV319Test-2123280143-project] Task 'cinder.volume.flows.api.create_volume.ExtractVolumeRequestTask;volume:create' (9e76e78c-fa6c-4313-909d-e16ddcdeb832) transitioned into state 'SUCCESS' from state 'RUNNING' with result '{'size': 1, 'snapshot_id': None, 'source_volid': None, 'volume_type': VolumeType(created_at=2022-08-03T09:30:18Z,deleted=False,deleted_at=None,description=None,extra_specs={},id=e5fbad0d-5526-4ce7-98c2-93d92e9cbed6,is_public=True,name='tempest-GroupSnapshotsV319Test-volume-type-342829101',projects=[],qos_specs=,qos_specs_id=None,updated_at=None), 'volume_type_id': 'e5fbad0d-5526-4ce7-98c2-93d92e9cbed6', 'encryption_key_id': None, 'qos_specs': None, 'consistencygroup_id': None, 'cgsnapshot_id': None, 'group_id': '0258bb52-8715-4736-ad1d-b44d5b3104ef', 'replication_status': 'disabled', 'refresh_az': False, 'backup_id': None, 'multiattach': False, 'availability_zones': ['nova']}' {{(pid=110821) _task_receiver /usr/local/lib/python3.8/dist-packages/taskflow/listeners/logging.py:178}}
Aug 03 09:30:20.468607 dv-cinder-844563-5-iscsi devstack@c-api.service[110821]: DEBUG cinder.volume.api [None req-42b5e188-11c2-470b-a6bc-3a75f8e84299 tempest-GroupSnapshotsV319Test-2123280143 tempest-GroupSnapshotsV319Test-2123280143-project] Task 'cinder.volume.flows.api.create_volume.QuotaReserveTask;volume:create' (25b50227-cbfe-437f-8745-a1ea3b14e5ab) transitioned into state 'RUNNING' from state 'PENDING' {{(pid=110821) _task_receiver /usr/local/lib/python3.8/dist-packages/taskflow/listeners/logging.py:190}}
Aug 03 09:30:20.496503 dv-cinder-844563-5-iscsi devstack@c-api.service[110821]: DEBUG dbcounter [-] [110821] Writing DB stats cinder:SELECT=91,cinder:INSERT=6,cinder:UPDATE=3 {{(pid=110821) stat_writer /usr/local/lib/python3.8/dist-packages/dbcounter.py:114}}
Aug 03 09:30:20.549283 dv-cinder-844563-5-iscsi devstack@c-api.service[110820]: INFO cinder.api.openstack.wsgi [None req-bd0a4552-f726-4005-b949-249fdd8ae52e tempest-GroupsTest-701940216 tempest-GroupsTest-701940216-project] http://10.222.0.20/volume/v3/f0d57b0f999c4192b7064bb4a8eea8d9/groups returned with HTTP 202
Aug 03 09:30:20.555285 dv-cinder-844563-5-iscsi devstack@c-api.service[110820]: [pid: 110820|app: 0|req: 14/26] 10.222.0.20 () {62 vars in 1274 bytes} [Wed Aug 3 09:30:20 2022] POST /volume/v3/f0d57b0f999c4192b7064bb4a8eea8d9/groups => generated 93 bytes in 460 msecs (HTTP/1.1 202) 7 headers in 291 bytes (1 switches on core 0)
Aug 03 09:30:20.556674 dv-cinder-844563-5-iscsi devstack@c-api.service[110820]: DEBUG cinder.api.middleware.request_id [req-0c6de093-b42b-45ee-9dd0-a3f8093717fb req-45ad2ad3-f57f-41a3-bec3-f566237a6cc8 None None] RequestId filter calling following filter/app {{(pid=110820) _context_setter /opt/stack/cinder/cinder/api/middleware/request_id.py:62}}
Aug 03 09:30:20.563153 dv-cinder-844563-5-iscsi devstack@c-api.service[110820]: INFO cinder.api.openstack.wsgi [req-0c6de093-b42b-45ee-9dd0-a3f8093717fb req-45ad2ad3-f57f-41a3-bec3-f566237a6cc8 tempest-VolumesSnapshotsTestJSON-978177445 tempest-VolumesSnapshotsTestJSON-978177445-project] GET http://10.222.0.20/volume/v3/fa7447c8489845b2a3d674139146f2fb/snapshots/53cef0cf-f00d-41aa-8a3c-4307e4bec88a
Aug 03 09:30:20.563619 dv-cinder-844563-5-iscsi devstack@c-api.service[110820]: DEBUG cinder.api.openstack.wsgi [req-0c6de093-b42b-45ee-9dd0-a3f8093717fb req-45ad2ad3-f57f-41a3-bec3-f566237a6cc8 tempest-VolumesSnapshotsTestJSON-978177445 tempest-VolumesSnapshotsTestJSON-978177445-project] Empty body provided in request {{(pid=110820) get_body /opt/stack/cinder/cinder/api/openstack/wsgi.py:715}}
Aug 03 09:30:20.565111 dv-cinder-844563-5-iscsi devstack@c-api.service[110820]: DEBUG cinder.api.openstack.wsgi [req-0c6de093-b42b-45ee-9dd0-a3f8093717fb req-45ad2ad3-f57f-41a3-bec3-f566237a6cc8 tempest-VolumesSnapshotsTestJSON-978177445 tempest-VolumesSnapshotsTestJSON-978177445-project] Calling method 'show' {{(pid=110820) _process_stack /opt/stack/cinder/cinder/api/openstack/wsgi.py:868}}
Aug 03 09:30:20.600479 dv-cinder-844563-5-iscsi devstack@c-api.service[110820]: /usr/local/lib/python3.8/dist-packages/oslo_context/context.py:100: DeprecationWarning: Policy enforcement is depending on the value of is_admin. This key is deprecated. Please update your policy file to use the standard policy values.
Aug 03 09:30:20.600479 dv-cinder-844563-5-iscsi devstack@c-api.service[110820]: warnings.warn('Policy enforcement is depending on the value of '
Aug 03 09:30:20.602076 dv-cinder-844563-5-iscsi devstack@c-api.service[110820]: INFO cinder.volume.api [req-0c6de093-b42b-45ee-9dd0-a3f8093717fb req-45ad2ad3-f57f-41a3-bec3-f566237a6cc8 tempest-VolumesSnapshotsTestJSON-978177445 tempest-VolumesSnapshotsTestJSON-978177445-project] Snapshot retrieved successfully.
Aug 03 09:30:20.603075 dv-cinder-844563-5-iscsi devstack@c-api.service[110821]: WARNING cinder.quota [None req-42b5e188-11c2-470b-a6bc-3a75f8e84299 tempest-GroupSnapshotsV319Test-2123280143 tempest-GroupSnapshotsV319Test-2123280143-project] Deprecated: Default quota for resource: volumes_tempest-GroupSnapshotsV319Test-volume-type-342829101 is set by the default quota flag: quota_volumes_tempest-GroupSnapshotsV319Test-volume-type-342829101, it is now deprecated. Please use the default quota class for default quota.
Aug 03 09:30:20.604290 dv-cinder-844563-5-iscsi devstack@c-api.service[110821]: WARNING cinder.quota [None req-42b5e188-11c2-470b-a6bc-3a75f8e84299 tempest-GroupSnapshotsV319Test-2123280143 tempest-GroupSnapshotsV319Test-2123280143-project] Deprecated: Default quota for resource: gigabytes_tempest-GroupSnapshotsV319Test-volume-type-342829101 is set by the default quota flag: quota_gigabytes_tempest-GroupSnapshotsV319Test-volume-type-342829101, it is now deprecated. Please use the default quota class for default quota.
Aug 03 09:30:20.604436 dv-cinder-844563-5-iscsi devstack@c-api.service[110820]: INFO cinder.api.openstack.wsgi [req-0c6de093-b42b-45ee-9dd0-a3f8093717fb req-45ad2ad3-f57f-41a3-bec3-f566237a6cc8 tempest-VolumesSnapshotsTestJSON-978177445 tempest-VolumesSnapshotsTestJSON-978177445-project] http://10.222.0.20/volume/v3/fa7447c8489845b2a3d674139146f2fb/snapshots/53cef0cf-f00d-41aa-8a3c-4307e4bec88a returned with HTTP 200
Aug 03 09:30:20.605008 dv-cinder-844563-5-iscsi devstack@c-api.service[110820]: [pid: 110820|app: 0|req: 15/27] 10.222.0.20 () {60 vars in 1584 bytes} [Wed Aug 3 09:30:20 2022] GET /volume/v3/fa7447c8489845b2a3d674139146f2fb/snapshots/53cef0cf-f00d-41aa-8a3c-4307e4bec88a => generated 443 bytes in 49 msecs (HTTP/1.1 200) 7 headers in 285 bytes (1 switches on core 0)
Aug 03 09:30:20.606632 dv-cinder-844563-5-iscsi devstack@c-api.service[110820]: DEBUG cinder.api.middleware.request_id [None req-abe9d213-117b-4164-acd0-4acb9e096627 None None] RequestId filter calling following filter/app {{(pid=110820) _context_setter /opt/stack/cinder/cinder/api/middleware/request_id.py:62}}
Aug 03 09:30:20.621812 dv-cinder-844563-5-iscsi devstack@c-api.service[110820]: INFO cinder.api.openstack.wsgi [None req-abe9d213-117b-4164-acd0-4acb9e096627 tempest-GroupsTest-701940216 tempest-GroupsTest-701940216-project] GET http://10.222.0.20/volume/v3/f0d57b0f999c4192b7064bb4a8eea8d9/groups/f8c2523e-7bc3-4777-9f41-79b2cfca5e29
Aug 03 09:30:20.622171 dv-cinder-844563-5-iscsi devstack@c-api.service[110820]: DEBUG cinder.api.openstack.wsgi [None req-abe9d213-117b-4164-acd0-4acb9e096627 tempest-GroupsTest-701940216 tempest-GroupsTest-701940216-project] Empty body provided in request {{(pid=110820) get_body /opt/stack/cinder/cinder/api/openstack/wsgi.py:715}}
Aug 03 09:30:20.622959 dv-cinder-844563-5-iscsi devstack@c-api.service[110820]: DEBUG cinder.api.openstack.wsgi [None req-abe9d213-117b-4164-acd0-4acb9e096627 tempest-GroupsTest-701940216 tempest-GroupsTest-701940216-project] Calling method 'version_select' {{(pid=110820) _process_stack /opt/stack/cinder/cinder/api/openstack/wsgi.py:868}}
Aug 03 09:30:20.623320 dv-cinder-844563-5-iscsi devstack@c-api.service[110820]: DEBUG cinder.api.v3.groups [None req-abe9d213-117b-4164-acd0-4acb9e096627 tempest-GroupsTest-701940216 tempest-GroupsTest-701940216-project] show called for member f8c2523e-7bc3-4777-9f41-79b2cfca5e29 {{(pid=110820) show /opt/stack/cinder/cinder/api/v3/groups.py:58}}
Aug 03 09:30:20.632545 dv-cinder-844563-5-iscsi devstack@c-api.service[110820]: /usr/local/lib/python3.8/dist-packages/oslo_context/context.py:100: DeprecationWarning: Policy enforcement is depending on the value of is_admin. This key is deprecated. Please update your policy file to use the standard policy values.
Aug 03 09:30:20.632545 dv-cinder-844563-5-iscsi devstack@c-api.service[110820]: warnings.warn('Policy enforcement is depending on the value of '
Aug 03 09:30:20.673544 dv-cinder-844563-5-iscsi devstack@c-api.service[110820]: INFO cinder.api.openstack.wsgi [None req-abe9d213-117b-4164-acd0-4acb9e096627 tempest-GroupsTest-701940216 tempest-GroupsTest-701940216-project] http://10.222.0.20/volume/v3/f0d57b0f999c4192b7064bb4a8eea8d9/groups/f8c2523e-7bc3-4777-9f41-79b2cfca5e29 returned with HTTP 200
Aug 03 09:30:20.683662 dv-cinder-844563-5-iscsi devstack@c-api.service[110820]: [pid: 110820|app: 0|req: 16/28] 10.222.0.20 () {60 vars in 1363 bytes} [Wed Aug 3 09:30:20 2022] GET /volume/v3/f0d57b0f999c4192b7064bb4a8eea8d9/groups/f8c2523e-7bc3-4777-9f41-79b2cfca5e29 => generated 321 bytes in 78 msecs (HTTP/1.1 200) 7 headers in 286 bytes (1 switches on core 0)
Aug 03 09:30:20.721781 dv-cinder-844563-5-iscsi devstack@c-api.service[110821]: DEBUG cinder.quota [None req-42b5e188-11c2-470b-a6bc-3a75f8e84299 tempest-GroupSnapshotsV319Test-2123280143 tempest-GroupSnapshotsV319Test-2123280143-project] Created reservations ['a5332626-1a26-44d1-855d-f05b909ea8e2', '750f8559-fdd9-494b-be00-8d4fe06fd079', 'db09548e-e02c-49ed-96a6-c50eb719d079', '485bd55f-372d-4c03-bcc1-86d43e084d03'] {{(pid=110821) reserve /opt/stack/cinder/cinder/quota.py:755}}
Aug 03 09:30:20.723568 dv-cinder-844563-5-iscsi devstack@c-api.service[110821]: DEBUG cinder.volume.api [None req-42b5e188-11c2-470b-a6bc-3a75f8e84299 tempest-GroupSnapshotsV319Test-2123280143 tempest-GroupSnapshotsV319Test-2123280143-project] Task 'cinder.volume.flows.api.create_volume.QuotaReserveTask;volume:create' (25b50227-cbfe-437f-8745-a1ea3b14e5ab) transitioned into state 'SUCCESS' from state 'RUNNING' with result '{'reservations': ['a5332626-1a26-44d1-855d-f05b909ea8e2', '750f8559-fdd9-494b-be00-8d4fe06fd079', 'db09548e-e02c-49ed-96a6-c50eb719d079', '485bd55f-372d-4c03-bcc1-86d43e084d03']}' {{(pid=110821) _task_receiver /usr/local/lib/python3.8/dist-packages/taskflow/listeners/logging.py:178}}
