Jul 04 09:18:13.971418 dv-cinder-844563-4-smb neutron-server[103926]: DEBUG neutron.api.rpc.handlers.l3_rpc [None req-40176128-b7dd-45ae-9739-40069211f1e5 None None] The sync data for ids ['fd63a011-0c23-42cc-892f-6487957063d5'] in dv-cinder-844563-4-smb is: [{'id': 'fd63a011-0c23-42cc-892f-6487957063d5', 'name': 'tempest-AttachVolumeShelveTestJSON-1637981770-router', 'tenant_id': '17c43e06ebe740af9b4fe4678526ef7a', 'admin_state_up': True, 'status': 'ACTIVE', 'external_gateway_info': {'network_id': 'abf82807-2cb1-4851-b2ca-5bfa8ae12da5', 'external_fixed_ips': [{'subnet_id': '89194dac-3bfa-473c-a396-a23b2b6428a9', 'ip_address': '172.28.1.183'}], 'enable_snat': True}, 'gw_port_id': '44b3d1c1-c79b-4077-b66e-53c45d4ce229', 'description': '', 'availability_zones': ['nova'], 'distributed': False, 'ha': False, 'ha_vr_id': 0, 'availability_zone_hints': [], 'routes': [], 'flavor_id': None, 'tags': [], 'created_at': '2022-07-04T09:17:44Z', 'updated_at': '2022-07-04T09:18:00Z', 'revision_number': 4, 'project_id': '17c43e06ebe740af9b4fe4678526ef7a', 'gw_port': {'id': '44b3d1c1-c79b-4077-b66e-53c45d4ce229', 'name': '', 'network_id': 'abf82807-2cb1-4851-b2ca-5bfa8ae12da5', 'tenant_id': '', 'mac_address': 'fa:16:3e:77:f1:49', 'admin_state_up': True, 'status': 'DOWN', 'device_id': 'fd63a011-0c23-42cc-892f-6487957063d5', 'device_owner': 'network:router_gateway', 'standard_attr_id': 95, 'fixed_ips': [{'subnet_id': '89194dac-3bfa-473c-a396-a23b2b6428a9', 'ip_address': '172.28.1.183', 'prefixlen': 24}], 'allowed_address_pairs': [], 'extra_dhcp_opts': [], 'security_groups': [], 'description': '', 'binding:vnic_type': 'normal', 'binding:profile': {}, 'binding:host_id': 'dv-cinder-844563-4-smb', 'binding:vif_type': 'ovs', 'binding:vif_details': {'connectivity': 'l2', 'port_filter': True, 'ovs_hybrid_plug': False, 'datapath_type': 'system', 'bridge_name': 'br-int', 'bound_drivers': {'0': 'openvswitch'}}, 'port_security_enabled': False, 'tags': [], 'created_at': '2022-07-04T09:17:47Z', 'updated_at': '2022-07-04T09:17:55Z', 'revision_number': 3, 'project_id': '', 'subnets': [{'id': '89194dac-3bfa-473c-a396-a23b2b6428a9', 'cidr': '172.28.1.0/24', 'gateway_ip': '172.28.1.1', 'dns_nameservers': [], 'ipv6_ra_mode': None, 'subnetpool_id': None}], 'extra_subnets': [], 'address_scopes': {4: None, 6: None}, 'mtu': 1500}, 'enable_snat': True, 'gw_port_host': 'dv-cinder-844563-4-smb', '_interfaces': [{'id': '161aa5bb-6b0f-49e7-9740-aaa0ae80630b', 'name': '', 'network_id': '9bf915fe-44d5-41c6-8440-b9b51c031563', 'tenant_id': '17c43e06ebe740af9b4fe4678526ef7a', 'mac_address': 'fa:16:3e:6d:38:d9', 'admin_state_up': True, 'status': 'ACTIVE', 'device_id': 'fd63a011-0c23-42cc-892f-6487957063d5', 'device_owner': 'network:router_interface', 'standard_attr_id': 105, 'fixed_ips': [{'subnet_id': '395db0b0-d1ef-449c-ad87-b9c83470bdd0', 'ip_address': '172.20.0.1', 'prefixlen': 28}], 'allowed_address_pairs': [], 'extra_dhcp_opts': [], 'security_groups': [], 'description': '', 'binding:vnic_type': 'normal', 'binding:profile': {}, 'binding:host_id': 'dv-cinder-844563-4-smb', 'binding:vif_type': 'ovs', 'binding:vif_details': {'connectivity': 'l2', 'port_filter': True, 'ovs_hybrid_plug': False, 'datapath_type': 'system', 'bridge_name': 'br-int', 'bound_drivers': {'0': 'openvswitch'}}, 'port_security_enabled': False, 'tags': [], 'created_at': '2022-07-04T09:17:57Z', 'updated_at': '2022-07-04T09:18:11Z', 'revision_number': 5, 'project_id': '17c43e06ebe740af9b4fe4678526ef7a', 'subnets': [{'id': '395db0b0-d1ef-449c-ad87-b9c83470bdd0', 'cidr': '172.20.0.0/28', 'gateway_ip': '172.20.0.1', 'dns_nameservers': [], 'ipv6_ra_mode': None, 'subnetpool_id': None}], 'extra_subnets': [], 'address_scopes': {4: None, 6: None}, 'mtu': 1500}]}] {{(pid=103926) sync_routers /opt/stack/neutron/neutron/api/rpc/handlers/l3_rpc.py:137}}
Jul 04 09:18:14.019269 dv-cinder-844563-4-smb neutron-server[103920]: DEBUG neutron_lib.callbacks.manager [None req-ef65d426-7c95-49d3-babe-612f2a88386e tempest-AttachVolumeShelveTestJSON-2032901914 tempest-AttachVolumeShelveTestJSON-2032901914-project] Publish callbacks ['neutron.services.l3_router.l3_router_plugin.DVRResourceOperationHandler._create_dvr_floating_gw_port-1709080'] for floatingip (aee55e15-a2a0-431e-914e-db807674c95b), after_create {{(pid=103920) _notify_loop /usr/local/lib/python3.8/dist-packages/neutron_lib/callbacks/manager.py:176}}
Jul 04 09:18:14.057723 dv-cinder-844563-4-smb neutron-server[103920]: DEBUG neutron.api.rpc.handlers.resources_rpc [None req-c2ff7a7d-deaf-4830-87ed-b63250d418dc tempest-AttachVolumeTestJSON-2052709175 tempest-AttachVolumeTestJSON-2052709175-project] Pushing event updated for resources: {'Port': ['ID=df9af9f9-4c55-483e-90c8-ed6c668a7562,revision_number=2']} {{(pid=103920) push /opt/stack/neutron/neutron/api/rpc/handlers/resources_rpc.py:237}}
Jul 04 09:18:14.067040 dv-cinder-844563-4-smb neutron-server[103920]: DEBUG neutron_lib.callbacks.manager [None req-ef65d426-7c95-49d3-babe-612f2a88386e tempest-AttachVolumeShelveTestJSON-2032901914 tempest-AttachVolumeShelveTestJSON-2032901914-project] Publish callbacks ['neutron.notifiers.nova.Notifier._send_nova_notification-22298'] for floatingip (None), before_response {{(pid=103920) _notify_loop /usr/local/lib/python3.8/dist-packages/neutron_lib/callbacks/manager.py:176}}
Jul 04 09:18:14.075927 dv-cinder-844563-4-smb neutron-server[103920]: INFO neutron.wsgi [None req-ef65d426-7c95-49d3-babe-612f2a88386e tempest-AttachVolumeShelveTestJSON-2032901914 tempest-AttachVolumeShelveTestJSON-2032901914-project] 10.222.0.42 "POST /v2.0/floatingips HTTP/1.1" status: 201 len: 693 time: 7.0143497
Jul 04 09:18:14.093251 dv-cinder-844563-4-smb neutron-server[103926]: DEBUG neutron.db.provisioning_blocks [None req-3d9ecbd6-618c-4ff6-839d-02b30efd3bcd None None] Provisioning complete for port 161aa5bb-6b0f-49e7-9740-aaa0ae80630b triggered by entity DHCP. {{(pid=103926) provisioning_complete /opt/stack/neutron/neutron/db/provisioning_blocks.py:145}}
Jul 04 09:18:14.093616 dv-cinder-844563-4-smb neutron-server[103926]: DEBUG neutron_lib.callbacks.manager [None req-3d9ecbd6-618c-4ff6-839d-02b30efd3bcd None None] Publish callbacks ['neutron.plugins.ml2.plugin.Ml2Plugin._port_provisioned-910609'] for port (161aa5bb-6b0f-49e7-9740-aaa0ae80630b), provisioning_complete {{(pid=103926) _notify_loop /usr/local/lib/python3.8/dist-packages/neutron_lib/callbacks/manager.py:176}}
Jul 04 09:18:14.177947 dv-cinder-844563-4-smb neutron-server[103920]: DEBUG neutron.scheduler.dhcp_agent_scheduler [req-5edd80ca-c89a-46f4-8f99-2b6fbb33f837 req-634d459d-cf42-4809-8d87-3d267c177d4b tempest-ServerRescueNegativeTestJSON-407846297 tempest-ServerRescueNegativeTestJSON-407846297-project] Network 699c28bf-60ea-4aa7-90d8-5d4b3fab91eb is already hosted by enough agents. {{(pid=103920) _get_dhcp_agents_hosting_network /opt/stack/neutron/neutron/scheduler/dhcp_agent_scheduler.py:275}}
Jul 04 09:18:14.215518 dv-cinder-844563-4-smb neutron-server[103920]: DEBUG neutron.scheduler.base_scheduler [req-5edd80ca-c89a-46f4-8f99-2b6fbb33f837 req-634d459d-cf42-4809-8d87-3d267c177d4b tempest-ServerRescueNegativeTestJSON-407846297 tempest-ServerRescueNegativeTestJSON-407846297-project] Resources bound (agent type, host, resource id): {{(pid=103920) schedule /opt/stack/neutron/neutron/scheduler/base_scheduler.py:57}}
Jul 04 09:18:14.226422 dv-cinder-844563-4-smb neutron-server[103920]: DEBUG neutron.db.l3_dvrscheduler_db [req-5edd80ca-c89a-46f4-8f99-2b6fbb33f837 req-634d459d-cf42-4809-8d87-3d267c177d4b tempest-ServerRescueNegativeTestJSON-407846297 tempest-ServerRescueNegativeTestJSON-407846297-project] Received port after_create {{(pid=103920) _notify_l3_agent_new_port /opt/stack/neutron/neutron/db/l3_dvrscheduler_db.py:542}}
Jul 04 09:18:14.242728 dv-cinder-844563-4-smb neutron-server[103920]: DEBUG neutron.pecan_wsgi.hooks.policy_enforcement [req-5edd80ca-c89a-46f4-8f99-2b6fbb33f837 req-634d459d-cf42-4809-8d87-3d267c177d4b tempest-ServerRescueNegativeTestJSON-407846297 tempest-ServerRescueNegativeTestJSON-407846297-project] Attributes excluded by policy engine: ['standard_attr_id', 'binding:profile', 'binding:host_id', 'binding:vif_type', 'binding:vif_details', 'network'] {{(pid=103920) _exclude_attributes_by_policy /opt/stack/neutron/neutron/pecan_wsgi/hooks/policy_enforcement.py:259}}
Jul 04 09:18:14.243719 dv-cinder-844563-4-smb neutron-server[103920]: DEBUG neutron_lib.callbacks.manager [req-5edd80ca-c89a-46f4-8f99-2b6fbb33f837 req-634d459d-cf42-4809-8d87-3d267c177d4b tempest-ServerRescueNegativeTestJSON-407846297 tempest-ServerRescueNegativeTestJSON-407846297-project] Publish callbacks ['neutron.notifiers.nova.Notifier._send_nova_notification-22298', 'neutron.api.rpc.agentnotifiers.dhcp_rpc_agent_api.DhcpAgentNotifyAPI._send_dhcp_notification-1574175'] for port (None), before_response {{(pid=103920) _notify_loop /usr/local/lib/python3.8/dist-packages/neutron_lib/callbacks/manager.py:176}}
Jul 04 09:18:14.248893 dv-cinder-844563-4-smb neutron-server[103920]: DEBUG neutron.db.db_base_plugin_common [req-28ac5098-f635-4dea-82ee-ccfc82ba32da req-8a440b18-ef37-41db-9cea-14990f028cdc tempest-ServerRescueNegativeTestJSON-407846297 tempest-ServerRescueNegativeTestJSON-407846297-project] Allocated IP 172.20.0.10 (699c28bf-60ea-4aa7-90d8-5d4b3fab91eb/64f90819-5763-40db-afc6-6d55bdaadfc7/0f059d33-d061-4058-a368-494924882c86) {{(pid=103920) _store_ip_allocation /opt/stack/neutron/neutron/db/db_base_plugin_common.py:131}}
Jul 04 09:18:14.252703 dv-cinder-844563-4-smb neutron-server[103920]: DEBUG dbcounter [-] [103920] Writing DB stats neutron:SELECT=94,neutron:UPDATE=3,neutron:INSERT=2,neutron:DELETE=1 {{(pid=103920) stat_writer /usr/local/lib/python3.8/dist-packages/dbcounter.py:114}}
Jul 04 09:18:14.316269 dv-cinder-844563-4-smb neutron-server[103920]: DEBUG neutron.api.rpc.handlers.resources_rpc [None req-ef65d426-7c95-49d3-babe-612f2a88386e tempest-AttachVolumeShelveTestJSON-2032901914 tempest-AttachVolumeShelveTestJSON-2032901914-project] Pushing event updated for resources: {'Port': ['ID=7144f887-2f2b-4503-a5bd-477f062318cd,revision_number=2']} {{(pid=103920) push /opt/stack/neutron/neutron/api/rpc/handlers/resources_rpc.py:237}}
Jul 04 09:18:14.370209 dv-cinder-844563-4-smb neutron-server[103926]: DEBUG neutron.api.rpc.handlers.resources_rpc [None req-1718c138-0913-438e-872b-436976c0e512 None None] Pushing event updated for resources: {'Port': ['ID=794c718b-5b92-4611-b25b-20c7013f6e7e,revision_number=4']} {{(pid=103926) push /opt/stack/neutron/neutron/api/rpc/handlers/resources_rpc.py:237}}
Jul 04 09:18:14.536978 dv-cinder-844563-4-smb neutron-server[103920]: DEBUG neutron.api.rpc.handlers.resources_rpc [None req-634d459d-cf42-4809-8d87-3d267c177d4b tempest-ServerRescueNegativeTestJSON-407846297 tempest-ServerRescueNegativeTestJSON-407846297-project] Pushing event updated for resources: {'Port': ['ID=92a92a04-0dd9-49c5-a93b-6128bb506ece,revision_number=1']} {{(pid=103920) push /opt/stack/neutron/neutron/api/rpc/handlers/resources_rpc.py:237}}
Jul 04 09:18:14.603365 dv-cinder-844563-4-smb neutron-server[103920]: INFO neutron.wsgi [req-5edd80ca-c89a-46f4-8f99-2b6fbb33f837 req-634d459d-cf42-4809-8d87-3d267c177d4b tempest-ServerRescueNegativeTestJSON-407846297 tempest-ServerRescueNegativeTestJSON-407846297-project] 10.222.0.70 "POST /v2.0/ports HTTP/1.1" status: 201 len: 933 time: 7.8133743
Jul 04 09:18:14.622864 dv-cinder-844563-4-smb neutron-server[103921]: DEBUG neutron_lib.callbacks.manager [None req-bd015e0f-ddaa-4824-b85b-4bc95c50e35c admin admin] Publish callbacks [] for security_group (None), before_create {{(pid=103921) _notify_loop /usr/local/lib/python3.8/dist-packages/neutron_lib/callbacks/manager.py:176}}
Jul 04 09:18:14.645146 dv-cinder-844563-4-smb neutron-server[103921]: DEBUG dbcounter [-] [103921] Writing DB stats neutron:SELECT=98,neutron:UPDATE=1,neutron:INSERT=1 {{(pid=103921) stat_writer /usr/local/lib/python3.8/dist-packages/dbcounter.py:114}}
Jul 04 09:18:14.665824 dv-cinder-844563-4-smb neutron-server[103926]: DEBUG neutron.db.provisioning_blocks [None req-1718c138-0913-438e-872b-436976c0e512 None None] Provisioning complete for port 164fe8cf-3512-481f-a047-af5d39dffcba triggered by entity L2. {{(pid=103926) provisioning_complete /opt/stack/neutron/neutron/db/provisioning_blocks.py:145}}
Jul 04 09:18:14.666693 dv-cinder-844563-4-smb neutron-server[103926]: DEBUG neutron_lib.callbacks.manager [None req-1718c138-0913-438e-872b-436976c0e512 None None] Publish callbacks ['neutron.plugins.ml2.plugin.Ml2Plugin._port_provisioned-910609'] for port (164fe8cf-3512-481f-a047-af5d39dffcba), provisioning_complete {{(pid=103926) _notify_loop /usr/local/lib/python3.8/dist-packages/neutron_lib/callbacks/manager.py:176}}
Jul 04 09:18:14.667205 dv-cinder-844563-4-smb neutron-server[103921]: INFO neutron.wsgi [req-91140d4f-9654-481b-9965-0c9942e9dd75 req-e167cfd9-12bf-465c-86df-f3d551dce556 tempest-AttachVolumeNegativeTest-1333840656 tempest-AttachVolumeNegativeTest-1333840656-project] 10.222.0.42 "GET /v2.0/ports?device_id=c3a076dc-a078-4000-98cf-eed71a232af9 HTTP/1.1" status: 200 len: 210 time: 1.0496986
Jul 04 09:18:14.692454 dv-cinder-844563-4-smb neutron-server[103920]: DEBUG neutron.api.v2.base [req-5edd80ca-c89a-46f4-8f99-2b6fbb33f837 req-4c352707-411f-4d21-ab59-4aadcbf25040 service neutron] Request body: {'port': {'device_id': 'eb745ea2-7333-4564-9666-dd7256a95849', 'device_owner': 'compute:nova', 'binding:host_id': 'hv-cinder-84456'}} {{(pid=103920) prepare_request_body /opt/stack/neutron/neutron/api/v2/base.py:730}}
Jul 04 09:18:14.704216 dv-cinder-844563-4-smb neutron-server[103921]: DEBUG novaclient.v2.client [-] REQ: curl -g -i --cacert "/opt/stack/data/ca-bundle.pem" -X POST http://10.222.0.42/compute/v2.1/os-server-external-events -H "Accept: application/json" -H "Content-Type: application/json" -H "User-Agent: python-novaclient" -H "X-Auth-Token: {SHA256}929825d2adafe1545477a6b48419654095a8e13ef5bf0321bae742ee082e68d9" -H "X-OpenStack-Nova-API-Version: 2.1" -H "X-OpenStack-Request-ID: req-07726b6e-831c-4797-8942-9d467cf83f91" -d '{"events": [{"name": "network-changed", "server_uuid": "1cd15670-bb95-4582-bff1-61bda0b037c1", "tag": "8e2684bf-a8c1-4abf-8123-e1b2f0666a76"}]}' {{(pid=103921) _http_log_request /usr/local/lib/python3.8/dist-packages/keystoneauth1/session.py:519}}
Jul 04 09:18:14.844672 dv-cinder-844563-4-smb neutron-server[103921]: DEBUG neutron.pecan_wsgi.hooks.policy_enforcement [req-2f78c963-adf0-422b-8d03-d533ed1a6c50 req-358aea4a-6602-4808-9402-d9c97a161eed service neutron] Attributes excluded by policy engine: ['standard_attr_id'] {{(pid=103921) _exclude_attributes_by_policy /opt/stack/neutron/neutron/pecan_wsgi/hooks/policy_enforcement.py:259}}
Jul 04 09:18:14.848881 dv-cinder-844563-4-smb neutron-server[103921]: INFO neutron.wsgi [req-2f78c963-adf0-422b-8d03-d533ed1a6c50 req-358aea4a-6602-4808-9402-d9c97a161eed service neutron] 10.222.0.70 "GET /v2.0/ports?tenant_id=9670c67ac9f54bed9d37f247a911e2c2&device_id=1cd15670-bb95-4582-bff1-61bda0b037c1 HTTP/1.1" status: 200 len: 1128 time: 1.2636178
Jul 04 09:18:14.904400 dv-cinder-844563-4-smb neutron-server[103920]: DEBUG neutron.pecan_wsgi.hooks.policy_enforcement [req-ed4961e0-36f9-4fe6-9994-fae4d2dfb756 req-fdf64846-8dd5-4760-83f4-c8fe5b218a43 tempest-DeleteServersTestJSON-403402863 tempest-DeleteServersTestJSON-403402863-project] Attributes excluded by policy engine: ['standard_attr_id', 'binding:profile', 'binding:host_id', 'binding:vif_type', 'binding:vif_details'] {{(pid=103920) _exclude_attributes_by_policy /opt/stack/neutron/neutron/pecan_wsgi/hooks/policy_enforcement.py:259}}
Jul 04 09:18:14.906738 dv-cinder-844563-4-smb neutron-server[103920]: INFO neutron.wsgi [req-ed4961e0-36f9-4fe6-9994-fae4d2dfb756 req-fdf64846-8dd5-4760-83f4-c8fe5b218a43 tempest-DeleteServersTestJSON-403402863 tempest-DeleteServersTestJSON-403402863-project] 10.222.0.42 "GET /v2.0/ports?device_id=1cd15670-bb95-4582-bff1-61bda0b037c1 HTTP/1.1" status: 200 len: 944 time: 0.3575766
Jul 04 09:18:14.986530 dv-cinder-844563-4-smb neutron-server[103920]: DEBUG neutron_lib.callbacks.manager [req-5edd80ca-c89a-46f4-8f99-2b6fbb33f837 req-4c352707-411f-4d21-ab59-4aadcbf25040 service neutron] Publish callbacks ['neutron.plugins.ml2.plugin.SecurityGroupDbMixin._ensure_default_security_group_handler-760708'] for port (92a92a04-0dd9-49c5-a93b-6128bb506ece), before_update {{(pid=103920) _notify_loop /usr/local/lib/python3.8/dist-packages/neutron_lib/callbacks/manager.py:176}}
Jul 04 09:18:15.018759 dv-cinder-844563-4-smb neutron-server[103926]: DEBUG neutron_lib.callbacks.manager [None req-41451c31-9577-4e32-9f3c-dec993936941 None None] Publish callbacks [] for port (a9e430b7-c127-438a-9876-85e139492469), precommit_update {{(pid=103926) _notify_loop /usr/local/lib/python3.8/dist-packages/neutron_lib/callbacks/manager.py:176}}
Jul 04 09:18:15.027099 dv-cinder-844563-4-smb neutron-server[103926]: DEBUG dbcounter [-] [103926] Writing DB stats neutron:SELECT=99,neutron:UPDATE=1 {{(pid=103926) stat_writer /usr/local/lib/python3.8/dist-packages/dbcounter.py:114}}
Jul 04 09:18:15.038759 dv-cinder-844563-4-smb neutron-server[103926]: DEBUG neutron_lib.callbacks.manager [None req-41451c31-9577-4e32-9f3c-dec993936941 None None] Publish callbacks ['neutron.plugins.ml2.plugin.SecurityGroupServerNotifierRpcMixin._notify_sg_on_port_change-760137', 'neutron.plugins.ml2.ovo_rpc._ObjectChangeHandler.handle_event-401025', 'neutron.api.rpc.agentnotifiers.dhcp_rpc_agent_api.DhcpAgentNotifyAPI._native_event_send_dhcp_notification-1574153', 'neutron.db.l3_db.L3RpcNotifierMixin._notify_gateway_port_ip_changed-8729843227109', 'neutron.db.l3_dvrscheduler_db._notify_l3_agent_port_update-8729842783398', 'neutron.db.l3_hascheduler_db._notify_l3_agent_ha_port_update-8729842783416'] for port (a9e430b7-c127-438a-9876-85e139492469), after_update {{(pid=103926) _notify_loop /usr/local/lib/python3.8/dist-packages/neutron_lib/callbacks/manager.py:176}}
Jul 04 09:18:15.052728 dv-cinder-844563-4-smb neutron-server[103926]: DEBUG neutron_lib.callbacks.manager [None req-477b5663-004b-4b77-a651-717c19aa33a9 None None] Publish callbacks ['neutron.services.segments.db._update_segment_host_mapping_for_agent-8729843332217', 'neutron.plugins.ml2.plugin.Ml2Plugin._retry_binding_revived_agents-910763'] for agent (6eb60c01-56b1-4df0-b935-80cf3edaae30), after_update {{(pid=103926) _notify_loop /usr/local/lib/python3.8/dist-packages/neutron_lib/callbacks/manager.py:176}}
Jul 04 09:18:15.070199 dv-cinder-844563-4-smb neutron-server[103926]: DEBUG neutron.api.rpc.handlers.resources_rpc [None req-3d9ecbd6-618c-4ff6-839d-02b30efd3bcd None None] Pushing event updated for resources: {'Port': ['ID=53990c59-d36d-4b57-b6c0-d33c3e4a2529,revision_number=5']} {{(pid=103926) push /opt/stack/neutron/neutron/api/rpc/handlers/resources_rpc.py:237}}
Jul 04 09:18:15.136631 dv-cinder-844563-4-smb neutron-server[103920]: DEBUG dbcounter [-] [103920] Writing DB stats neutron:SELECT=91,neutron:DELETE=5,neutron:INSERT=1,neutron:UPDATE=3 {{(pid=103920) stat_writer /usr/local/lib/python3.8/dist-packages/dbcounter.py:114}}
Jul 04 09:18:15.160201 dv-cinder-844563-4-smb neutron-server[103920]: INFO neutron.wsgi [req-ed4961e0-36f9-4fe6-9994-fae4d2dfb756 req-aca832e3-0844-4f26-b9e6-e2669b001a23 tempest-DeleteServersTestJSON-403402863 tempest-DeleteServersTestJSON-403402863-project] 10.222.0.42 "GET /v2.0/security-groups?id=d35dfce0-9e59-421f-853d-1ef8417d12dd&fields=id&fields=name HTTP/1.1" status: 200 len: 286 time: 0.2403457
Jul 04 09:18:15.357392 dv-cinder-844563-4-smb neutron-server[103921]: INFO neutron.wsgi [req-2f78c963-adf0-422b-8d03-d533ed1a6c50 req-e8c2e7ef-1799-4a75-8b5c-cd8735b46130 service neutron] 10.222.0.70 "GET /v2.0/floatingips?fixed_ip_address=172.20.0.13&port_id=8e2684bf-a8c1-4abf-8123-e1b2f0666a76 HTTP/1.1" status: 200 len: 217 time: 0.4790571
Jul 04 09:18:15.434668 dv-cinder-844563-4-smb neutron-server[103926]: DEBUG neutron.plugins.ml2.plugin [None req-1718c138-0913-438e-872b-436976c0e512 None None] Current status of the port 164fe8cf-3512-481f-a047-af5d39dffcba is: DOWN; New status is: ACTIVE {{(pid=103926) _update_individual_port_db_status /opt/stack/neutron/neutron/plugins/ml2/plugin.py:2292}}
Jul 04 09:18:15.435453 dv-cinder-844563-4-smb neutron-server[103926]: DEBUG neutron_lib.callbacks.manager [None req-1718c138-0913-438e-872b-436976c0e512 None None] Publish callbacks ['neutron.plugins.ml2.plugin.SecurityGroupDbMixin._ensure_default_security_group_handler-760708'] for port (164fe8cf-3512-481f-a047-af5d39dffcba), before_update {{(pid=103926) _notify_loop /usr/local/lib/python3.8/dist-packages/neutron_lib/callbacks/manager.py:176}}
Jul 04 09:18:15.541587 dv-cinder-844563-4-smb neutron-server[103921]: DEBUG neutron.pecan_wsgi.hooks.policy_enforcement [req-2f78c963-adf0-422b-8d03-d533ed1a6c50 req-87a73341-3c64-4186-a3aa-deb1fa2ddcc2 service neutron] Attributes excluded by policy engine: ['standard_attr_id', 'shared'] {{(pid=103921) _exclude_attributes_by_policy /opt/stack/neutron/neutron/pecan_wsgi/hooks/policy_enforcement.py:259}}
Jul 04 09:18:15.543724 dv-cinder-844563-4-smb neutron-server[103921]: INFO neutron.wsgi [req-2f78c963-adf0-422b-8d03-d533ed1a6c50 req-87a73341-3c64-4186-a3aa-deb1fa2ddcc2 service neutron] 10.222.0.70 "GET /v2.0/subnets?id=1b25181e-b571-44f3-8980-a77227b671c6 HTTP/1.1" status: 200 len: 851 time: 0.1717713
Jul 04 09:18:15.554058 dv-cinder-844563-4-smb neutron-server[103926]: DEBUG neutron.plugins.ml2.plugin [None req-3d9ecbd6-618c-4ff6-839d-02b30efd3bcd None None] Current status of the port 161aa5bb-6b0f-49e7-9740-aaa0ae80630b is: ACTIVE; New status is: ACTIVE {{(pid=103926) _update_individual_port_db_status /opt/stack/neutron/neutron/plugins/ml2/plugin.py:2292}}
Jul 04 09:18:15.589378 dv-cinder-844563-4-smb neutron-server[103926]: DEBUG neutron.api.rpc.handlers.resources_rpc [None req-bcd008c4-1435-4dea-b3bd-d1ff367bf2d4 None None] Pushing event updated for resources: {'Port': ['ID=a9e430b7-c127-438a-9876-85e139492469,revision_number=3']} {{(pid=103926) push /opt/stack/neutron/neutron/api/rpc/handlers/resources_rpc.py:237}}
Jul 04 09:18:15.593809 dv-cinder-844563-4-smb neutron-server[103921]: INFO neutron.wsgi [req-e267405c-797c-47f2-9150-8df0fcae8de6 req-9700019b-b5c1-4fe4-b7a1-38e47e08d246 tempest-AttachVolumeTestJSON-2052709175 tempest-AttachVolumeTestJSON-2052709175-project] 10.222.0.42 "GET /v2.0/security-groups?name=tempest-securitygroup--393993874&fields=id&tenant_id=47c7ac57b6244fb19f74f62d292107c3 HTTP/1.1" status: 200 len: 267 time: 0.7416742
Jul 04 09:18:15.611358 dv-cinder-844563-4-smb neutron-server[103926]: DEBUG neutron.plugins.ml2.db [None req-1718c138-0913-438e-872b-436976c0e512 None None] For port 164fe8cf-3512-481f-a047-af5d39dffcba, host dv-cinder-844563-4-smb, got binding levels [PortBindingLevel(driver='openvswitch',host='dv-cinder-844563-4-smb',level=0,port_id=164fe8cf-3512-481f-a047-af5d39dffcba,segment=NetworkSegment(a0a43ca4-1806-40fc-b72b-9a6ad45bc49b),segment_id=a0a43ca4-1806-40fc-b72b-9a6ad45bc49b)] {{(pid=103926) get_binding_level_objs /opt/stack/neutron/neutron/plugins/ml2/db.py:74}}
Jul 04 09:18:15.659730 dv-cinder-844563-4-smb neutron-server[103926]: DEBUG neutron_lib.callbacks.manager [None req-1718c138-0913-438e-872b-436976c0e512 None None] Publish callbacks ['neutron.plugins.ml2.plugin.SecurityGroupServerNotifierRpcMixin._notify_sg_on_port_change-760137', 'neutron.plugins.ml2.ovo_rpc._ObjectChangeHandler.handle_event-401025', 'neutron.api.rpc.agentnotifiers.dhcp_rpc_agent_api.DhcpAgentNotifyAPI._native_event_send_dhcp_notification-1574153', 'neutron.db.l3_db.L3RpcNotifierMixin._notify_gateway_port_ip_changed-8729843227109', 'neutron.db.l3_dvrscheduler_db._notify_l3_agent_port_update-8729842783398', 'neutron.db.l3_hascheduler_db._notify_l3_agent_ha_port_update-8729842783416'] for port (164fe8cf-3512-481f-a047-af5d39dffcba), after_update {{(pid=103926) _notify_loop /usr/local/lib/python3.8/dist-packages/neutron_lib/callbacks/manager.py:176}}
Jul 04 09:18:15.663656 dv-cinder-844563-4-smb neutron-server[103926]: DEBUG neutron.plugins.ml2.rpc [None req-1718c138-0913-438e-872b-436976c0e512 None None] Device 44b3d1c1-c79b-4077-b66e-53c45d4ce229 up at agent ovs-agent-dv-cinder-844563-4-smb {{(pid=103926) update_device_up /opt/stack/neutron/neutron/plugins/ml2/rpc.py:296}}
Jul 04 09:18:15.752760 dv-cinder-844563-4-smb neutron-server[103921]: DEBUG neutron.pecan_wsgi.hooks.policy_enforcement [req-2f78c963-adf0-422b-8d03-d533ed1a6c50 req-9a476569-3f27-40f2-940f-e924989fec54 service neutron] Attributes excluded by policy engine: ['standard_attr_id'] {{(pid=103921) _exclude_attributes_by_policy /opt/stack/neutron/neutron/pecan_wsgi/hooks/policy_enforcement.py:259}}
Jul 04 09:18:15.757761 dv-cinder-844563-4-smb neutron-server[103921]: INFO neutron.wsgi [req-2f78c963-adf0-422b-8d03-d533ed1a6c50 req-9a476569-3f27-40f2-940f-e924989fec54 service neutron] 10.222.0.70 "GET /v2.0/ports?network_id=cfbf0d78-3c25-43af-a33e-4422c61f47fa&device_owner=network%3Adhcp HTTP/1.1" status: 200 len: 1210 time: 0.1575785
Jul 04 09:18:15.779643 dv-cinder-844563-4-smb neutron-server[103921]: INFO neutron.wsgi [req-0b31337f-5297-48ad-8f86-d71caa7b8194 req-ec7334ed-84b6-4a3c-9294-8c443bcfc9cc tempest-AttachVolumeNegativeTest-1333840656 tempest-AttachVolumeNegativeTest-1333840656-project] 10.222.0.70 "GET /v2.0/security-groups?fields=id&fields=name&tenant_id=fa3b91395ec24070a3ee1c31cbf9ac63 HTTP/1.1" status: 200 len: 380 time: 2.4053171
Jul 04 09:18:15.804301 dv-cinder-844563-4-smb neutron-server[103921]: DEBUG neutron.api.v2.base [req-0b31337f-5297-48ad-8f86-d71caa7b8194 req-a44f9ced-3bf0-414e-a76f-7549617e241a tempest-AttachVolumeNegativeTest-1333840656 tempest-AttachVolumeNegativeTest-1333840656-project] Request body: {'port': {'device_id': 'c3a076dc-a078-4000-98cf-eed71a232af9', 'network_id': '0f6f6da6-3b05-417a-9f30-60e9eaad7939', 'admin_state_up': True, 'tenant_id': 'fa3b91395ec24070a3ee1c31cbf9ac63', 'security_groups': ['9235ec43-9a50-4ec2-a57e-92e95455f114']}} {{(pid=103921) prepare_request_body /opt/stack/neutron/neutron/api/v2/base.py:730}}
Jul 04 09:18:15.884540 dv-cinder-844563-4-smb neutron-server[103920]: INFO neutron.wsgi [req-d59c39d5-ec41-457c-b21f-ffad2d44a257 req-800aa4c5-08e1-4980-bee7-858d32e8e723 tempest-ServerRescueNegativeTestJSON-407846297 tempest-ServerRescueNegativeTestJSON-407846297-project] 10.222.0.42 "GET /v2.0/ports?device_id=9d747f9b-65f3-47ff-a0f3-e465c42f251f HTTP/1.1" status: 200 len: 210 time: 0.1900425
Jul 04 09:18:15.938488 dv-cinder-844563-4-smb neutron-server[103926]: DEBUG neutron.plugins.ml2.managers [None req-41451c31-9577-4e32-9f3c-dec993936941 None None] Attempting to bind port a9e430b7-c127-438a-9876-85e139492469 on host dv-cinder-844563-4-smb for vnic_type normal with profile {{(pid=103926) bind_port /opt/stack/neutron/neutron/plugins/ml2/managers.py:811}}
Jul 04 09:18:15.938488 dv-cinder-844563-4-smb neutron-server[103926]: DEBUG neutron.plugins.ml2.managers [None req-41451c31-9577-4e32-9f3c-dec993936941 None None] Attempting to bind port a9e430b7-c127-438a-9876-85e139492469 by drivers openvswitch,hyperv on host dv-cinder-844563-4-smb at level 0 using segments [{'id': '081c4847-662a-489a-9478-20ed30e38cef', 'network_type': 'vlan', 'physical_network': 'physnet1', 'segmentation_id': 649, 'network_id': '3fba9fde-5c3d-4a96-8418-ec113ad45fe9'}] {{(pid=103926) _bind_port_level /opt/stack/neutron/neutron/plugins/ml2/managers.py:836}}
Jul 04 09:18:15.938488 dv-cinder-844563-4-smb neutron-server[103926]: DEBUG neutron.plugins.ml2.drivers.mech_agent [None req-41451c31-9577-4e32-9f3c-dec993936941 None None] Attempting to bind port a9e430b7-c127-438a-9876-85e139492469 on network 3fba9fde-5c3d-4a96-8418-ec113ad45fe9 {{(pid=103926) bind_port /opt/stack/neutron/neutron/plugins/ml2/drivers/mech_agent.py:91}}
Jul 04 09:18:15.969651 dv-cinder-844563-4-smb neutron-server[103926]: DEBUG dbcounter [-] [103926] Writing DB stats neutron:SELECT=96,neutron:UPDATE=4 {{(pid=103926) stat_writer /usr/local/lib/python3.8/dist-packages/dbcounter.py:114}}
Jul 04 09:18:15.976961 dv-cinder-844563-4-smb neutron-server[103926]: DEBUG neutron.api.rpc.handlers.resources_rpc [None req-1718c138-0913-438e-872b-436976c0e512 None None] Pushing event updated for resources: {'Port': ['ID=164fe8cf-3512-481f-a047-af5d39dffcba,revision_number=4']} {{(pid=103926) push /opt/stack/neutron/neutron/api/rpc/handlers/resources_rpc.py:237}}
Jul 04 09:18:15.999136 dv-cinder-844563-4-smb neutron-server[103926]: DEBUG neutron.plugins.ml2.drivers.mech_agent [None req-41451c31-9577-4e32-9f3c-dec993936941 None None] Checking agent: {'id': '414a681f-f779-4605-8893-17f321172b73', 'agent_type': 'Open vSwitch agent', 'binary': 'neutron-openvswitch-agent', 'topic': 'N/A', 'host': 'dv-cinder-844563-4-smb', 'admin_state_up': True, 'created_at': datetime.datetime(2022, 7, 4, 9, 9, 40), 'started_at': datetime.datetime(2022, 7, 4, 9, 10, 10), 'heartbeat_timestamp': datetime.datetime(2022, 7, 4, 9, 18, 10), 'description': None, 'resources_synced': None, 'availability_zone': None, 'alive': True, 'configurations': {'arp_responder_enabled': False, 'baremetal_smartnic': False, 'bridge_mappings': {'physnet1': 'br-data'}, 'datapath_type': 'system', 'devices': 0, 'enable_distributed_routing': False, 'extensions': [], 'in_distributed_mode': False, 'integration_bridge': 'br-int', 'l2_population': False, 'log_agent_heartbeats': False, 'ovs_capabilities': {'datapath_types': ['netdev', 'system'], 'iface_types': ['erspan', 'geneve', 'gre', 'internal', 'ip6erspan', 'ip6gre', 'lisp', 'patch', 'stt', 'system', 'tap', 'vxlan']}, 'ovs_hybrid_plug': False, 'resource_provider_bandwidths': {}, 'resource_provider_hypervisors': {'br-data': 'dv-cinder-844563-4-smb'}, 'resource_provider_inventory_defaults': {'allocation_ratio': 1.0, 'min_unit': 1, 'step_size': 1, 'reserved': 0}, 'resource_provider_packet_processing_inventory_defaults': {'allocation_ratio': 1.0, 'min_unit': 1, 'step_size': 1, 'reserved': 0}, 'resource_provider_packet_processing_with_direction': {}, 'resource_provider_packet_processing_without_direction': {}, 'tunnel_types': [], 'tunneling_ip': None, 'vhostuser_socket_dir': '/var/run/openvswitch'}, 'resource_versions': {'AddressGroup': '1.2', 'Agent': '1.1', 'ConntrackHelper': '1.0', 'LocalIPAssociation': '1.0', 'Log': '1.0', 'NDPProxy': '1.0', 'Network': '1.1', 'Port': '1.7', 'PortForwarding': '1.3', 'QosPolicy': '1.10', 'SecurityGroup': '1.5', 'SecurityGroupRule': '1.2', 'SubPort': '1.0', 'Subnet': '1.1', 'Trunk': '1.1'}} {{(pid=103926) bind_port /opt/stack/neutron/neutron/plugins/ml2/drivers/mech_agent.py:110}}
Jul 04 09:18:15.999689 dv-cinder-844563-4-smb neutron-server[103926]: DEBUG neutron.plugins.ml2.drivers.mech_agent [None req-41451c31-9577-4e32-9f3c-dec993936941 None None] Checking segment: {'id': '081c4847-662a-489a-9478-20ed30e38cef', 'network_type': 'vlan', 'physical_network': 'physnet1', 'segmentation_id': 649, 'network_id': '3fba9fde-5c3d-4a96-8418-ec113ad45fe9'} for mappings: {'physnet1': 'br-data'} with network types: ['local', 'flat', 'vlan'] {{(pid=103926) check_segment_for_agent /opt/stack/neutron/neutron/plugins/ml2/drivers/mech_agent.py:373}}
Jul 04 09:18:16.000074 dv-cinder-844563-4-smb neutron-server[103926]: DEBUG neutron_lib.callbacks.manager [None req-41451c31-9577-4e32-9f3c-dec993936941 None None] Publish callbacks [] for ovs_bridge_name (None), before_read {{(pid=103926) _notify_loop /usr/local/lib/python3.8/dist-packages/neutron_lib/callbacks/manager.py:176}}
Jul 04 09:18:16.000460 dv-cinder-844563-4-smb neutron-server[103926]: DEBUG neutron.plugins.ml2.drivers.mech_agent [None req-41451c31-9577-4e32-9f3c-dec993936941 None None] Bound using segment: {'id': '081c4847-662a-489a-9478-20ed30e38cef', 'network_type': 'vlan', 'physical_network': 'physnet1', 'segmentation_id': 649, 'network_id': '3fba9fde-5c3d-4a96-8418-ec113ad45fe9'} {{(pid=103926) bind_port /opt/stack/neutron/neutron/plugins/ml2/drivers/mech_agent.py:120}}
Jul 04 09:18:16.001197 dv-cinder-844563-4-smb neutron-server[103926]: DEBUG neutron.plugins.ml2.managers [None req-41451c31-9577-4e32-9f3c-dec993936941 None None] Bound port: a9e430b7-c127-438a-9876-85e139492469, host: dv-cinder-844563-4-smb, vif_type: ovs, vif_details: {"connectivity": "l2", "port_filter": true, "ovs_hybrid_plug": false, "datapath_type": "system", "bridge_name": "br-int"}, binding_levels: [{'bound_driver': 'openvswitch', 'bound_segment': {'id': '081c4847-662a-489a-9478-20ed30e38cef', 'network_type': 'vlan', 'physical_network': 'physnet1', 'segmentation_id': 649, 'network_id': '3fba9fde-5c3d-4a96-8418-ec113ad45fe9'}}] {{(pid=103926) _bind_port_level /opt/stack/neutron/neutron/plugins/ml2/managers.py:948}}
Jul 04 09:18:16.001760 dv-cinder-844563-4-smb neutron-server[103926]: DEBUG neutron_lib.callbacks.manager [None req-41451c31-9577-4e32-9f3c-dec993936941 None None] Publish callbacks ['neutron.plugins.ml2.plugin.SecurityGroupDbMixin._ensure_default_security_group_handler-760708'] for port (a9e430b7-c127-438a-9876-85e139492469), before_update {{(pid=103926) _notify_loop /usr/local/lib/python3.8/dist-packages/neutron_lib/callbacks/manager.py:176}}
Jul 04 09:18:16.030251 dv-cinder-844563-4-smb neutron-server[103926]: DEBUG neutron.db.provisioning_blocks [None req-b30dd3bb-ccae-4c5e-a9c0-3dca0eb18815 None None] Provisioning complete for port 92a92a04-0dd9-49c5-a93b-6128bb506ece triggered by entity DHCP. {{(pid=103926) provisioning_complete /opt/stack/neutron/neutron/db/provisioning_blocks.py:145}}
Jul 04 09:18:16.030940 dv-cinder-844563-4-smb neutron-server[103926]: DEBUG neutron_lib.callbacks.manager [None req-b30dd3bb-ccae-4c5e-a9c0-3dca0eb18815 None None] Publish callbacks ['neutron.plugins.ml2.plugin.Ml2Plugin._port_provisioned-910609'] for port (92a92a04-0dd9-49c5-a93b-6128bb506ece), provisioning_complete {{(pid=103926) _notify_loop /usr/local/lib/python3.8/dist-packages/neutron_lib/callbacks/manager.py:176}}
Jul 04 09:18:16.098577 dv-cinder-844563-4-smb neutron-server[103921]: DEBUG dbcounter [-] [103921] Writing DB stats neutron:SELECT=90,neutron:UPDATE=2,neutron:INSERT=8 {{(pid=103921) stat_writer /usr/local/lib/python3.8/dist-packages/dbcounter.py:114}}
Jul 04 09:18:16.107853 dv-cinder-844563-4-smb neutron-server[103921]: INFO neutron.wsgi [req-2f78c963-adf0-422b-8d03-d533ed1a6c50 req-105be78c-b2b9-4954-b1f3-6e4d4e3b1730 service neutron] 10.222.0.70 "GET /v2.0/networks/cfbf0d78-3c25-43af-a33e-4422c61f47fa?fields=segments HTTP/1.1" status: 200 len: 212 time: 0.3229296
Jul 04 09:18:16.188445 dv-cinder-844563-4-smb neutron-server[103926]: DEBUG neutron.plugins.ml2.db [None req-41451c31-9577-4e32-9f3c-dec993936941 None None] For port a9e430b7-c127-438a-9876-85e139492469, host dv-cinder-844563-4-smb, cleared binding levels {{(pid=103926) clear_binding_levels /opt/stack/neutron/neutron/plugins/ml2/db.py:87}}
Jul 04 09:18:16.191815 dv-cinder-844563-4-smb neutron-server[103926]: DEBUG neutron.plugins.ml2.db [None req-41451c31-9577-4e32-9f3c-dec993936941 None None] For port a9e430b7-c127-438a-9876-85e139492469, host dv-cinder-844563-4-smb, set binding levels [PortBindingLevel(driver='openvswitch',host='dv-cinder-844563-4-smb',level=0,port_id=a9e430b7-c127-438a-9876-85e139492469,segment=NetworkSegment(081c4847-662a-489a-9478-20ed30e38cef),segment_id=081c4847-662a-489a-9478-20ed30e38cef)] {{(pid=103926) set_binding_levels /opt/stack/neutron/neutron/plugins/ml2/db.py:59}}
Jul 04 09:18:16.212498 dv-cinder-844563-4-smb neutron-server[103926]: DEBUG neutron_lib.callbacks.manager [None req-41451c31-9577-4e32-9f3c-dec993936941 None None] Publish callbacks ['neutron.plugins.ml2.plugin.SecurityGroupServerNotifierRpcMixin._notify_sg_on_port_change-760137', 'neutron.plugins.ml2.ovo_rpc._ObjectChangeHandler.handle_event-401025', 'neutron.api.rpc.agentnotifiers.dhcp_rpc_agent_api.DhcpAgentNotifyAPI._native_event_send_dhcp_notification-1574153', 'neutron.db.l3_db.L3RpcNotifierMixin._notify_gateway_port_ip_changed-8729843227109', 'neutron.db.l3_dvrscheduler_db._notify_l3_agent_port_update-8729842783398', 'neutron.db.l3_hascheduler_db._notify_l3_agent_ha_port_update-8729842783416'] for port (a9e430b7-c127-438a-9876-85e139492469), after_update {{(pid=103926) _notify_loop /usr/local/lib/python3.8/dist-packages/neutron_lib/callbacks/manager.py:176}}
Jul 04 09:18:16.214666 dv-cinder-844563-4-smb neutron-server[103926]: DEBUG neutron.db.provisioning_blocks [None req-1718c138-0913-438e-872b-436976c0e512 None None] Provisioning complete for port 44b3d1c1-c79b-4077-b66e-53c45d4ce229 triggered by entity L2. {{(pid=103926) provisioning_complete /opt/stack/neutron/neutron/db/provisioning_blocks.py:145}}
Jul 04 09:18:16.215004 dv-cinder-844563-4-smb neutron-server[103926]: DEBUG neutron_lib.callbacks.manager [None req-1718c138-0913-438e-872b-436976c0e512 None None] Publish callbacks ['neutron.plugins.ml2.plugin.Ml2Plugin._port_provisioned-910609'] for port (44b3d1c1-c79b-4077-b66e-53c45d4ce229), provisioning_complete {{(pid=103926) _notify_loop /usr/local/lib/python3.8/dist-packages/neutron_lib/callbacks/manager.py:176}}
Jul 04 09:18:16.291660 dv-cinder-844563-4-smb neutron-server[103926]: DEBUG neutron.plugins.ml2.plugin [None req-b30dd3bb-ccae-4c5e-a9c0-3dca0eb18815 None None] Port 92a92a04-0dd9-49c5-a93b-6128bb506ece cannot update to ACTIVE because it is not bound. {{(pid=103926) _port_provisioned /opt/stack/neutron/neutron/plugins/ml2/plugin.py:348}}
Jul 04 09:18:16.360271 dv-cinder-844563-4-smb neutron-server[103926]: DEBUG neutron.db.provisioning_blocks [None req-b30dd3bb-ccae-4c5e-a9c0-3dca0eb18815 None None] Provisioning complete for port a9e430b7-c127-438a-9876-85e139492469 triggered by entity DHCP. {{(pid=103926) provisioning_complete /opt/stack/neutron/neutron/db/provisioning_blocks.py:145}}
Jul 04 09:18:16.360493 dv-cinder-844563-4-smb neutron-server[103926]: DEBUG neutron_lib.callbacks.manager [None req-b30dd3bb-ccae-4c5e-a9c0-3dca0eb18815 None None] Publish callbacks ['neutron.plugins.ml2.plugin.Ml2Plugin._port_provisioned-910609'] for port (a9e430b7-c127-438a-9876-85e139492469), provisioning_complete {{(pid=103926) _notify_loop /usr/local/lib/python3.8/dist-packages/neutron_lib/callbacks/manager.py:176}}
Jul 04 09:18:16.421848 dv-cinder-844563-4-smb neutron-server[103926]: DEBUG neutron.db.l3_dvrscheduler_db [None req-41451c31-9577-4e32-9f3c-dec993936941 None None] Routers {'89b902bf-638e-48ef-8562-393bffe2fc54'} bound to L3 agent in host dv-cinder-844563-4-smb {{(pid=103926) _get_router_ids_for_agent /opt/stack/neutron/neutron/db/l3_dvrscheduler_db.py:426}}
Jul 04 09:18:16.422675 dv-cinder-844563-4-smb neutron-server[103926]: DEBUG neutron.db.l3_hamode_db [None req-41451c31-9577-4e32-9f3c-dec993936941 None None] neutron.services.l3_router.l3_router_plugin.L3RouterPlugin method get_ha_sync_data_for_host called with arguments (, 'dv-cinder-844563-4-smb', Agent(admin_state_up=True,agent_type='L3 agent',availability_zone='nova',binary='neutron-l3-agent',configurations={"agent_mode": "legacy", "ex_gw_ports": 6, "extensions": [], "floating_ips": 0, "handle_internal_only_routers": true, "interface_driver": "openvswitch", "interfaces": 4, "log_agent_heartbeats": false, "routers": 6},created_at=2022-07-04T09:09:37Z,description=,heartbeat_timestamp=2022-07-04T09:18:07Z,host='dv-cinder-844563-4-smb',id=01d14d7a-99c9-4c66-a97d-76160ae9f73b,load=0,resource_versions=,resources_synced=,started_at=2022-07-04T09:09:37Z,topic='l3_agent')) {'router_ids': ['89b902bf-638e-48ef-8562-393bffe2fc54'], 'active': True} {{(pid=103926) wrapper /usr/local/lib/python3.8/dist-packages/oslo_log/helpers.py:65}}
Jul 04 09:18:16.469070 dv-cinder-844563-4-smb neutron-server[103920]: DEBUG neutron.wsgi [-] (103920) accepted ('10.222.0.42', 36496) {{(pid=103920) server /usr/local/lib/python3.8/dist-packages/eventlet/wsgi.py:1004}}
Jul 04 09:18:16.554224 dv-cinder-844563-4-smb neutron-server[103926]: DEBUG neutron.api.rpc.handlers.resources_rpc [None req-bcd008c4-1435-4dea-b3bd-d1ff367bf2d4 None None] Pushing event updated for resources: {'Port': ['ID=a9e430b7-c127-438a-9876-85e139492469,revision_number=4']} {{(pid=103926) push /opt/stack/neutron/neutron/api/rpc/handlers/resources_rpc.py:237}}
Jul 04 09:18:16.587755 dv-cinder-844563-4-smb neutron-server[103921]: DEBUG neutron_lib.callbacks.manager [None req-bd015e0f-ddaa-4824-b85b-4bc95c50e35c admin admin] Publish callbacks [] for security_group (a6547d31-c7f8-45cb-9db3-cf3c4f453deb), precommit_create {{(pid=103921) _notify_loop /usr/local/lib/python3.8/dist-packages/neutron_lib/callbacks/manager.py:176}}
Jul 04 09:18:16.651905 dv-cinder-844563-4-smb neutron-server[103921]: DEBUG neutron_lib.callbacks.manager [None req-bd015e0f-ddaa-4824-b85b-4bc95c50e35c admin admin] Publish callbacks ['neutron.plugins.ml2.ovo_rpc._ObjectChangeHandler.handle_event-1799843'] for security_group (a6547d31-c7f8-45cb-9db3-cf3c4f453deb), after_create {{(pid=103921) _notify_loop /usr/local/lib/python3.8/dist-packages/neutron_lib/callbacks/manager.py:176}}
Jul 04 09:18:16.737638 dv-cinder-844563-4-smb neutron-server[103920]: DEBUG neutron_lib.callbacks.manager [req-28ac5098-f635-4dea-82ee-ccfc82ba32da req-8a440b18-ef37-41db-9cea-14990f028cdc tempest-ServerRescueNegativeTestJSON-407846297 tempest-ServerRescueNegativeTestJSON-407846297-project] Publish callbacks [] for port (0f059d33-d061-4058-a368-494924882c86), precommit_create {{(pid=103920) _notify_loop /usr/local/lib/python3.8/dist-packages/neutron_lib/callbacks/manager.py:176}}
Jul 04 09:18:16.760555 dv-cinder-844563-4-smb neutron-server[103920]: INFO neutron.wsgi [req-78baebd9-cbca-4b2c-bfc9-3f966f06b2ea req-f55f17c2-10f6-4898-9132-bf0773d4c1ba tempest-AttachVolumeShelveTestJSON-2032901914 tempest-AttachVolumeShelveTestJSON-2032901914-project] 10.222.0.42 "GET /v2.0/security-groups?name=tempest-securitygroup--1260505947&fields=id&tenant_id=17c43e06ebe740af9b4fe4678526ef7a HTTP/1.1" status: 200 len: 267 time: 0.3436136
Jul 04 09:18:16.818030 dv-cinder-844563-4-smb neutron-server[103926]: DEBUG neutron.plugins.ml2.plugin [None req-1718c138-0913-438e-872b-436976c0e512 None None] Current status of the port 44b3d1c1-c79b-4077-b66e-53c45d4ce229 is: DOWN; New status is: ACTIVE {{(pid=103926) _update_individual_port_db_status /opt/stack/neutron/neutron/plugins/ml2/plugin.py:2292}}
Jul 04 09:18:16.818490 dv-cinder-844563-4-smb neutron-server[103926]: DEBUG neutron_lib.callbacks.manager [None req-1718c138-0913-438e-872b-436976c0e512 None None] Publish callbacks ['neutron.plugins.ml2.plugin.SecurityGroupDbMixin._ensure_default_security_group_handler-760708'] for port (44b3d1c1-c79b-4077-b66e-53c45d4ce229), before_update {{(pid=103926) _notify_loop /usr/local/lib/python3.8/dist-packages/neutron_lib/callbacks/manager.py:176}}
Jul 04 09:18:16.823015 dv-cinder-844563-4-smb neutron-server[103920]: DEBUG neutron_lib.callbacks.manager [None req-e5f35818-54ba-4e1c-a411-dd139b1a2d62 admin admin] Publish callbacks [] for security_group (None), before_create {{(pid=103920) _notify_loop /usr/local/lib/python3.8/dist-packages/neutron_lib/callbacks/manager.py:176}}
Jul 04 09:18:16.840331 dv-cinder-844563-4-smb neutron-server[103926]: DEBUG dbcounter [-] [103926] Writing DB stats neutron:SELECT=96,neutron:UPDATE=3,neutron:INSERT=1 {{(pid=103926) stat_writer /usr/local/lib/python3.8/dist-packages/dbcounter.py:114}}
Jul 04 09:18:16.876853 dv-cinder-844563-4-smb neutron-server[103921]: INFO neutron.wsgi [None req-bd015e0f-ddaa-4824-b85b-4bc95c50e35c admin admin] 10.222.0.42 "GET /v2.0/security-groups?tenant_id=5c23df1cac534a149bcc008464e66cea&name=default HTTP/1.1" status: 200 len: 2996 time: 4.0522065
Jul 04 09:18:16.877655 dv-cinder-844563-4-smb neutron-server[103921]: DEBUG neutron.api.rpc.handlers.resources_rpc [None req-bd015e0f-ddaa-4824-b85b-4bc95c50e35c admin admin] Pushing event updated for resources: {'SecurityGroup': ['ID=a6547d31-c7f8-45cb-9db3-cf3c4f453deb,revision_number=1']} {{(pid=103921) push /opt/stack/neutron/neutron/api/rpc/handlers/resources_rpc.py:237}}
Jul 04 09:18:16.892585 dv-cinder-844563-4-smb neutron-server[103921]: DEBUG neutron.wsgi [-] (103921) accepted ('10.222.0.42', 36500) {{(pid=103921) server /usr/local/lib/python3.8/dist-packages/eventlet/wsgi.py:1004}}
Jul 04 09:18:16.908865 dv-cinder-844563-4-smb neutron-server[103921]: DEBUG neutron.pecan_wsgi.hooks.policy_enforcement [req-e267405c-797c-47f2-9150-8df0fcae8de6 req-c7e8e58d-b326-408f-8d7c-4b43eb46ee70 tempest-AttachVolumeTestJSON-2052709175 tempest-AttachVolumeTestJSON-2052709175-project] Attributes excluded by policy engine: ['standard_attr_id', 'vlan_transparent', 'provider:network_type', 'provider:physical_network', 'provider:segmentation_id'] {{(pid=103921) _exclude_attributes_by_policy /opt/stack/neutron/neutron/pecan_wsgi/hooks/policy_enforcement.py:259}}
Jul 04 09:18:16.910483 dv-cinder-844563-4-smb neutron-server[103921]: INFO neutron.wsgi [req-e267405c-797c-47f2-9150-8df0fcae8de6 req-c7e8e58d-b326-408f-8d7c-4b43eb46ee70 tempest-AttachVolumeTestJSON-2052709175 tempest-AttachVolumeTestJSON-2052709175-project] 10.222.0.42 "GET /v2.0/networks?id=3fba9fde-5c3d-4a96-8418-ec113ad45fe9 HTTP/1.1" status: 200 len: 811 time: 1.3156762
Jul 04 09:18:16.917907 dv-cinder-844563-4-smb neutron-server[103926]: DEBUG neutron.plugins.ml2.plugin [None req-b30dd3bb-ccae-4c5e-a9c0-3dca0eb18815 None None] Current status of the port a9e430b7-c127-438a-9876-85e139492469 is: DOWN; New status is: ACTIVE {{(pid=103926) _update_individual_port_db_status /opt/stack/neutron/neutron/plugins/ml2/plugin.py:2292}}
Jul 04 09:18:16.923376 dv-cinder-844563-4-smb neutron-server[103926]: DEBUG neutron_lib.callbacks.manager [None req-b30dd3bb-ccae-4c5e-a9c0-3dca0eb18815 None None] Publish callbacks ['neutron.plugins.ml2.plugin.SecurityGroupDbMixin._ensure_default_security_group_handler-760708'] for port (a9e430b7-c127-438a-9876-85e139492469), before_update {{(pid=103926) _notify_loop /usr/local/lib/python3.8/dist-packages/neutron_lib/callbacks/manager.py:176}}
Jul 04 09:18:16.941261 dv-cinder-844563-4-smb neutron-server[103921]: INFO neutron.wsgi [req-2f78c963-adf0-422b-8d03-d533ed1a6c50 req-8151445b-f95c-4600-9bc9-054f8172b758 service neutron] 10.222.0.70 "GET /v2.0/networks/cfbf0d78-3c25-43af-a33e-4422c61f47fa?fields=provider%3Aphysical_network&fields=provider%3Anetwork_type HTTP/1.1" status: 200 len: 281 time: 0.7850835
Jul 04 09:18:16.945739 dv-cinder-844563-4-smb neutron-server[103926]: DEBUG neutron.db.l3_dvr_db [None req-41451c31-9577-4e32-9f3c-dec993936941 None None] Set router 89b902bf-638e-48ef-8562-393bffe2fc54 gateway port host: dv-cinder-844563-4-smb {{(pid=103926) _build_routers_list /opt/stack/neutron/neutron/db/l3_dvr_db.py:907}}
Jul 04 09:18:16.966993 dv-cinder-844563-4-smb neutron-server[103921]: INFO neutron.wsgi [req-e267405c-797c-47f2-9150-8df0fcae8de6 req-23450a22-fbf7-4cba-9da6-0bdfaf315c2c tempest-AttachVolumeTestJSON-2052709175 tempest-AttachVolumeTestJSON-2052709175-project] 10.222.0.42 "GET /v2.0/quotas/47c7ac57b6244fb19f74f62d292107c3 HTTP/1.1" status: 200 len: 375 time: 0.0375786
Jul 04 09:18:16.996795 dv-cinder-844563-4-smb neutron-server[103921]: DEBUG neutron.pecan_wsgi.hooks.quota_enforcement [req-0b31337f-5297-48ad-8f86-d71caa7b8194 req-a44f9ced-3bf0-414e-a76f-7549617e241a tempest-AttachVolumeNegativeTest-1333840656 tempest-AttachVolumeNegativeTest-1333840656-project] Made reservation on behalf of fa3b91395ec24070a3ee1c31cbf9ac63 for: {'port': 1} {{(pid=103921) before /opt/stack/neutron/neutron/pecan_wsgi/hooks/quota_enforcement.py:53}}
Jul 04 09:18:17.000395 dv-cinder-844563-4-smb neutron-server[103921]: DEBUG neutron_lib.callbacks.manager [req-0b31337f-5297-48ad-8f86-d71caa7b8194 req-a44f9ced-3bf0-414e-a76f-7549617e241a tempest-AttachVolumeNegativeTest-1333840656 tempest-AttachVolumeNegativeTest-1333840656-project] Publish callbacks ['neutron.plugins.ml2.plugin.SecurityGroupDbMixin._ensure_default_security_group_handler-760708'] for port (None), before_create {{(pid=103921) _notify_loop /usr/local/lib/python3.8/dist-packages/neutron_lib/callbacks/manager.py:176}}
Jul 04 09:18:17.046179 dv-cinder-844563-4-smb neutron-server[103920]: DEBUG dbcounter [-] [103920] Writing DB stats neutron:SELECT=86,neutron:INSERT=10,neutron:UPDATE=4 {{(pid=103920) stat_writer /usr/local/lib/python3.8/dist-packages/dbcounter.py:114}}
Jul 04 09:18:17.073790 dv-cinder-844563-4-smb neutron-server[103921]: DEBUG neutron_lib.callbacks.manager [None req-86fb896b-835c-4b82-a9a3-6d9c8b42c5d6 admin admin] Publish callbacks [] for security_group (a6547d31-c7f8-45cb-9db3-cf3c4f453deb), before_delete {{(pid=103921) _notify_loop /usr/local/lib/python3.8/dist-packages/neutron_lib/callbacks/manager.py:176}}
Jul 04 09:18:17.103795 dv-cinder-844563-4-smb neutron-server[103921]: INFO neutron.wsgi [req-e267405c-797c-47f2-9150-8df0fcae8de6 req-04d65ff4-b1cc-404e-8fca-cd79f08010a7 tempest-AttachVolumeTestJSON-2052709175 tempest-AttachVolumeTestJSON-2052709175-project] 10.222.0.42 "GET /v2.0/ports?tenant_id=47c7ac57b6244fb19f74f62d292107c3&fields=id HTTP/1.1" status: 200 len: 302 time: 0.1252708
Jul 04 09:18:17.113278 dv-cinder-844563-4-smb neutron-server[103921]: DEBUG dbcounter [-] [103921] Writing DB stats neutron:SELECT=94,neutron:INSERT=5,neutron:UPDATE=1 {{(pid=103921) stat_writer /usr/local/lib/python3.8/dist-packages/dbcounter.py:114}}
Jul 04 09:18:17.152831 dv-cinder-844563-4-smb neutron-server[103926]: DEBUG neutron.plugins.ml2.db [None req-1718c138-0913-438e-872b-436976c0e512 None None] For port 44b3d1c1-c79b-4077-b66e-53c45d4ce229, host dv-cinder-844563-4-smb, got binding levels [PortBindingLevel(driver='openvswitch',host='dv-cinder-844563-4-smb',level=0,port_id=44b3d1c1-c79b-4077-b66e-53c45d4ce229,segment=NetworkSegment(a0a43ca4-1806-40fc-b72b-9a6ad45bc49b),segment_id=a0a43ca4-1806-40fc-b72b-9a6ad45bc49b)] {{(pid=103926) get_binding_level_objs /opt/stack/neutron/neutron/plugins/ml2/db.py:74}}
