Jul 04 09:18:00.804777 dv-cinder-844563-4-smb devstack@c-api.service[110807]: INFO cinder.api.openstack.wsgi [None req-9d382c24-3cdc-42e2-af7d-0d6e3874d86a tempest-GroupsTest-1854978331 tempest-GroupsTest-1854978331-project] GET http://10.222.0.42/volume/v3/b4fe1def05a5402e9d15cd5167e0d26a/groups/a4aa85e4-3d64-4495-9b53-2778ce3b9d9d
Jul 04 09:18:00.806670 dv-cinder-844563-4-smb devstack@c-api.service[110807]: DEBUG cinder.api.openstack.wsgi [None req-9d382c24-3cdc-42e2-af7d-0d6e3874d86a tempest-GroupsTest-1854978331 tempest-GroupsTest-1854978331-project] Empty body provided in request {{(pid=110807) get_body /opt/stack/cinder/cinder/api/openstack/wsgi.py:715}}
Jul 04 09:18:00.807219 dv-cinder-844563-4-smb devstack@c-api.service[110807]: DEBUG cinder.api.openstack.wsgi [None req-9d382c24-3cdc-42e2-af7d-0d6e3874d86a tempest-GroupsTest-1854978331 tempest-GroupsTest-1854978331-project] Calling method 'version_select' {{(pid=110807) _process_stack /opt/stack/cinder/cinder/api/openstack/wsgi.py:868}}
Jul 04 09:18:00.807774 dv-cinder-844563-4-smb devstack@c-api.service[110807]: DEBUG cinder.api.v3.groups [None req-9d382c24-3cdc-42e2-af7d-0d6e3874d86a tempest-GroupsTest-1854978331 tempest-GroupsTest-1854978331-project] show called for member a4aa85e4-3d64-4495-9b53-2778ce3b9d9d {{(pid=110807) show /opt/stack/cinder/cinder/api/v3/groups.py:58}}
Jul 04 09:18:00.828951 dv-cinder-844563-4-smb devstack@c-api.service[110807]: /usr/local/lib/python3.8/dist-packages/oslo_context/context.py:100: DeprecationWarning: Policy enforcement is depending on the value of is_admin. This key is deprecated. Please update your policy file to use the standard policy values.
Jul 04 09:18:00.828951 dv-cinder-844563-4-smb devstack@c-api.service[110807]: warnings.warn('Policy enforcement is depending on the value of '
Jul 04 09:18:00.885701 dv-cinder-844563-4-smb devstack@c-api.service[110807]: INFO cinder.api.openstack.wsgi [None req-9d382c24-3cdc-42e2-af7d-0d6e3874d86a tempest-GroupsTest-1854978331 tempest-GroupsTest-1854978331-project] http://10.222.0.42/volume/v3/b4fe1def05a5402e9d15cd5167e0d26a/groups/a4aa85e4-3d64-4495-9b53-2778ce3b9d9d returned with HTTP 200
Jul 04 09:18:00.886730 dv-cinder-844563-4-smb devstack@c-api.service[110807]: [pid: 110807|app: 0|req: 64/125] 10.222.0.42 () {60 vars in 1362 bytes} [Mon Jul 4 09:18:00 2022] GET /volume/v3/b4fe1def05a5402e9d15cd5167e0d26a/groups/a4aa85e4-3d64-4495-9b53-2778ce3b9d9d => generated 324 bytes in 88 msecs (HTTP/1.1 200) 7 headers in 286 bytes (1 switches on core 0)
Jul 04 09:18:00.898144 dv-cinder-844563-4-smb devstack@c-api.service[110806]: DEBUG cinder.api.middleware.request_id [None req-ea07a126-4168-4076-8021-09acfc4fc149 None None] RequestId filter calling following filter/app {{(pid=110806) _context_setter /opt/stack/cinder/cinder/api/middleware/request_id.py:62}}
Jul 04 09:18:00.903704 dv-cinder-844563-4-smb devstack@c-api.service[110806]: INFO cinder.api.openstack.wsgi [None req-ea07a126-4168-4076-8021-09acfc4fc149 tempest-GroupsTest-1854978331 tempest-GroupsTest-1854978331-project] GET http://10.222.0.42/volume/v3/b4fe1def05a5402e9d15cd5167e0d26a/volumes/detail
Jul 04 09:18:00.906714 dv-cinder-844563-4-smb devstack@c-api.service[110806]: DEBUG cinder.api.openstack.wsgi [None req-ea07a126-4168-4076-8021-09acfc4fc149 tempest-GroupsTest-1854978331 tempest-GroupsTest-1854978331-project] Empty body provided in request {{(pid=110806) get_body /opt/stack/cinder/cinder/api/openstack/wsgi.py:715}}
Jul 04 09:18:00.907344 dv-cinder-844563-4-smb devstack@c-api.service[110806]: DEBUG cinder.api.openstack.wsgi [None req-ea07a126-4168-4076-8021-09acfc4fc149 tempest-GroupsTest-1854978331 tempest-GroupsTest-1854978331-project] Calling method 'detail' {{(pid=110806) _process_stack /opt/stack/cinder/cinder/api/openstack/wsgi.py:868}}
Jul 04 09:18:00.908214 dv-cinder-844563-4-smb devstack@c-api.service[110806]: DEBUG cinder.api.api_utils [None req-ea07a126-4168-4076-8021-09acfc4fc149 tempest-GroupsTest-1854978331 tempest-GroupsTest-1854978331-project] Removing options '' from query. {{(pid=110806) remove_invalid_filter_options /opt/stack/cinder/cinder/api/api_utils.py:83}}
Jul 04 09:18:00.910991 dv-cinder-844563-4-smb devstack@c-api.service[110806]: DEBUG cinder.volume.api [None req-ea07a126-4168-4076-8021-09acfc4fc149 tempest-GroupsTest-1854978331 tempest-GroupsTest-1854978331-project] Searching by: MultiDict([('no_migration_targets', True)]). {{(pid=110806) get_all /opt/stack/cinder/cinder/volume/api.py:664}}
Jul 04 09:18:00.919473 dv-cinder-844563-4-smb devstack@c-api.service[110807]: DEBUG cinder.api.middleware.request_id [None req-a71b6e00-47ee-4d08-a52d-d2a3689fde84 None None] RequestId filter calling following filter/app {{(pid=110807) _context_setter /opt/stack/cinder/cinder/api/middleware/request_id.py:62}}
Jul 04 09:18:01.155049 dv-cinder-844563-4-smb devstack@c-api.service[110806]: INFO cinder.volume.api [None req-ea07a126-4168-4076-8021-09acfc4fc149 tempest-GroupsTest-1854978331 tempest-GroupsTest-1854978331-project] Get all volumes completed successfully.
Jul 04 09:18:01.165121 dv-cinder-844563-4-smb devstack@c-api.service[110806]: WARNING stevedore.named [None req-ea07a126-4168-4076-8021-09acfc4fc149 tempest-GroupsTest-1854978331 tempest-GroupsTest-1854978331-project] Could not load cinder.keymgr.conf_key_mgr.ConfKeyManager
Jul 04 09:18:01.165519 dv-cinder-844563-4-smb devstack@c-api.service[110806]: WARNING castellan.key_manager [None req-ea07a126-4168-4076-8021-09acfc4fc149 tempest-GroupsTest-1854978331 tempest-GroupsTest-1854978331-project] Deprecation Warning : cinder.keymgr.conf_key_mgr.ConfKeyManager is not a stevedore based driver, trying to load it as a class: stevedore.exception.NoMatches: No 'castellan.drivers' driver found, looking for 'cinder.keymgr.conf_key_mgr.ConfKeyManager'
Jul 04 09:18:01.192276 dv-cinder-844563-4-smb devstack@c-api.service[110806]: DEBUG oslo_db.sqlalchemy.engines [None req-ea07a126-4168-4076-8021-09acfc4fc149 tempest-GroupsTest-1854978331 tempest-GroupsTest-1854978331-project] MySQL server mode set to STRICT_TRANS_TABLES,STRICT_ALL_TABLES,NO_ZERO_IN_DATE,NO_ZERO_DATE,ERROR_FOR_DIVISION_BY_ZERO,TRADITIONAL,NO_ENGINE_SUBSTITUTION {{(pid=110806) _check_effective_sql_mode /usr/local/lib/python3.8/dist-packages/oslo_db/sqlalchemy/engines.py:314}}
Jul 04 09:18:01.208210 dv-cinder-844563-4-smb devstack@c-api.service[110806]: /usr/local/lib/python3.8/dist-packages/oslo_context/context.py:100: DeprecationWarning: Policy enforcement is depending on the value of is_admin. This key is deprecated. Please update your policy file to use the standard policy values.
Jul 04 09:18:01.208210 dv-cinder-844563-4-smb devstack@c-api.service[110806]: warnings.warn('Policy enforcement is depending on the value of '
Jul 04 09:18:01.232634 dv-cinder-844563-4-smb devstack@c-api.service[110806]: WARNING stevedore.named [None req-ea07a126-4168-4076-8021-09acfc4fc149 tempest-GroupsTest-1854978331 tempest-GroupsTest-1854978331-project] Could not load cinder.keymgr.conf_key_mgr.ConfKeyManager
Jul 04 09:18:01.233024 dv-cinder-844563-4-smb devstack@c-api.service[110806]: WARNING castellan.key_manager [None req-ea07a126-4168-4076-8021-09acfc4fc149 tempest-GroupsTest-1854978331 tempest-GroupsTest-1854978331-project] Deprecation Warning : cinder.keymgr.conf_key_mgr.ConfKeyManager is not a stevedore based driver, trying to load it as a class: stevedore.exception.NoMatches: No 'castellan.drivers' driver found, looking for 'cinder.keymgr.conf_key_mgr.ConfKeyManager'
Jul 04 09:18:01.234749 dv-cinder-844563-4-smb devstack@c-api.service[110807]: INFO cinder.api.openstack.wsgi [None req-a71b6e00-47ee-4d08-a52d-d2a3689fde84 tempest-GroupTypeSpecsTest-1522887350 tempest-GroupTypeSpecsTest-1522887350-project-admin] POST http://10.222.0.42/volume/v3/1bba3cef7c6249c387da1192b92c8623/group_types
Jul 04 09:18:01.236148 dv-cinder-844563-4-smb devstack@c-api.service[110807]: DEBUG cinder.api.openstack.wsgi [None req-a71b6e00-47ee-4d08-a52d-d2a3689fde84 tempest-GroupTypeSpecsTest-1522887350 tempest-GroupTypeSpecsTest-1522887350-project-admin] Action: 'create', calling method: version_select, body: {"group_type": {"name": "tempest-GroupTypeSpecsTest-group-type-748890338"}} {{(pid=110807) _process_stack /opt/stack/cinder/cinder/api/openstack/wsgi.py:866}}
Jul 04 09:18:01.237813 dv-cinder-844563-4-smb devstack@c-api.service[110807]: /usr/local/lib/python3.8/dist-packages/oslo_context/context.py:100: DeprecationWarning: Policy enforcement is depending on the value of is_admin. This key is deprecated. Please update your policy file to use the standard policy values.
Jul 04 09:18:01.237813 dv-cinder-844563-4-smb devstack@c-api.service[110807]: warnings.warn('Policy enforcement is depending on the value of '
Jul 04 09:18:01.251602 dv-cinder-844563-4-smb devstack@c-api.service[110806]: DEBUG oslo_db.sqlalchemy.engines [None req-ea07a126-4168-4076-8021-09acfc4fc149 tempest-GroupsTest-1854978331 tempest-GroupsTest-1854978331-project] MySQL server mode set to STRICT_TRANS_TABLES,STRICT_ALL_TABLES,NO_ZERO_IN_DATE,NO_ZERO_DATE,ERROR_FOR_DIVISION_BY_ZERO,TRADITIONAL,NO_ENGINE_SUBSTITUTION {{(pid=110806) _check_effective_sql_mode /usr/local/lib/python3.8/dist-packages/oslo_db/sqlalchemy/engines.py:314}}
Jul 04 09:18:01.273275 dv-cinder-844563-4-smb devstack@c-api.service[110806]: /usr/local/lib/python3.8/dist-packages/oslo_context/context.py:100: DeprecationWarning: Policy enforcement is depending on the value of is_admin. This key is deprecated. Please update your policy file to use the standard policy values.
Jul 04 09:18:01.273275 dv-cinder-844563-4-smb devstack@c-api.service[110806]: warnings.warn('Policy enforcement is depending on the value of '
Jul 04 09:18:01.279709 dv-cinder-844563-4-smb devstack@c-api.service[110807]: INFO cinder.api.openstack.wsgi [None req-a71b6e00-47ee-4d08-a52d-d2a3689fde84 tempest-GroupTypeSpecsTest-1522887350 tempest-GroupTypeSpecsTest-1522887350-project-admin] http://10.222.0.42/volume/v3/1bba3cef7c6249c387da1192b92c8623/group_types returned with HTTP 202
Jul 04 09:18:01.282635 dv-cinder-844563-4-smb devstack@c-api.service[110807]: [pid: 110807|app: 0|req: 65/126] 10.222.0.42 () {62 vars in 1287 bytes} [Mon Jul 4 09:18:00 2022] POST /volume/v3/1bba3cef7c6249c387da1192b92c8623/group_types => generated 180 bytes in 363 msecs (HTTP/1.1 202) 7 headers in 292 bytes (2 switches on core 0)
Jul 04 09:18:01.286742 dv-cinder-844563-4-smb devstack@c-api.service[110807]: DEBUG cinder.api.middleware.request_id [None req-aac7783c-b01d-4967-a98f-07fdab20a3cf None None] RequestId filter calling following filter/app {{(pid=110807) _context_setter /opt/stack/cinder/cinder/api/middleware/request_id.py:62}}
Jul 04 09:18:01.298469 dv-cinder-844563-4-smb devstack@c-api.service[110807]: INFO cinder.api.openstack.wsgi [None req-aac7783c-b01d-4967-a98f-07fdab20a3cf tempest-SnapshotsActionsTest-1937169015 tempest-SnapshotsActionsTest-1937169015-project] GET http://10.222.0.42/volume/v3/5c23df1cac534a149bcc008464e66cea/snapshots/820faeee-7616-45b6-94f0-ee9647db6bc7
Jul 04 09:18:01.300725 dv-cinder-844563-4-smb devstack@c-api.service[110807]: DEBUG cinder.api.openstack.wsgi [None req-aac7783c-b01d-4967-a98f-07fdab20a3cf tempest-SnapshotsActionsTest-1937169015 tempest-SnapshotsActionsTest-1937169015-project] Empty body provided in request {{(pid=110807) get_body /opt/stack/cinder/cinder/api/openstack/wsgi.py:715}}
Jul 04 09:18:01.302350 dv-cinder-844563-4-smb devstack@c-api.service[110807]: DEBUG cinder.api.openstack.wsgi [None req-aac7783c-b01d-4967-a98f-07fdab20a3cf tempest-SnapshotsActionsTest-1937169015 tempest-SnapshotsActionsTest-1937169015-project] Calling method 'show' {{(pid=110807) _process_stack /opt/stack/cinder/cinder/api/openstack/wsgi.py:868}}
Jul 04 09:18:01.326016 dv-cinder-844563-4-smb devstack@c-api.service[110806]: INFO cinder.api.openstack.wsgi [None req-ea07a126-4168-4076-8021-09acfc4fc149 tempest-GroupsTest-1854978331 tempest-GroupsTest-1854978331-project] http://10.222.0.42/volume/v3/b4fe1def05a5402e9d15cd5167e0d26a/volumes/detail returned with HTTP 200
Jul 04 09:18:01.330611 dv-cinder-844563-4-smb devstack@c-api.service[110806]: [pid: 110806|app: 0|req: 62/127] 10.222.0.42 () {60 vars in 1275 bytes} [Mon Jul 4 09:18:00 2022] GET /volume/v3/b4fe1def05a5402e9d15cd5167e0d26a/volumes/detail => generated 1961 bytes in 432 msecs (HTTP/1.1 200) 7 headers in 287 bytes (1 switches on core 0)
Jul 04 09:18:01.332368 dv-cinder-844563-4-smb devstack@c-api.service[110806]: DEBUG cinder.api.middleware.request_id [None req-4e882184-d19c-40db-a031-62d970418e22 None None] RequestId filter calling following filter/app {{(pid=110806) _context_setter /opt/stack/cinder/cinder/api/middleware/request_id.py:62}}
Jul 04 09:18:01.335864 dv-cinder-844563-4-smb devstack@c-api.service[110807]: INFO cinder.api.openstack.wsgi [None req-aac7783c-b01d-4967-a98f-07fdab20a3cf tempest-SnapshotsActionsTest-1937169015 tempest-SnapshotsActionsTest-1937169015-project] http://10.222.0.42/volume/v3/5c23df1cac534a149bcc008464e66cea/snapshots/820faeee-7616-45b6-94f0-ee9647db6bc7 returned with HTTP 404
Jul 04 09:18:01.343512 dv-cinder-844563-4-smb devstack@c-api.service[110807]: [pid: 110807|app: 0|req: 66/128] 10.222.0.42 () {58 vars in 1330 bytes} [Mon Jul 4 09:18:01 2022] GET /volume/v3/5c23df1cac534a149bcc008464e66cea/snapshots/820faeee-7616-45b6-94f0-ee9647db6bc7 => generated 111 bytes in 60 msecs (HTTP/1.1 404) 7 headers in 292 bytes (1 switches on core 0)
Jul 04 09:18:01.345566 dv-cinder-844563-4-smb devstack@c-api.service[110807]: DEBUG cinder.api.middleware.request_id [None req-eb01117e-f8fe-4e08-9f8e-0029e072f2b7 None None] RequestId filter calling following filter/app {{(pid=110807) _context_setter /opt/stack/cinder/cinder/api/middleware/request_id.py:62}}
Jul 04 09:18:01.348930 dv-cinder-844563-4-smb devstack@c-api.service[110806]: INFO cinder.api.openstack.wsgi [None req-4e882184-d19c-40db-a031-62d970418e22 tempest-GroupTypeSpecsTest-1522887350 tempest-GroupTypeSpecsTest-1522887350-project-admin] POST http://10.222.0.42/volume/v3/1bba3cef7c6249c387da1192b92c8623/group_types/2de7d938-4105-40df-ab11-53706f620a4f/group_specs
Jul 04 09:18:01.352208 dv-cinder-844563-4-smb devstack@c-api.service[110806]: DEBUG cinder.api.openstack.wsgi [None req-4e882184-d19c-40db-a031-62d970418e22 tempest-GroupTypeSpecsTest-1522887350 tempest-GroupTypeSpecsTest-1522887350-project-admin] Action: 'create', calling method: version_select, body: {"group_specs": {"key1": "value1", "key2": "value2"}} {{(pid=110806) _process_stack /opt/stack/cinder/cinder/api/openstack/wsgi.py:866}}
Jul 04 09:18:01.366207 dv-cinder-844563-4-smb devstack@c-api.service[110807]: INFO cinder.api.openstack.wsgi [None req-eb01117e-f8fe-4e08-9f8e-0029e072f2b7 tempest-GroupsTest-1854978331 tempest-GroupsTest-1854978331-project] GET http://10.222.0.42/volume/v3/b4fe1def05a5402e9d15cd5167e0d26a/volumes/detail
Jul 04 09:18:01.367157 dv-cinder-844563-4-smb devstack@c-api.service[110807]: DEBUG cinder.api.openstack.wsgi [None req-eb01117e-f8fe-4e08-9f8e-0029e072f2b7 tempest-GroupsTest-1854978331 tempest-GroupsTest-1854978331-project] Empty body provided in request {{(pid=110807) get_body /opt/stack/cinder/cinder/api/openstack/wsgi.py:715}}
Jul 04 09:18:01.368896 dv-cinder-844563-4-smb devstack@c-api.service[110807]: DEBUG cinder.api.openstack.wsgi [None req-eb01117e-f8fe-4e08-9f8e-0029e072f2b7 tempest-GroupsTest-1854978331 tempest-GroupsTest-1854978331-project] Calling method 'detail' {{(pid=110807) _process_stack /opt/stack/cinder/cinder/api/openstack/wsgi.py:868}}
Jul 04 09:18:01.372960 dv-cinder-844563-4-smb devstack@c-api.service[110807]: DEBUG cinder.api.api_utils [None req-eb01117e-f8fe-4e08-9f8e-0029e072f2b7 tempest-GroupsTest-1854978331 tempest-GroupsTest-1854978331-project] Removing options '' from query. {{(pid=110807) remove_invalid_filter_options /opt/stack/cinder/cinder/api/api_utils.py:83}}
Jul 04 09:18:01.376174 dv-cinder-844563-4-smb devstack@c-api.service[110807]: DEBUG cinder.volume.api [None req-eb01117e-f8fe-4e08-9f8e-0029e072f2b7 tempest-GroupsTest-1854978331 tempest-GroupsTest-1854978331-project] Searching by: MultiDict([('no_migration_targets', True)]). {{(pid=110807) get_all /opt/stack/cinder/cinder/volume/api.py:664}}
Jul 04 09:18:01.441197 dv-cinder-844563-4-smb devstack@c-api.service[110806]: INFO cinder.api.openstack.wsgi [None req-4e882184-d19c-40db-a031-62d970418e22 tempest-GroupTypeSpecsTest-1522887350 tempest-GroupTypeSpecsTest-1522887350-project-admin] http://10.222.0.42/volume/v3/1bba3cef7c6249c387da1192b92c8623/group_types/2de7d938-4105-40df-ab11-53706f620a4f/group_specs returned with HTTP 202
Jul 04 09:18:01.446626 dv-cinder-844563-4-smb devstack@c-api.service[110806]: [pid: 110806|app: 0|req: 63/129] 10.222.0.42 () {62 vars in 1434 bytes} [Mon Jul 4 09:18:01 2022] POST /volume/v3/1bba3cef7c6249c387da1192b92c8623/group_types/2de7d938-4105-40df-ab11-53706f620a4f/group_specs => generated 53 bytes in 111 msecs (HTTP/1.1 202) 7 headers in 291 bytes (1 switches on core 0)
Jul 04 09:18:01.446626 dv-cinder-844563-4-smb devstack@c-api.service[110806]: DEBUG cinder.api.middleware.request_id [None req-70894e7d-060a-4455-9c09-96461af55289 None None] RequestId filter calling following filter/app {{(pid=110806) _context_setter /opt/stack/cinder/cinder/api/middleware/request_id.py:62}}
Jul 04 09:18:01.465257 dv-cinder-844563-4-smb devstack@c-api.service[110806]: INFO cinder.api.openstack.wsgi [None req-70894e7d-060a-4455-9c09-96461af55289 tempest-SnapshotsActionsTest-2067057994 tempest-SnapshotsActionsTest-2067057994-project-admin] POST http://10.222.0.42/volume/v3/9b9354af17d74b919319d9e3f3c84c71/snapshots/5a5ad69b-253a-4632-8ac3-2095b21ccdcd/action
Jul 04 09:18:01.468296 dv-cinder-844563-4-smb devstack@c-api.service[110806]: DEBUG cinder.api.openstack.wsgi [None req-70894e7d-060a-4455-9c09-96461af55289 tempest-SnapshotsActionsTest-2067057994 tempest-SnapshotsActionsTest-2067057994-project-admin] Action body: b'{"os-reset_status": {"status": "available"}}' {{(pid=110806) get_method /opt/stack/cinder/cinder/api/openstack/wsgi.py:983}}
Jul 04 09:18:01.469360 dv-cinder-844563-4-smb devstack@c-api.service[110806]: DEBUG cinder.api.openstack.wsgi [None req-70894e7d-060a-4455-9c09-96461af55289 tempest-SnapshotsActionsTest-2067057994 tempest-SnapshotsActionsTest-2067057994-project-admin] Action: 'action', calling method: _reset_status, body: {"os-reset_status": {"status": "available"}} {{(pid=110806) _process_stack /opt/stack/cinder/cinder/api/openstack/wsgi.py:866}}
Jul 04 09:18:01.472637 dv-cinder-844563-4-smb devstack@c-api.service[110806]: DEBUG cinder.api.contrib.admin_actions [None req-70894e7d-060a-4455-9c09-96461af55289 tempest-SnapshotsActionsTest-2067057994 tempest-SnapshotsActionsTest-2067057994-project-admin] Updating snapshot '5a5ad69b-253a-4632-8ac3-2095b21ccdcd' with '{'status': 'available'}' {{(pid=110806) _reset_status /opt/stack/cinder/cinder/api/contrib/admin_actions.py:100}}
Jul 04 09:18:01.512471 dv-cinder-844563-4-smb devstack@c-api.service[110806]: /usr/local/lib/python3.8/dist-packages/oslo_context/context.py:100: DeprecationWarning: Policy enforcement is depending on the value of is_admin. This key is deprecated. Please update your policy file to use the standard policy values.
Jul 04 09:18:01.512471 dv-cinder-844563-4-smb devstack@c-api.service[110806]: warnings.warn('Policy enforcement is depending on the value of '
Jul 04 09:18:01.557835 dv-cinder-844563-4-smb devstack@c-api.service[110806]: INFO cinder.api.openstack.wsgi [None req-70894e7d-060a-4455-9c09-96461af55289 tempest-SnapshotsActionsTest-2067057994 tempest-SnapshotsActionsTest-2067057994-project-admin] http://10.222.0.42/volume/v3/9b9354af17d74b919319d9e3f3c84c71/snapshots/5a5ad69b-253a-4632-8ac3-2095b21ccdcd/action returned with HTTP 202
Jul 04 09:18:01.559989 dv-cinder-844563-4-smb devstack@c-api.service[110806]: [pid: 110806|app: 0|req: 64/130] 10.222.0.42 () {60 vars in 1372 bytes} [Mon Jul 4 09:18:01 2022] POST /volume/v3/9b9354af17d74b919319d9e3f3c84c71/snapshots/5a5ad69b-253a-4632-8ac3-2095b21ccdcd/action => generated 0 bytes in 117 msecs (HTTP/1.1 202) 7 headers in 289 bytes (1 switches on core 0)
Jul 04 09:18:01.563374 dv-cinder-844563-4-smb devstack@c-api.service[110806]: DEBUG cinder.api.middleware.request_id [None req-9d97c0c5-6c2e-4206-85ef-823c9a8cad79 None None] RequestId filter calling following filter/app {{(pid=110806) _context_setter /opt/stack/cinder/cinder/api/middleware/request_id.py:62}}
Jul 04 09:18:01.571588 dv-cinder-844563-4-smb devstack@c-api.service[110806]: INFO cinder.api.openstack.wsgi [None req-9d97c0c5-6c2e-4206-85ef-823c9a8cad79 tempest-GroupTypeSpecsTest-1522887350 tempest-GroupTypeSpecsTest-1522887350-project-admin] POST http://10.222.0.42/volume/v3/1bba3cef7c6249c387da1192b92c8623/group_types/2de7d938-4105-40df-ab11-53706f620a4f/group_specs
Jul 04 09:18:01.578483 dv-cinder-844563-4-smb devstack@c-api.service[110806]: DEBUG cinder.api.openstack.wsgi [None req-9d97c0c5-6c2e-4206-85ef-823c9a8cad79 tempest-GroupTypeSpecsTest-1522887350 tempest-GroupTypeSpecsTest-1522887350-project-admin] Action: 'create', calling method: version_select, body: {"group_specs": {"key2": "value2-updated", "key3": "value3"}} {{(pid=110806) _process_stack /opt/stack/cinder/cinder/api/openstack/wsgi.py:866}}
Jul 04 09:18:01.579991 dv-cinder-844563-4-smb devstack@c-api.service[110806]: /usr/local/lib/python3.8/dist-packages/oslo_context/context.py:100: DeprecationWarning: Policy enforcement is depending on the value of is_admin. This key is deprecated. Please update your policy file to use the standard policy values.
Jul 04 09:18:01.579991 dv-cinder-844563-4-smb devstack@c-api.service[110806]: warnings.warn('Policy enforcement is depending on the value of '
Jul 04 09:18:01.632914 dv-cinder-844563-4-smb devstack@c-api.service[110807]: INFO cinder.volume.api [None req-eb01117e-f8fe-4e08-9f8e-0029e072f2b7 tempest-GroupsTest-1854978331 tempest-GroupsTest-1854978331-project] Get all volumes completed successfully.
Jul 04 09:18:01.639330 dv-cinder-844563-4-smb devstack@c-api.service[110807]: WARNING stevedore.named [None req-eb01117e-f8fe-4e08-9f8e-0029e072f2b7 tempest-GroupsTest-1854978331 tempest-GroupsTest-1854978331-project] Could not load cinder.keymgr.conf_key_mgr.ConfKeyManager
Jul 04 09:18:01.645329 dv-cinder-844563-4-smb devstack@c-api.service[110807]: WARNING castellan.key_manager [None req-eb01117e-f8fe-4e08-9f8e-0029e072f2b7 tempest-GroupsTest-1854978331 tempest-GroupsTest-1854978331-project] Deprecation Warning : cinder.keymgr.conf_key_mgr.ConfKeyManager is not a stevedore based driver, trying to load it as a class: stevedore.exception.NoMatches: No 'castellan.drivers' driver found, looking for 'cinder.keymgr.conf_key_mgr.ConfKeyManager'
Jul 04 09:18:01.675448 dv-cinder-844563-4-smb devstack@c-api.service[110807]: DEBUG oslo_db.sqlalchemy.engines [None req-eb01117e-f8fe-4e08-9f8e-0029e072f2b7 tempest-GroupsTest-1854978331 tempest-GroupsTest-1854978331-project] MySQL server mode set to STRICT_TRANS_TABLES,STRICT_ALL_TABLES,NO_ZERO_IN_DATE,NO_ZERO_DATE,ERROR_FOR_DIVISION_BY_ZERO,TRADITIONAL,NO_ENGINE_SUBSTITUTION {{(pid=110807) _check_effective_sql_mode /usr/local/lib/python3.8/dist-packages/oslo_db/sqlalchemy/engines.py:314}}
Jul 04 09:18:01.676997 dv-cinder-844563-4-smb devstack@c-api.service[110806]: INFO cinder.api.openstack.wsgi [None req-9d97c0c5-6c2e-4206-85ef-823c9a8cad79 tempest-GroupTypeSpecsTest-1522887350 tempest-GroupTypeSpecsTest-1522887350-project-admin] http://10.222.0.42/volume/v3/1bba3cef7c6249c387da1192b92c8623/group_types/2de7d938-4105-40df-ab11-53706f620a4f/group_specs returned with HTTP 202
Jul 04 09:18:01.679143 dv-cinder-844563-4-smb devstack@c-api.service[110806]: [pid: 110806|app: 0|req: 65/131] 10.222.0.42 () {62 vars in 1434 bytes} [Mon Jul 4 09:18:01 2022] POST /volume/v3/1bba3cef7c6249c387da1192b92c8623/group_types/2de7d938-4105-40df-ab11-53706f620a4f/group_specs => generated 61 bytes in 117 msecs (HTTP/1.1 202) 7 headers in 291 bytes (1 switches on core 0)
Jul 04 09:18:01.684315 dv-cinder-844563-4-smb devstack@c-api.service[110806]: DEBUG cinder.api.middleware.request_id [None req-c97b6491-e0f3-4846-adb7-418f67fb2975 None None] RequestId filter calling following filter/app {{(pid=110806) _context_setter /opt/stack/cinder/cinder/api/middleware/request_id.py:62}}
Jul 04 09:18:01.695482 dv-cinder-844563-4-smb devstack@c-api.service[110807]: /usr/local/lib/python3.8/dist-packages/oslo_context/context.py:100: DeprecationWarning: Policy enforcement is depending on the value of is_admin. This key is deprecated. Please update your policy file to use the standard policy values.
Jul 04 09:18:01.695482 dv-cinder-844563-4-smb devstack@c-api.service[110807]: warnings.warn('Policy enforcement is depending on the value of '
Jul 04 09:18:01.696059 dv-cinder-844563-4-smb devstack@c-api.service[110806]: INFO cinder.api.openstack.wsgi [None req-c97b6491-e0f3-4846-adb7-418f67fb2975 tempest-SnapshotsActionsTest-1937169015 tempest-SnapshotsActionsTest-1937169015-project] GET http://10.222.0.42/volume/v3/5c23df1cac534a149bcc008464e66cea/snapshots/5a5ad69b-253a-4632-8ac3-2095b21ccdcd
Jul 04 09:18:01.696662 dv-cinder-844563-4-smb devstack@c-api.service[110806]: DEBUG cinder.api.openstack.wsgi [None req-c97b6491-e0f3-4846-adb7-418f67fb2975 tempest-SnapshotsActionsTest-1937169015 tempest-SnapshotsActionsTest-1937169015-project] Empty body provided in request {{(pid=110806) get_body /opt/stack/cinder/cinder/api/openstack/wsgi.py:715}}
Jul 04 09:18:01.703017 dv-cinder-844563-4-smb devstack@c-api.service[110806]: DEBUG cinder.api.openstack.wsgi [None req-c97b6491-e0f3-4846-adb7-418f67fb2975 tempest-SnapshotsActionsTest-1937169015 tempest-SnapshotsActionsTest-1937169015-project] Calling method 'show' {{(pid=110806) _process_stack /opt/stack/cinder/cinder/api/openstack/wsgi.py:868}}
Jul 04 09:18:01.720094 dv-cinder-844563-4-smb devstack@c-api.service[110807]: WARNING stevedore.named [None req-eb01117e-f8fe-4e08-9f8e-0029e072f2b7 tempest-GroupsTest-1854978331 tempest-GroupsTest-1854978331-project] Could not load cinder.keymgr.conf_key_mgr.ConfKeyManager
Jul 04 09:18:01.720485 dv-cinder-844563-4-smb devstack@c-api.service[110807]: WARNING castellan.key_manager [None req-eb01117e-f8fe-4e08-9f8e-0029e072f2b7 tempest-GroupsTest-1854978331 tempest-GroupsTest-1854978331-project] Deprecation Warning : cinder.keymgr.conf_key_mgr.ConfKeyManager is not a stevedore based driver, trying to load it as a class: stevedore.exception.NoMatches: No 'castellan.drivers' driver found, looking for 'cinder.keymgr.conf_key_mgr.ConfKeyManager'
Jul 04 09:18:01.742950 dv-cinder-844563-4-smb devstack@c-api.service[110807]: DEBUG oslo_db.sqlalchemy.engines [None req-eb01117e-f8fe-4e08-9f8e-0029e072f2b7 tempest-GroupsTest-1854978331 tempest-GroupsTest-1854978331-project] MySQL server mode set to STRICT_TRANS_TABLES,STRICT_ALL_TABLES,NO_ZERO_IN_DATE,NO_ZERO_DATE,ERROR_FOR_DIVISION_BY_ZERO,TRADITIONAL,NO_ENGINE_SUBSTITUTION {{(pid=110807) _check_effective_sql_mode /usr/local/lib/python3.8/dist-packages/oslo_db/sqlalchemy/engines.py:314}}
Jul 04 09:18:01.758682 dv-cinder-844563-4-smb devstack@c-api.service[110807]: /usr/local/lib/python3.8/dist-packages/oslo_context/context.py:100: DeprecationWarning: Policy enforcement is depending on the value of is_admin. This key is deprecated. Please update your policy file to use the standard policy values.
Jul 04 09:18:01.758682 dv-cinder-844563-4-smb devstack@c-api.service[110807]: warnings.warn('Policy enforcement is depending on the value of '
Jul 04 09:18:01.781943 dv-cinder-844563-4-smb devstack@c-api.service[110806]: /usr/local/lib/python3.8/dist-packages/oslo_context/context.py:100: DeprecationWarning: Policy enforcement is depending on the value of is_admin. This key is deprecated. Please update your policy file to use the standard policy values.
Jul 04 09:18:01.781943 dv-cinder-844563-4-smb devstack@c-api.service[110806]: warnings.warn('Policy enforcement is depending on the value of '
Jul 04 09:18:01.783053 dv-cinder-844563-4-smb devstack@c-api.service[110806]: INFO cinder.volume.api [None req-c97b6491-e0f3-4846-adb7-418f67fb2975 tempest-SnapshotsActionsTest-1937169015 tempest-SnapshotsActionsTest-1937169015-project] Snapshot retrieved successfully.
Jul 04 09:18:01.791916 dv-cinder-844563-4-smb devstack@c-api.service[110806]: INFO cinder.api.openstack.wsgi [None req-c97b6491-e0f3-4846-adb7-418f67fb2975 tempest-SnapshotsActionsTest-1937169015 tempest-SnapshotsActionsTest-1937169015-project] http://10.222.0.42/volume/v3/5c23df1cac534a149bcc008464e66cea/snapshots/5a5ad69b-253a-4632-8ac3-2095b21ccdcd returned with HTTP 200
Jul 04 09:18:01.805540 dv-cinder-844563-4-smb devstack@c-api.service[110806]: [pid: 110806|app: 0|req: 66/132] 10.222.0.42 () {58 vars in 1330 bytes} [Mon Jul 4 09:18:01 2022] GET /volume/v3/5c23df1cac534a149bcc008464e66cea/snapshots/5a5ad69b-253a-4632-8ac3-2095b21ccdcd => generated 532 bytes in 118 msecs (HTTP/1.1 200) 7 headers in 285 bytes (1 switches on core 0)
Jul 04 09:18:01.805540 dv-cinder-844563-4-smb devstack@c-api.service[110806]: DEBUG cinder.api.middleware.request_id [None req-b9b64ac0-3b93-4cdd-b4ca-a4eb6b1d38b2 None None] RequestId filter calling following filter/app {{(pid=110806) _context_setter /opt/stack/cinder/cinder/api/middleware/request_id.py:62}}
Jul 04 09:18:01.809984 dv-cinder-844563-4-smb devstack@c-api.service[110807]: INFO cinder.api.openstack.wsgi [None req-eb01117e-f8fe-4e08-9f8e-0029e072f2b7 tempest-GroupsTest-1854978331 tempest-GroupsTest-1854978331-project] http://10.222.0.42/volume/v3/b4fe1def05a5402e9d15cd5167e0d26a/volumes/detail returned with HTTP 200
Jul 04 09:18:01.812253 dv-cinder-844563-4-smb devstack@c-api.service[110807]: [pid: 110807|app: 0|req: 67/133] 10.222.0.42 () {60 vars in 1275 bytes} [Mon Jul 4 09:18:01 2022] GET /volume/v3/b4fe1def05a5402e9d15cd5167e0d26a/volumes/detail => generated 1961 bytes in 468 msecs (HTTP/1.1 200) 7 headers in 287 bytes (1 switches on core 0)
Jul 04 09:18:01.813615 dv-cinder-844563-4-smb devstack@c-api.service[110807]: DEBUG cinder.api.middleware.request_id [None req-e72298a8-328a-4309-82ed-eae22e864fa0 None None] RequestId filter calling following filter/app {{(pid=110807) _context_setter /opt/stack/cinder/cinder/api/middleware/request_id.py:62}}
Jul 04 09:18:01.822324 dv-cinder-844563-4-smb devstack@c-api.service[110807]: INFO cinder.api.openstack.wsgi [None req-e72298a8-328a-4309-82ed-eae22e864fa0 tempest-SnapshotsActionsTest-1937169015 tempest-SnapshotsActionsTest-1937169015-project] POST http://10.222.0.42/volume/v3/5c23df1cac534a149bcc008464e66cea/snapshots
Jul 04 09:18:01.833325 dv-cinder-844563-4-smb devstack@c-api.service[110807]: DEBUG cinder.api.openstack.wsgi [None req-e72298a8-328a-4309-82ed-eae22e864fa0 tempest-SnapshotsActionsTest-1937169015 tempest-SnapshotsActionsTest-1937169015-project] Action: 'create', calling method: create, body: {"snapshot": {"volume_id": "92a01edb-9486-474c-8cc7-8c2b6579f583", "name": "tempest-SnapshotsActionsTest-Snapshot-1311688606"}} {{(pid=110807) _process_stack /opt/stack/cinder/cinder/api/openstack/wsgi.py:866}}
Jul 04 09:18:01.838551 dv-cinder-844563-4-smb devstack@c-api.service[110806]: INFO cinder.api.openstack.wsgi [None req-b9b64ac0-3b93-4cdd-b4ca-a4eb6b1d38b2 tempest-GroupTypeSpecsTest-1522887350 tempest-GroupTypeSpecsTest-1522887350-project-admin] GET http://10.222.0.42/volume/v3/1bba3cef7c6249c387da1192b92c8623/group_types/2de7d938-4105-40df-ab11-53706f620a4f/group_specs/key2
Jul 04 09:18:01.839562 dv-cinder-844563-4-smb devstack@c-api.service[110806]: DEBUG cinder.api.openstack.wsgi [None req-b9b64ac0-3b93-4cdd-b4ca-a4eb6b1d38b2 tempest-GroupTypeSpecsTest-1522887350 tempest-GroupTypeSpecsTest-1522887350-project-admin] Empty body provided in request {{(pid=110806) get_body /opt/stack/cinder/cinder/api/openstack/wsgi.py:715}}
Jul 04 09:18:01.840179 dv-cinder-844563-4-smb devstack@c-api.service[110806]: DEBUG cinder.api.openstack.wsgi [None req-b9b64ac0-3b93-4cdd-b4ca-a4eb6b1d38b2 tempest-GroupTypeSpecsTest-1522887350 tempest-GroupTypeSpecsTest-1522887350-project-admin] Calling method 'version_select' {{(pid=110806) _process_stack /opt/stack/cinder/cinder/api/openstack/wsgi.py:868}}
Jul 04 09:18:01.872893 dv-cinder-844563-4-smb devstack@c-api.service[110806]: INFO cinder.api.openstack.wsgi [None req-b9b64ac0-3b93-4cdd-b4ca-a4eb6b1d38b2 tempest-GroupTypeSpecsTest-1522887350 tempest-GroupTypeSpecsTest-1522887350-project-admin] http://10.222.0.42/volume/v3/1bba3cef7c6249c387da1192b92c8623/group_types/2de7d938-4105-40df-ab11-53706f620a4f/group_specs/key2 returned with HTTP 200
Jul 04 09:18:01.875361 dv-cinder-844563-4-smb devstack@c-api.service[110806]: [pid: 110806|app: 0|req: 67/134] 10.222.0.42 () {60 vars in 1428 bytes} [Mon Jul 4 09:18:01 2022] GET /volume/v3/1bba3cef7c6249c387da1192b92c8623/group_types/2de7d938-4105-40df-ab11-53706f620a4f/group_specs/key2 => generated 26 bytes in 76 msecs (HTTP/1.1 200) 7 headers in 285 bytes (1 switches on core 0)
Jul 04 09:18:01.881316 dv-cinder-844563-4-smb devstack@c-api.service[110806]: DEBUG cinder.api.middleware.request_id [None req-6b4f513f-a068-44d4-a6e3-e03e56401958 None None] RequestId filter calling following filter/app {{(pid=110806) _context_setter /opt/stack/cinder/cinder/api/middleware/request_id.py:62}}
Jul 04 09:18:01.890535 dv-cinder-844563-4-smb devstack@c-api.service[110806]: INFO cinder.api.openstack.wsgi [None req-6b4f513f-a068-44d4-a6e3-e03e56401958 tempest-GroupsTest-1854978331 tempest-GroupsTest-1854978331-project] POST http://10.222.0.42/volume/v3/b4fe1def05a5402e9d15cd5167e0d26a/groups/a4aa85e4-3d64-4495-9b53-2778ce3b9d9d/action
Jul 04 09:18:01.892125 dv-cinder-844563-4-smb devstack@c-api.service[110806]: DEBUG cinder.api.openstack.wsgi [None req-6b4f513f-a068-44d4-a6e3-e03e56401958 tempest-GroupsTest-1854978331 tempest-GroupsTest-1854978331-project] Action body: b'{"delete": {"delete-volumes": true}}' {{(pid=110806) get_method /opt/stack/cinder/cinder/api/openstack/wsgi.py:983}}
Jul 04 09:18:01.896402 dv-cinder-844563-4-smb devstack@c-api.service[110806]: DEBUG cinder.api.openstack.wsgi [None req-6b4f513f-a068-44d4-a6e3-e03e56401958 tempest-GroupsTest-1854978331 tempest-GroupsTest-1854978331-project] Action: 'action', calling method: delete_group, body: {"delete": {"delete-volumes": true}} {{(pid=110806) _process_stack /opt/stack/cinder/cinder/api/openstack/wsgi.py:866}}
Jul 04 09:18:01.897628 dv-cinder-844563-4-smb devstack@c-api.service[110806]: DEBUG cinder.api.v3.groups [None req-6b4f513f-a068-44d4-a6e3-e03e56401958 tempest-GroupsTest-1854978331 tempest-GroupsTest-1854978331-project] delete called for group a4aa85e4-3d64-4495-9b53-2778ce3b9d9d {{(pid=110806) _delete /opt/stack/cinder/cinder/api/v3/groups.py:117}}
Jul 04 09:18:01.898167 dv-cinder-844563-4-smb devstack@c-api.service[110807]: /usr/local/lib/python3.8/dist-packages/oslo_context/context.py:100: DeprecationWarning: Policy enforcement is depending on the value of is_admin. This key is deprecated. Please update your policy file to use the standard policy values.
Jul 04 09:18:01.898167 dv-cinder-844563-4-smb devstack@c-api.service[110807]: warnings.warn('Policy enforcement is depending on the value of '
Jul 04 09:18:01.898574 dv-cinder-844563-4-smb devstack@c-api.service[110806]: INFO cinder.api.v3.groups [None req-6b4f513f-a068-44d4-a6e3-e03e56401958 tempest-GroupsTest-1854978331 tempest-GroupsTest-1854978331-project] Delete group with id: a4aa85e4-3d64-4495-9b53-2778ce3b9d9d
Jul 04 09:18:01.899369 dv-cinder-844563-4-smb devstack@c-api.service[110807]: INFO cinder.volume.api [None req-e72298a8-328a-4309-82ed-eae22e864fa0 tempest-SnapshotsActionsTest-1937169015 tempest-SnapshotsActionsTest-1937169015-project] Volume info retrieved successfully.
Jul 04 09:18:01.899680 dv-cinder-844563-4-smb devstack@c-api.service[110807]: INFO cinder.api.v3.snapshots [None req-e72298a8-328a-4309-82ed-eae22e864fa0 tempest-SnapshotsActionsTest-1937169015 tempest-SnapshotsActionsTest-1937169015-project] Create snapshot from volume 92a01edb-9486-474c-8cc7-8c2b6579f583
Jul 04 09:18:01.908410 dv-cinder-844563-4-smb devstack@c-api.service[110806]: /usr/local/lib/python3.8/dist-packages/oslo_context/context.py:100: DeprecationWarning: Policy enforcement is depending on the value of is_admin. This key is deprecated. Please update your policy file to use the standard policy values.
Jul 04 09:18:01.908410 dv-cinder-844563-4-smb devstack@c-api.service[110806]: warnings.warn('Policy enforcement is depending on the value of '
Jul 04 09:18:01.945669 dv-cinder-844563-4-smb devstack@c-api.service[110807]: DEBUG dbcounter [-] [110807] Writing DB stats cinder:SELECT=79,cinder:INSERT=6,cinder:UPDATE=14,cinder:DELETE=1 {{(pid=110807) stat_writer /usr/local/lib/python3.8/dist-packages/dbcounter.py:114}}
Jul 04 09:18:02.134183 dv-cinder-844563-4-smb devstack@c-api.service[110807]: DEBUG cinder.quota [None req-e72298a8-328a-4309-82ed-eae22e864fa0 tempest-SnapshotsActionsTest-1937169015 tempest-SnapshotsActionsTest-1937169015-project] Created reservations ['85685406-ad06-4526-ad75-80addb263480', 'c6db0d6a-6167-484b-ab41-8172e8677f1b', '69f26512-89b0-42ea-b852-4c05aadb0a5f', '61bec2db-bee7-479a-8824-343f162e318a'] {{(pid=110807) reserve /opt/stack/cinder/cinder/quota.py:755}}
Jul 04 09:18:02.235488 dv-cinder-844563-4-smb devstack@c-api.service[110806]: INFO cinder.api.openstack.wsgi [None req-6b4f513f-a068-44d4-a6e3-e03e56401958 tempest-GroupsTest-1854978331 tempest-GroupsTest-1854978331-project] http://10.222.0.42/volume/v3/b4fe1def05a5402e9d15cd5167e0d26a/groups/a4aa85e4-3d64-4495-9b53-2778ce3b9d9d/action returned with HTTP 202
Jul 04 09:18:02.240757 dv-cinder-844563-4-smb devstack@c-api.service[110806]: [pid: 110806|app: 0|req: 68/135] 10.222.0.42 () {62 vars in 1404 bytes} [Mon Jul 4 09:18:01 2022] POST /volume/v3/b4fe1def05a5402e9d15cd5167e0d26a/groups/a4aa85e4-3d64-4495-9b53-2778ce3b9d9d/action => generated 0 bytes in 365 msecs (HTTP/1.1 202) 6 headers in 234 bytes (1 switches on core 0)
Jul 04 09:18:02.245154 dv-cinder-844563-4-smb devstack@c-api.service[110806]: DEBUG cinder.api.middleware.request_id [None req-7fd5a08b-7192-43c1-b4c7-c0ee9ab1fb4c None None] RequestId filter calling following filter/app {{(pid=110806) _context_setter /opt/stack/cinder/cinder/api/middleware/request_id.py:62}}
Jul 04 09:18:02.262097 dv-cinder-844563-4-smb devstack@c-api.service[110806]: INFO cinder.api.openstack.wsgi [None req-7fd5a08b-7192-43c1-b4c7-c0ee9ab1fb4c tempest-GroupTypeSpecsTest-1522887350 tempest-GroupTypeSpecsTest-1522887350-project-admin] GET http://10.222.0.42/volume/v3/1bba3cef7c6249c387da1192b92c8623/group_types/2de7d938-4105-40df-ab11-53706f620a4f/group_specs/key3
Jul 04 09:18:02.265230 dv-cinder-844563-4-smb devstack@c-api.service[110806]: DEBUG cinder.api.openstack.wsgi [None req-7fd5a08b-7192-43c1-b4c7-c0ee9ab1fb4c tempest-GroupTypeSpecsTest-1522887350 tempest-GroupTypeSpecsTest-1522887350-project-admin] Empty body provided in request {{(pid=110806) get_body /opt/stack/cinder/cinder/api/openstack/wsgi.py:715}}
Jul 04 09:18:02.265784 dv-cinder-844563-4-smb devstack@c-api.service[110806]: DEBUG cinder.api.openstack.wsgi [None req-7fd5a08b-7192-43c1-b4c7-c0ee9ab1fb4c tempest-GroupTypeSpecsTest-1522887350 tempest-GroupTypeSpecsTest-1522887350-project-admin] Calling method 'version_select' {{(pid=110806) _process_stack /opt/stack/cinder/cinder/api/openstack/wsgi.py:868}}
Jul 04 09:18:02.297570 dv-cinder-844563-4-smb devstack@c-api.service[110806]: INFO cinder.api.openstack.wsgi [None req-7fd5a08b-7192-43c1-b4c7-c0ee9ab1fb4c tempest-GroupTypeSpecsTest-1522887350 tempest-GroupTypeSpecsTest-1522887350-project-admin] http://10.222.0.42/volume/v3/1bba3cef7c6249c387da1192b92c8623/group_types/2de7d938-4105-40df-ab11-53706f620a4f/group_specs/key3 returned with HTTP 200
Jul 04 09:18:02.299115 dv-cinder-844563-4-smb devstack@c-api.service[110806]: [pid: 110806|app: 0|req: 69/136] 10.222.0.42 () {60 vars in 1428 bytes} [Mon Jul 4 09:18:02 2022] GET /volume/v3/1bba3cef7c6249c387da1192b92c8623/group_types/2de7d938-4105-40df-ab11-53706f620a4f/group_specs/key3 => generated 18 bytes in 58 msecs (HTTP/1.1 200) 7 headers in 285 bytes (1 switches on core 0)
Jul 04 09:18:02.303234 dv-cinder-844563-4-smb devstack@c-api.service[110806]: DEBUG cinder.api.middleware.request_id [None req-c67cb5d8-4b07-4608-99e6-0621e4ca0e2f None None] RequestId filter calling following filter/app {{(pid=110806) _context_setter /opt/stack/cinder/cinder/api/middleware/request_id.py:62}}
Jul 04 09:18:02.313892 dv-cinder-844563-4-smb devstack@c-api.service[110806]: INFO cinder.api.openstack.wsgi [None req-c67cb5d8-4b07-4608-99e6-0621e4ca0e2f tempest-GroupsTest-1854978331 tempest-GroupsTest-1854978331-project] GET http://10.222.0.42/volume/v3/b4fe1def05a5402e9d15cd5167e0d26a/volumes/d5e57fdc-b3b5-4a91-9011-32c0bab7bd71
Jul 04 09:18:02.314509 dv-cinder-844563-4-smb devstack@c-api.service[110806]: DEBUG cinder.api.openstack.wsgi [None req-c67cb5d8-4b07-4608-99e6-0621e4ca0e2f tempest-GroupsTest-1854978331 tempest-GroupsTest-1854978331-project] Empty body provided in request {{(pid=110806) get_body /opt/stack/cinder/cinder/api/openstack/wsgi.py:715}}
Jul 04 09:18:02.314983 dv-cinder-844563-4-smb devstack@c-api.service[110806]: DEBUG cinder.api.openstack.wsgi [None req-c67cb5d8-4b07-4608-99e6-0621e4ca0e2f tempest-GroupsTest-1854978331 tempest-GroupsTest-1854978331-project] Calling method 'show' {{(pid=110806) _process_stack /opt/stack/cinder/cinder/api/openstack/wsgi.py:868}}
Jul 04 09:18:02.354370 dv-cinder-844563-4-smb devstack@c-api.service[110806]: /usr/local/lib/python3.8/dist-packages/oslo_context/context.py:100: DeprecationWarning: Policy enforcement is depending on the value of is_admin. This key is deprecated. Please update your policy file to use the standard policy values.
Jul 04 09:18:02.354370 dv-cinder-844563-4-smb devstack@c-api.service[110806]: warnings.warn('Policy enforcement is depending on the value of '
Jul 04 09:18:02.388512 dv-cinder-844563-4-smb devstack@c-api.service[110807]: INFO cinder.volume.api [None req-e72298a8-328a-4309-82ed-eae22e864fa0 tempest-SnapshotsActionsTest-1937169015 tempest-SnapshotsActionsTest-1937169015-project] Snapshot create request issued successfully.
Jul 04 09:18:02.390380 dv-cinder-844563-4-smb devstack@c-api.service[110807]: INFO cinder.api.openstack.wsgi [None req-e72298a8-328a-4309-82ed-eae22e864fa0 tempest-SnapshotsActionsTest-1937169015 tempest-SnapshotsActionsTest-1937169015-project] http://10.222.0.42/volume/v3/5c23df1cac534a149bcc008464e66cea/snapshots returned with HTTP 202
Jul 04 09:18:02.393093 dv-cinder-844563-4-smb devstack@c-api.service[110806]: INFO cinder.volume.api [None req-c67cb5d8-4b07-4608-99e6-0621e4ca0e2f tempest-GroupsTest-1854978331 tempest-GroupsTest-1854978331-project] Volume info retrieved successfully.
Jul 04 09:18:02.399158 dv-cinder-844563-4-smb devstack@c-api.service[110807]: [pid: 110807|app: 0|req: 68/137] 10.222.0.42 () {60 vars in 1241 bytes} [Mon Jul 4 09:18:01 2022] POST /volume/v3/5c23df1cac534a149bcc008464e66cea/snapshots => generated 307 bytes in 581 msecs (HTTP/1.1 202) 7 headers in 291 bytes (1 switches on core 0)
Jul 04 09:18:02.406156 dv-cinder-844563-4-smb devstack@c-api.service[110807]: DEBUG cinder.api.middleware.request_id [None req-d4481dba-3f4c-4bc5-874c-f8062a2b46a5 None None] RequestId filter calling following filter/app {{(pid=110807) _context_setter /opt/stack/cinder/cinder/api/middleware/request_id.py:62}}
Jul 04 09:18:02.414373 dv-cinder-844563-4-smb devstack@c-api.service[110806]: WARNING stevedore.named [None req-c67cb5d8-4b07-4608-99e6-0621e4ca0e2f tempest-GroupsTest-1854978331 tempest-GroupsTest-1854978331-project] Could not load cinder.keymgr.conf_key_mgr.ConfKeyManager
Jul 04 09:18:02.414798 dv-cinder-844563-4-smb devstack@c-api.service[110806]: WARNING castellan.key_manager [None req-c67cb5d8-4b07-4608-99e6-0621e4ca0e2f tempest-GroupsTest-1854978331 tempest-GroupsTest-1854978331-project] Deprecation Warning : cinder.keymgr.conf_key_mgr.ConfKeyManager is not a stevedore based driver, trying to load it as a class: stevedore.exception.NoMatches: No 'castellan.drivers' driver found, looking for 'cinder.keymgr.conf_key_mgr.ConfKeyManager'
Jul 04 09:18:02.427365 dv-cinder-844563-4-smb devstack@c-api.service[110807]: INFO cinder.api.openstack.wsgi [None req-d4481dba-3f4c-4bc5-874c-f8062a2b46a5 tempest-GroupTypeSpecsTest-1522887350 tempest-GroupTypeSpecsTest-1522887350-project-admin] PUT http://10.222.0.42/volume/v3/1bba3cef7c6249c387da1192b92c8623/group_types/2de7d938-4105-40df-ab11-53706f620a4f/group_specs/key3
Jul 04 09:18:02.434100 dv-cinder-844563-4-smb devstack@c-api.service[110807]: DEBUG cinder.api.openstack.wsgi [None req-d4481dba-3f4c-4bc5-874c-f8062a2b46a5 tempest-GroupTypeSpecsTest-1522887350 tempest-GroupTypeSpecsTest-1522887350-project-admin] Action: 'update', calling method: version_select, body: {"key3": "value3-updated"} {{(pid=110807) _process_stack /opt/stack/cinder/cinder/api/openstack/wsgi.py:866}}
Jul 04 09:18:02.434678 dv-cinder-844563-4-smb devstack@c-api.service[110806]: DEBUG oslo_db.sqlalchemy.engines [None req-c67cb5d8-4b07-4608-99e6-0621e4ca0e2f tempest-GroupsTest-1854978331 tempest-GroupsTest-1854978331-project] MySQL server mode set to STRICT_TRANS_TABLES,STRICT_ALL_TABLES,NO_ZERO_IN_DATE,NO_ZERO_DATE,ERROR_FOR_DIVISION_BY_ZERO,TRADITIONAL,NO_ENGINE_SUBSTITUTION {{(pid=110806) _check_effective_sql_mode /usr/local/lib/python3.8/dist-packages/oslo_db/sqlalchemy/engines.py:314}}
Jul 04 09:18:02.442429 dv-cinder-844563-4-smb devstack@c-api.service[110807]: /usr/local/lib/python3.8/dist-packages/oslo_context/context.py:100: DeprecationWarning: Policy enforcement is depending on the value of is_admin. This key is deprecated. Please update your policy file to use the standard policy values.
Jul 04 09:18:02.442429 dv-cinder-844563-4-smb devstack@c-api.service[110807]: warnings.warn('Policy enforcement is depending on the value of '
Jul 04 09:18:02.447417 dv-cinder-844563-4-smb devstack@c-api.service[110806]: /usr/local/lib/python3.8/dist-packages/oslo_context/context.py:100: DeprecationWarning: Policy enforcement is depending on the value of is_admin. This key is deprecated. Please update your policy file to use the standard policy values.
Jul 04 09:18:02.447417 dv-cinder-844563-4-smb devstack@c-api.service[110806]: warnings.warn('Policy enforcement is depending on the value of '
Jul 04 09:18:02.477393 dv-cinder-844563-4-smb devstack@c-api.service[110806]: DEBUG dbcounter [-] [110806] Writing DB stats cinder:SELECT=90,cinder:UPDATE=6,cinder:INSERT=3,cinder:DELETE=1 {{(pid=110806) stat_writer /usr/local/lib/python3.8/dist-packages/dbcounter.py:114}}
Jul 04 09:18:02.501719 dv-cinder-844563-4-smb devstack@c-api.service[110806]: INFO cinder.api.openstack.wsgi [None req-c67cb5d8-4b07-4608-99e6-0621e4ca0e2f tempest-GroupsTest-1854978331 tempest-GroupsTest-1854978331-project] http://10.222.0.42/volume/v3/b4fe1def05a5402e9d15cd5167e0d26a/volumes/d5e57fdc-b3b5-4a91-9011-32c0bab7bd71 returned with HTTP 200
Jul 04 09:18:02.502179 dv-cinder-844563-4-smb devstack@c-api.service[110807]: INFO cinder.api.openstack.wsgi [None req-d4481dba-3f4c-4bc5-874c-f8062a2b46a5 tempest-GroupTypeSpecsTest-1522887350 tempest-GroupTypeSpecsTest-1522887350-project-admin] http://10.222.0.42/volume/v3/1bba3cef7c6249c387da1192b92c8623/group_types/2de7d938-4105-40df-ab11-53706f620a4f/group_specs/key3 returned with HTTP 200
Jul 04 09:18:02.506528 dv-cinder-844563-4-smb devstack@c-api.service[110807]: [pid: 110807|app: 0|req: 69/138] 10.222.0.42 () {62 vars in 1448 bytes} [Mon Jul 4 09:18:02 2022] PUT /volume/v3/1bba3cef7c6249c387da1192b92c8623/group_types/2de7d938-4105-40df-ab11-53706f620a4f/group_specs/key3 => generated 26 bytes in 102 msecs (HTTP/1.1 200) 7 headers in 285 bytes (1 switches on core 0)
Jul 04 09:18:02.512760 dv-cinder-844563-4-smb devstack@c-api.service[110806]: [pid: 110806|app: 0|req: 70/139] 10.222.0.42 () {60 vars in 1365 bytes} [Mon Jul 4 09:18:02 2022] GET /volume/v3/b4fe1def05a5402e9d15cd5167e0d26a/volumes/d5e57fdc-b3b5-4a91-9011-32c0bab7bd71 => generated 983 bytes in 213 msecs (HTTP/1.1 200) 7 headers in 286 bytes (1 switches on core 0)
Jul 04 09:18:02.518639 dv-cinder-844563-4-smb devstack@c-api.service[110806]: DEBUG cinder.api.middleware.request_id [None req-3f484a2e-2482-4db2-bc56-95693d4225db None None] RequestId filter calling following filter/app {{(pid=110806) _context_setter /opt/stack/cinder/cinder/api/middleware/request_id.py:62}}
Jul 04 09:18:02.522494 dv-cinder-844563-4-smb devstack@c-api.service[110807]: DEBUG cinder.api.middleware.request_id [None req-2a8d1bf5-6d7d-43cc-b986-362278e1faac None None] RequestId filter calling following filter/app {{(pid=110807) _context_setter /opt/stack/cinder/cinder/api/middleware/request_id.py:62}}
Jul 04 09:18:02.531767 dv-cinder-844563-4-smb devstack@c-api.service[110806]: INFO cinder.api.openstack.wsgi [None req-3f484a2e-2482-4db2-bc56-95693d4225db tempest-GroupTypeSpecsTest-1522887350 tempest-GroupTypeSpecsTest-1522887350-project-admin] GET http://10.222.0.42/volume/v3/1bba3cef7c6249c387da1192b92c8623/group_types/2de7d938-4105-40df-ab11-53706f620a4f/group_specs
Jul 04 09:18:02.533242 dv-cinder-844563-4-smb devstack@c-api.service[110806]: DEBUG cinder.api.openstack.wsgi [None req-3f484a2e-2482-4db2-bc56-95693d4225db tempest-GroupTypeSpecsTest-1522887350 tempest-GroupTypeSpecsTest-1522887350-project-admin] Empty body provided in request {{(pid=110806) get_body /opt/stack/cinder/cinder/api/openstack/wsgi.py:715}}
