Jul 04 09:18:56.178418 dv-cinder-844563-4-smb devstack@c-api.service[110807]: DEBUG cinder.api.api_utils [req-90c07356-fd5c-4d01-af79-3f6bf93d4080 req-ce9c1eef-ea22-4859-8335-74fb9d9ef0c5 tempest-VolumesSnapshotsTestJSON-1502910510 tempest-VolumesSnapshotsTestJSON-1502910510-project] Removing options '' from query. {{(pid=110807) remove_invalid_filter_options /opt/stack/cinder/cinder/api/api_utils.py:83}}
Jul 04 09:18:56.179151 dv-cinder-844563-4-smb devstack@c-api.service[110807]: /usr/local/lib/python3.8/dist-packages/oslo_context/context.py:100: DeprecationWarning: Policy enforcement is depending on the value of is_admin. This key is deprecated. Please update your policy file to use the standard policy values.
Jul 04 09:18:56.179151 dv-cinder-844563-4-smb devstack@c-api.service[110807]: warnings.warn('Policy enforcement is depending on the value of '
Jul 04 09:18:56.180717 dv-cinder-844563-4-smb devstack@c-api.service[110807]: DEBUG cinder.db.sqlalchemy.api [req-90c07356-fd5c-4d01-af79-3f6bf93d4080 req-ce9c1eef-ea22-4859-8335-74fb9d9ef0c5 tempest-VolumesSnapshotsTestJSON-1502910510 tempest-VolumesSnapshotsTestJSON-1502910510-project] Building query based on filter {{(pid=110807) _process_snaps_filters /opt/stack/cinder/cinder/db/sqlalchemy/api.py:3878}}
Jul 04 09:18:56.187193 dv-cinder-844563-4-smb devstack@c-api.service[110807]: INFO cinder.volume.api [req-90c07356-fd5c-4d01-af79-3f6bf93d4080 req-ce9c1eef-ea22-4859-8335-74fb9d9ef0c5 tempest-VolumesSnapshotsTestJSON-1502910510 tempest-VolumesSnapshotsTestJSON-1502910510-project] Get all snapshots completed successfully.
Jul 04 09:18:56.188048 dv-cinder-844563-4-smb devstack@c-api.service[110807]: /usr/local/lib/python3.8/dist-packages/oslo_context/context.py:100: DeprecationWarning: Policy enforcement is depending on the value of is_admin. This key is deprecated. Please update your policy file to use the standard policy values.
Jul 04 09:18:56.188048 dv-cinder-844563-4-smb devstack@c-api.service[110807]: warnings.warn('Policy enforcement is depending on the value of '
Jul 04 09:18:56.189312 dv-cinder-844563-4-smb devstack@c-api.service[110807]: INFO cinder.api.openstack.wsgi [req-90c07356-fd5c-4d01-af79-3f6bf93d4080 req-ce9c1eef-ea22-4859-8335-74fb9d9ef0c5 tempest-VolumesSnapshotsTestJSON-1502910510 tempest-VolumesSnapshotsTestJSON-1502910510-project] http://10.222.0.42/volume/v3/d8089401f7d54004af774ed8939a5fbe/snapshots/detail returned with HTTP 200
Jul 04 09:18:56.190118 dv-cinder-844563-4-smb devstack@c-api.service[110807]: [pid: 110807|app: 0|req: 180/366] 10.222.0.42 () {60 vars in 1494 bytes} [Mon Jul 4 09:18:56 2022] GET /volume/v3/d8089401f7d54004af774ed8939a5fbe/snapshots/detail => generated 446 bytes in 22 msecs (HTTP/1.1 200) 7 headers in 285 bytes (1 switches on core 0)
Jul 04 09:18:56.211632 dv-cinder-844563-4-smb devstack@c-api.service[110806]: DEBUG cinder.api.middleware.request_id [req-1f8a4c66-e8a6-4a97-8718-c0d518445ae0 req-8a8466bd-eb20-49b5-ba3d-990fad7fce2f None None] RequestId filter calling following filter/app {{(pid=110806) _context_setter /opt/stack/cinder/cinder/api/middleware/request_id.py:62}}
Jul 04 09:18:56.216819 dv-cinder-844563-4-smb devstack@c-api.service[110806]: INFO cinder.api.openstack.wsgi [req-1f8a4c66-e8a6-4a97-8718-c0d518445ae0 req-8a8466bd-eb20-49b5-ba3d-990fad7fce2f tempest-VolumesSnapshotsTestJSON-1502910510 tempest-VolumesSnapshotsTestJSON-1502910510-project] GET http://10.222.0.42/volume/v3/d8089401f7d54004af774ed8939a5fbe/snapshots/ba98c693-3597-4742-9335-5c3f5993914c
Jul 04 09:18:56.217267 dv-cinder-844563-4-smb devstack@c-api.service[110806]: DEBUG cinder.api.openstack.wsgi [req-1f8a4c66-e8a6-4a97-8718-c0d518445ae0 req-8a8466bd-eb20-49b5-ba3d-990fad7fce2f tempest-VolumesSnapshotsTestJSON-1502910510 tempest-VolumesSnapshotsTestJSON-1502910510-project] Empty body provided in request {{(pid=110806) get_body /opt/stack/cinder/cinder/api/openstack/wsgi.py:715}}
Jul 04 09:18:56.217721 dv-cinder-844563-4-smb devstack@c-api.service[110806]: DEBUG cinder.api.openstack.wsgi [req-1f8a4c66-e8a6-4a97-8718-c0d518445ae0 req-8a8466bd-eb20-49b5-ba3d-990fad7fce2f tempest-VolumesSnapshotsTestJSON-1502910510 tempest-VolumesSnapshotsTestJSON-1502910510-project] Calling method 'show' {{(pid=110806) _process_stack /opt/stack/cinder/cinder/api/openstack/wsgi.py:868}}
Jul 04 09:18:56.227768 dv-cinder-844563-4-smb devstack@c-api.service[110806]: /usr/local/lib/python3.8/dist-packages/oslo_context/context.py:100: DeprecationWarning: Policy enforcement is depending on the value of is_admin. This key is deprecated. Please update your policy file to use the standard policy values.
Jul 04 09:18:56.227768 dv-cinder-844563-4-smb devstack@c-api.service[110806]: warnings.warn('Policy enforcement is depending on the value of '
Jul 04 09:18:56.232246 dv-cinder-844563-4-smb devstack@c-api.service[110806]: INFO cinder.volume.api [req-1f8a4c66-e8a6-4a97-8718-c0d518445ae0 req-8a8466bd-eb20-49b5-ba3d-990fad7fce2f tempest-VolumesSnapshotsTestJSON-1502910510 tempest-VolumesSnapshotsTestJSON-1502910510-project] Snapshot retrieved successfully.
Jul 04 09:18:56.234081 dv-cinder-844563-4-smb devstack@c-api.service[110806]: INFO cinder.api.openstack.wsgi [req-1f8a4c66-e8a6-4a97-8718-c0d518445ae0 req-8a8466bd-eb20-49b5-ba3d-990fad7fce2f tempest-VolumesSnapshotsTestJSON-1502910510 tempest-VolumesSnapshotsTestJSON-1502910510-project] http://10.222.0.42/volume/v3/d8089401f7d54004af774ed8939a5fbe/snapshots/ba98c693-3597-4742-9335-5c3f5993914c returned with HTTP 200
Jul 04 09:18:56.234850 dv-cinder-844563-4-smb devstack@c-api.service[110806]: [pid: 110806|app: 0|req: 187/367] 10.222.0.42 () {60 vars in 1584 bytes} [Mon Jul 4 09:18:56 2022] GET /volume/v3/d8089401f7d54004af774ed8939a5fbe/snapshots/ba98c693-3597-4742-9335-5c3f5993914c => generated 443 bytes in 24 msecs (HTTP/1.1 200) 7 headers in 285 bytes (2 switches on core 0)
Jul 04 09:18:56.654627 dv-cinder-844563-4-smb devstack@c-api.service[110807]: DEBUG cinder.api.middleware.request_id [None req-0698413f-d96d-4ddd-b608-05054255d838 None None] RequestId filter calling following filter/app {{(pid=110807) _context_setter /opt/stack/cinder/cinder/api/middleware/request_id.py:62}}
Jul 04 09:18:56.659330 dv-cinder-844563-4-smb devstack@c-api.service[110807]: INFO cinder.api.openstack.wsgi [None req-0698413f-d96d-4ddd-b608-05054255d838 tempest-VolumeTypesAccessTest-358664649 tempest-VolumeTypesAccessTest-358664649-project] GET http://10.222.0.42/volume/v3/0a6b88cf66be4f2594b1398fb628dfb4/volumes/48bfe046-948a-4160-982c-d8c0540fc08f
Jul 04 09:18:56.659986 dv-cinder-844563-4-smb devstack@c-api.service[110807]: DEBUG cinder.api.openstack.wsgi [None req-0698413f-d96d-4ddd-b608-05054255d838 tempest-VolumeTypesAccessTest-358664649 tempest-VolumeTypesAccessTest-358664649-project] Empty body provided in request {{(pid=110807) get_body /opt/stack/cinder/cinder/api/openstack/wsgi.py:715}}
Jul 04 09:18:56.660616 dv-cinder-844563-4-smb devstack@c-api.service[110807]: DEBUG cinder.api.openstack.wsgi [None req-0698413f-d96d-4ddd-b608-05054255d838 tempest-VolumeTypesAccessTest-358664649 tempest-VolumeTypesAccessTest-358664649-project] Calling method 'show' {{(pid=110807) _process_stack /opt/stack/cinder/cinder/api/openstack/wsgi.py:868}}
Jul 04 09:18:56.679458 dv-cinder-844563-4-smb devstack@c-api.service[110807]: /usr/local/lib/python3.8/dist-packages/oslo_context/context.py:100: DeprecationWarning: Policy enforcement is depending on the value of is_admin. This key is deprecated. Please update your policy file to use the standard policy values.
Jul 04 09:18:56.679458 dv-cinder-844563-4-smb devstack@c-api.service[110807]: warnings.warn('Policy enforcement is depending on the value of '
Jul 04 09:18:56.682612 dv-cinder-844563-4-smb devstack@c-api.service[110807]: DEBUG dbcounter [-] [110807] Writing DB stats cinder:INSERT=17,cinder:SELECT=59,cinder:UPDATE=24 {{(pid=110807) stat_writer /usr/local/lib/python3.8/dist-packages/dbcounter.py:114}}
Jul 04 09:18:56.688757 dv-cinder-844563-4-smb devstack@c-api.service[110807]: INFO cinder.volume.api [None req-0698413f-d96d-4ddd-b608-05054255d838 tempest-VolumeTypesAccessTest-358664649 tempest-VolumeTypesAccessTest-358664649-project] Volume info retrieved successfully.
Jul 04 09:18:56.700432 dv-cinder-844563-4-smb devstack@c-api.service[110807]: INFO cinder.api.openstack.wsgi [None req-0698413f-d96d-4ddd-b608-05054255d838 tempest-VolumeTypesAccessTest-358664649 tempest-VolumeTypesAccessTest-358664649-project] http://10.222.0.42/volume/v3/0a6b88cf66be4f2594b1398fb628dfb4/volumes/48bfe046-948a-4160-982c-d8c0540fc08f returned with HTTP 200
Jul 04 09:18:56.701235 dv-cinder-844563-4-smb devstack@c-api.service[110807]: [pid: 110807|app: 0|req: 181/368] 10.222.0.42 () {58 vars in 1324 bytes} [Mon Jul 4 09:18:56 2022] GET /volume/v3/0a6b88cf66be4f2594b1398fb628dfb4/volumes/48bfe046-948a-4160-982c-d8c0540fc08f => generated 954 bytes in 48 msecs (HTTP/1.1 200) 7 headers in 285 bytes (1 switches on core 0)
Jul 04 09:18:56.712901 dv-cinder-844563-4-smb devstack@c-api.service[110806]: DEBUG cinder.api.middleware.request_id [None req-66e95a5c-75ee-4388-bb3f-c70ac25dd591 None None] RequestId filter calling following filter/app {{(pid=110806) _context_setter /opt/stack/cinder/cinder/api/middleware/request_id.py:62}}
Jul 04 09:18:56.716659 dv-cinder-844563-4-smb devstack@c-api.service[110806]: INFO cinder.api.openstack.wsgi [None req-66e95a5c-75ee-4388-bb3f-c70ac25dd591 tempest-VolumeTypesAccessTest-1992812831 tempest-VolumeTypesAccessTest-1992812831-project-admin] POST http://10.222.0.42/volume/v3/be12b6e0559c4f618af171bebb6655d7/types/60d4af50-6002-4c7f-a5de-1f0a45b8e5df/action
Jul 04 09:18:56.717376 dv-cinder-844563-4-smb devstack@c-api.service[110806]: DEBUG cinder.api.openstack.wsgi [None req-66e95a5c-75ee-4388-bb3f-c70ac25dd591 tempest-VolumeTypesAccessTest-1992812831 tempest-VolumeTypesAccessTest-1992812831-project-admin] Action body: b'{"removeProjectAccess": {"project": "0a6b88cf66be4f2594b1398fb628dfb4"}}' {{(pid=110806) get_method /opt/stack/cinder/cinder/api/openstack/wsgi.py:983}}
Jul 04 09:18:56.717704 dv-cinder-844563-4-smb devstack@c-api.service[110806]: DEBUG cinder.api.openstack.wsgi [None req-66e95a5c-75ee-4388-bb3f-c70ac25dd591 tempest-VolumeTypesAccessTest-1992812831 tempest-VolumeTypesAccessTest-1992812831-project-admin] Action: 'action', calling method: _removeProjectAccess, body: {"removeProjectAccess": {"project": "0a6b88cf66be4f2594b1398fb628dfb4"}} {{(pid=110806) _process_stack /opt/stack/cinder/cinder/api/openstack/wsgi.py:866}}
Jul 04 09:18:56.737771 dv-cinder-844563-4-smb devstack@c-api.service[110806]: INFO cinder.api.openstack.wsgi [None req-66e95a5c-75ee-4388-bb3f-c70ac25dd591 tempest-VolumeTypesAccessTest-1992812831 tempest-VolumeTypesAccessTest-1992812831-project-admin] http://10.222.0.42/volume/v3/be12b6e0559c4f618af171bebb6655d7/types/60d4af50-6002-4c7f-a5de-1f0a45b8e5df/action returned with HTTP 202
Jul 04 09:18:56.738696 dv-cinder-844563-4-smb devstack@c-api.service[110806]: [pid: 110806|app: 0|req: 188/369] 10.222.0.42 () {60 vars in 1360 bytes} [Mon Jul 4 09:18:56 2022] POST /volume/v3/be12b6e0559c4f618af171bebb6655d7/types/60d4af50-6002-4c7f-a5de-1f0a45b8e5df/action => generated 0 bytes in 27 msecs (HTTP/1.1 202) 6 headers in 233 bytes (2 switches on core 0)
Jul 04 09:18:56.744636 dv-cinder-844563-4-smb devstack@c-api.service[110807]: DEBUG cinder.api.middleware.request_id [None req-3ec522cf-8e3f-4a95-b08a-62e99bdfc1b3 None None] RequestId filter calling following filter/app {{(pid=110807) _context_setter /opt/stack/cinder/cinder/api/middleware/request_id.py:62}}
Jul 04 09:18:56.748450 dv-cinder-844563-4-smb devstack@c-api.service[110807]: INFO cinder.api.openstack.wsgi [None req-3ec522cf-8e3f-4a95-b08a-62e99bdfc1b3 tempest-VolumeTypesAccessTest-1992812831 tempest-VolumeTypesAccessTest-1992812831-project-admin] POST http://10.222.0.42/volume/v3/be12b6e0559c4f618af171bebb6655d7/types
Jul 04 09:18:56.749170 dv-cinder-844563-4-smb devstack@c-api.service[110807]: DEBUG cinder.api.openstack.wsgi [None req-3ec522cf-8e3f-4a95-b08a-62e99bdfc1b3 tempest-VolumeTypesAccessTest-1992812831 tempest-VolumeTypesAccessTest-1992812831-project-admin] Action: 'create', calling method: _create, body: {"volume_type": {"name": "tempest-VolumeTypesAccessTest-volume-type-150135273", "os-volume-type-access:is_public": false}} {{(pid=110807) _process_stack /opt/stack/cinder/cinder/api/openstack/wsgi.py:866}}
Jul 04 09:18:56.770902 dv-cinder-844563-4-smb devstack@c-api.service[110807]: INFO cinder.api.openstack.wsgi [None req-3ec522cf-8e3f-4a95-b08a-62e99bdfc1b3 tempest-VolumeTypesAccessTest-1992812831 tempest-VolumeTypesAccessTest-1992812831-project-admin] http://10.222.0.42/volume/v3/be12b6e0559c4f618af171bebb6655d7/types returned with HTTP 200
Jul 04 09:18:56.771572 dv-cinder-844563-4-smb devstack@c-api.service[110807]: [pid: 110807|app: 0|req: 182/370] 10.222.0.42 () {60 vars in 1229 bytes} [Mon Jul 4 09:18:56 2022] POST /volume/v3/be12b6e0559c4f618af171bebb6655d7/types => generated 228 bytes in 28 msecs (HTTP/1.1 200) 7 headers in 285 bytes (2 switches on core 0)
Jul 04 09:18:56.778439 dv-cinder-844563-4-smb devstack@c-api.service[110806]: DEBUG cinder.api.middleware.request_id [None req-26d09930-6e39-4fac-b2ad-35c23c4f30e2 None None] RequestId filter calling following filter/app {{(pid=110806) _context_setter /opt/stack/cinder/cinder/api/middleware/request_id.py:62}}
Jul 04 09:18:56.782530 dv-cinder-844563-4-smb devstack@c-api.service[110806]: INFO cinder.api.openstack.wsgi [None req-26d09930-6e39-4fac-b2ad-35c23c4f30e2 tempest-VolumeTypesAccessTest-1992812831 tempest-VolumeTypesAccessTest-1992812831-project-admin] POST http://10.222.0.42/volume/v3/be12b6e0559c4f618af171bebb6655d7/types/ecdc57e0-843a-4f06-adb5-fd2f7dddc959/action
Jul 04 09:18:56.783271 dv-cinder-844563-4-smb devstack@c-api.service[110806]: DEBUG cinder.api.openstack.wsgi [None req-26d09930-6e39-4fac-b2ad-35c23c4f30e2 tempest-VolumeTypesAccessTest-1992812831 tempest-VolumeTypesAccessTest-1992812831-project-admin] Action body: b'{"addProjectAccess": {"project": "0a6b88cf66be4f2594b1398fb628dfb4"}}' {{(pid=110806) get_method /opt/stack/cinder/cinder/api/openstack/wsgi.py:983}}
Jul 04 09:18:56.783603 dv-cinder-844563-4-smb devstack@c-api.service[110806]: DEBUG cinder.api.openstack.wsgi [None req-26d09930-6e39-4fac-b2ad-35c23c4f30e2 tempest-VolumeTypesAccessTest-1992812831 tempest-VolumeTypesAccessTest-1992812831-project-admin] Action: 'action', calling method: _addProjectAccess, body: {"addProjectAccess": {"project": "0a6b88cf66be4f2594b1398fb628dfb4"}} {{(pid=110806) _process_stack /opt/stack/cinder/cinder/api/openstack/wsgi.py:866}}
Jul 04 09:18:56.801934 dv-cinder-844563-4-smb devstack@c-api.service[110806]: INFO cinder.api.openstack.wsgi [None req-26d09930-6e39-4fac-b2ad-35c23c4f30e2 tempest-VolumeTypesAccessTest-1992812831 tempest-VolumeTypesAccessTest-1992812831-project-admin] http://10.222.0.42/volume/v3/be12b6e0559c4f618af171bebb6655d7/types/ecdc57e0-843a-4f06-adb5-fd2f7dddc959/action returned with HTTP 202
Jul 04 09:18:56.802810 dv-cinder-844563-4-smb devstack@c-api.service[110806]: [pid: 110806|app: 0|req: 189/371] 10.222.0.42 () {60 vars in 1360 bytes} [Mon Jul 4 09:18:56 2022] POST /volume/v3/be12b6e0559c4f618af171bebb6655d7/types/ecdc57e0-843a-4f06-adb5-fd2f7dddc959/action => generated 0 bytes in 25 msecs (HTTP/1.1 202) 6 headers in 233 bytes (1 switches on core 0)
Jul 04 09:18:56.808606 dv-cinder-844563-4-smb devstack@c-api.service[110807]: DEBUG cinder.api.middleware.request_id [None req-73ca4892-81d7-40f7-8f52-cc378af1f983 None None] RequestId filter calling following filter/app {{(pid=110807) _context_setter /opt/stack/cinder/cinder/api/middleware/request_id.py:62}}
Jul 04 09:18:56.812315 dv-cinder-844563-4-smb devstack@c-api.service[110807]: INFO cinder.api.openstack.wsgi [None req-73ca4892-81d7-40f7-8f52-cc378af1f983 tempest-VolumeTypesAccessTest-1992812831 tempest-VolumeTypesAccessTest-1992812831-project-admin] POST http://10.222.0.42/volume/v3/be12b6e0559c4f618af171bebb6655d7/types/ecdc57e0-843a-4f06-adb5-fd2f7dddc959/action
Jul 04 09:18:56.813043 dv-cinder-844563-4-smb devstack@c-api.service[110807]: DEBUG cinder.api.openstack.wsgi [None req-73ca4892-81d7-40f7-8f52-cc378af1f983 tempest-VolumeTypesAccessTest-1992812831 tempest-VolumeTypesAccessTest-1992812831-project-admin] Action body: b'{"addProjectAccess": {"project": "4cb100bbda86412793946e04096e6933"}}' {{(pid=110807) get_method /opt/stack/cinder/cinder/api/openstack/wsgi.py:983}}
Jul 04 09:18:56.813374 dv-cinder-844563-4-smb devstack@c-api.service[110807]: DEBUG cinder.api.openstack.wsgi [None req-73ca4892-81d7-40f7-8f52-cc378af1f983 tempest-VolumeTypesAccessTest-1992812831 tempest-VolumeTypesAccessTest-1992812831-project-admin] Action: 'action', calling method: _addProjectAccess, body: {"addProjectAccess": {"project": "4cb100bbda86412793946e04096e6933"}} {{(pid=110807) _process_stack /opt/stack/cinder/cinder/api/openstack/wsgi.py:866}}
Jul 04 09:18:56.832314 dv-cinder-844563-4-smb devstack@c-api.service[110807]: INFO cinder.api.openstack.wsgi [None req-73ca4892-81d7-40f7-8f52-cc378af1f983 tempest-VolumeTypesAccessTest-1992812831 tempest-VolumeTypesAccessTest-1992812831-project-admin] http://10.222.0.42/volume/v3/be12b6e0559c4f618af171bebb6655d7/types/ecdc57e0-843a-4f06-adb5-fd2f7dddc959/action returned with HTTP 202
Jul 04 09:18:56.833235 dv-cinder-844563-4-smb devstack@c-api.service[110807]: [pid: 110807|app: 0|req: 183/372] 10.222.0.42 () {60 vars in 1360 bytes} [Mon Jul 4 09:18:56 2022] POST /volume/v3/be12b6e0559c4f618af171bebb6655d7/types/ecdc57e0-843a-4f06-adb5-fd2f7dddc959/action => generated 0 bytes in 26 msecs (HTTP/1.1 202) 6 headers in 233 bytes (1 switches on core 0)
Jul 04 09:18:56.838687 dv-cinder-844563-4-smb devstack@c-api.service[110806]: DEBUG cinder.api.middleware.request_id [None req-ef1f5387-f55d-43ba-a884-23c672a4fe24 None None] RequestId filter calling following filter/app {{(pid=110806) _context_setter /opt/stack/cinder/cinder/api/middleware/request_id.py:62}}
Jul 04 09:18:56.844054 dv-cinder-844563-4-smb devstack@c-api.service[110806]: INFO cinder.api.openstack.wsgi [None req-ef1f5387-f55d-43ba-a884-23c672a4fe24 tempest-VolumeTypesAccessTest-1992812831 tempest-VolumeTypesAccessTest-1992812831-project-admin] GET http://10.222.0.42/volume/v3/be12b6e0559c4f618af171bebb6655d7/types/ecdc57e0-843a-4f06-adb5-fd2f7dddc959/os-volume-type-access
Jul 04 09:18:56.844477 dv-cinder-844563-4-smb devstack@c-api.service[110806]: DEBUG cinder.api.openstack.wsgi [None req-ef1f5387-f55d-43ba-a884-23c672a4fe24 tempest-VolumeTypesAccessTest-1992812831 tempest-VolumeTypesAccessTest-1992812831-project-admin] Empty body provided in request {{(pid=110806) get_body /opt/stack/cinder/cinder/api/openstack/wsgi.py:715}}
Jul 04 09:18:56.844916 dv-cinder-844563-4-smb devstack@c-api.service[110806]: DEBUG cinder.api.openstack.wsgi [None req-ef1f5387-f55d-43ba-a884-23c672a4fe24 tempest-VolumeTypesAccessTest-1992812831 tempest-VolumeTypesAccessTest-1992812831-project-admin] Calling method 'index' {{(pid=110806) _process_stack /opt/stack/cinder/cinder/api/openstack/wsgi.py:868}}
Jul 04 09:18:56.861594 dv-cinder-844563-4-smb devstack@c-api.service[110806]: INFO cinder.api.openstack.wsgi [None req-ef1f5387-f55d-43ba-a884-23c672a4fe24 tempest-VolumeTypesAccessTest-1992812831 tempest-VolumeTypesAccessTest-1992812831-project-admin] http://10.222.0.42/volume/v3/be12b6e0559c4f618af171bebb6655d7/types/ecdc57e0-843a-4f06-adb5-fd2f7dddc959/os-volume-type-access returned with HTTP 200
Jul 04 09:18:56.862285 dv-cinder-844563-4-smb devstack@c-api.service[110806]: [pid: 110806|app: 0|req: 190/373] 10.222.0.42 () {58 vars in 1384 bytes} [Mon Jul 4 09:18:56 2022] GET /volume/v3/be12b6e0559c4f618af171bebb6655d7/types/ecdc57e0-843a-4f06-adb5-fd2f7dddc959/os-volume-type-access => generated 244 bytes in 25 msecs (HTTP/1.1 200) 7 headers in 285 bytes (1 switches on core 0)
Jul 04 09:18:56.871475 dv-cinder-844563-4-smb devstack@c-api.service[110807]: DEBUG cinder.api.middleware.request_id [None req-4711ab2d-6711-448d-96fd-35c4250c8cc0 None None] RequestId filter calling following filter/app {{(pid=110807) _context_setter /opt/stack/cinder/cinder/api/middleware/request_id.py:62}}
Jul 04 09:18:56.875227 dv-cinder-844563-4-smb devstack@c-api.service[110807]: INFO cinder.api.openstack.wsgi [None req-4711ab2d-6711-448d-96fd-35c4250c8cc0 tempest-VolumeTypesAccessTest-1992812831 tempest-VolumeTypesAccessTest-1992812831-project-admin] POST http://10.222.0.42/volume/v3/be12b6e0559c4f618af171bebb6655d7/types/ecdc57e0-843a-4f06-adb5-fd2f7dddc959/action
Jul 04 09:18:56.875996 dv-cinder-844563-4-smb devstack@c-api.service[110807]: DEBUG cinder.api.openstack.wsgi [None req-4711ab2d-6711-448d-96fd-35c4250c8cc0 tempest-VolumeTypesAccessTest-1992812831 tempest-VolumeTypesAccessTest-1992812831-project-admin] Action body: b'{"removeProjectAccess": {"project": "4cb100bbda86412793946e04096e6933"}}' {{(pid=110807) get_method /opt/stack/cinder/cinder/api/openstack/wsgi.py:983}}
Jul 04 09:18:56.876351 dv-cinder-844563-4-smb devstack@c-api.service[110807]: DEBUG cinder.api.openstack.wsgi [None req-4711ab2d-6711-448d-96fd-35c4250c8cc0 tempest-VolumeTypesAccessTest-1992812831 tempest-VolumeTypesAccessTest-1992812831-project-admin] Action: 'action', calling method: _removeProjectAccess, body: {"removeProjectAccess": {"project": "4cb100bbda86412793946e04096e6933"}} {{(pid=110807) _process_stack /opt/stack/cinder/cinder/api/openstack/wsgi.py:866}}
Jul 04 09:18:56.894849 dv-cinder-844563-4-smb devstack@c-api.service[110807]: INFO cinder.api.openstack.wsgi [None req-4711ab2d-6711-448d-96fd-35c4250c8cc0 tempest-VolumeTypesAccessTest-1992812831 tempest-VolumeTypesAccessTest-1992812831-project-admin] http://10.222.0.42/volume/v3/be12b6e0559c4f618af171bebb6655d7/types/ecdc57e0-843a-4f06-adb5-fd2f7dddc959/action returned with HTTP 202
Jul 04 09:18:56.896292 dv-cinder-844563-4-smb devstack@c-api.service[110807]: [pid: 110807|app: 0|req: 184/374] 10.222.0.42 () {60 vars in 1360 bytes} [Mon Jul 4 09:18:56 2022] POST /volume/v3/be12b6e0559c4f618af171bebb6655d7/types/ecdc57e0-843a-4f06-adb5-fd2f7dddc959/action => generated 0 bytes in 25 msecs (HTTP/1.1 202) 6 headers in 233 bytes (1 switches on core 0)
Jul 04 09:18:56.900478 dv-cinder-844563-4-smb devstack@c-api.service[110806]: DEBUG cinder.api.middleware.request_id [None req-1f8cd400-8089-4677-9513-3fb0f2543e78 None None] RequestId filter calling following filter/app {{(pid=110806) _context_setter /opt/stack/cinder/cinder/api/middleware/request_id.py:62}}
Jul 04 09:18:56.904333 dv-cinder-844563-4-smb devstack@c-api.service[110806]: INFO cinder.api.openstack.wsgi [None req-1f8cd400-8089-4677-9513-3fb0f2543e78 tempest-VolumeTypesAccessTest-1992812831 tempest-VolumeTypesAccessTest-1992812831-project-admin] POST http://10.222.0.42/volume/v3/be12b6e0559c4f618af171bebb6655d7/types/ecdc57e0-843a-4f06-adb5-fd2f7dddc959/action
Jul 04 09:18:56.905115 dv-cinder-844563-4-smb devstack@c-api.service[110806]: DEBUG cinder.api.openstack.wsgi [None req-1f8cd400-8089-4677-9513-3fb0f2543e78 tempest-VolumeTypesAccessTest-1992812831 tempest-VolumeTypesAccessTest-1992812831-project-admin] Action body: b'{"removeProjectAccess": {"project": "0a6b88cf66be4f2594b1398fb628dfb4"}}' {{(pid=110806) get_method /opt/stack/cinder/cinder/api/openstack/wsgi.py:983}}
Jul 04 09:18:56.905377 dv-cinder-844563-4-smb devstack@c-api.service[110806]: DEBUG cinder.api.openstack.wsgi [None req-1f8cd400-8089-4677-9513-3fb0f2543e78 tempest-VolumeTypesAccessTest-1992812831 tempest-VolumeTypesAccessTest-1992812831-project-admin] Action: 'action', calling method: _removeProjectAccess, body: {"removeProjectAccess": {"project": "0a6b88cf66be4f2594b1398fb628dfb4"}} {{(pid=110806) _process_stack /opt/stack/cinder/cinder/api/openstack/wsgi.py:866}}
Jul 04 09:18:56.923011 dv-cinder-844563-4-smb devstack@c-api.service[110806]: INFO cinder.api.openstack.wsgi [None req-1f8cd400-8089-4677-9513-3fb0f2543e78 tempest-VolumeTypesAccessTest-1992812831 tempest-VolumeTypesAccessTest-1992812831-project-admin] http://10.222.0.42/volume/v3/be12b6e0559c4f618af171bebb6655d7/types/ecdc57e0-843a-4f06-adb5-fd2f7dddc959/action returned with HTTP 202
Jul 04 09:18:56.923792 dv-cinder-844563-4-smb devstack@c-api.service[110806]: [pid: 110806|app: 0|req: 191/375] 10.222.0.42 () {60 vars in 1360 bytes} [Mon Jul 4 09:18:56 2022] POST /volume/v3/be12b6e0559c4f618af171bebb6655d7/types/ecdc57e0-843a-4f06-adb5-fd2f7dddc959/action => generated 0 bytes in 24 msecs (HTTP/1.1 202) 6 headers in 233 bytes (2 switches on core 0)
Jul 04 09:18:56.928993 dv-cinder-844563-4-smb devstack@c-api.service[110807]: DEBUG cinder.api.middleware.request_id [None req-e2adaf20-41e9-4ed0-ad25-384e55316d62 None None] RequestId filter calling following filter/app {{(pid=110807) _context_setter /opt/stack/cinder/cinder/api/middleware/request_id.py:62}}
Jul 04 09:18:56.932648 dv-cinder-844563-4-smb devstack@c-api.service[110807]: INFO cinder.api.openstack.wsgi [None req-e2adaf20-41e9-4ed0-ad25-384e55316d62 tempest-VolumeTypesAccessTest-1992812831 tempest-VolumeTypesAccessTest-1992812831-project-admin] DELETE http://10.222.0.42/volume/v3/be12b6e0559c4f618af171bebb6655d7/types/ecdc57e0-843a-4f06-adb5-fd2f7dddc959
Jul 04 09:18:56.933122 dv-cinder-844563-4-smb devstack@c-api.service[110807]: DEBUG cinder.api.openstack.wsgi [None req-e2adaf20-41e9-4ed0-ad25-384e55316d62 tempest-VolumeTypesAccessTest-1992812831 tempest-VolumeTypesAccessTest-1992812831-project-admin] Empty body provided in request {{(pid=110807) get_body /opt/stack/cinder/cinder/api/openstack/wsgi.py:715}}
Jul 04 09:18:56.933588 dv-cinder-844563-4-smb devstack@c-api.service[110807]: DEBUG cinder.api.openstack.wsgi [None req-e2adaf20-41e9-4ed0-ad25-384e55316d62 tempest-VolumeTypesAccessTest-1992812831 tempest-VolumeTypesAccessTest-1992812831-project-admin] Calling method '_delete' {{(pid=110807) _process_stack /opt/stack/cinder/cinder/api/openstack/wsgi.py:868}}
Jul 04 09:18:56.957118 dv-cinder-844563-4-smb devstack@c-api.service[110806]: DEBUG cinder.api.middleware.request_id [None req-61724292-b1b9-4156-84ae-b1cad920e012 None None] RequestId filter calling following filter/app {{(pid=110806) _context_setter /opt/stack/cinder/cinder/api/middleware/request_id.py:62}}
Jul 04 09:18:56.961177 dv-cinder-844563-4-smb devstack@c-api.service[110806]: INFO cinder.api.openstack.wsgi [None req-61724292-b1b9-4156-84ae-b1cad920e012 tempest-VolumesDeleteCascade-1141696613 tempest-VolumesDeleteCascade-1141696613-project] GET http://10.222.0.42/volume/v3/2791b92dfb1e4b81ae6d8a009c6f9da5/snapshots/79da9e0b-4183-4cc2-98b4-2e7b6a4c206c
Jul 04 09:18:56.961609 dv-cinder-844563-4-smb devstack@c-api.service[110806]: DEBUG cinder.api.openstack.wsgi [None req-61724292-b1b9-4156-84ae-b1cad920e012 tempest-VolumesDeleteCascade-1141696613 tempest-VolumesDeleteCascade-1141696613-project] Empty body provided in request {{(pid=110806) get_body /opt/stack/cinder/cinder/api/openstack/wsgi.py:715}}
Jul 04 09:18:56.962058 dv-cinder-844563-4-smb devstack@c-api.service[110806]: DEBUG cinder.api.openstack.wsgi [None req-61724292-b1b9-4156-84ae-b1cad920e012 tempest-VolumesDeleteCascade-1141696613 tempest-VolumesDeleteCascade-1141696613-project] Calling method 'show' {{(pid=110806) _process_stack /opt/stack/cinder/cinder/api/openstack/wsgi.py:868}}
Jul 04 09:18:56.972802 dv-cinder-844563-4-smb devstack@c-api.service[110806]: /usr/local/lib/python3.8/dist-packages/oslo_context/context.py:100: DeprecationWarning: Policy enforcement is depending on the value of is_admin. This key is deprecated. Please update your policy file to use the standard policy values.
Jul 04 09:18:56.972802 dv-cinder-844563-4-smb devstack@c-api.service[110806]: warnings.warn('Policy enforcement is depending on the value of '
Jul 04 09:18:56.973537 dv-cinder-844563-4-smb devstack@c-api.service[110806]: INFO cinder.volume.api [None req-61724292-b1b9-4156-84ae-b1cad920e012 tempest-VolumesDeleteCascade-1141696613 tempest-VolumesDeleteCascade-1141696613-project] Snapshot retrieved successfully.
Jul 04 09:18:56.975559 dv-cinder-844563-4-smb devstack@c-api.service[110806]: INFO cinder.api.openstack.wsgi [None req-61724292-b1b9-4156-84ae-b1cad920e012 tempest-VolumesDeleteCascade-1141696613 tempest-VolumesDeleteCascade-1141696613-project] http://10.222.0.42/volume/v3/2791b92dfb1e4b81ae6d8a009c6f9da5/snapshots/79da9e0b-4183-4cc2-98b4-2e7b6a4c206c returned with HTTP 200
Jul 04 09:18:56.976313 dv-cinder-844563-4-smb devstack@c-api.service[110806]: [pid: 110806|app: 0|req: 192/376] 10.222.0.42 () {58 vars in 1330 bytes} [Mon Jul 4 09:18:56 2022] GET /volume/v3/2791b92dfb1e4b81ae6d8a009c6f9da5/snapshots/79da9e0b-4183-4cc2-98b4-2e7b6a4c206c => generated 531 bytes in 20 msecs (HTTP/1.1 200) 7 headers in 285 bytes (1 switches on core 0)
Jul 04 09:18:56.978017 dv-cinder-844563-4-smb devstack@c-api.service[110807]: INFO cinder.api.openstack.wsgi [None req-e2adaf20-41e9-4ed0-ad25-384e55316d62 tempest-VolumeTypesAccessTest-1992812831 tempest-VolumeTypesAccessTest-1992812831-project-admin] http://10.222.0.42/volume/v3/be12b6e0559c4f618af171bebb6655d7/types/ecdc57e0-843a-4f06-adb5-fd2f7dddc959 returned with HTTP 202
Jul 04 09:18:56.981900 dv-cinder-844563-4-smb devstack@c-api.service[110807]: [pid: 110807|app: 0|req: 185/377] 10.222.0.42 () {58 vars in 1321 bytes} [Mon Jul 4 09:18:56 2022] DELETE /volume/v3/be12b6e0559c4f618af171bebb6655d7/types/ecdc57e0-843a-4f06-adb5-fd2f7dddc959 => generated 0 bytes in 51 msecs (HTTP/1.1 202) 6 headers in 233 bytes (1 switches on core 0)
Jul 04 09:18:56.983296 dv-cinder-844563-4-smb devstack@c-api.service[110806]: DEBUG cinder.api.middleware.request_id [None req-607ec3cd-7aa6-419b-b26e-006e8969ae83 None None] RequestId filter calling following filter/app {{(pid=110806) _context_setter /opt/stack/cinder/cinder/api/middleware/request_id.py:62}}
Jul 04 09:18:56.983452 dv-cinder-844563-4-smb devstack@c-api.service[110807]: DEBUG cinder.api.middleware.request_id [None req-e0fcd0ea-68c4-4a10-b67c-c9fa52a1290d None None] RequestId filter calling following filter/app {{(pid=110807) _context_setter /opt/stack/cinder/cinder/api/middleware/request_id.py:62}}
Jul 04 09:18:56.986667 dv-cinder-844563-4-smb devstack@c-api.service[110806]: INFO cinder.api.openstack.wsgi [None req-607ec3cd-7aa6-419b-b26e-006e8969ae83 tempest-VolumesDeleteCascade-1141696613 tempest-VolumesDeleteCascade-1141696613-project] POST http://10.222.0.42/volume/v3/2791b92dfb1e4b81ae6d8a009c6f9da5/volumes
Jul 04 09:18:56.987362 dv-cinder-844563-4-smb devstack@c-api.service[110806]: DEBUG cinder.api.openstack.wsgi [None req-607ec3cd-7aa6-419b-b26e-006e8969ae83 tempest-VolumesDeleteCascade-1141696613 tempest-VolumesDeleteCascade-1141696613-project] Action: 'create', calling method: create, body: {"volume": {"snapshot_id": "79da9e0b-4183-4cc2-98b4-2e7b6a4c206c", "size": 1, "name": "tempest-VolumesDeleteCascade-Volume-71792092"}} {{(pid=110806) _process_stack /opt/stack/cinder/cinder/api/openstack/wsgi.py:866}}
Jul 04 09:18:56.987521 dv-cinder-844563-4-smb devstack@c-api.service[110807]: INFO cinder.api.openstack.wsgi [None req-e0fcd0ea-68c4-4a10-b67c-c9fa52a1290d tempest-VolumeTypesAccessTest-1992812831 tempest-VolumeTypesAccessTest-1992812831-project-admin] GET http://10.222.0.42/volume/v3/be12b6e0559c4f618af171bebb6655d7/types/ecdc57e0-843a-4f06-adb5-fd2f7dddc959
Jul 04 09:18:56.987807 dv-cinder-844563-4-smb devstack@c-api.service[110807]: DEBUG cinder.api.openstack.wsgi [None req-e0fcd0ea-68c4-4a10-b67c-c9fa52a1290d tempest-VolumeTypesAccessTest-1992812831 tempest-VolumeTypesAccessTest-1992812831-project-admin] Empty body provided in request {{(pid=110807) get_body /opt/stack/cinder/cinder/api/openstack/wsgi.py:715}}
Jul 04 09:18:56.988331 dv-cinder-844563-4-smb devstack@c-api.service[110807]: DEBUG cinder.api.openstack.wsgi [None req-e0fcd0ea-68c4-4a10-b67c-c9fa52a1290d tempest-VolumeTypesAccessTest-1992812831 tempest-VolumeTypesAccessTest-1992812831-project-admin] Calling method 'show' {{(pid=110807) _process_stack /opt/stack/cinder/cinder/api/openstack/wsgi.py:868}}
Jul 04 09:18:56.988469 dv-cinder-844563-4-smb devstack@c-api.service[110806]: DEBUG cinder.api.v3.volumes [None req-607ec3cd-7aa6-419b-b26e-006e8969ae83 tempest-VolumesDeleteCascade-1141696613 tempest-VolumesDeleteCascade-1141696613-project] Create volume request body: {'volume': {'snapshot_id': '79da9e0b-4183-4cc2-98b4-2e7b6a4c206c', 'size': 1, 'name': 'tempest-VolumesDeleteCascade-Volume-71792092'}} {{(pid=110806) create /opt/stack/cinder/cinder/api/v3/volumes.py:298}}
Jul 04 09:18:56.994137 dv-cinder-844563-4-smb devstack@c-api.service[110807]: INFO cinder.api.openstack.wsgi [None req-e0fcd0ea-68c4-4a10-b67c-c9fa52a1290d tempest-VolumeTypesAccessTest-1992812831 tempest-VolumeTypesAccessTest-1992812831-project-admin] http://10.222.0.42/volume/v3/be12b6e0559c4f618af171bebb6655d7/types/ecdc57e0-843a-4f06-adb5-fd2f7dddc959 returned with HTTP 404
Jul 04 09:18:56.995030 dv-cinder-844563-4-smb devstack@c-api.service[110807]: [pid: 110807|app: 0|req: 186/378] 10.222.0.42 () {58 vars in 1318 bytes} [Mon Jul 4 09:18:56 2022] GET /volume/v3/be12b6e0559c4f618af171bebb6655d7/types/ecdc57e0-843a-4f06-adb5-fd2f7dddc959 => generated 114 bytes in 12 msecs (HTTP/1.1 404) 7 headers in 292 bytes (1 switches on core 0)
Jul 04 09:18:56.999559 dv-cinder-844563-4-smb devstack@c-api.service[110806]: /usr/local/lib/python3.8/dist-packages/oslo_context/context.py:100: DeprecationWarning: Policy enforcement is depending on the value of is_admin. This key is deprecated. Please update your policy file to use the standard policy values.
Jul 04 09:18:56.999559 dv-cinder-844563-4-smb devstack@c-api.service[110806]: warnings.warn('Policy enforcement is depending on the value of '
Jul 04 09:18:56.999906 dv-cinder-844563-4-smb devstack@c-api.service[110807]: DEBUG cinder.api.middleware.request_id [None req-31bcaebd-1583-40bc-97b4-dc22d14072f3 None None] RequestId filter calling following filter/app {{(pid=110807) _context_setter /opt/stack/cinder/cinder/api/middleware/request_id.py:62}}
Jul 04 09:18:57.000550 dv-cinder-844563-4-smb devstack@c-api.service[110806]: INFO cinder.volume.api [None req-607ec3cd-7aa6-419b-b26e-006e8969ae83 tempest-VolumesDeleteCascade-1141696613 tempest-VolumesDeleteCascade-1141696613-project] Snapshot retrieved successfully.
Jul 04 09:18:57.000839 dv-cinder-844563-4-smb devstack@c-api.service[110806]: INFO cinder.api.v3.volumes [None req-607ec3cd-7aa6-419b-b26e-006e8969ae83 tempest-VolumesDeleteCascade-1141696613 tempest-VolumesDeleteCascade-1141696613-project] Create volume of 1 GB
Jul 04 09:18:57.003627 dv-cinder-844563-4-smb devstack@c-api.service[110807]: INFO cinder.api.openstack.wsgi [None req-31bcaebd-1583-40bc-97b4-dc22d14072f3 tempest-VolumeTypesAccessTest-358664649 tempest-VolumeTypesAccessTest-358664649-project] DELETE http://10.222.0.42/volume/v3/0a6b88cf66be4f2594b1398fb628dfb4/volumes/48bfe046-948a-4160-982c-d8c0540fc08f
Jul 04 09:18:57.004071 dv-cinder-844563-4-smb devstack@c-api.service[110807]: DEBUG cinder.api.openstack.wsgi [None req-31bcaebd-1583-40bc-97b4-dc22d14072f3 tempest-VolumeTypesAccessTest-358664649 tempest-VolumeTypesAccessTest-358664649-project] Empty body provided in request {{(pid=110807) get_body /opt/stack/cinder/cinder/api/openstack/wsgi.py:715}}
Jul 04 09:18:57.004514 dv-cinder-844563-4-smb devstack@c-api.service[110807]: DEBUG cinder.api.openstack.wsgi [None req-31bcaebd-1583-40bc-97b4-dc22d14072f3 tempest-VolumeTypesAccessTest-358664649 tempest-VolumeTypesAccessTest-358664649-project] Calling method 'delete' {{(pid=110807) _process_stack /opt/stack/cinder/cinder/api/openstack/wsgi.py:868}}
Jul 04 09:18:57.005450 dv-cinder-844563-4-smb devstack@c-api.service[110807]: INFO cinder.api.v3.volumes [None req-31bcaebd-1583-40bc-97b4-dc22d14072f3 tempest-VolumeTypesAccessTest-358664649 tempest-VolumeTypesAccessTest-358664649-project] Delete volume with id: 48bfe046-948a-4160-982c-d8c0540fc08f
Jul 04 09:18:57.008665 dv-cinder-844563-4-smb devstack@c-api.service[110806]: INFO cinder.volume.api [None req-607ec3cd-7aa6-419b-b26e-006e8969ae83 tempest-VolumesDeleteCascade-1141696613 tempest-VolumesDeleteCascade-1141696613-project] Availability Zones retrieved successfully.
Jul 04 09:18:57.020869 dv-cinder-844563-4-smb devstack@c-api.service[110807]: /usr/local/lib/python3.8/dist-packages/oslo_context/context.py:100: DeprecationWarning: Policy enforcement is depending on the value of is_admin. This key is deprecated. Please update your policy file to use the standard policy values.
Jul 04 09:18:57.020869 dv-cinder-844563-4-smb devstack@c-api.service[110807]: warnings.warn('Policy enforcement is depending on the value of '
Jul 04 09:18:57.022552 dv-cinder-844563-4-smb devstack@c-api.service[110807]: INFO cinder.volume.api [None req-31bcaebd-1583-40bc-97b4-dc22d14072f3 tempest-VolumeTypesAccessTest-358664649 tempest-VolumeTypesAccessTest-358664649-project] Volume info retrieved successfully.
Jul 04 09:18:57.023835 dv-cinder-844563-4-smb devstack@c-api.service[110806]: DEBUG cinder.volume.api [None req-607ec3cd-7aa6-419b-b26e-006e8969ae83 tempest-VolumesDeleteCascade-1141696613 tempest-VolumesDeleteCascade-1141696613-project] Flow 'volume_create_api' (8097903b-e1fb-42d8-a69e-aa8910d1db1b) transitioned into state 'RUNNING' from state 'PENDING' {{(pid=110806) _flow_receiver /usr/local/lib/python3.8/dist-packages/taskflow/listeners/logging.py:141}}
Jul 04 09:18:57.026330 dv-cinder-844563-4-smb devstack@c-api.service[110806]: DEBUG cinder.volume.api [None req-607ec3cd-7aa6-419b-b26e-006e8969ae83 tempest-VolumesDeleteCascade-1141696613 tempest-VolumesDeleteCascade-1141696613-project] Task 'cinder.volume.flows.api.create_volume.ExtractVolumeRequestTask;volume:create' (c24f828e-bc30-4852-b387-9f696029c540) transitioned into state 'RUNNING' from state 'PENDING' {{(pid=110806) _task_receiver /usr/local/lib/python3.8/dist-packages/taskflow/listeners/logging.py:190}}
Jul 04 09:18:57.028828 dv-cinder-844563-4-smb devstack@c-api.service[110806]: DEBUG cinder.volume.flows.api.create_volume [None req-607ec3cd-7aa6-419b-b26e-006e8969ae83 tempest-VolumesDeleteCascade-1141696613 tempest-VolumesDeleteCascade-1141696613-project] Validating volume size '1' using validate_int, validate_snap_size {{(pid=110806) _extract_size /opt/stack/cinder/cinder/volume/flows/api/create_volume.py:228}}
Jul 04 09:18:57.061738 dv-cinder-844563-4-smb devstack@c-api.service[110807]: INFO cinder.volume.api [None req-31bcaebd-1583-40bc-97b4-dc22d14072f3 tempest-VolumeTypesAccessTest-358664649 tempest-VolumeTypesAccessTest-358664649-project] Delete volume request issued successfully.
Jul 04 09:18:57.062805 dv-cinder-844563-4-smb devstack@c-api.service[110807]: INFO cinder.api.openstack.wsgi [None req-31bcaebd-1583-40bc-97b4-dc22d14072f3 tempest-VolumeTypesAccessTest-358664649 tempest-VolumeTypesAccessTest-358664649-project] http://10.222.0.42/volume/v3/0a6b88cf66be4f2594b1398fb628dfb4/volumes/48bfe046-948a-4160-982c-d8c0540fc08f returned with HTTP 202
Jul 04 09:18:57.063745 dv-cinder-844563-4-smb devstack@c-api.service[110807]: [pid: 110807|app: 0|req: 187/379] 10.222.0.42 () {58 vars in 1327 bytes} [Mon Jul 4 09:18:56 2022] DELETE /volume/v3/0a6b88cf66be4f2594b1398fb628dfb4/volumes/48bfe046-948a-4160-982c-d8c0540fc08f => generated 0 bytes in 65 msecs (HTTP/1.1 202) 6 headers in 233 bytes (1 switches on core 0)
Jul 04 09:18:57.069296 dv-cinder-844563-4-smb devstack@c-api.service[110807]: DEBUG cinder.api.middleware.request_id [None req-50b63cf8-3b45-4a1b-9797-1e8480c6ef63 None None] RequestId filter calling following filter/app {{(pid=110807) _context_setter /opt/stack/cinder/cinder/api/middleware/request_id.py:62}}
Jul 04 09:18:57.073635 dv-cinder-844563-4-smb devstack@c-api.service[110807]: INFO cinder.api.openstack.wsgi [None req-50b63cf8-3b45-4a1b-9797-1e8480c6ef63 tempest-VolumeTypesAccessTest-358664649 tempest-VolumeTypesAccessTest-358664649-project] GET http://10.222.0.42/volume/v3/0a6b88cf66be4f2594b1398fb628dfb4/volumes/48bfe046-948a-4160-982c-d8c0540fc08f
Jul 04 09:18:57.074449 dv-cinder-844563-4-smb devstack@c-api.service[110807]: DEBUG cinder.api.openstack.wsgi [None req-50b63cf8-3b45-4a1b-9797-1e8480c6ef63 tempest-VolumeTypesAccessTest-358664649 tempest-VolumeTypesAccessTest-358664649-project] Empty body provided in request {{(pid=110807) get_body /opt/stack/cinder/cinder/api/openstack/wsgi.py:715}}
Jul 04 09:18:57.075182 dv-cinder-844563-4-smb devstack@c-api.service[110807]: DEBUG cinder.api.openstack.wsgi [None req-50b63cf8-3b45-4a1b-9797-1e8480c6ef63 tempest-VolumeTypesAccessTest-358664649 tempest-VolumeTypesAccessTest-358664649-project] Calling method 'show' {{(pid=110807) _process_stack /opt/stack/cinder/cinder/api/openstack/wsgi.py:868}}
Jul 04 09:18:57.097742 dv-cinder-844563-4-smb devstack@c-api.service[110807]: /usr/local/lib/python3.8/dist-packages/oslo_context/context.py:100: DeprecationWarning: Policy enforcement is depending on the value of is_admin. This key is deprecated. Please update your policy file to use the standard policy values.
Jul 04 09:18:57.097742 dv-cinder-844563-4-smb devstack@c-api.service[110807]: warnings.warn('Policy enforcement is depending on the value of '
Jul 04 09:18:57.101692 dv-cinder-844563-4-smb devstack@c-api.service[110806]: DEBUG cinder.volume.api [None req-607ec3cd-7aa6-419b-b26e-006e8969ae83 tempest-VolumesDeleteCascade-1141696613 tempest-VolumesDeleteCascade-1141696613-project] Task 'cinder.volume.flows.api.create_volume.ExtractVolumeRequestTask;volume:create' (c24f828e-bc30-4852-b387-9f696029c540) transitioned into state 'SUCCESS' from state 'RUNNING' with result '{'size': 1, 'snapshot_id': '79da9e0b-4183-4cc2-98b4-2e7b6a4c206c', 'source_volid': None, 'volume_type': VolumeType(created_at=2022-07-04T09:07:59Z,deleted=False,deleted_at=None,description='Default Volume Type',extra_specs={},id=02cb3267-fcc1-46f8-9580-718b476866f4,is_public=True,name='__DEFAULT__',projects=[],qos_specs=,qos_specs_id=None,updated_at=2022-07-04T09:07:59Z), 'volume_type_id': '02cb3267-fcc1-46f8-9580-718b476866f4', 'encryption_key_id': None, 'qos_specs': None, 'consistencygroup_id': None, 'cgsnapshot_id': None, 'group_id': None, 'replication_status': 'disabled', 'refresh_az': False, 'backup_id': None, 'multiattach': False, 'availability_zones': ['nova']}' {{(pid=110806) _task_receiver /usr/local/lib/python3.8/dist-packages/taskflow/listeners/logging.py:178}}
Jul 04 09:18:57.104227 dv-cinder-844563-4-smb devstack@c-api.service[110806]: DEBUG cinder.volume.api [None req-607ec3cd-7aa6-419b-b26e-006e8969ae83 tempest-VolumesDeleteCascade-1141696613 tempest-VolumesDeleteCascade-1141696613-project] Task 'cinder.volume.flows.api.create_volume.QuotaReserveTask;volume:create' (e49e9757-37de-424e-af97-ce34547fe1ec) transitioned into state 'RUNNING' from state 'PENDING' {{(pid=110806) _task_receiver /usr/local/lib/python3.8/dist-packages/taskflow/listeners/logging.py:190}}
Jul 04 09:18:57.110845 dv-cinder-844563-4-smb devstack@c-api.service[110807]: INFO cinder.volume.api [None req-50b63cf8-3b45-4a1b-9797-1e8480c6ef63 tempest-VolumeTypesAccessTest-358664649 tempest-VolumeTypesAccessTest-358664649-project] Volume info retrieved successfully.
Jul 04 09:18:57.124024 dv-cinder-844563-4-smb devstack@c-api.service[110807]: INFO cinder.api.openstack.wsgi [None req-50b63cf8-3b45-4a1b-9797-1e8480c6ef63 tempest-VolumeTypesAccessTest-358664649 tempest-VolumeTypesAccessTest-358664649-project] http://10.222.0.42/volume/v3/0a6b88cf66be4f2594b1398fb628dfb4/volumes/48bfe046-948a-4160-982c-d8c0540fc08f returned with HTTP 200
Jul 04 09:18:57.125114 dv-cinder-844563-4-smb devstack@c-api.service[110807]: [pid: 110807|app: 0|req: 188/380] 10.222.0.42 () {58 vars in 1324 bytes} [Mon Jul 4 09:18:57 2022] GET /volume/v3/0a6b88cf66be4f2594b1398fb628dfb4/volumes/48bfe046-948a-4160-982c-d8c0540fc08f => generated 953 bytes in 57 msecs (HTTP/1.1 200) 7 headers in 285 bytes (1 switches on core 0)
Jul 04 09:18:57.141127 dv-cinder-844563-4-smb devstack@c-api.service[110806]: DEBUG dbcounter [-] [110806] Writing DB stats cinder:SELECT=80,cinder:INSERT=6,cinder:UPDATE=14 {{(pid=110806) stat_writer /usr/local/lib/python3.8/dist-packages/dbcounter.py:114}}
Jul 04 09:18:57.176473 dv-cinder-844563-4-smb devstack@c-api.service[110806]: DEBUG cinder.quota [None req-607ec3cd-7aa6-419b-b26e-006e8969ae83 tempest-VolumesDeleteCascade-1141696613 tempest-VolumesDeleteCascade-1141696613-project] Created reservations ['d4b4c036-eefe-4541-ba17-84ed42b23703', '676fc0c7-1b73-4209-8053-361f5e35f4de', '2fecc4b8-1ad0-40db-ac48-f8aaee10e337', '7c95c698-df36-40f8-82bc-725e03aa2333'] {{(pid=110806) reserve /opt/stack/cinder/cinder/quota.py:755}}
Jul 04 09:18:57.178262 dv-cinder-844563-4-smb devstack@c-api.service[110806]: DEBUG cinder.volume.api [None req-607ec3cd-7aa6-419b-b26e-006e8969ae83 tempest-VolumesDeleteCascade-1141696613 tempest-VolumesDeleteCascade-1141696613-project] Task 'cinder.volume.flows.api.create_volume.QuotaReserveTask;volume:create' (e49e9757-37de-424e-af97-ce34547fe1ec) transitioned into state 'SUCCESS' from state 'RUNNING' with result '{'reservations': ['d4b4c036-eefe-4541-ba17-84ed42b23703', '676fc0c7-1b73-4209-8053-361f5e35f4de', '2fecc4b8-1ad0-40db-ac48-f8aaee10e337', '7c95c698-df36-40f8-82bc-725e03aa2333']}' {{(pid=110806) _task_receiver /usr/local/lib/python3.8/dist-packages/taskflow/listeners/logging.py:178}}
Jul 04 09:18:57.180246 dv-cinder-844563-4-smb devstack@c-api.service[110806]: DEBUG cinder.volume.api [None req-607ec3cd-7aa6-419b-b26e-006e8969ae83 tempest-VolumesDeleteCascade-1141696613 tempest-VolumesDeleteCascade-1141696613-project] Task 'cinder.volume.flows.api.create_volume.EntryCreateTask;volume:create' (cd621220-f9b6-468d-ad10-e1edcb8b8b19) transitioned into state 'RUNNING' from state 'PENDING' {{(pid=110806) _task_receiver /usr/local/lib/python3.8/dist-packages/taskflow/listeners/logging.py:190}}
Jul 04 09:18:57.221121 dv-cinder-844563-4-smb devstack@c-api.service[110806]: DEBUG cinder.volume.api [None req-607ec3cd-7aa6-419b-b26e-006e8969ae83 tempest-VolumesDeleteCascade-1141696613 tempest-VolumesDeleteCascade-1141696613-project] Task 'cinder.volume.flows.api.create_volume.EntryCreateTask;volume:create' (cd621220-f9b6-468d-ad10-e1edcb8b8b19) transitioned into state 'SUCCESS' from state 'RUNNING' with result '{'volume_id': '48a93385-97bd-4b44-8bdb-48cfe3ecc4e2', 'volume_properties': VolumeProperties(attach_status='detached',availability_zone='nova',cgsnapshot_id=None,consistencygroup_id=None,display_description=None,display_name='tempest-VolumesDeleteCascade-Volume-71792092',encryption_key_id=None,group_id=None,group_type_id=,metadata={},multiattach=False,project_id='2791b92dfb1e4b81ae6d8a009c6f9da5',qos_specs=None,replication_status=,reservations=['d4b4c036-eefe-4541-ba17-84ed42b23703','676fc0c7-1b73-4209-8053-361f5e35f4de','2fecc4b8-1ad0-40db-ac48-f8aaee10e337','7c95c698-df36-40f8-82bc-725e03aa2333'],size=1,snapshot_id=79da9e0b-4183-4cc2-98b4-2e7b6a4c206c,source_replicaid=,source_volid=None,status='creating',user_id='140b3e578b89423da615c826585d7a8b',volume_type_id=02cb3267-fcc1-46f8-9580-718b476866f4), 'volume': Volume(_name_id=None,admin_metadata=,attach_status='detached',availability_zone='nova',bootable=False,cluster=,cluster_name=None,consistencygroup=,consistencygroup_id=None,created_at=2022-07-04T09:18:57Z,deleted=False,deleted_at=None,display_description=None,display_name='tempest-VolumesDeleteCascade-Volume-71792092',ec2_id=None,encryption_key_id=None,glance_metadata=,group=,group_id=None,host=None,id=48a93385-97bd-4b44-8bdb-48cfe3ecc4e2,launched_at=None,metadata={},migration_status=None,multiattach=False,previous_status=None,project_id='2791b92dfb1e4b81ae6d8a009c6f9da5',provider_auth=None,provider_geometry=None,provider_id=None,provider_location=None,replication_driver_data=None,replication_extended_status=None,replication_status=None,scheduled_at=None,service_uuid=None,shared_targets=True,size=1,snapshot_id=79da9e0b-4183-4cc2-98b4-2e7b6a4c206c,snapshots=,source_volid=None,status='creating',terminated_at=None,updated_at=None,use_quota=True,user_id='140b3e578b89423da615c826585d7a8b',volume_attachment=VolumeAttachmentList,volume_type=VolumeType(02cb3267-fcc1-46f8-9580-718b476866f4),volume_type_id=02cb3267-fcc1-46f8-9580-718b476866f4)}' {{(pid=110806) _task_receiver /usr/local/lib/python3.8/dist-packages/taskflow/listeners/logging.py:178}}
Jul 04 09:18:57.222934 dv-cinder-844563-4-smb devstack@c-api.service[110806]: DEBUG cinder.volume.api [None req-607ec3cd-7aa6-419b-b26e-006e8969ae83 tempest-VolumesDeleteCascade-1141696613 tempest-VolumesDeleteCascade-1141696613-project] Task 'cinder.volume.flows.api.create_volume.QuotaCommitTask;volume:create' (4ce679ae-95dc-41f2-84e4-5e0f61ab13fa) transitioned into state 'RUNNING' from state 'PENDING' {{(pid=110806) _task_receiver /usr/local/lib/python3.8/dist-packages/taskflow/listeners/logging.py:190}}
