Oct 04 08:51:48.643249 dv-cinder-844563-14-iscsi devstack@placement-api.service[128760]: [pid: 128760|app: 0|req: 11/21] 10.222.0.44 () {60 vars in 1380 bytes} [Tue Oct 4 08:51:48 2022] GET /placement/allocations/d28f0369-796d-4b75-b047-ccf9a6998560 => generated 19 bytes in 48 msecs (HTTP/1.1 200) 8 headers in 295 bytes (1 switches on core 0)
Oct 04 08:51:48.654100 dv-cinder-844563-14-iscsi devstack@placement-api.service[128759]: DEBUG placement.requestlog [req-5fddca95-1b70-455b-9d81-2e227fa4fdd4 req-d22f2f36-f9b4-44dd-989c-45769a82e949 None None] Starting request: 10.222.0.44 "PUT /placement/allocations/d28f0369-796d-4b75-b047-ccf9a6998560" {{(pid=128759) __call__ /opt/stack/placement/placement/requestlog.py:55}}
Oct 04 08:51:48.982301 dv-cinder-844563-14-iscsi devstack@placement-api.service[128759]: DEBUG placement.handlers.allocation [req-5fddca95-1b70-455b-9d81-2e227fa4fdd4 req-d22f2f36-f9b4-44dd-989c-45769a82e949 service placement] Successfully wrote allocations [, , ] {{(pid=128759) _update_consumers_and_create_allocations /opt/stack/placement/placement/handlers/allocation.py:462}}
Oct 04 08:51:48.994380 dv-cinder-844563-14-iscsi devstack@placement-api.service[128759]: INFO placement.requestlog [req-5fddca95-1b70-455b-9d81-2e227fa4fdd4 req-d22f2f36-f9b4-44dd-989c-45769a82e949 service placement] 10.222.0.44 "PUT /placement/allocations/d28f0369-796d-4b75-b047-ccf9a6998560" status: 204 len: 0 microversion: 1.36
Oct 04 08:51:48.995160 dv-cinder-844563-14-iscsi devstack@placement-api.service[128759]: [pid: 128759|app: 0|req: 11/22] 10.222.0.44 () {64 vars in 1433 bytes} [Tue Oct 4 08:51:48 2022] PUT /placement/allocations/d28f0369-796d-4b75-b047-ccf9a6998560 => generated 0 bytes in 341 msecs (HTTP/1.1 204) 5 headers in 199 bytes (1 switches on core 0)
Oct 04 08:51:49.426702 dv-cinder-844563-14-iscsi devstack@placement-api.service[128760]: DEBUG placement.requestlog [req-7228614a-5287-472b-8da2-566dc2d07f94 req-21051bf3-4710-4523-9999-e469f254e6e5 None None] Starting request: 10.222.0.52 "GET /placement/allocations/8c263bad-2d03-4333-9fa9-89c8df65a642" {{(pid=128760) __call__ /opt/stack/placement/placement/requestlog.py:55}}
Oct 04 08:51:49.490014 dv-cinder-844563-14-iscsi devstack@placement-api.service[128760]: INFO placement.requestlog [req-7228614a-5287-472b-8da2-566dc2d07f94 req-21051bf3-4710-4523-9999-e469f254e6e5 service placement] 10.222.0.52 "GET /placement/allocations/8c263bad-2d03-4333-9fa9-89c8df65a642" status: 200 len: 258 microversion: 1.28
Oct 04 08:51:49.494286 dv-cinder-844563-14-iscsi devstack@placement-api.service[128760]: [pid: 128760|app: 0|req: 12/23] 10.222.0.52 () {60 vars in 1377 bytes} [Tue Oct 4 08:51:49 2022] GET /placement/allocations/8c263bad-2d03-4333-9fa9-89c8df65a642 => generated 258 bytes in 68 msecs (HTTP/1.1 200) 8 headers in 296 bytes (1 switches on core 0)
Oct 04 08:51:49.971650 dv-cinder-844563-14-iscsi devstack@placement-api.service[128759]: DEBUG placement.requestlog [req-7228614a-5287-472b-8da2-566dc2d07f94 req-eeaa6db1-cd7f-4e54-a078-80866b973940 None None] Starting request: 10.222.0.52 "GET /placement/resource_providers/6ace9e8c-0323-4f16-aec8-4900bdc5006a/allocations" {{(pid=128759) __call__ /opt/stack/placement/placement/requestlog.py:55}}
Oct 04 08:51:50.034774 dv-cinder-844563-14-iscsi devstack@placement-api.service[128759]: INFO placement.requestlog [req-7228614a-5287-472b-8da2-566dc2d07f94 req-eeaa6db1-cd7f-4e54-a078-80866b973940 service placement] 10.222.0.52 "GET /placement/resource_providers/6ace9e8c-0323-4f16-aec8-4900bdc5006a/allocations" status: 200 len: 254 microversion: 1.0
Oct 04 08:51:50.040765 dv-cinder-844563-14-iscsi devstack@placement-api.service[128759]: [pid: 128759|app: 0|req: 12/24] 10.222.0.52 () {58 vars in 1390 bytes} [Tue Oct 4 08:51:49 2022] GET /placement/resource_providers/6ace9e8c-0323-4f16-aec8-4900bdc5006a/allocations => generated 254 bytes in 69 msecs (HTTP/1.1 200) 6 headers in 224 bytes (1 switches on core 0)
Oct 04 08:51:50.052240 dv-cinder-844563-14-iscsi devstack@placement-api.service[128760]: DEBUG placement.requestlog [req-7228614a-5287-472b-8da2-566dc2d07f94 req-cd9bd2c0-c179-42ba-84bd-847b553133b5 None None] Starting request: 10.222.0.52 "GET /placement/allocations/d28f0369-796d-4b75-b047-ccf9a6998560" {{(pid=128760) __call__ /opt/stack/placement/placement/requestlog.py:55}}
Oct 04 08:51:50.104686 dv-cinder-844563-14-iscsi devstack@placement-api.service[128760]: INFO placement.requestlog [req-7228614a-5287-472b-8da2-566dc2d07f94 req-cd9bd2c0-c179-42ba-84bd-847b553133b5 service placement] 10.222.0.52 "GET /placement/allocations/d28f0369-796d-4b75-b047-ccf9a6998560" status: 200 len: 258 microversion: 1.28
Oct 04 08:51:50.105658 dv-cinder-844563-14-iscsi devstack@placement-api.service[128760]: [pid: 128760|app: 0|req: 13/25] 10.222.0.52 () {60 vars in 1377 bytes} [Tue Oct 4 08:51:50 2022] GET /placement/allocations/d28f0369-796d-4b75-b047-ccf9a6998560 => generated 258 bytes in 54 msecs (HTTP/1.1 200) 8 headers in 296 bytes (1 switches on core 0)
Oct 04 08:51:50.115496 dv-cinder-844563-14-iscsi devstack@placement-api.service[128759]: DEBUG placement.requestlog [req-7228614a-5287-472b-8da2-566dc2d07f94 req-864f78cb-a15c-45ce-ab79-7cd1f35b2b0f None None] Starting request: 10.222.0.52 "GET /placement/allocations/8c263bad-2d03-4333-9fa9-89c8df65a642" {{(pid=128759) __call__ /opt/stack/placement/placement/requestlog.py:55}}
Oct 04 08:51:50.155187 dv-cinder-844563-14-iscsi devstack@placement-api.service[128759]: INFO placement.requestlog [req-7228614a-5287-472b-8da2-566dc2d07f94 req-864f78cb-a15c-45ce-ab79-7cd1f35b2b0f service placement] 10.222.0.52 "GET /placement/allocations/8c263bad-2d03-4333-9fa9-89c8df65a642" status: 200 len: 258 microversion: 1.28
Oct 04 08:51:50.157201 dv-cinder-844563-14-iscsi devstack@placement-api.service[128760]: DEBUG placement.requestlog [req-5fddca95-1b70-455b-9d81-2e227fa4fdd4 req-9045f1b1-dd7d-4f6e-b2a8-e4e22d0677de None None] Starting request: 10.222.0.52 "GET /placement/allocations/d28f0369-796d-4b75-b047-ccf9a6998560" {{(pid=128760) __call__ /opt/stack/placement/placement/requestlog.py:55}}
Oct 04 08:51:50.167070 dv-cinder-844563-14-iscsi devstack@placement-api.service[128759]: [pid: 128759|app: 0|req: 13/26] 10.222.0.52 () {60 vars in 1377 bytes} [Tue Oct 4 08:51:50 2022] GET /placement/allocations/8c263bad-2d03-4333-9fa9-89c8df65a642 => generated 258 bytes in 52 msecs (HTTP/1.1 200) 8 headers in 296 bytes (1 switches on core 0)
Oct 04 08:51:50.210071 dv-cinder-844563-14-iscsi devstack@placement-api.service[128760]: INFO placement.requestlog [req-5fddca95-1b70-455b-9d81-2e227fa4fdd4 req-9045f1b1-dd7d-4f6e-b2a8-e4e22d0677de service placement] 10.222.0.52 "GET /placement/allocations/d28f0369-796d-4b75-b047-ccf9a6998560" status: 200 len: 258 microversion: 1.28
Oct 04 08:51:50.220714 dv-cinder-844563-14-iscsi devstack@placement-api.service[128760]: [pid: 128760|app: 0|req: 14/27] 10.222.0.52 () {60 vars in 1377 bytes} [Tue Oct 4 08:51:50 2022] GET /placement/allocations/d28f0369-796d-4b75-b047-ccf9a6998560 => generated 258 bytes in 64 msecs (HTTP/1.1 200) 8 headers in 296 bytes (2 switches on core 0)
Oct 04 08:51:50.857354 dv-cinder-844563-14-iscsi devstack@placement-api.service[128759]: DEBUG placement.requestlog [req-5fddca95-1b70-455b-9d81-2e227fa4fdd4 req-907c0c3c-fa93-4a39-a3a8-3743f5bb230d None None] Starting request: 10.222.0.52 "GET /placement/resource_providers/6ace9e8c-0323-4f16-aec8-4900bdc5006a/allocations" {{(pid=128759) __call__ /opt/stack/placement/placement/requestlog.py:55}}
Oct 04 08:51:50.858949 dv-cinder-844563-14-iscsi devstack@placement-api.service[128760]: DEBUG placement.requestlog [req-ff71a97f-20e3-4a50-8166-7c6b31c597e3 req-2814f52f-735f-4466-93ce-4a5978b99b9b None None] Starting request: 10.222.0.44 "GET /placement/allocation_candidates?limit=1000&resources=DISK_GB%3A1%2CMEMORY_MB%3A1024%2CVCPU%3A1&root_required=%21COMPUTE_STATUS_DISABLED" {{(pid=128760) __call__ /opt/stack/placement/placement/requestlog.py:55}}
Oct 04 08:51:50.913492 dv-cinder-844563-14-iscsi devstack@placement-api.service[128759]: INFO placement.requestlog [req-5fddca95-1b70-455b-9d81-2e227fa4fdd4 req-907c0c3c-fa93-4a39-a3a8-3743f5bb230d service placement] 10.222.0.52 "GET /placement/resource_providers/6ace9e8c-0323-4f16-aec8-4900bdc5006a/allocations" status: 200 len: 254 microversion: 1.0
Oct 04 08:51:50.914556 dv-cinder-844563-14-iscsi devstack@placement-api.service[128759]: [pid: 128759|app: 0|req: 14/28] 10.222.0.52 () {58 vars in 1390 bytes} [Tue Oct 4 08:51:50 2022] GET /placement/resource_providers/6ace9e8c-0323-4f16-aec8-4900bdc5006a/allocations => generated 254 bytes in 57 msecs (HTTP/1.1 200) 6 headers in 224 bytes (1 switches on core 0)
Oct 04 08:51:50.921929 dv-cinder-844563-14-iscsi devstack@placement-api.service[128759]: DEBUG placement.requestlog [req-5fddca95-1b70-455b-9d81-2e227fa4fdd4 req-bf7a4ade-ad7e-4da7-ba0c-a76f5d9ec85a None None] Starting request: 10.222.0.52 "GET /placement/allocations/d28f0369-796d-4b75-b047-ccf9a6998560" {{(pid=128759) __call__ /opt/stack/placement/placement/requestlog.py:55}}
Oct 04 08:51:50.983033 dv-cinder-844563-14-iscsi devstack@placement-api.service[128759]: INFO placement.requestlog [req-5fddca95-1b70-455b-9d81-2e227fa4fdd4 req-bf7a4ade-ad7e-4da7-ba0c-a76f5d9ec85a service placement] 10.222.0.52 "GET /placement/allocations/d28f0369-796d-4b75-b047-ccf9a6998560" status: 200 len: 258 microversion: 1.28
Oct 04 08:51:50.984273 dv-cinder-844563-14-iscsi devstack@placement-api.service[128760]: DEBUG placement.objects.research_context [req-ff71a97f-20e3-4a50-8166-7c6b31c597e3 req-2814f52f-735f-4466-93ce-4a5978b99b9b service placement] getting providers with 1 DISK_GB {{(pid=128760) __init__ /opt/stack/placement/placement/objects/research_context.py:136}}
Oct 04 08:51:50.986010 dv-cinder-844563-14-iscsi devstack@placement-api.service[128759]: [pid: 128759|app: 0|req: 15/29] 10.222.0.52 () {60 vars in 1377 bytes} [Tue Oct 4 08:51:50 2022] GET /placement/allocations/d28f0369-796d-4b75-b047-ccf9a6998560 => generated 258 bytes in 64 msecs (HTTP/1.1 200) 8 headers in 296 bytes (2 switches on core 0)
Oct 04 08:51:50.990726 dv-cinder-844563-14-iscsi devstack@placement-api.service[128759]: DEBUG placement.requestlog [req-5fddca95-1b70-455b-9d81-2e227fa4fdd4 req-5559bf29-5a56-4d2c-bcf5-1320e3e917f6 None None] Starting request: 10.222.0.52 "GET /placement/allocations/8c263bad-2d03-4333-9fa9-89c8df65a642" {{(pid=128759) __call__ /opt/stack/placement/placement/requestlog.py:55}}
Oct 04 08:51:51.007325 dv-cinder-844563-14-iscsi devstack@placement-api.service[128760]: DEBUG placement.objects.research_context [req-ff71a97f-20e3-4a50-8166-7c6b31c597e3 req-2814f52f-735f-4466-93ce-4a5978b99b9b service placement] getting providers with 1024 MEMORY_MB {{(pid=128760) __init__ /opt/stack/placement/placement/objects/research_context.py:136}}
Oct 04 08:51:51.017880 dv-cinder-844563-14-iscsi devstack@placement-api.service[128760]: DEBUG placement.objects.research_context [req-ff71a97f-20e3-4a50-8166-7c6b31c597e3 req-2814f52f-735f-4466-93ce-4a5978b99b9b service placement] getting providers with 1 VCPU {{(pid=128760) __init__ /opt/stack/placement/placement/objects/research_context.py:136}}
Oct 04 08:51:51.033106 dv-cinder-844563-14-iscsi devstack@placement-api.service[128760]: DEBUG placement.objects.research_context [req-ff71a97f-20e3-4a50-8166-7c6b31c597e3 req-2814f52f-735f-4466-93ce-4a5978b99b9b service placement] found 1 providers with available 1 DISK_GB {{(pid=128760) get_provider_ids_matching /opt/stack/placement/placement/objects/research_context.py:563}}
Oct 04 08:51:51.033533 dv-cinder-844563-14-iscsi devstack@placement-api.service[128760]: DEBUG placement.objects.research_context [req-ff71a97f-20e3-4a50-8166-7c6b31c597e3 req-2814f52f-735f-4466-93ce-4a5978b99b9b service placement] found 1 providers with available 1024 MEMORY_MB {{(pid=128760) get_provider_ids_matching /opt/stack/placement/placement/objects/research_context.py:563}}
Oct 04 08:51:51.035583 dv-cinder-844563-14-iscsi devstack@placement-api.service[128760]: DEBUG placement.objects.research_context [req-ff71a97f-20e3-4a50-8166-7c6b31c597e3 req-2814f52f-735f-4466-93ce-4a5978b99b9b service placement] found 1 providers after filtering by previous result {{(pid=128760) get_provider_ids_matching /opt/stack/placement/placement/objects/research_context.py:594}}
Oct 04 08:51:51.036028 dv-cinder-844563-14-iscsi devstack@placement-api.service[128760]: DEBUG placement.objects.research_context [req-ff71a97f-20e3-4a50-8166-7c6b31c597e3 req-2814f52f-735f-4466-93ce-4a5978b99b9b service placement] found 1 providers with available 1 VCPU {{(pid=128760) get_provider_ids_matching /opt/stack/placement/placement/objects/research_context.py:563}}
Oct 04 08:51:51.036432 dv-cinder-844563-14-iscsi devstack@placement-api.service[128760]: DEBUG placement.objects.research_context [req-ff71a97f-20e3-4a50-8166-7c6b31c597e3 req-2814f52f-735f-4466-93ce-4a5978b99b9b service placement] found 1 providers after filtering by previous result {{(pid=128760) get_provider_ids_matching /opt/stack/placement/placement/objects/research_context.py:594}}
Oct 04 08:51:51.043448 dv-cinder-844563-14-iscsi devstack@placement-api.service[128759]: INFO placement.requestlog [req-5fddca95-1b70-455b-9d81-2e227fa4fdd4 req-5559bf29-5a56-4d2c-bcf5-1320e3e917f6 service placement] 10.222.0.52 "GET /placement/allocations/8c263bad-2d03-4333-9fa9-89c8df65a642" status: 200 len: 258 microversion: 1.28
Oct 04 08:51:51.047725 dv-cinder-844563-14-iscsi devstack@placement-api.service[128759]: [pid: 128759|app: 0|req: 16/30] 10.222.0.52 () {60 vars in 1377 bytes} [Tue Oct 4 08:51:50 2022] GET /placement/allocations/8c263bad-2d03-4333-9fa9-89c8df65a642 => generated 258 bytes in 57 msecs (HTTP/1.1 200) 8 headers in 296 bytes (2 switches on core 0)
Oct 04 08:51:51.070647 dv-cinder-844563-14-iscsi devstack@placement-api.service[128760]: DEBUG placement.objects.allocation_candidate [req-ff71a97f-20e3-4a50-8166-7c6b31c597e3 req-2814f52f-735f-4466-93ce-4a5978b99b9b service placement] RequestGroup(use_same_provider=False, resources={DISK_GB:1, MEMORY_MB:1024, VCPU:1}, traits=(), aggregates=[]) (suffix '') returned 1 matches {{(pid=128760) _get_by_requests /opt/stack/placement/placement/objects/allocation_candidate.py:156}}
Oct 04 08:51:51.071565 dv-cinder-844563-14-iscsi devstack@placement-api.service[128760]: DEBUG placement.objects.allocation_candidate [req-ff71a97f-20e3-4a50-8166-7c6b31c597e3 req-2814f52f-735f-4466-93ce-4a5978b99b9b service placement] Merging candidates yields 1 allocation requests and 1 provider summaries {{(pid=128760) _merge_candidates /opt/stack/placement/placement/objects/allocation_candidate.py:809}}
Oct 04 08:51:51.073480 dv-cinder-844563-14-iscsi devstack@placement-api.service[128760]: INFO placement.requestlog [req-ff71a97f-20e3-4a50-8166-7c6b31c597e3 req-2814f52f-735f-4466-93ce-4a5978b99b9b service placement] 10.222.0.44 "GET /placement/allocation_candidates?limit=1000&resources=DISK_GB%3A1%2CMEMORY_MB%3A1024%2CVCPU%3A1&root_required=%21COMPUTE_STATUS_DISABLED" status: 200 len: 767 microversion: 1.36
Oct 04 08:51:51.079053 dv-cinder-844563-14-iscsi devstack@placement-api.service[128760]: [pid: 128760|app: 0|req: 15/31] 10.222.0.44 () {60 vars in 1506 bytes} [Tue Oct 4 08:51:50 2022] GET /placement/allocation_candidates?limit=1000&resources=DISK_GB%3A1%2CMEMORY_MB%3A1024%2CVCPU%3A1&root_required=%21COMPUTE_STATUS_DISABLED => generated 767 bytes in 220 msecs (HTTP/1.1 200) 8 headers in 296 bytes (1 switches on core 0)
Oct 04 08:51:51.209084 dv-cinder-844563-14-iscsi devstack@placement-api.service[128759]: DEBUG placement.requestlog [req-ff71a97f-20e3-4a50-8166-7c6b31c597e3 req-7069263c-dd08-4e0f-806e-580b4726eb1a None None] Starting request: 10.222.0.44 "GET /placement/allocations/69e21016-5037-4bd1-91c6-97ab1b413e06" {{(pid=128759) __call__ /opt/stack/placement/placement/requestlog.py:55}}
Oct 04 08:51:51.229071 dv-cinder-844563-14-iscsi devstack@placement-api.service[128759]: INFO placement.requestlog [req-ff71a97f-20e3-4a50-8166-7c6b31c597e3 req-7069263c-dd08-4e0f-806e-580b4726eb1a service placement] 10.222.0.44 "GET /placement/allocations/69e21016-5037-4bd1-91c6-97ab1b413e06" status: 200 len: 19 microversion: 1.28
Oct 04 08:51:51.229550 dv-cinder-844563-14-iscsi devstack@placement-api.service[128759]: [pid: 128759|app: 0|req: 17/32] 10.222.0.44 () {60 vars in 1380 bytes} [Tue Oct 4 08:51:51 2022] GET /placement/allocations/69e21016-5037-4bd1-91c6-97ab1b413e06 => generated 19 bytes in 22 msecs (HTTP/1.1 200) 8 headers in 295 bytes (1 switches on core 0)
Oct 04 08:51:51.245421 dv-cinder-844563-14-iscsi devstack@placement-api.service[128760]: DEBUG placement.requestlog [req-ff71a97f-20e3-4a50-8166-7c6b31c597e3 req-f4ff6956-ebfe-4d7b-8be0-9f883cbe0767 None None] Starting request: 10.222.0.44 "PUT /placement/allocations/69e21016-5037-4bd1-91c6-97ab1b413e06" {{(pid=128760) __call__ /opt/stack/placement/placement/requestlog.py:55}}
Oct 04 08:51:51.471779 dv-cinder-844563-14-iscsi devstack@placement-api.service[128760]: DEBUG placement.handlers.allocation [req-ff71a97f-20e3-4a50-8166-7c6b31c597e3 req-f4ff6956-ebfe-4d7b-8be0-9f883cbe0767 service placement] Successfully wrote allocations [, , ] {{(pid=128760) _update_consumers_and_create_allocations /opt/stack/placement/placement/handlers/allocation.py:462}}
Oct 04 08:51:51.476912 dv-cinder-844563-14-iscsi devstack@placement-api.service[128760]: INFO placement.requestlog [req-ff71a97f-20e3-4a50-8166-7c6b31c597e3 req-f4ff6956-ebfe-4d7b-8be0-9f883cbe0767 service placement] 10.222.0.44 "PUT /placement/allocations/69e21016-5037-4bd1-91c6-97ab1b413e06" status: 204 len: 0 microversion: 1.36
Oct 04 08:51:51.484119 dv-cinder-844563-14-iscsi devstack@placement-api.service[128760]: [pid: 128760|app: 0|req: 16/33] 10.222.0.44 () {64 vars in 1433 bytes} [Tue Oct 4 08:51:51 2022] PUT /placement/allocations/69e21016-5037-4bd1-91c6-97ab1b413e06 => generated 0 bytes in 235 msecs (HTTP/1.1 204) 5 headers in 199 bytes (1 switches on core 0)
Oct 04 08:51:52.180525 dv-cinder-844563-14-iscsi devstack@placement-api.service[128759]: DEBUG placement.requestlog [req-ff71a97f-20e3-4a50-8166-7c6b31c597e3 req-902dc440-a707-4db5-90ab-d5cfed3f7d64 None None] Starting request: 10.222.0.52 "GET /placement/allocations/69e21016-5037-4bd1-91c6-97ab1b413e06" {{(pid=128759) __call__ /opt/stack/placement/placement/requestlog.py:55}}
Oct 04 08:51:52.206060 dv-cinder-844563-14-iscsi devstack@placement-api.service[128759]: INFO placement.requestlog [req-ff71a97f-20e3-4a50-8166-7c6b31c597e3 req-902dc440-a707-4db5-90ab-d5cfed3f7d64 service placement] 10.222.0.52 "GET /placement/allocations/69e21016-5037-4bd1-91c6-97ab1b413e06" status: 200 len: 258 microversion: 1.28
Oct 04 08:51:52.207687 dv-cinder-844563-14-iscsi devstack@placement-api.service[128759]: [pid: 128759|app: 0|req: 18/34] 10.222.0.52 () {60 vars in 1377 bytes} [Tue Oct 4 08:51:52 2022] GET /placement/allocations/69e21016-5037-4bd1-91c6-97ab1b413e06 => generated 258 bytes in 27 msecs (HTTP/1.1 200) 8 headers in 296 bytes (1 switches on core 0)
Oct 04 08:51:52.560141 dv-cinder-844563-14-iscsi devstack@placement-api.service[128760]: DEBUG placement.requestlog [req-ff71a97f-20e3-4a50-8166-7c6b31c597e3 req-bcf17d5f-92f0-42f0-9c60-325728eef3e7 None None] Starting request: 10.222.0.52 "GET /placement/resource_providers/6ace9e8c-0323-4f16-aec8-4900bdc5006a/allocations" {{(pid=128760) __call__ /opt/stack/placement/placement/requestlog.py:55}}
Oct 04 08:51:52.608198 dv-cinder-844563-14-iscsi devstack@placement-api.service[128760]: INFO placement.requestlog [req-ff71a97f-20e3-4a50-8166-7c6b31c597e3 req-bcf17d5f-92f0-42f0-9c60-325728eef3e7 service placement] 10.222.0.52 "GET /placement/resource_providers/6ace9e8c-0323-4f16-aec8-4900bdc5006a/allocations" status: 200 len: 355 microversion: 1.0
Oct 04 08:51:52.611292 dv-cinder-844563-14-iscsi devstack@placement-api.service[128760]: [pid: 128760|app: 0|req: 17/35] 10.222.0.52 () {58 vars in 1390 bytes} [Tue Oct 4 08:51:52 2022] GET /placement/resource_providers/6ace9e8c-0323-4f16-aec8-4900bdc5006a/allocations => generated 355 bytes in 52 msecs (HTTP/1.1 200) 6 headers in 224 bytes (1 switches on core 0)
Oct 04 08:51:52.616426 dv-cinder-844563-14-iscsi devstack@placement-api.service[128759]: DEBUG placement.requestlog [req-ff71a97f-20e3-4a50-8166-7c6b31c597e3 req-466b535d-b097-40bc-ba62-03d442cb3b1d None None] Starting request: 10.222.0.52 "GET /placement/allocations/d28f0369-796d-4b75-b047-ccf9a6998560" {{(pid=128759) __call__ /opt/stack/placement/placement/requestlog.py:55}}
Oct 04 08:51:52.668815 dv-cinder-844563-14-iscsi devstack@placement-api.service[128759]: INFO placement.requestlog [req-ff71a97f-20e3-4a50-8166-7c6b31c597e3 req-466b535d-b097-40bc-ba62-03d442cb3b1d service placement] 10.222.0.52 "GET /placement/allocations/d28f0369-796d-4b75-b047-ccf9a6998560" status: 200 len: 258 microversion: 1.28
Oct 04 08:51:52.669567 dv-cinder-844563-14-iscsi devstack@placement-api.service[128759]: [pid: 128759|app: 0|req: 19/36] 10.222.0.52 () {60 vars in 1377 bytes} [Tue Oct 4 08:51:52 2022] GET /placement/allocations/d28f0369-796d-4b75-b047-ccf9a6998560 => generated 258 bytes in 54 msecs (HTTP/1.1 200) 8 headers in 296 bytes (2 switches on core 0)
Oct 04 08:51:52.676928 dv-cinder-844563-14-iscsi devstack@placement-api.service[128760]: DEBUG placement.requestlog [req-ff71a97f-20e3-4a50-8166-7c6b31c597e3 req-114c5e04-5b33-4a03-a467-0e363fb2e6bf None None] Starting request: 10.222.0.52 "GET /placement/allocations/8c263bad-2d03-4333-9fa9-89c8df65a642" {{(pid=128760) __call__ /opt/stack/placement/placement/requestlog.py:55}}
Oct 04 08:51:52.724584 dv-cinder-844563-14-iscsi devstack@placement-api.service[128760]: INFO placement.requestlog [req-ff71a97f-20e3-4a50-8166-7c6b31c597e3 req-114c5e04-5b33-4a03-a467-0e363fb2e6bf service placement] 10.222.0.52 "GET /placement/allocations/8c263bad-2d03-4333-9fa9-89c8df65a642" status: 200 len: 258 microversion: 1.28
Oct 04 08:51:52.725978 dv-cinder-844563-14-iscsi devstack@placement-api.service[128760]: [pid: 128760|app: 0|req: 18/37] 10.222.0.52 () {60 vars in 1377 bytes} [Tue Oct 4 08:51:52 2022] GET /placement/allocations/8c263bad-2d03-4333-9fa9-89c8df65a642 => generated 258 bytes in 49 msecs (HTTP/1.1 200) 8 headers in 296 bytes (1 switches on core 0)
Oct 04 08:51:52.733786 dv-cinder-844563-14-iscsi devstack@placement-api.service[128759]: DEBUG placement.requestlog [req-ff71a97f-20e3-4a50-8166-7c6b31c597e3 req-4e89ac24-9658-4fcb-9c96-e36d455b4968 None None] Starting request: 10.222.0.52 "GET /placement/allocations/69e21016-5037-4bd1-91c6-97ab1b413e06" {{(pid=128759) __call__ /opt/stack/placement/placement/requestlog.py:55}}
Oct 04 08:51:52.853797 dv-cinder-844563-14-iscsi devstack@placement-api.service[128759]: INFO placement.requestlog [req-ff71a97f-20e3-4a50-8166-7c6b31c597e3 req-4e89ac24-9658-4fcb-9c96-e36d455b4968 service placement] 10.222.0.52 "GET /placement/allocations/69e21016-5037-4bd1-91c6-97ab1b413e06" status: 200 len: 258 microversion: 1.28
Oct 04 08:51:52.869536 dv-cinder-844563-14-iscsi devstack@placement-api.service[128759]: [pid: 128759|app: 0|req: 20/38] 10.222.0.52 () {60 vars in 1377 bytes} [Tue Oct 4 08:51:52 2022] GET /placement/allocations/69e21016-5037-4bd1-91c6-97ab1b413e06 => generated 258 bytes in 136 msecs (HTTP/1.1 200) 8 headers in 296 bytes (1 switches on core 0)
Oct 04 08:51:56.618824 dv-cinder-844563-14-iscsi devstack@placement-api.service[128760]: DEBUG placement.requestlog [req-f4d58e4d-188b-40eb-b099-3704e113db30 req-00739509-8956-4469-b591-2b77f4302a28 None None] Starting request: 10.222.0.44 "GET /placement/allocation_candidates?limit=1000&resources=DISK_GB%3A1%2CMEMORY_MB%3A1024%2CVCPU%3A1&root_required=%21COMPUTE_STATUS_DISABLED" {{(pid=128760) __call__ /opt/stack/placement/placement/requestlog.py:55}}
Oct 04 08:51:56.671150 dv-cinder-844563-14-iscsi devstack@placement-api.service[128760]: DEBUG dbcounter [-] [128760] Writing DB stats placement:SELECT=82,placement:INSERT=10,placement:DELETE=4,placement:UPDATE=4 {{(pid=128760) stat_writer /usr/local/lib/python3.8/dist-packages/dbcounter.py:114}}
Oct 04 08:51:56.760102 dv-cinder-844563-14-iscsi devstack@placement-api.service[128760]: DEBUG placement.objects.research_context [req-f4d58e4d-188b-40eb-b099-3704e113db30 req-00739509-8956-4469-b591-2b77f4302a28 service placement] getting providers with 1 DISK_GB {{(pid=128760) __init__ /opt/stack/placement/placement/objects/research_context.py:136}}
Oct 04 08:51:56.776782 dv-cinder-844563-14-iscsi devstack@placement-api.service[128760]: DEBUG placement.objects.research_context [req-f4d58e4d-188b-40eb-b099-3704e113db30 req-00739509-8956-4469-b591-2b77f4302a28 service placement] getting providers with 1024 MEMORY_MB {{(pid=128760) __init__ /opt/stack/placement/placement/objects/research_context.py:136}}
Oct 04 08:51:56.811603 dv-cinder-844563-14-iscsi devstack@placement-api.service[128760]: DEBUG placement.objects.research_context [req-f4d58e4d-188b-40eb-b099-3704e113db30 req-00739509-8956-4469-b591-2b77f4302a28 service placement] getting providers with 1 VCPU {{(pid=128760) __init__ /opt/stack/placement/placement/objects/research_context.py:136}}
Oct 04 08:51:56.844421 dv-cinder-844563-14-iscsi devstack@placement-api.service[128760]: DEBUG placement.objects.research_context [req-f4d58e4d-188b-40eb-b099-3704e113db30 req-00739509-8956-4469-b591-2b77f4302a28 service placement] found 1 providers with available 1 DISK_GB {{(pid=128760) get_provider_ids_matching /opt/stack/placement/placement/objects/research_context.py:563}}
Oct 04 08:51:56.844948 dv-cinder-844563-14-iscsi devstack@placement-api.service[128760]: DEBUG placement.objects.research_context [req-f4d58e4d-188b-40eb-b099-3704e113db30 req-00739509-8956-4469-b591-2b77f4302a28 service placement] found 1 providers with available 1024 MEMORY_MB {{(pid=128760) get_provider_ids_matching /opt/stack/placement/placement/objects/research_context.py:563}}
Oct 04 08:51:56.845352 dv-cinder-844563-14-iscsi devstack@placement-api.service[128760]: DEBUG placement.objects.research_context [req-f4d58e4d-188b-40eb-b099-3704e113db30 req-00739509-8956-4469-b591-2b77f4302a28 service placement] found 1 providers after filtering by previous result {{(pid=128760) get_provider_ids_matching /opt/stack/placement/placement/objects/research_context.py:594}}
Oct 04 08:51:56.845736 dv-cinder-844563-14-iscsi devstack@placement-api.service[128760]: DEBUG placement.objects.research_context [req-f4d58e4d-188b-40eb-b099-3704e113db30 req-00739509-8956-4469-b591-2b77f4302a28 service placement] found 1 providers with available 1 VCPU {{(pid=128760) get_provider_ids_matching /opt/stack/placement/placement/objects/research_context.py:563}}
Oct 04 08:51:56.846133 dv-cinder-844563-14-iscsi devstack@placement-api.service[128760]: DEBUG placement.objects.research_context [req-f4d58e4d-188b-40eb-b099-3704e113db30 req-00739509-8956-4469-b591-2b77f4302a28 service placement] found 1 providers after filtering by previous result {{(pid=128760) get_provider_ids_matching /opt/stack/placement/placement/objects/research_context.py:594}}
Oct 04 08:51:56.873440 dv-cinder-844563-14-iscsi devstack@placement-api.service[128760]: DEBUG placement.objects.allocation_candidate [req-f4d58e4d-188b-40eb-b099-3704e113db30 req-00739509-8956-4469-b591-2b77f4302a28 service placement] RequestGroup(use_same_provider=False, resources={DISK_GB:1, MEMORY_MB:1024, VCPU:1}, traits=(), aggregates=[]) (suffix '') returned 1 matches {{(pid=128760) _get_by_requests /opt/stack/placement/placement/objects/allocation_candidate.py:156}}
Oct 04 08:51:56.874502 dv-cinder-844563-14-iscsi devstack@placement-api.service[128760]: DEBUG placement.objects.allocation_candidate [req-f4d58e4d-188b-40eb-b099-3704e113db30 req-00739509-8956-4469-b591-2b77f4302a28 service placement] Merging candidates yields 1 allocation requests and 1 provider summaries {{(pid=128760) _merge_candidates /opt/stack/placement/placement/objects/allocation_candidate.py:809}}
Oct 04 08:51:56.879988 dv-cinder-844563-14-iscsi devstack@placement-api.service[128760]: INFO placement.requestlog [req-f4d58e4d-188b-40eb-b099-3704e113db30 req-00739509-8956-4469-b591-2b77f4302a28 service placement] 10.222.0.44 "GET /placement/allocation_candidates?limit=1000&resources=DISK_GB%3A1%2CMEMORY_MB%3A1024%2CVCPU%3A1&root_required=%21COMPUTE_STATUS_DISABLED" status: 200 len: 767 microversion: 1.36
Oct 04 08:51:56.881546 dv-cinder-844563-14-iscsi devstack@placement-api.service[128760]: [pid: 128760|app: 0|req: 19/39] 10.222.0.44 () {60 vars in 1506 bytes} [Tue Oct 4 08:51:56 2022] GET /placement/allocation_candidates?limit=1000&resources=DISK_GB%3A1%2CMEMORY_MB%3A1024%2CVCPU%3A1&root_required=%21COMPUTE_STATUS_DISABLED => generated 767 bytes in 263 msecs (HTTP/1.1 200) 8 headers in 296 bytes (1 switches on core 0)
Oct 04 08:51:56.957670 dv-cinder-844563-14-iscsi devstack@placement-api.service[128759]: DEBUG placement.requestlog [req-f4d58e4d-188b-40eb-b099-3704e113db30 req-2660d509-85e0-4091-9872-cc604278f1d1 None None] Starting request: 10.222.0.44 "GET /placement/allocations/f4454abc-67a9-470b-bdce-5a69bc51bbed" {{(pid=128759) __call__ /opt/stack/placement/placement/requestlog.py:55}}
Oct 04 08:51:56.988102 dv-cinder-844563-14-iscsi devstack@placement-api.service[128759]: INFO placement.requestlog [req-f4d58e4d-188b-40eb-b099-3704e113db30 req-2660d509-85e0-4091-9872-cc604278f1d1 service placement] 10.222.0.44 "GET /placement/allocations/f4454abc-67a9-470b-bdce-5a69bc51bbed" status: 200 len: 19 microversion: 1.28
Oct 04 08:51:56.989036 dv-cinder-844563-14-iscsi devstack@placement-api.service[128759]: [pid: 128759|app: 0|req: 21/40] 10.222.0.44 () {60 vars in 1380 bytes} [Tue Oct 4 08:51:56 2022] GET /placement/allocations/f4454abc-67a9-470b-bdce-5a69bc51bbed => generated 19 bytes in 31 msecs (HTTP/1.1 200) 8 headers in 295 bytes (1 switches on core 0)
Oct 04 08:51:56.999005 dv-cinder-844563-14-iscsi devstack@placement-api.service[128760]: DEBUG placement.requestlog [req-f4d58e4d-188b-40eb-b099-3704e113db30 req-c79145e9-2d5d-4f86-b839-c6283002c1cc None None] Starting request: 10.222.0.44 "PUT /placement/allocations/f4454abc-67a9-470b-bdce-5a69bc51bbed" {{(pid=128760) __call__ /opt/stack/placement/placement/requestlog.py:55}}
Oct 04 08:51:57.201219 dv-cinder-844563-14-iscsi devstack@placement-api.service[128760]: DEBUG placement.handlers.allocation [req-f4d58e4d-188b-40eb-b099-3704e113db30 req-c79145e9-2d5d-4f86-b839-c6283002c1cc service placement] Successfully wrote allocations [, , ] {{(pid=128760) _update_consumers_and_create_allocations /opt/stack/placement/placement/handlers/allocation.py:462}}
Oct 04 08:51:57.206855 dv-cinder-844563-14-iscsi devstack@placement-api.service[128760]: INFO placement.requestlog [req-f4d58e4d-188b-40eb-b099-3704e113db30 req-c79145e9-2d5d-4f86-b839-c6283002c1cc service placement] 10.222.0.44 "PUT /placement/allocations/f4454abc-67a9-470b-bdce-5a69bc51bbed" status: 204 len: 0 microversion: 1.36
Oct 04 08:51:57.207795 dv-cinder-844563-14-iscsi devstack@placement-api.service[128760]: [pid: 128760|app: 0|req: 20/41] 10.222.0.44 () {64 vars in 1433 bytes} [Tue Oct 4 08:51:56 2022] PUT /placement/allocations/f4454abc-67a9-470b-bdce-5a69bc51bbed => generated 0 bytes in 209 msecs (HTTP/1.1 204) 5 headers in 199 bytes (1 switches on core 0)
Oct 04 08:51:58.013534 dv-cinder-844563-14-iscsi devstack@placement-api.service[128759]: DEBUG placement.requestlog [req-f4d58e4d-188b-40eb-b099-3704e113db30 req-ded58641-0f68-4c63-91ac-a09ed4b1817c None None] Starting request: 10.222.0.52 "GET /placement/allocations/f4454abc-67a9-470b-bdce-5a69bc51bbed" {{(pid=128759) __call__ /opt/stack/placement/placement/requestlog.py:55}}
Oct 04 08:51:58.079045 dv-cinder-844563-14-iscsi devstack@placement-api.service[128759]: INFO placement.requestlog [req-f4d58e4d-188b-40eb-b099-3704e113db30 req-ded58641-0f68-4c63-91ac-a09ed4b1817c service placement] 10.222.0.52 "GET /placement/allocations/f4454abc-67a9-470b-bdce-5a69bc51bbed" status: 200 len: 258 microversion: 1.28
Oct 04 08:51:58.081271 dv-cinder-844563-14-iscsi devstack@placement-api.service[128759]: [pid: 128759|app: 0|req: 22/42] 10.222.0.52 () {60 vars in 1377 bytes} [Tue Oct 4 08:51:58 2022] GET /placement/allocations/f4454abc-67a9-470b-bdce-5a69bc51bbed => generated 258 bytes in 67 msecs (HTTP/1.1 200) 8 headers in 296 bytes (1 switches on core 0)
Oct 04 08:51:58.502985 dv-cinder-844563-14-iscsi devstack@placement-api.service[128760]: DEBUG placement.requestlog [req-f4d58e4d-188b-40eb-b099-3704e113db30 req-73814ed2-ea88-45d9-a0bf-b0389225d165 None None] Starting request: 10.222.0.52 "GET /placement/resource_providers/6ace9e8c-0323-4f16-aec8-4900bdc5006a/allocations" {{(pid=128760) __call__ /opt/stack/placement/placement/requestlog.py:55}}
Oct 04 08:51:58.557643 dv-cinder-844563-14-iscsi devstack@placement-api.service[128760]: INFO placement.requestlog [req-f4d58e4d-188b-40eb-b099-3704e113db30 req-73814ed2-ea88-45d9-a0bf-b0389225d165 service placement] 10.222.0.52 "GET /placement/resource_providers/6ace9e8c-0323-4f16-aec8-4900bdc5006a/allocations" status: 200 len: 456 microversion: 1.0
Oct 04 08:51:58.558412 dv-cinder-844563-14-iscsi devstack@placement-api.service[128760]: [pid: 128760|app: 0|req: 21/43] 10.222.0.52 () {58 vars in 1390 bytes} [Tue Oct 4 08:51:58 2022] GET /placement/resource_providers/6ace9e8c-0323-4f16-aec8-4900bdc5006a/allocations => generated 456 bytes in 56 msecs (HTTP/1.1 200) 6 headers in 224 bytes (1 switches on core 0)
Oct 04 08:51:58.571761 dv-cinder-844563-14-iscsi devstack@placement-api.service[128759]: DEBUG placement.requestlog [req-f4d58e4d-188b-40eb-b099-3704e113db30 req-1e111575-c323-467d-a361-c58ee7e2c94a None None] Starting request: 10.222.0.52 "GET /placement/allocations/d28f0369-796d-4b75-b047-ccf9a6998560" {{(pid=128759) __call__ /opt/stack/placement/placement/requestlog.py:55}}
Oct 04 08:51:58.600102 dv-cinder-844563-14-iscsi devstack@placement-api.service[128759]: INFO placement.requestlog [req-f4d58e4d-188b-40eb-b099-3704e113db30 req-1e111575-c323-467d-a361-c58ee7e2c94a service placement] 10.222.0.52 "GET /placement/allocations/d28f0369-796d-4b75-b047-ccf9a6998560" status: 200 len: 258 microversion: 1.28
Oct 04 08:51:58.600832 dv-cinder-844563-14-iscsi devstack@placement-api.service[128759]: [pid: 128759|app: 0|req: 23/44] 10.222.0.52 () {60 vars in 1377 bytes} [Tue Oct 4 08:51:58 2022] GET /placement/allocations/d28f0369-796d-4b75-b047-ccf9a6998560 => generated 258 bytes in 29 msecs (HTTP/1.1 200) 8 headers in 296 bytes (1 switches on core 0)
Oct 04 08:51:58.610028 dv-cinder-844563-14-iscsi devstack@placement-api.service[128760]: DEBUG placement.requestlog [req-f4d58e4d-188b-40eb-b099-3704e113db30 req-fb60dad2-fca2-45f7-91b4-39b567cdb741 None None] Starting request: 10.222.0.52 "GET /placement/allocations/8c263bad-2d03-4333-9fa9-89c8df65a642" {{(pid=128760) __call__ /opt/stack/placement/placement/requestlog.py:55}}
Oct 04 08:51:58.646533 dv-cinder-844563-14-iscsi devstack@placement-api.service[128760]: INFO placement.requestlog [req-f4d58e4d-188b-40eb-b099-3704e113db30 req-fb60dad2-fca2-45f7-91b4-39b567cdb741 service placement] 10.222.0.52 "GET /placement/allocations/8c263bad-2d03-4333-9fa9-89c8df65a642" status: 200 len: 258 microversion: 1.28
Oct 04 08:51:58.647573 dv-cinder-844563-14-iscsi devstack@placement-api.service[128760]: [pid: 128760|app: 0|req: 22/45] 10.222.0.52 () {60 vars in 1377 bytes} [Tue Oct 4 08:51:58 2022] GET /placement/allocations/8c263bad-2d03-4333-9fa9-89c8df65a642 => generated 258 bytes in 37 msecs (HTTP/1.1 200) 8 headers in 296 bytes (2 switches on core 0)
Oct 04 08:51:58.658694 dv-cinder-844563-14-iscsi devstack@placement-api.service[128759]: DEBUG placement.requestlog [req-f4d58e4d-188b-40eb-b099-3704e113db30 req-d6ef6048-de08-489e-9391-e50b4d6b77dd None None] Starting request: 10.222.0.52 "GET /placement/allocations/f4454abc-67a9-470b-bdce-5a69bc51bbed" {{(pid=128759) __call__ /opt/stack/placement/placement/requestlog.py:55}}
Oct 04 08:51:58.705167 dv-cinder-844563-14-iscsi devstack@placement-api.service[128759]: INFO placement.requestlog [req-f4d58e4d-188b-40eb-b099-3704e113db30 req-d6ef6048-de08-489e-9391-e50b4d6b77dd service placement] 10.222.0.52 "GET /placement/allocations/f4454abc-67a9-470b-bdce-5a69bc51bbed" status: 200 len: 258 microversion: 1.28
Oct 04 08:51:58.705779 dv-cinder-844563-14-iscsi devstack@placement-api.service[128759]: [pid: 128759|app: 0|req: 24/46] 10.222.0.52 () {60 vars in 1377 bytes} [Tue Oct 4 08:51:58 2022] GET /placement/allocations/f4454abc-67a9-470b-bdce-5a69bc51bbed => generated 258 bytes in 47 msecs (HTTP/1.1 200) 8 headers in 296 bytes (1 switches on core 0)
Oct 04 08:51:58.715012 dv-cinder-844563-14-iscsi devstack@placement-api.service[128760]: DEBUG placement.requestlog [req-f4d58e4d-188b-40eb-b099-3704e113db30 req-a9d5bb2b-06bd-4cb9-81dc-3fe33bb0baad None None] Starting request: 10.222.0.52 "GET /placement/allocations/69e21016-5037-4bd1-91c6-97ab1b413e06" {{(pid=128760) __call__ /opt/stack/placement/placement/requestlog.py:55}}
Oct 04 08:51:58.758225 dv-cinder-844563-14-iscsi devstack@placement-api.service[128760]: INFO placement.requestlog [req-f4d58e4d-188b-40eb-b099-3704e113db30 req-a9d5bb2b-06bd-4cb9-81dc-3fe33bb0baad service placement] 10.222.0.52 "GET /placement/allocations/69e21016-5037-4bd1-91c6-97ab1b413e06" status: 200 len: 258 microversion: 1.28
Oct 04 08:51:58.758856 dv-cinder-844563-14-iscsi devstack@placement-api.service[128760]: [pid: 128760|app: 0|req: 23/47] 10.222.0.52 () {60 vars in 1377 bytes} [Tue Oct 4 08:51:58 2022] GET /placement/allocations/69e21016-5037-4bd1-91c6-97ab1b413e06 => generated 258 bytes in 44 msecs (HTTP/1.1 200) 8 headers in 296 bytes (1 switches on core 0)
Oct 04 08:52:08.694253 dv-cinder-844563-14-iscsi devstack@placement-api.service[128759]: DEBUG dbcounter [-] [128759] Writing DB stats placement:SELECT=85,placement:INSERT=6,placement:DELETE=2,placement:UPDATE=2 {{(pid=128759) stat_writer /usr/local/lib/python3.8/dist-packages/dbcounter.py:114}}
Oct 04 08:52:08.746919 dv-cinder-844563-14-iscsi devstack@placement-api.service[128760]: DEBUG dbcounter [-] [128760] Writing DB stats placement:SELECT=39,placement:INSERT=6,placement:DELETE=2,placement:UPDATE=2 {{(pid=128760) stat_writer /usr/local/lib/python3.8/dist-packages/dbcounter.py:114}}
Oct 04 08:52:40.866017 dv-cinder-844563-14-iscsi devstack@placement-api.service[128759]: DEBUG placement.requestlog [req-4828fb98-5cc6-4028-a8e0-480bb2aa6235 req-c5174692-0141-438e-a03c-69b0b950b429 None None] Starting request: 10.222.0.52 "GET /placement/resource_providers/6ace9e8c-0323-4f16-aec8-4900bdc5006a/allocations" {{(pid=128759) __call__ /opt/stack/placement/placement/requestlog.py:55}}
Oct 04 08:52:40.892900 dv-cinder-844563-14-iscsi devstack@placement-api.service[128759]: INFO placement.requestlog [req-4828fb98-5cc6-4028-a8e0-480bb2aa6235 req-c5174692-0141-438e-a03c-69b0b950b429 service placement] 10.222.0.52 "GET /placement/resource_providers/6ace9e8c-0323-4f16-aec8-4900bdc5006a/allocations" status: 200 len: 456 microversion: 1.0
Oct 04 08:52:40.893282 dv-cinder-844563-14-iscsi devstack@placement-api.service[128759]: [pid: 128759|app: 0|req: 25/48] 10.222.0.52 () {58 vars in 1390 bytes} [Tue Oct 4 08:52:40 2022] GET /placement/resource_providers/6ace9e8c-0323-4f16-aec8-4900bdc5006a/allocations => generated 456 bytes in 28 msecs (HTTP/1.1 200) 6 headers in 224 bytes (1 switches on core 0)
Oct 04 08:52:46.613886 dv-cinder-844563-14-iscsi devstack@placement-api.service[128760]: DEBUG placement.requestlog [req-4828fb98-5cc6-4028-a8e0-480bb2aa6235 req-93e931a1-4789-469e-84f4-54a8f0db93fa None None] Starting request: 10.222.0.52 "GET /placement/resource_providers/6ace9e8c-0323-4f16-aec8-4900bdc5006a/allocations" {{(pid=128760) __call__ /opt/stack/placement/placement/requestlog.py:55}}
Oct 04 08:52:46.637079 dv-cinder-844563-14-iscsi devstack@placement-api.service[128760]: INFO placement.requestlog [req-4828fb98-5cc6-4028-a8e0-480bb2aa6235 req-93e931a1-4789-469e-84f4-54a8f0db93fa service placement] 10.222.0.52 "GET /placement/resource_providers/6ace9e8c-0323-4f16-aec8-4900bdc5006a/allocations" status: 200 len: 456 microversion: 1.0
Oct 04 08:52:46.637548 dv-cinder-844563-14-iscsi devstack@placement-api.service[128760]: [pid: 128760|app: 0|req: 24/49] 10.222.0.52 () {58 vars in 1390 bytes} [Tue Oct 4 08:52:46 2022] GET /placement/resource_providers/6ace9e8c-0323-4f16-aec8-4900bdc5006a/allocations => generated 456 bytes in 24 msecs (HTTP/1.1 200) 6 headers in 224 bytes (1 switches on core 0)
Oct 04 08:52:47.231666 dv-cinder-844563-14-iscsi devstack@placement-api.service[128759]: DEBUG placement.requestlog [req-4828fb98-5cc6-4028-a8e0-480bb2aa6235 req-93b2f7b1-4008-4185-958a-a00e0d2856c7 None None] Starting request: 10.222.0.52 "GET /placement/allocations/d28f0369-796d-4b75-b047-ccf9a6998560" {{(pid=128759) __call__ /opt/stack/placement/placement/requestlog.py:55}}
Oct 04 08:52:47.249344 dv-cinder-844563-14-iscsi devstack@placement-api.service[128759]: INFO placement.requestlog [req-4828fb98-5cc6-4028-a8e0-480bb2aa6235 req-93b2f7b1-4008-4185-958a-a00e0d2856c7 service placement] 10.222.0.52 "GET /placement/allocations/d28f0369-796d-4b75-b047-ccf9a6998560" status: 200 len: 258 microversion: 1.28
Oct 04 08:52:47.249755 dv-cinder-844563-14-iscsi devstack@placement-api.service[128759]: [pid: 128759|app: 0|req: 26/50] 10.222.0.52 () {60 vars in 1377 bytes} [Tue Oct 4 08:52:47 2022] GET /placement/allocations/d28f0369-796d-4b75-b047-ccf9a6998560 => generated 258 bytes in 18 msecs (HTTP/1.1 200) 8 headers in 296 bytes (1 switches on core 0)
Oct 04 08:52:55.000347 dv-cinder-844563-14-iscsi devstack@placement-api.service[128760]: DEBUG placement.requestlog [req-4828fb98-5cc6-4028-a8e0-480bb2aa6235 req-74f93808-01ed-4a48-977a-06a9729d588b None None] Starting request: 10.222.0.52 "GET /placement/allocations/8c263bad-2d03-4333-9fa9-89c8df65a642" {{(pid=128760) __call__ /opt/stack/placement/placement/requestlog.py:55}}
Oct 04 08:52:55.024614 dv-cinder-844563-14-iscsi devstack@placement-api.service[128760]: INFO placement.requestlog [req-4828fb98-5cc6-4028-a8e0-480bb2aa6235 req-74f93808-01ed-4a48-977a-06a9729d588b service placement] 10.222.0.52 "GET /placement/allocations/8c263bad-2d03-4333-9fa9-89c8df65a642" status: 200 len: 258 microversion: 1.28
Oct 04 08:52:55.025438 dv-cinder-844563-14-iscsi devstack@placement-api.service[128760]: [pid: 128760|app: 0|req: 25/51] 10.222.0.52 () {60 vars in 1377 bytes} [Tue Oct 4 08:52:54 2022] GET /placement/allocations/8c263bad-2d03-4333-9fa9-89c8df65a642 => generated 258 bytes in 25 msecs (HTTP/1.1 200) 8 headers in 296 bytes (2 switches on core 0)
Oct 04 08:52:55.172923 dv-cinder-844563-14-iscsi devstack@placement-api.service[128759]: DEBUG placement.requestlog [req-4828fb98-5cc6-4028-a8e0-480bb2aa6235 req-e8e003c8-9986-4785-8f47-3e1da8e3c512 None None] Starting request: 10.222.0.52 "GET /placement/allocations/f4454abc-67a9-470b-bdce-5a69bc51bbed" {{(pid=128759) __call__ /opt/stack/placement/placement/requestlog.py:55}}
Oct 04 08:52:55.192350 dv-cinder-844563-14-iscsi devstack@placement-api.service[128759]: INFO placement.requestlog [req-4828fb98-5cc6-4028-a8e0-480bb2aa6235 req-e8e003c8-9986-4785-8f47-3e1da8e3c512 service placement] 10.222.0.52 "GET /placement/allocations/f4454abc-67a9-470b-bdce-5a69bc51bbed" status: 200 len: 258 microversion: 1.28
Oct 04 08:52:55.192350 dv-cinder-844563-14-iscsi devstack@placement-api.service[128759]: [pid: 128759|app: 0|req: 27/52] 10.222.0.52 () {60 vars in 1377 bytes} [Tue Oct 4 08:52:55 2022] GET /placement/allocations/f4454abc-67a9-470b-bdce-5a69bc51bbed => generated 258 bytes in 17 msecs (HTTP/1.1 200) 8 headers in 296 bytes (2 switches on core 0)
Oct 04 08:53:01.000936 dv-cinder-844563-14-iscsi devstack@placement-api.service[128760]: DEBUG placement.requestlog [req-4828fb98-5cc6-4028-a8e0-480bb2aa6235 req-a54f9688-1aaa-4b30-b9d8-29fe2bb0cae2 None None] Starting request: 10.222.0.52 "GET /placement/allocations/69e21016-5037-4bd1-91c6-97ab1b413e06" {{(pid=128760) __call__ /opt/stack/placement/placement/requestlog.py:55}}
Oct 04 08:53:01.017896 dv-cinder-844563-14-iscsi devstack@placement-api.service[128760]: INFO placement.requestlog [req-4828fb98-5cc6-4028-a8e0-480bb2aa6235 req-a54f9688-1aaa-4b30-b9d8-29fe2bb0cae2 service placement] 10.222.0.52 "GET /placement/allocations/69e21016-5037-4bd1-91c6-97ab1b413e06" status: 200 len: 258 microversion: 1.28
Oct 04 08:53:01.018237 dv-cinder-844563-14-iscsi devstack@placement-api.service[128760]: [pid: 128760|app: 0|req: 26/53] 10.222.0.52 () {60 vars in 1377 bytes} [Tue Oct 4 08:53:00 2022] GET /placement/allocations/69e21016-5037-4bd1-91c6-97ab1b413e06 => generated 258 bytes in 18 msecs (HTTP/1.1 200) 8 headers in 296 bytes (1 switches on core 0)
Oct 04 08:53:05.186308 dv-cinder-844563-14-iscsi devstack@placement-api.service[128759]: DEBUG dbcounter [-] [128759] Writing DB stats placement:SELECT=14 {{(pid=128759) stat_writer /usr/local/lib/python3.8/dist-packages/dbcounter.py:114}}
Oct 04 08:53:11.015326 dv-cinder-844563-14-iscsi devstack@placement-api.service[128760]: DEBUG dbcounter [-] [128760] Writing DB stats placement:SELECT=14 {{(pid=128760) stat_writer /usr/local/lib/python3.8/dist-packages/dbcounter.py:114}}
Oct 04 08:53:29.580930 dv-cinder-844563-14-iscsi devstack@placement-api.service[128759]: DEBUG placement.requestlog [req-c43cfcd2-5688-4c7d-a0fa-c1c02e1f205c req-7eed05be-fc65-48ff-8ec7-a264a23db3cb None None] Starting request: 10.222.0.52 "GET /placement/resource_providers/6ace9e8c-0323-4f16-aec8-4900bdc5006a/allocations" {{(pid=128759) __call__ /opt/stack/placement/placement/requestlog.py:55}}
Oct 04 08:53:29.602464 dv-cinder-844563-14-iscsi devstack@placement-api.service[128759]: INFO placement.requestlog [req-c43cfcd2-5688-4c7d-a0fa-c1c02e1f205c req-7eed05be-fc65-48ff-8ec7-a264a23db3cb service placement] 10.222.0.52 "GET /placement/resource_providers/6ace9e8c-0323-4f16-aec8-4900bdc5006a/allocations" status: 200 len: 456 microversion: 1.0
Oct 04 08:53:29.602809 dv-cinder-844563-14-iscsi devstack@placement-api.service[128759]: [pid: 128759|app: 0|req: 28/54] 10.222.0.52 () {58 vars in 1390 bytes} [Tue Oct 4 08:53:29 2022] GET /placement/resource_providers/6ace9e8c-0323-4f16-aec8-4900bdc5006a/allocations => generated 456 bytes in 22 msecs (HTTP/1.1 200) 6 headers in 224 bytes (1 switches on core 0)
Oct 04 08:53:29.613761 dv-cinder-844563-14-iscsi devstack@placement-api.service[128760]: DEBUG placement.requestlog [req-c43cfcd2-5688-4c7d-a0fa-c1c02e1f205c req-69d33a65-aadf-4c9b-abad-aa2275611055 None None] Starting request: 10.222.0.52 "GET /placement/allocations/d28f0369-796d-4b75-b047-ccf9a6998560" {{(pid=128760) __call__ /opt/stack/placement/placement/requestlog.py:55}}
Oct 04 08:53:29.628993 dv-cinder-844563-14-iscsi devstack@placement-api.service[128760]: INFO placement.requestlog [req-c43cfcd2-5688-4c7d-a0fa-c1c02e1f205c req-69d33a65-aadf-4c9b-abad-aa2275611055 service placement] 10.222.0.52 "GET /placement/allocations/d28f0369-796d-4b75-b047-ccf9a6998560" status: 200 len: 258 microversion: 1.28
Oct 04 08:53:29.629794 dv-cinder-844563-14-iscsi devstack@placement-api.service[128760]: [pid: 128760|app: 0|req: 27/55] 10.222.0.52 () {60 vars in 1377 bytes} [Tue Oct 4 08:53:29 2022] GET /placement/allocations/d28f0369-796d-4b75-b047-ccf9a6998560 => generated 258 bytes in 16 msecs (HTTP/1.1 200) 8 headers in 296 bytes (1 switches on core 0)
Oct 04 08:53:29.638933 dv-cinder-844563-14-iscsi devstack@placement-api.service[128759]: DEBUG placement.requestlog [req-c43cfcd2-5688-4c7d-a0fa-c1c02e1f205c req-76c00991-2e7a-4f1b-942a-3b612788ae67 None None] Starting request: 10.222.0.52 "GET /placement/allocations/8c263bad-2d03-4333-9fa9-89c8df65a642" {{(pid=128759) __call__ /opt/stack/placement/placement/requestlog.py:55}}
Oct 04 08:53:29.655273 dv-cinder-844563-14-iscsi devstack@placement-api.service[128759]: INFO placement.requestlog [req-c43cfcd2-5688-4c7d-a0fa-c1c02e1f205c req-76c00991-2e7a-4f1b-942a-3b612788ae67 service placement] 10.222.0.52 "GET /placement/allocations/8c263bad-2d03-4333-9fa9-89c8df65a642" status: 200 len: 258 microversion: 1.28
Oct 04 08:53:29.656213 dv-cinder-844563-14-iscsi devstack@placement-api.service[128759]: [pid: 128759|app: 0|req: 29/56] 10.222.0.52 () {60 vars in 1377 bytes} [Tue Oct 4 08:53:29 2022] GET /placement/allocations/8c263bad-2d03-4333-9fa9-89c8df65a642 => generated 258 bytes in 17 msecs (HTTP/1.1 200) 8 headers in 296 bytes (2 switches on core 0)
Oct 04 08:53:29.663572 dv-cinder-844563-14-iscsi devstack@placement-api.service[128760]: DEBUG placement.requestlog [req-c43cfcd2-5688-4c7d-a0fa-c1c02e1f205c req-74c11989-ac16-4a4a-b8c6-07fd6cfd01c3 None None] Starting request: 10.222.0.52 "GET /placement/allocations/f4454abc-67a9-470b-bdce-5a69bc51bbed" {{(pid=128760) __call__ /opt/stack/placement/placement/requestlog.py:55}}
Oct 04 08:53:29.681887 dv-cinder-844563-14-iscsi devstack@placement-api.service[128760]: INFO placement.requestlog [req-c43cfcd2-5688-4c7d-a0fa-c1c02e1f205c req-74c11989-ac16-4a4a-b8c6-07fd6cfd01c3 service placement] 10.222.0.52 "GET /placement/allocations/f4454abc-67a9-470b-bdce-5a69bc51bbed" status: 200 len: 258 microversion: 1.28
Oct 04 08:53:29.682584 dv-cinder-844563-14-iscsi devstack@placement-api.service[128760]: [pid: 128760|app: 0|req: 28/57] 10.222.0.52 () {60 vars in 1377 bytes} [Tue Oct 4 08:53:29 2022] GET /placement/allocations/f4454abc-67a9-470b-bdce-5a69bc51bbed => generated 258 bytes in 19 msecs (HTTP/1.1 200) 8 headers in 296 bytes (1 switches on core 0)
