May 31 22:13:56.899811 dv-cinder-844140-1-smb devstack@keystone.service[80258]: ERROR keystone.server.flask.application return self._get_role(session, role_id).to_dict()
May 31 22:13:56.899811 dv-cinder-844140-1-smb devstack@keystone.service[80258]: ERROR keystone.server.flask.application
File "/opt/stack/keystone/keystone/assignment/role_backends/sql.py", line 65, in _get_role
May 31 22:13:56.899811 dv-cinder-844140-1-smb devstack@keystone.service[80258]: ERROR keystone.server.flask.application raise exception.RoleNotFound(role_id=role_id)
May 31 22:13:56.899811 dv-cinder-844140-1-smb devstack@keystone.service[80258]: ERROR keystone.server.flask.application keystone.exception.RoleNotFound: Could not find role: member.
May 31 22:13:56.899811 dv-cinder-844140-1-smb devstack@keystone.service[80258]: ERROR keystone.server.flask.application
May 31 22:13:56.899811 dv-cinder-844140-1-smb devstack@keystone.service[80258]: [pid: 80258|app: 0|req: 147/274] 10.222.0.20 () {56 vars in 1099 bytes} [Tue May 31 22:13:56 2022] GET /identity/v3/roles/member => generated 84 bytes in 167 msecs (HTTP/1.1 404) 5 headers in 183 bytes (2 switches on core 0)
May 31 22:13:56.899811 dv-cinder-844140-1-smb devstack@keystone.service[80258]: DEBUG keystone.server.flask.request_processing.req_logging [None req-cb3d5198-0965-480c-8de3-a50509394ff9 None None] REQUEST_METHOD: `GET` {{(pid=80258) log_request_info /opt/stack/keystone/keystone/server/flask/request_processing/req_logging.py:27}}
May 31 22:13:56.900538 dv-cinder-844140-1-smb devstack@keystone.service[80258]: DEBUG keystone.server.flask.request_processing.req_logging [None req-cb3d5198-0965-480c-8de3-a50509394ff9 None None] SCRIPT_NAME: `/identity` {{(pid=80258) log_request_info /opt/stack/keystone/keystone/server/flask/request_processing/req_logging.py:28}}
May 31 22:13:56.900538 dv-cinder-844140-1-smb devstack@keystone.service[80258]: DEBUG keystone.server.flask.request_processing.req_logging [None req-cb3d5198-0965-480c-8de3-a50509394ff9 None None] PATH_INFO: `/` {{(pid=80258) log_request_info /opt/stack/keystone/keystone/server/flask/request_processing/req_logging.py:29}}
May 31 22:13:56.903812 dv-cinder-844140-1-smb devstack@keystone.service[80258]: [pid: 80258|app: 0|req: 148/275] 10.222.0.20 () {54 vars in 926 bytes} [Tue May 31 22:13:56 2022] GET /identity => generated 270 bytes in 3 msecs (HTTP/1.1 300) 6 headers in 234 bytes (1 switches on core 0)
May 31 22:13:56.906807 dv-cinder-844140-1-smb devstack@keystone.service[80258]: DEBUG keystone.server.flask.request_processing.middleware.auth_context [None req-cb3d5198-0965-480c-8de3-a50509394ff9 None None] Authenticating user token {{(pid=80258) process_request /usr/local/lib/python3.8/dist-packages/keystonemiddleware/auth_token/__init__.py:407}}
May 31 22:13:56.927415 dv-cinder-844140-1-smb devstack@keystone.service[80257]: DEBUG keystone.server.flask.request_processing.middleware.auth_context [None req-5dfcdbf8-5114-4415-92fb-cedb496fda5d None admin] RBAC: auth_context: {'token': , 'domain_id': None, 'trust_id': None, 'trustor_id': None, 'trustee_id': None, 'domain_name': None, 'group_ids': [], 'user_id': '7dd76d91ea6d4276a335593acacd9cab', 'user_domain_id': 'default', 'system_scope': 'all', 'project_id': None, 'project_domain_id': None, 'roles': ['admin', 'member', 'reader'], 'is_admin_project': True, 'service_user_id': None, 'service_user_domain_id': None, 'service_project_id': None, 'service_project_domain_id': None, 'service_roles': []} {{(pid=80257) fill_context /opt/stack/keystone/keystone/server/flask/request_processing/middleware/auth_context.py:478}}
May 31 22:13:56.928205 dv-cinder-844140-1-smb devstack@keystone.service[80257]: DEBUG keystone.server.flask.request_processing.req_logging [None req-5dfcdbf8-5114-4415-92fb-cedb496fda5d None admin] REQUEST_METHOD: `GET` {{(pid=80257) log_request_info /opt/stack/keystone/keystone/server/flask/request_processing/req_logging.py:27}}
May 31 22:13:56.928488 dv-cinder-844140-1-smb devstack@keystone.service[80257]: DEBUG keystone.server.flask.request_processing.req_logging [None req-5dfcdbf8-5114-4415-92fb-cedb496fda5d None admin] SCRIPT_NAME: `/identity` {{(pid=80257) log_request_info /opt/stack/keystone/keystone/server/flask/request_processing/req_logging.py:28}}
May 31 22:13:56.928766 dv-cinder-844140-1-smb devstack@keystone.service[80257]: DEBUG keystone.server.flask.request_processing.req_logging [None req-5dfcdbf8-5114-4415-92fb-cedb496fda5d None admin] PATH_INFO: `/v3/domains/default` {{(pid=80257) log_request_info /opt/stack/keystone/keystone/server/flask/request_processing/req_logging.py:29}}
May 31 22:13:56.930358 dv-cinder-844140-1-smb devstack@keystone.service[80257]: DEBUG keystone.common.rbac_enforcer.enforcer [None req-5dfcdbf8-5114-4415-92fb-cedb496fda5d None admin] RBAC: Authorizing `identity:get_domain(domain_id=default)` {{(pid=80257) enforce_call /opt/stack/keystone/keystone/common/rbac_enforcer/enforcer.py:449}}
May 31 22:13:56.931842 dv-cinder-844140-1-smb devstack@keystone.service[80257]: DEBUG keystone.common.rbac_enforcer.enforcer [None req-5dfcdbf8-5114-4415-92fb-cedb496fda5d None admin] RBAC: Authorization granted {{(pid=80257) enforce_call /opt/stack/keystone/keystone/common/rbac_enforcer/enforcer.py:457}}
May 31 22:13:56.933621 dv-cinder-844140-1-smb devstack@keystone.service[80257]: [pid: 80257|app: 0|req: 128/276] 10.222.0.20 () {56 vars in 1108 bytes} [Tue May 31 22:13:56 2022] GET /identity/v3/domains/default => generated 199 bytes in 154 msecs (HTTP/1.1 200) 5 headers in 177 bytes (1 switches on core 0)
May 31 22:13:56.937312 dv-cinder-844140-1-smb devstack@keystone.service[80257]: DEBUG keystone.server.flask.request_processing.req_logging [None req-2773b26c-0ab2-48db-9a49-49e4a2336671 None None] REQUEST_METHOD: `POST` {{(pid=80257) log_request_info /opt/stack/keystone/keystone/server/flask/request_processing/req_logging.py:27}}
May 31 22:13:56.938071 dv-cinder-844140-1-smb devstack@keystone.service[80257]: DEBUG keystone.server.flask.request_processing.req_logging [None req-2773b26c-0ab2-48db-9a49-49e4a2336671 None None] SCRIPT_NAME: `/identity` {{(pid=80257) log_request_info /opt/stack/keystone/keystone/server/flask/request_processing/req_logging.py:28}}
May 31 22:13:56.938599 dv-cinder-844140-1-smb devstack@keystone.service[80257]: DEBUG keystone.server.flask.request_processing.req_logging [None req-2773b26c-0ab2-48db-9a49-49e4a2336671 None None] PATH_INFO: `/v3/auth/tokens` {{(pid=80257) log_request_info /opt/stack/keystone/keystone/server/flask/request_processing/req_logging.py:29}}
May 31 22:13:56.952331 dv-cinder-844140-1-smb devstack@keystone.service[80258]: DEBUG dbcounter [-] [80258] Writing DB stats keystone:SELECT=100 {{(pid=80258) stat_writer /usr/local/lib/python3.8/dist-packages/dbcounter.py:114}}
May 31 22:13:56.957743 dv-cinder-844140-1-smb devstack@keystone.service[80257]: DEBUG keystone.auth.core [None req-2773b26c-0ab2-48db-9a49-49e4a2336671 None None] MFA Rules not processed for user `7dd76d91ea6d4276a335593acacd9cab`. Rule list: `[]` (Enabled: `True`). {{(pid=80257) check_auth_methods_against_rules /opt/stack/keystone/keystone/auth/core.py:438}}
May 31 22:13:56.959064 dv-cinder-844140-1-smb devstack@keystone.service[80257]: DEBUG keystone.common.fernet_utils [None req-2773b26c-0ab2-48db-9a49-49e4a2336671 None None] Loaded 2 Fernet keys from /etc/keystone/fernet-keys/, but `[fernet_tokens] max_active_keys = 3`; perhaps there have not been enough key rotations to reach `max_active_keys` yet? {{(pid=80257) load_keys /opt/stack/keystone/keystone/common/fernet_utils.py:286}}
May 31 22:13:56.963294 dv-cinder-844140-1-smb devstack@keystone.service[80257]: DEBUG dbcounter [-] [80257] Writing DB stats keystone:SELECT=100 {{(pid=80257) stat_writer /usr/local/lib/python3.8/dist-packages/dbcounter.py:114}}
May 31 22:13:57.017310 dv-cinder-844140-1-smb devstack@keystone.service[80258]: DEBUG keystone.server.flask.request_processing.middleware.auth_context [None req-cb3d5198-0965-480c-8de3-a50509394ff9 None None] Validating token access rules against request {{(pid=80258) validate_allowed_request /usr/local/lib/python3.8/dist-packages/keystonemiddleware/auth_token/__init__.py:545}}
May 31 22:13:57.034077 dv-cinder-844140-1-smb devstack@keystone.service[80257]: [pid: 80257|app: 0|req: 129/277] 10.222.0.20 () {58 vars in 1023 bytes} [Tue May 31 22:13:56 2022] POST /identity/v3/auth/tokens => generated 799 bytes in 100 msecs (HTTP/1.1 201) 6 headers in 363 bytes (1 switches on core 0)
May 31 22:13:57.035140 dv-cinder-844140-1-smb devstack@keystone.service[80257]: DEBUG keystone.server.flask.request_processing.middleware.auth_context [None req-2773b26c-0ab2-48db-9a49-49e4a2336671 None None] Authenticating user token {{(pid=80257) process_request /usr/local/lib/python3.8/dist-packages/keystonemiddleware/auth_token/__init__.py:407}}
May 31 22:13:57.069563 dv-cinder-844140-1-smb devstack@keystone.service[80258]: DEBUG keystone.server.flask.request_processing.middleware.auth_context [None req-11af35d0-99d3-4ea3-ba3b-73f89dc12502 None admin] RBAC: auth_context: {'token': , 'domain_id': None, 'trust_id': None, 'trustor_id': None, 'trustee_id': None, 'domain_name': None, 'group_ids': [], 'user_id': '7dd76d91ea6d4276a335593acacd9cab', 'user_domain_id': 'default', 'system_scope': 'all', 'project_id': None, 'project_domain_id': None, 'roles': ['admin', 'member', 'reader'], 'is_admin_project': True, 'service_user_id': None, 'service_user_domain_id': None, 'service_project_id': None, 'service_project_domain_id': None, 'service_roles': []} {{(pid=80258) fill_context /opt/stack/keystone/keystone/server/flask/request_processing/middleware/auth_context.py:478}}
May 31 22:13:57.070462 dv-cinder-844140-1-smb devstack@keystone.service[80258]: DEBUG keystone.server.flask.request_processing.req_logging [None req-11af35d0-99d3-4ea3-ba3b-73f89dc12502 None admin] REQUEST_METHOD: `GET` {{(pid=80258) log_request_info /opt/stack/keystone/keystone/server/flask/request_processing/req_logging.py:27}}
May 31 22:13:57.071063 dv-cinder-844140-1-smb devstack@keystone.service[80258]: DEBUG keystone.server.flask.request_processing.req_logging [None req-11af35d0-99d3-4ea3-ba3b-73f89dc12502 None admin] SCRIPT_NAME: `/identity` {{(pid=80258) log_request_info /opt/stack/keystone/keystone/server/flask/request_processing/req_logging.py:28}}
May 31 22:13:57.071498 dv-cinder-844140-1-smb devstack@keystone.service[80258]: DEBUG keystone.server.flask.request_processing.req_logging [None req-11af35d0-99d3-4ea3-ba3b-73f89dc12502 None admin] PATH_INFO: `/v3/roles` {{(pid=80258) log_request_info /opt/stack/keystone/keystone/server/flask/request_processing/req_logging.py:29}}
May 31 22:13:57.073411 dv-cinder-844140-1-smb devstack@keystone.service[80258]: DEBUG keystone.common.rbac_enforcer.enforcer [None req-11af35d0-99d3-4ea3-ba3b-73f89dc12502 None admin] RBAC: Adding query filter params (name=member) {{(pid=80258) _extract_filter_values /opt/stack/keystone/keystone/common/rbac_enforcer/enforcer.py:167}}
May 31 22:13:57.073869 dv-cinder-844140-1-smb devstack@keystone.service[80258]: DEBUG keystone.common.rbac_enforcer.enforcer [None req-11af35d0-99d3-4ea3-ba3b-73f89dc12502 None admin] RBAC: Authorizing `identity:list_roles()` {{(pid=80258) enforce_call /opt/stack/keystone/keystone/common/rbac_enforcer/enforcer.py:449}}
May 31 22:13:57.075534 dv-cinder-844140-1-smb devstack@keystone.service[80258]: DEBUG keystone.common.rbac_enforcer.enforcer [None req-11af35d0-99d3-4ea3-ba3b-73f89dc12502 None admin] RBAC: Authorization granted {{(pid=80258) enforce_call /opt/stack/keystone/keystone/common/rbac_enforcer/enforcer.py:457}}
May 31 22:13:57.089090 dv-cinder-844140-1-smb devstack@keystone.service[80258]: [pid: 80258|app: 0|req: 149/278] 10.222.0.20 () {56 vars in 1101 bytes} [Tue May 31 22:13:56 2022] GET /identity/v3/roles?name=member => generated 341 bytes in 178 msecs (HTTP/1.1 200) 5 headers in 177 bytes (1 switches on core 0)
May 31 22:13:57.089090 dv-cinder-844140-1-smb devstack@keystone.service[80258]: DEBUG keystone.server.flask.request_processing.middleware.auth_context [None req-11af35d0-99d3-4ea3-ba3b-73f89dc12502 None admin] Authenticating user token {{(pid=80258) process_request /usr/local/lib/python3.8/dist-packages/keystonemiddleware/auth_token/__init__.py:407}}
May 31 22:13:57.149362 dv-cinder-844140-1-smb devstack@keystone.service[80257]: DEBUG keystone.server.flask.request_processing.middleware.auth_context [None req-2773b26c-0ab2-48db-9a49-49e4a2336671 None None] Validating token access rules against request {{(pid=80257) validate_allowed_request /usr/local/lib/python3.8/dist-packages/keystonemiddleware/auth_token/__init__.py:545}}
May 31 22:13:57.188017 dv-cinder-844140-1-smb devstack@keystone.service[80257]: DEBUG keystone.server.flask.request_processing.middleware.auth_context [None req-76c10525-4c00-48dc-8918-b7d90cafc45c None admin] RBAC: auth_context: {'token': , 'domain_id': None, 'trust_id': None, 'trustor_id': None, 'trustee_id': None, 'domain_name': None, 'group_ids': [], 'user_id': '7dd76d91ea6d4276a335593acacd9cab', 'user_domain_id': 'default', 'system_scope': 'all', 'project_id': None, 'project_domain_id': None, 'roles': ['admin', 'member', 'reader'], 'is_admin_project': True, 'service_user_id': None, 'service_user_domain_id': None, 'service_project_id': None, 'service_project_domain_id': None, 'service_roles': []} {{(pid=80257) fill_context /opt/stack/keystone/keystone/server/flask/request_processing/middleware/auth_context.py:478}}
May 31 22:13:57.188684 dv-cinder-844140-1-smb devstack@keystone.service[80257]: DEBUG keystone.server.flask.request_processing.req_logging [None req-76c10525-4c00-48dc-8918-b7d90cafc45c None admin] REQUEST_METHOD: `POST` {{(pid=80257) log_request_info /opt/stack/keystone/keystone/server/flask/request_processing/req_logging.py:27}}
May 31 22:13:57.188967 dv-cinder-844140-1-smb devstack@keystone.service[80257]: DEBUG keystone.server.flask.request_processing.req_logging [None req-76c10525-4c00-48dc-8918-b7d90cafc45c None admin] SCRIPT_NAME: `/identity` {{(pid=80257) log_request_info /opt/stack/keystone/keystone/server/flask/request_processing/req_logging.py:28}}
May 31 22:13:57.189217 dv-cinder-844140-1-smb devstack@keystone.service[80257]: DEBUG keystone.server.flask.request_processing.req_logging [None req-76c10525-4c00-48dc-8918-b7d90cafc45c None admin] PATH_INFO: `/v3/users` {{(pid=80257) log_request_info /opt/stack/keystone/keystone/server/flask/request_processing/req_logging.py:29}}
May 31 22:13:57.189918 dv-cinder-844140-1-smb devstack@keystone.service[80257]: DEBUG keystone.common.rbac_enforcer.enforcer [None req-76c10525-4c00-48dc-8918-b7d90cafc45c None admin] RBAC: Authorizing `identity:create_user()` {{(pid=80257) enforce_call /opt/stack/keystone/keystone/common/rbac_enforcer/enforcer.py:449}}
May 31 22:13:57.191397 dv-cinder-844140-1-smb devstack@keystone.service[80257]: DEBUG keystone.common.rbac_enforcer.enforcer [None req-76c10525-4c00-48dc-8918-b7d90cafc45c None admin] RBAC: Authorization granted {{(pid=80257) enforce_call /opt/stack/keystone/keystone/common/rbac_enforcer/enforcer.py:457}}
May 31 22:13:57.200700 dv-cinder-844140-1-smb devstack@keystone.service[80258]: DEBUG keystone.server.flask.request_processing.middleware.auth_context [None req-11af35d0-99d3-4ea3-ba3b-73f89dc12502 None admin] Validating token access rules against request {{(pid=80258) validate_allowed_request /usr/local/lib/python3.8/dist-packages/keystonemiddleware/auth_token/__init__.py:545}}
May 31 22:13:57.204304 dv-cinder-844140-1-smb devstack@keystone.service[80258]: DEBUG dbcounter [-] [80258] Writing DB stats keystone:SELECT=100 {{(pid=80258) stat_writer /usr/local/lib/python3.8/dist-packages/dbcounter.py:114}}
May 31 22:13:57.204810 dv-cinder-844140-1-smb devstack@keystone.service[80257]: DEBUG dbcounter [-] [80257] Writing DB stats keystone:SELECT=97,keystone:INSERT=3 {{(pid=80257) stat_writer /usr/local/lib/python3.8/dist-packages/dbcounter.py:114}}
May 31 22:13:57.231313 dv-cinder-844140-1-smb devstack@keystone.service[80257]: [pid: 80257|app: 0|req: 130/279] 10.222.0.20 () {60 vars in 1132 bytes} [Tue May 31 22:13:57 2022] POST /identity/v3/users => generated 293 bytes in 196 msecs (HTTP/1.1 201) 5 headers in 182 bytes (1 switches on core 0)
May 31 22:13:57.232611 dv-cinder-844140-1-smb devstack@keystone.service[80257]: DEBUG keystone.server.flask.request_processing.middleware.auth_context [None req-76c10525-4c00-48dc-8918-b7d90cafc45c None admin] Authenticating user token {{(pid=80257) process_request /usr/local/lib/python3.8/dist-packages/keystonemiddleware/auth_token/__init__.py:407}}
May 31 22:13:57.240540 dv-cinder-844140-1-smb devstack@keystone.service[80258]: DEBUG keystone.server.flask.request_processing.middleware.auth_context [None req-2ccd0e10-253a-42aa-83f7-685156a5c69f None admin] RBAC: auth_context: {'token': , 'domain_id': None, 'trust_id': None, 'trustor_id': None, 'trustee_id': None, 'domain_name': None, 'group_ids': [], 'user_id': '7dd76d91ea6d4276a335593acacd9cab', 'user_domain_id': 'default', 'system_scope': 'all', 'project_id': None, 'project_domain_id': None, 'roles': ['admin', 'member', 'reader'], 'is_admin_project': True, 'service_user_id': None, 'service_user_domain_id': None, 'service_project_id': None, 'service_project_domain_id': None, 'service_roles': []} {{(pid=80258) fill_context /opt/stack/keystone/keystone/server/flask/request_processing/middleware/auth_context.py:478}}
May 31 22:13:57.241643 dv-cinder-844140-1-smb devstack@keystone.service[80258]: DEBUG keystone.server.flask.request_processing.req_logging [None req-2ccd0e10-253a-42aa-83f7-685156a5c69f None admin] REQUEST_METHOD: `GET` {{(pid=80258) log_request_info /opt/stack/keystone/keystone/server/flask/request_processing/req_logging.py:27}}
May 31 22:13:57.242069 dv-cinder-844140-1-smb devstack@keystone.service[80258]: DEBUG keystone.server.flask.request_processing.req_logging [None req-2ccd0e10-253a-42aa-83f7-685156a5c69f None admin] SCRIPT_NAME: `/identity` {{(pid=80258) log_request_info /opt/stack/keystone/keystone/server/flask/request_processing/req_logging.py:28}}
May 31 22:13:57.242536 dv-cinder-844140-1-smb devstack@keystone.service[80258]: DEBUG keystone.server.flask.request_processing.req_logging [None req-2ccd0e10-253a-42aa-83f7-685156a5c69f None admin] PATH_INFO: `/v3/roles/reader` {{(pid=80258) log_request_info /opt/stack/keystone/keystone/server/flask/request_processing/req_logging.py:29}}
May 31 22:13:57.255924 dv-cinder-844140-1-smb devstack@keystone.service[80258]: DEBUG keystone.common.rbac_enforcer.enforcer [None req-2ccd0e10-253a-42aa-83f7-685156a5c69f None admin] Extracting inferred target data resulted in "NOT FOUND (404)". {{(pid=80258) enforce_call /opt/stack/keystone/keystone/common/rbac_enforcer/enforcer.py:409}}
May 31 22:13:57.264811 dv-cinder-844140-1-smb devstack@keystone.service[80258]: ERROR keystone.server.flask.application [None req-2ccd0e10-253a-42aa-83f7-685156a5c69f None admin] Could not find role: reader.: keystone.exception.RoleNotFound: Could not find role: reader.
May 31 22:13:57.264811 dv-cinder-844140-1-smb devstack@keystone.service[80258]: ERROR keystone.server.flask.application
Traceback (most recent call last):
May 31 22:13:57.264811 dv-cinder-844140-1-smb devstack@keystone.service[80258]: ERROR keystone.server.flask.application
File "/usr/local/lib/python3.8/dist-packages/flask/app.py", line 1523, in full_dispatch_request
May 31 22:13:57.264811 dv-cinder-844140-1-smb devstack@keystone.service[80258]: ERROR keystone.server.flask.application rv = self.dispatch_request()
May 31 22:13:57.264811 dv-cinder-844140-1-smb devstack@keystone.service[80258]: ERROR keystone.server.flask.application
File "/usr/local/lib/python3.8/dist-packages/flask/app.py", line 1509, in dispatch_request
May 31 22:13:57.264811 dv-cinder-844140-1-smb devstack@keystone.service[80258]: ERROR keystone.server.flask.application return self.ensure_sync(self.view_functions[rule.endpoint])(**req.view_args)
May 31 22:13:57.264811 dv-cinder-844140-1-smb devstack@keystone.service[80258]: ERROR keystone.server.flask.application
File "/usr/local/lib/python3.8/dist-packages/flask_restful/__init__.py", line 467, in wrapper
May 31 22:13:57.264811 dv-cinder-844140-1-smb devstack@keystone.service[80258]: ERROR keystone.server.flask.application resp = resource(*args, **kwargs)
May 31 22:13:57.264811 dv-cinder-844140-1-smb devstack@keystone.service[80258]: ERROR keystone.server.flask.application
File "/usr/local/lib/python3.8/dist-packages/flask/views.py", line 84, in view
May 31 22:13:57.264811 dv-cinder-844140-1-smb devstack@keystone.service[80258]: ERROR keystone.server.flask.application return current_app.ensure_sync(self.dispatch_request)(*args, **kwargs)
May 31 22:13:57.264811 dv-cinder-844140-1-smb devstack@keystone.service[80258]: ERROR keystone.server.flask.application
File "/usr/local/lib/python3.8/dist-packages/flask_restful/__init__.py", line 582, in dispatch_request
May 31 22:13:57.264811 dv-cinder-844140-1-smb devstack@keystone.service[80258]: ERROR keystone.server.flask.application resp = meth(*args, **kwargs)
May 31 22:13:57.264811 dv-cinder-844140-1-smb devstack@keystone.service[80258]: ERROR keystone.server.flask.application
File "/opt/stack/keystone/keystone/api/roles.py", line 50, in get
May 31 22:13:57.264811 dv-cinder-844140-1-smb devstack@keystone.service[80258]: ERROR keystone.server.flask.application return self._get_role(role_id)
May 31 22:13:57.264811 dv-cinder-844140-1-smb devstack@keystone.service[80258]: ERROR keystone.server.flask.application
File "/opt/stack/keystone/keystone/api/roles.py", line 70, in _get_role
May 31 22:13:57.264811 dv-cinder-844140-1-smb devstack@keystone.service[80258]: ERROR keystone.server.flask.application ENFORCER.enforce_call(action='identity:get_role')
May 31 22:13:57.265777 dv-cinder-844140-1-smb devstack@keystone.service[80258]: ERROR keystone.server.flask.application
File "/opt/stack/keystone/keystone/common/rbac_enforcer/enforcer.py", line 402, in enforce_call
May 31 22:13:57.265777 dv-cinder-844140-1-smb devstack@keystone.service[80258]: ERROR keystone.server.flask.application policy_dict.update(cls._extract_member_target_data(
May 31 22:13:57.265777 dv-cinder-844140-1-smb devstack@keystone.service[80258]: ERROR keystone.server.flask.application
File "/opt/stack/keystone/keystone/common/rbac_enforcer/enforcer.py", line 234, in _extract_member_target_data
May 31 22:13:57.265777 dv-cinder-844140-1-smb devstack@keystone.service[80258]: ERROR keystone.server.flask.application member_name: func(flask.request.view_args[key])
May 31 22:13:57.265777 dv-cinder-844140-1-smb devstack@keystone.service[80258]: ERROR keystone.server.flask.application
File "/opt/stack/keystone/keystone/common/manager.py", line 115, in wrapped
May 31 22:13:57.265777 dv-cinder-844140-1-smb devstack@keystone.service[80258]: ERROR keystone.server.flask.application __ret_val = __f(*args, **kwargs)
May 31 22:13:57.265777 dv-cinder-844140-1-smb devstack@keystone.service[80258]: ERROR keystone.server.flask.application
File "/usr/local/lib/python3.8/dist-packages/decorator.py", line 232, in fun
May 31 22:13:57.265777 dv-cinder-844140-1-smb devstack@keystone.service[80258]: ERROR keystone.server.flask.application return caller(func, *(extras + args), **kw)
May 31 22:13:57.265777 dv-cinder-844140-1-smb devstack@keystone.service[80258]: ERROR keystone.server.flask.application
File "/usr/local/lib/python3.8/dist-packages/dogpile/cache/region.py", line 1577, in get_or_create_for_user_func
May 31 22:13:57.265777 dv-cinder-844140-1-smb devstack@keystone.service[80258]: ERROR keystone.server.flask.application return self.get_or_create(
May 31 22:13:57.265777 dv-cinder-844140-1-smb devstack@keystone.service[80258]: ERROR keystone.server.flask.application
File "/usr/local/lib/python3.8/dist-packages/dogpile/cache/region.py", line 1042, in get_or_create
May 31 22:13:57.265777 dv-cinder-844140-1-smb devstack@keystone.service[80258]: ERROR keystone.server.flask.application with Lock(
May 31 22:13:57.265777 dv-cinder-844140-1-smb devstack@keystone.service[80258]: ERROR keystone.server.flask.application
File "/usr/local/lib/python3.8/dist-packages/dogpile/lock.py", line 185, in __enter__
May 31 22:13:57.265777 dv-cinder-844140-1-smb devstack@keystone.service[80258]: ERROR keystone.server.flask.application return self._enter()
May 31 22:13:57.265777 dv-cinder-844140-1-smb devstack@keystone.service[80258]: ERROR keystone.server.flask.application
File "/usr/local/lib/python3.8/dist-packages/dogpile/lock.py", line 94, in _enter
May 31 22:13:57.265777 dv-cinder-844140-1-smb devstack@keystone.service[80258]: ERROR keystone.server.flask.application generated = self._enter_create(value, createdtime)
May 31 22:13:57.266563 dv-cinder-844140-1-smb devstack@keystone.service[80258]: ERROR keystone.server.flask.application
File "/usr/local/lib/python3.8/dist-packages/dogpile/lock.py", line 178, in _enter_create
May 31 22:13:57.266563 dv-cinder-844140-1-smb devstack@keystone.service[80258]: ERROR keystone.server.flask.application return self.creator()
May 31 22:13:57.266563 dv-cinder-844140-1-smb devstack@keystone.service[80258]: ERROR keystone.server.flask.application
File "/usr/local/lib/python3.8/dist-packages/dogpile/cache/region.py", line 995, in gen_value
May 31 22:13:57.266563 dv-cinder-844140-1-smb devstack@keystone.service[80258]: ERROR keystone.server.flask.application created_value = creator(
May 31 22:13:57.266563 dv-cinder-844140-1-smb devstack@keystone.service[80258]: ERROR keystone.server.flask.application
File "/opt/stack/keystone/keystone/assignment/core.py", line 1276, in get_role
May 31 22:13:57.266563 dv-cinder-844140-1-smb devstack@keystone.service[80258]: ERROR keystone.server.flask.application return self.driver.get_role(role_id)
May 31 22:13:57.266563 dv-cinder-844140-1-smb devstack@keystone.service[80258]: ERROR keystone.server.flask.application
File "/opt/stack/keystone/keystone/assignment/role_backends/sql.py", line 70, in get_role
May 31 22:13:57.266563 dv-cinder-844140-1-smb devstack@keystone.service[80258]: ERROR keystone.server.flask.application return self._get_role(session, role_id).to_dict()
May 31 22:13:57.266563 dv-cinder-844140-1-smb devstack@keystone.service[80258]: ERROR keystone.server.flask.application
File "/opt/stack/keystone/keystone/assignment/role_backends/sql.py", line 65, in _get_role
May 31 22:13:57.266563 dv-cinder-844140-1-smb devstack@keystone.service[80258]: ERROR keystone.server.flask.application raise exception.RoleNotFound(role_id=role_id)
May 31 22:13:57.266563 dv-cinder-844140-1-smb devstack@keystone.service[80258]: ERROR keystone.server.flask.application keystone.exception.RoleNotFound: Could not find role: reader.
May 31 22:13:57.266563 dv-cinder-844140-1-smb devstack@keystone.service[80258]: ERROR keystone.server.flask.application
May 31 22:13:57.274000 dv-cinder-844140-1-smb devstack@keystone.service[80258]: [pid: 80258|app: 0|req: 150/280] 10.222.0.20 () {56 vars in 1099 bytes} [Tue May 31 22:13:57 2022] GET /identity/v3/roles/reader => generated 84 bytes in 189 msecs (HTTP/1.1 404) 5 headers in 183 bytes (1 switches on core 0)
May 31 22:13:57.275229 dv-cinder-844140-1-smb devstack@keystone.service[80258]: DEBUG keystone.server.flask.request_processing.middleware.auth_context [None req-2ccd0e10-253a-42aa-83f7-685156a5c69f None admin] Authenticating user token {{(pid=80258) process_request /usr/local/lib/python3.8/dist-packages/keystonemiddleware/auth_token/__init__.py:407}}
May 31 22:13:57.362652 dv-cinder-844140-1-smb devstack@keystone.service[80257]: DEBUG keystone.server.flask.request_processing.middleware.auth_context [None req-76c10525-4c00-48dc-8918-b7d90cafc45c None admin] Validating token access rules against request {{(pid=80257) validate_allowed_request /usr/local/lib/python3.8/dist-packages/keystonemiddleware/auth_token/__init__.py:545}}
May 31 22:13:57.389480 dv-cinder-844140-1-smb devstack@keystone.service[80258]: DEBUG keystone.server.flask.request_processing.middleware.auth_context [None req-2ccd0e10-253a-42aa-83f7-685156a5c69f None admin] Validating token access rules against request {{(pid=80258) validate_allowed_request /usr/local/lib/python3.8/dist-packages/keystonemiddleware/auth_token/__init__.py:545}}
May 31 22:13:57.404670 dv-cinder-844140-1-smb devstack@keystone.service[80257]: DEBUG keystone.server.flask.request_processing.middleware.auth_context [None req-20c5af68-a803-4dc9-a32e-535b3ac44f7b None admin] RBAC: auth_context: {'token': , 'domain_id': None, 'trust_id': None, 'trustor_id': None, 'trustee_id': None, 'domain_name': None, 'group_ids': [], 'user_id': '7dd76d91ea6d4276a335593acacd9cab', 'user_domain_id': 'default', 'system_scope': 'all', 'project_id': None, 'project_domain_id': None, 'roles': ['admin', 'member', 'reader'], 'is_admin_project': True, 'service_user_id': None, 'service_user_domain_id': None, 'service_project_id': None, 'service_project_domain_id': None, 'service_roles': []} {{(pid=80257) fill_context /opt/stack/keystone/keystone/server/flask/request_processing/middleware/auth_context.py:478}}
May 31 22:13:57.405767 dv-cinder-844140-1-smb devstack@keystone.service[80257]: DEBUG keystone.server.flask.request_processing.req_logging [None req-20c5af68-a803-4dc9-a32e-535b3ac44f7b None admin] REQUEST_METHOD: `GET` {{(pid=80257) log_request_info /opt/stack/keystone/keystone/server/flask/request_processing/req_logging.py:27}}
May 31 22:13:57.406111 dv-cinder-844140-1-smb devstack@keystone.service[80257]: DEBUG keystone.server.flask.request_processing.req_logging [None req-20c5af68-a803-4dc9-a32e-535b3ac44f7b None admin] SCRIPT_NAME: `/identity` {{(pid=80257) log_request_info /opt/stack/keystone/keystone/server/flask/request_processing/req_logging.py:28}}
May 31 22:13:57.406450 dv-cinder-844140-1-smb devstack@keystone.service[80257]: DEBUG keystone.server.flask.request_processing.req_logging [None req-20c5af68-a803-4dc9-a32e-535b3ac44f7b None admin] PATH_INFO: `/v3/users/e920d21a20f7409a9ffbbe7827d98103` {{(pid=80257) log_request_info /opt/stack/keystone/keystone/server/flask/request_processing/req_logging.py:29}}
May 31 22:13:57.423622 dv-cinder-844140-1-smb devstack@keystone.service[80257]: DEBUG keystone.common.rbac_enforcer.enforcer [None req-20c5af68-a803-4dc9-a32e-535b3ac44f7b None admin] RBAC: Authorizing `identity:get_user(user_id=e920d21a20f7409a9ffbbe7827d98103)` {{(pid=80257) enforce_call /opt/stack/keystone/keystone/common/rbac_enforcer/enforcer.py:449}}
May 31 22:13:57.425348 dv-cinder-844140-1-smb devstack@keystone.service[80257]: DEBUG keystone.common.rbac_enforcer.enforcer [None req-20c5af68-a803-4dc9-a32e-535b3ac44f7b None admin] RBAC: Authorization granted {{(pid=80257) enforce_call /opt/stack/keystone/keystone/common/rbac_enforcer/enforcer.py:457}}
May 31 22:13:57.431808 dv-cinder-844140-1-smb devstack@keystone.service[80257]: [pid: 80257|app: 0|req: 131/281] 10.222.0.20 () {56 vars in 1177 bytes} [Tue May 31 22:13:57 2022] GET /identity/v3/users/e920d21a20f7409a9ffbbe7827d98103 => generated 293 bytes in 196 msecs (HTTP/1.1 200) 5 headers in 177 bytes (1 switches on core 0)
May 31 22:13:57.431952 dv-cinder-844140-1-smb devstack@keystone.service[80258]: DEBUG keystone.server.flask.request_processing.middleware.auth_context [None req-0725f1b4-f086-463d-947e-1fa659b58323 None admin] RBAC: auth_context: {'token': , 'domain_id': None, 'trust_id': None, 'trustor_id': None, 'trustee_id': None, 'domain_name': None, 'group_ids': [], 'user_id': '7dd76d91ea6d4276a335593acacd9cab', 'user_domain_id': 'default', 'system_scope': 'all', 'project_id': None, 'project_domain_id': None, 'roles': ['admin', 'member', 'reader'], 'is_admin_project': True, 'service_user_id': None, 'service_user_domain_id': None, 'service_project_id': None, 'service_project_domain_id': None, 'service_roles': []} {{(pid=80258) fill_context /opt/stack/keystone/keystone/server/flask/request_processing/middleware/auth_context.py:478}}
May 31 22:13:57.432525 dv-cinder-844140-1-smb devstack@keystone.service[80258]: DEBUG keystone.server.flask.request_processing.req_logging [None req-0725f1b4-f086-463d-947e-1fa659b58323 None admin] REQUEST_METHOD: `GET` {{(pid=80258) log_request_info /opt/stack/keystone/keystone/server/flask/request_processing/req_logging.py:27}}
May 31 22:13:57.432809 dv-cinder-844140-1-smb devstack@keystone.service[80258]: DEBUG keystone.server.flask.request_processing.req_logging [None req-0725f1b4-f086-463d-947e-1fa659b58323 None admin] SCRIPT_NAME: `/identity` {{(pid=80258) log_request_info /opt/stack/keystone/keystone/server/flask/request_processing/req_logging.py:28}}
May 31 22:13:57.433083 dv-cinder-844140-1-smb devstack@keystone.service[80258]: DEBUG keystone.server.flask.request_processing.req_logging [None req-0725f1b4-f086-463d-947e-1fa659b58323 None admin] PATH_INFO: `/v3/roles` {{(pid=80258) log_request_info /opt/stack/keystone/keystone/server/flask/request_processing/req_logging.py:29}}
May 31 22:13:57.433176 dv-cinder-844140-1-smb devstack@keystone.service[80257]: DEBUG keystone.server.flask.request_processing.middleware.auth_context [None req-20c5af68-a803-4dc9-a32e-535b3ac44f7b None admin] Authenticating user token {{(pid=80257) process_request /usr/local/lib/python3.8/dist-packages/keystonemiddleware/auth_token/__init__.py:407}}
May 31 22:13:57.433834 dv-cinder-844140-1-smb devstack@keystone.service[80258]: DEBUG keystone.common.rbac_enforcer.enforcer [None req-0725f1b4-f086-463d-947e-1fa659b58323 None admin] RBAC: Adding query filter params (name=reader) {{(pid=80258) _extract_filter_values /opt/stack/keystone/keystone/common/rbac_enforcer/enforcer.py:167}}
May 31 22:13:57.434140 dv-cinder-844140-1-smb devstack@keystone.service[80258]: DEBUG keystone.common.rbac_enforcer.enforcer [None req-0725f1b4-f086-463d-947e-1fa659b58323 None admin] RBAC: Authorizing `identity:list_roles()` {{(pid=80258) enforce_call /opt/stack/keystone/keystone/common/rbac_enforcer/enforcer.py:449}}
May 31 22:13:57.436429 dv-cinder-844140-1-smb devstack@keystone.service[80258]: DEBUG keystone.common.rbac_enforcer.enforcer [None req-0725f1b4-f086-463d-947e-1fa659b58323 None admin] RBAC: Authorization granted {{(pid=80258) enforce_call /opt/stack/keystone/keystone/common/rbac_enforcer/enforcer.py:457}}
May 31 22:13:57.446389 dv-cinder-844140-1-smb devstack@keystone.service[80258]: [pid: 80258|app: 0|req: 151/282] 10.222.0.20 () {56 vars in 1101 bytes} [Tue May 31 22:13:57 2022] GET /identity/v3/roles?name=reader => generated 341 bytes in 172 msecs (HTTP/1.1 200) 5 headers in 177 bytes (1 switches on core 0)
May 31 22:13:57.453016 dv-cinder-844140-1-smb devstack@keystone.service[80258]: DEBUG keystone.server.flask.request_processing.middleware.auth_context [None req-0725f1b4-f086-463d-947e-1fa659b58323 None admin] Authenticating user token {{(pid=80258) process_request /usr/local/lib/python3.8/dist-packages/keystonemiddleware/auth_token/__init__.py:407}}
May 31 22:13:57.489522 dv-cinder-844140-1-smb devstack@keystone.service[80258]: DEBUG dbcounter [-] [80258] Writing DB stats keystone:SELECT=100 {{(pid=80258) stat_writer /usr/local/lib/python3.8/dist-packages/dbcounter.py:114}}
May 31 22:13:57.498339 dv-cinder-844140-1-smb devstack@keystone.service[80257]: DEBUG dbcounter [-] [80257] Writing DB stats keystone:SELECT=100 {{(pid=80257) stat_writer /usr/local/lib/python3.8/dist-packages/dbcounter.py:114}}
May 31 22:13:57.553436 dv-cinder-844140-1-smb devstack@keystone.service[80257]: DEBUG keystone.server.flask.request_processing.middleware.auth_context [None req-20c5af68-a803-4dc9-a32e-535b3ac44f7b None admin] Validating token access rules against request {{(pid=80257) validate_allowed_request /usr/local/lib/python3.8/dist-packages/keystonemiddleware/auth_token/__init__.py:545}}
May 31 22:13:57.580727 dv-cinder-844140-1-smb devstack@keystone.service[80258]: DEBUG keystone.server.flask.request_processing.middleware.auth_context [None req-0725f1b4-f086-463d-947e-1fa659b58323 None admin] Validating token access rules against request {{(pid=80258) validate_allowed_request /usr/local/lib/python3.8/dist-packages/keystonemiddleware/auth_token/__init__.py:545}}
May 31 22:13:57.604581 dv-cinder-844140-1-smb devstack@keystone.service[80257]: DEBUG keystone.server.flask.request_processing.middleware.auth_context [None req-6abf5a2c-1891-4254-9159-2762e7e883a6 None admin] RBAC: auth_context: {'token': , 'domain_id': None, 'trust_id': None, 'trustor_id': None, 'trustee_id': None, 'domain_name': None, 'group_ids': [], 'user_id': '7dd76d91ea6d4276a335593acacd9cab', 'user_domain_id': 'default', 'system_scope': 'all', 'project_id': None, 'project_domain_id': None, 'roles': ['admin', 'member', 'reader'], 'is_admin_project': True, 'service_user_id': None, 'service_user_domain_id': None, 'service_project_id': None, 'service_project_domain_id': None, 'service_roles': []} {{(pid=80257) fill_context /opt/stack/keystone/keystone/server/flask/request_processing/middleware/auth_context.py:478}}
May 31 22:13:57.605243 dv-cinder-844140-1-smb devstack@keystone.service[80257]: DEBUG keystone.server.flask.request_processing.req_logging [None req-6abf5a2c-1891-4254-9159-2762e7e883a6 None admin] REQUEST_METHOD: `GET` {{(pid=80257) log_request_info /opt/stack/keystone/keystone/server/flask/request_processing/req_logging.py:27}}
May 31 22:13:57.605526 dv-cinder-844140-1-smb devstack@keystone.service[80257]: DEBUG keystone.server.flask.request_processing.req_logging [None req-6abf5a2c-1891-4254-9159-2762e7e883a6 None admin] SCRIPT_NAME: `/identity` {{(pid=80257) log_request_info /opt/stack/keystone/keystone/server/flask/request_processing/req_logging.py:28}}
May 31 22:13:57.605800 dv-cinder-844140-1-smb devstack@keystone.service[80257]: DEBUG keystone.server.flask.request_processing.req_logging [None req-6abf5a2c-1891-4254-9159-2762e7e883a6 None admin] PATH_INFO: `/v3/role_assignments` {{(pid=80257) log_request_info /opt/stack/keystone/keystone/server/flask/request_processing/req_logging.py:29}}
May 31 22:13:57.606688 dv-cinder-844140-1-smb devstack@keystone.service[80257]: DEBUG keystone.common.rbac_enforcer.enforcer [None req-6abf5a2c-1891-4254-9159-2762e7e883a6 None admin] RBAC: Adding query filter params (role.id=dcf5049861564ae78ca69246e9f84ef1, user.id=e920d21a20f7409a9ffbbe7827d98103, scope.system=all) {{(pid=80257) _extract_filter_values /opt/stack/keystone/keystone/common/rbac_enforcer/enforcer.py:167}}
May 31 22:13:57.606999 dv-cinder-844140-1-smb devstack@keystone.service[80257]: DEBUG keystone.common.rbac_enforcer.enforcer [None req-6abf5a2c-1891-4254-9159-2762e7e883a6 None admin] RBAC: Authorizing `identity:list_role_assignments()` {{(pid=80257) enforce_call /opt/stack/keystone/keystone/common/rbac_enforcer/enforcer.py:449}}
May 31 22:13:57.608581 dv-cinder-844140-1-smb devstack@keystone.service[80257]: DEBUG keystone.common.rbac_enforcer.enforcer [None req-6abf5a2c-1891-4254-9159-2762e7e883a6 None admin] RBAC: Authorization granted {{(pid=80257) enforce_call /opt/stack/keystone/keystone/common/rbac_enforcer/enforcer.py:457}}
May 31 22:13:57.618300 dv-cinder-844140-1-smb devstack@keystone.service[80257]: [pid: 80257|app: 0|req: 132/283] 10.222.0.20 () {56 vars in 1308 bytes} [Tue May 31 22:13:57 2022] GET /identity/v3/role_assignments?user.id=e920d21a20f7409a9ffbbe7827d98103&scope.system=all&role.id=dcf5049861564ae78ca69246e9f84ef1 => generated 226 bytes in 185 msecs (HTTP/1.1 200) 5 headers in 177 bytes (1 switches on core 0)
May 31 22:13:57.619937 dv-cinder-844140-1-smb devstack@keystone.service[80257]: DEBUG keystone.server.flask.request_processing.req_logging [None req-e1aacfc8-aa58-4284-857d-f5e506c36211 None None] REQUEST_METHOD: `GET` {{(pid=80257) log_request_info /opt/stack/keystone/keystone/server/flask/request_processing/req_logging.py:27}}
May 31 22:13:57.620468 dv-cinder-844140-1-smb devstack@keystone.service[80257]: DEBUG keystone.server.flask.request_processing.req_logging [None req-e1aacfc8-aa58-4284-857d-f5e506c36211 None None] SCRIPT_NAME: `/identity` {{(pid=80257) log_request_info /opt/stack/keystone/keystone/server/flask/request_processing/req_logging.py:28}}
May 31 22:13:57.620898 dv-cinder-844140-1-smb devstack@keystone.service[80257]: DEBUG keystone.server.flask.request_processing.req_logging [None req-e1aacfc8-aa58-4284-857d-f5e506c36211 None None] PATH_INFO: `/` {{(pid=80257) log_request_info /opt/stack/keystone/keystone/server/flask/request_processing/req_logging.py:29}}
May 31 22:13:57.623293 dv-cinder-844140-1-smb devstack@keystone.service[80257]: [pid: 80257|app: 0|req: 133/284] 10.222.0.20 () {54 vars in 926 bytes} [Tue May 31 22:13:57 2022] GET /identity => generated 270 bytes in 4 msecs (HTTP/1.1 300) 6 headers in 234 bytes (1 switches on core 0)
May 31 22:13:57.628645 dv-cinder-844140-1-smb devstack@keystone.service[80257]: DEBUG keystone.server.flask.request_processing.req_logging [None req-6a572cbe-f0b6-43f9-a014-9c239bf4741a None None] REQUEST_METHOD: `POST` {{(pid=80257) log_request_info /opt/stack/keystone/keystone/server/flask/request_processing/req_logging.py:27}}
May 31 22:13:57.628977 dv-cinder-844140-1-smb devstack@keystone.service[80257]: DEBUG keystone.server.flask.request_processing.req_logging [None req-6a572cbe-f0b6-43f9-a014-9c239bf4741a None None] SCRIPT_NAME: `/identity` {{(pid=80257) log_request_info /opt/stack/keystone/keystone/server/flask/request_processing/req_logging.py:28}}
May 31 22:13:57.629185 dv-cinder-844140-1-smb devstack@keystone.service[80257]: DEBUG keystone.server.flask.request_processing.req_logging [None req-6a572cbe-f0b6-43f9-a014-9c239bf4741a None None] PATH_INFO: `/v3/auth/tokens` {{(pid=80257) log_request_info /opt/stack/keystone/keystone/server/flask/request_processing/req_logging.py:29}}
May 31 22:13:57.642421 dv-cinder-844140-1-smb devstack@keystone.service[80258]: DEBUG keystone.server.flask.request_processing.middleware.auth_context [None req-0154023e-b060-4981-8304-525dfe11eb55 None admin] RBAC: auth_context: {'token': , 'domain_id': None, 'trust_id': None, 'trustor_id': None, 'trustee_id': None, 'domain_name': None, 'group_ids': [], 'user_id': '7dd76d91ea6d4276a335593acacd9cab', 'user_domain_id': 'default', 'system_scope': 'all', 'project_id': None, 'project_domain_id': None, 'roles': ['admin', 'member', 'reader'], 'is_admin_project': True, 'service_user_id': None, 'service_user_domain_id': None, 'service_project_id': None, 'service_project_domain_id': None, 'service_roles': []} {{(pid=80258) fill_context /opt/stack/keystone/keystone/server/flask/request_processing/middleware/auth_context.py:478}}
May 31 22:13:57.644146 dv-cinder-844140-1-smb devstack@keystone.service[80258]: DEBUG keystone.server.flask.request_processing.req_logging [None req-0154023e-b060-4981-8304-525dfe11eb55 None admin] REQUEST_METHOD: `GET` {{(pid=80258) log_request_info /opt/stack/keystone/keystone/server/flask/request_processing/req_logging.py:27}}
May 31 22:13:57.644443 dv-cinder-844140-1-smb devstack@keystone.service[80258]: DEBUG keystone.server.flask.request_processing.req_logging [None req-0154023e-b060-4981-8304-525dfe11eb55 None admin] SCRIPT_NAME: `/identity` {{(pid=80258) log_request_info /opt/stack/keystone/keystone/server/flask/request_processing/req_logging.py:28}}
May 31 22:13:57.644715 dv-cinder-844140-1-smb devstack@keystone.service[80258]: DEBUG keystone.server.flask.request_processing.req_logging [None req-0154023e-b060-4981-8304-525dfe11eb55 None admin] PATH_INFO: `/v3/users/ba5e6bc8ed4b41b4be2de6888409b766` {{(pid=80258) log_request_info /opt/stack/keystone/keystone/server/flask/request_processing/req_logging.py:29}}
May 31 22:13:57.646083 dv-cinder-844140-1-smb devstack@keystone.service[80258]: DEBUG keystone.common.rbac_enforcer.enforcer [None req-0154023e-b060-4981-8304-525dfe11eb55 None admin] RBAC: Authorizing `identity:get_user(user_id=ba5e6bc8ed4b41b4be2de6888409b766)` {{(pid=80258) enforce_call /opt/stack/keystone/keystone/common/rbac_enforcer/enforcer.py:449}}
May 31 22:13:57.647977 dv-cinder-844140-1-smb devstack@keystone.service[80258]: DEBUG keystone.common.rbac_enforcer.enforcer [None req-0154023e-b060-4981-8304-525dfe11eb55 None admin] RBAC: Authorization granted {{(pid=80258) enforce_call /opt/stack/keystone/keystone/common/rbac_enforcer/enforcer.py:457}}
May 31 22:13:57.649735 dv-cinder-844140-1-smb devstack@keystone.service[80258]: [pid: 80258|app: 0|req: 152/285] 10.222.0.20 () {56 vars in 1177 bytes} [Tue May 31 22:13:57 2022] GET /identity/v3/users/ba5e6bc8ed4b41b4be2de6888409b766 => generated 297 bytes in 197 msecs (HTTP/1.1 200) 5 headers in 177 bytes (2 switches on core 0)
May 31 22:13:57.651889 dv-cinder-844140-1-smb devstack@keystone.service[80257]: DEBUG keystone.auth.core [None req-6a572cbe-f0b6-43f9-a014-9c239bf4741a None None] MFA Rules not processed for user `7dd76d91ea6d4276a335593acacd9cab`. Rule list: `[]` (Enabled: `True`). {{(pid=80257) check_auth_methods_against_rules /opt/stack/keystone/keystone/auth/core.py:438}}
May 31 22:13:57.654453 dv-cinder-844140-1-smb devstack@keystone.service[80257]: DEBUG keystone.common.fernet_utils [None req-6a572cbe-f0b6-43f9-a014-9c239bf4741a None None] Loaded 2 Fernet keys from /etc/keystone/fernet-keys/, but `[fernet_tokens] max_active_keys = 3`; perhaps there have not been enough key rotations to reach `max_active_keys` yet? {{(pid=80257) load_keys /opt/stack/keystone/keystone/common/fernet_utils.py:286}}
May 31 22:13:57.656224 dv-cinder-844140-1-smb devstack@keystone.service[80258]: DEBUG keystone.server.flask.request_processing.middleware.auth_context [None req-0154023e-b060-4981-8304-525dfe11eb55 None admin] Authenticating user token {{(pid=80258) process_request /usr/local/lib/python3.8/dist-packages/keystonemiddleware/auth_token/__init__.py:407}}
May 31 22:13:57.739381 dv-cinder-844140-1-smb devstack@keystone.service[80257]: [pid: 80257|app: 0|req: 134/286] 10.222.0.20 () {58 vars in 1023 bytes} [Tue May 31 22:13:57 2022] POST /identity/v3/auth/tokens => generated 799 bytes in 107 msecs (HTTP/1.1 201) 6 headers in 363 bytes (1 switches on core 0)
May 31 22:13:57.761499 dv-cinder-844140-1-smb devstack@keystone.service[80257]: DEBUG keystone.server.flask.request_processing.middleware.auth_context [None req-6a572cbe-f0b6-43f9-a014-9c239bf4741a None None] Authenticating user token {{(pid=80257) process_request /usr/local/lib/python3.8/dist-packages/keystonemiddleware/auth_token/__init__.py:407}}
May 31 22:13:57.791617 dv-cinder-844140-1-smb devstack@keystone.service[80258]: DEBUG dbcounter [-] [80258] Writing DB stats keystone:SELECT=100 {{(pid=80258) stat_writer /usr/local/lib/python3.8/dist-packages/dbcounter.py:114}}
May 31 22:13:57.800690 dv-cinder-844140-1-smb devstack@keystone.service[80258]: DEBUG keystone.server.flask.request_processing.middleware.auth_context [None req-0154023e-b060-4981-8304-525dfe11eb55 None admin] Validating token access rules against request {{(pid=80258) validate_allowed_request /usr/local/lib/python3.8/dist-packages/keystonemiddleware/auth_token/__init__.py:545}}
May 31 22:13:57.822675 dv-cinder-844140-1-smb devstack@keystone.service[80257]: DEBUG dbcounter [-] [80257] Writing DB stats keystone:SELECT=100 {{(pid=80257) stat_writer /usr/local/lib/python3.8/dist-packages/dbcounter.py:114}}
May 31 22:13:57.849151 dv-cinder-844140-1-smb devstack@keystone.service[80258]: DEBUG keystone.server.flask.request_processing.middleware.auth_context [None req-b255916c-febd-4969-a933-5484000573c6 None admin] RBAC: auth_context: {'token': , 'domain_id': None, 'trust_id': None, 'trustor_id': None, 'trustee_id': None, 'domain_name': None, 'group_ids': [], 'user_id': '7dd76d91ea6d4276a335593acacd9cab', 'user_domain_id': 'default', 'system_scope': 'all', 'project_id': None, 'project_domain_id': None, 'roles': ['admin', 'member', 'reader'], 'is_admin_project': True, 'service_user_id': None, 'service_user_domain_id': None, 'service_project_id': None, 'service_project_domain_id': None, 'service_roles': []} {{(pid=80258) fill_context /opt/stack/keystone/keystone/server/flask/request_processing/middleware/auth_context.py:478}}
May 31 22:13:57.851023 dv-cinder-844140-1-smb devstack@keystone.service[80258]: DEBUG keystone.server.flask.request_processing.req_logging [None req-b255916c-febd-4969-a933-5484000573c6 None admin] REQUEST_METHOD: `GET` {{(pid=80258) log_request_info /opt/stack/keystone/keystone/server/flask/request_processing/req_logging.py:27}}
May 31 22:13:57.851337 dv-cinder-844140-1-smb devstack@keystone.service[80258]: DEBUG keystone.server.flask.request_processing.req_logging [None req-b255916c-febd-4969-a933-5484000573c6 None admin] SCRIPT_NAME: `/identity` {{(pid=80258) log_request_info /opt/stack/keystone/keystone/server/flask/request_processing/req_logging.py:28}}
May 31 22:13:57.851609 dv-cinder-844140-1-smb devstack@keystone.service[80258]: DEBUG keystone.server.flask.request_processing.req_logging [None req-b255916c-febd-4969-a933-5484000573c6 None admin] PATH_INFO: `/v3/projects/85f3d512c3324f808b862fa7e5c4c50c` {{(pid=80258) log_request_info /opt/stack/keystone/keystone/server/flask/request_processing/req_logging.py:29}}
May 31 22:13:57.852870 dv-cinder-844140-1-smb devstack@keystone.service[80258]: DEBUG keystone.common.rbac_enforcer.enforcer [None req-b255916c-febd-4969-a933-5484000573c6 None admin] RBAC: Authorizing `identity:get_project(project_id=85f3d512c3324f808b862fa7e5c4c50c)` {{(pid=80258) enforce_call /opt/stack/keystone/keystone/common/rbac_enforcer/enforcer.py:449}}
May 31 22:13:57.854323 dv-cinder-844140-1-smb devstack@keystone.service[80258]: DEBUG keystone.common.rbac_enforcer.enforcer [None req-b255916c-febd-4969-a933-5484000573c6 None admin] RBAC: Authorization granted {{(pid=80258) enforce_call /opt/stack/keystone/keystone/common/rbac_enforcer/enforcer.py:457}}
