May 28 17:22:38.410587 dv-cinder-843729-1-smb devstack@c-api.service[110713]: INFO cinder.api.openstack.wsgi [None req-61717b88-9ffe-4566-826e-eed3c0d2815b tempest-QosSpecsTestJSON-1944210247 tempest-QosSpecsTestJSON-1944210247-project-admin] PUT http://10.222.0.15/volume/v3/29963ad81b8e45cf8bdaee761753d482/qos-specs/9b400bd0-f2d6-4dc7-8ad6-3b28f248bfe1/delete_keys
May 28 17:22:38.411333 dv-cinder-843729-1-smb devstack@c-api.service[110713]: DEBUG cinder.api.openstack.wsgi [None req-61717b88-9ffe-4566-826e-eed3c0d2815b tempest-QosSpecsTestJSON-1944210247 tempest-QosSpecsTestJSON-1944210247-project-admin] Action: 'delete_keys', calling method: delete_keys, body: {"keys": ["iops_bytes"]} {{(pid=110713) _process_stack /opt/stack/cinder/cinder/api/openstack/wsgi.py:866}}
May 28 17:22:38.412423 dv-cinder-843729-1-smb devstack@c-api.service[110713]: /usr/local/lib/python3.8/dist-packages/oslo_context/context.py:100: DeprecationWarning: Policy enforcement is depending on the value of is_admin. This key is deprecated. Please update your policy file to use the standard policy values.
May 28 17:22:38.412423 dv-cinder-843729-1-smb devstack@c-api.service[110713]: warnings.warn('Policy enforcement is depending on the value of '
May 28 17:22:38.413096 dv-cinder-843729-1-smb devstack@c-api.service[110713]: DEBUG cinder.api.contrib.qos_specs_manage [None req-61717b88-9ffe-4566-826e-eed3c0d2815b tempest-QosSpecsTestJSON-1944210247 tempest-QosSpecsTestJSON-1944210247-project-admin] Delete_key spec: 9b400bd0-f2d6-4dc7-8ad6-3b28f248bfe1, keys: ['iops_bytes'] {{(pid=110713) delete_keys /opt/stack/cinder/cinder/api/contrib/qos_specs_manage.py:207}}
May 28 17:22:38.436567 dv-cinder-843729-1-smb devstack@c-api.service[110713]: INFO cinder.api.openstack.wsgi [None req-61717b88-9ffe-4566-826e-eed3c0d2815b tempest-QosSpecsTestJSON-1944210247 tempest-QosSpecsTestJSON-1944210247-project-admin] http://10.222.0.15/volume/v3/29963ad81b8e45cf8bdaee761753d482/qos-specs/9b400bd0-f2d6-4dc7-8ad6-3b28f248bfe1/delete_keys returned with HTTP 202
May 28 17:22:38.437498 dv-cinder-843729-1-smb devstack@c-api.service[110713]: [pid: 110713|app: 0|req: 158/309] 10.222.0.15 () {60 vars in 1386 bytes} [Sat May 28 17:22:38 2022] PUT /volume/v3/29963ad81b8e45cf8bdaee761753d482/qos-specs/9b400bd0-f2d6-4dc7-8ad6-3b28f248bfe1/delete_keys => generated 0 bytes in 33 msecs (HTTP/1.1 202) 6 headers in 233 bytes (1 switches on core 0)
May 28 17:22:38.442234 dv-cinder-843729-1-smb devstack@c-api.service[110714]: DEBUG cinder.api.middleware.request_id [None req-b1fe3ceb-b688-4938-9877-445267d9ad1d None None] RequestId filter calling following filter/app {{(pid=110714) _context_setter /opt/stack/cinder/cinder/api/middleware/request_id.py:62}}
May 28 17:22:38.447807 dv-cinder-843729-1-smb devstack@c-api.service[110714]: INFO cinder.api.openstack.wsgi [None req-b1fe3ceb-b688-4938-9877-445267d9ad1d tempest-QosSpecsTestJSON-1944210247 tempest-QosSpecsTestJSON-1944210247-project-admin] GET http://10.222.0.15/volume/v3/29963ad81b8e45cf8bdaee761753d482/qos-specs/9b400bd0-f2d6-4dc7-8ad6-3b28f248bfe1
May 28 17:22:38.448246 dv-cinder-843729-1-smb devstack@c-api.service[110714]: DEBUG cinder.api.openstack.wsgi [None req-b1fe3ceb-b688-4938-9877-445267d9ad1d tempest-QosSpecsTestJSON-1944210247 tempest-QosSpecsTestJSON-1944210247-project-admin] Empty body provided in request {{(pid=110714) get_body /opt/stack/cinder/cinder/api/openstack/wsgi.py:715}}
May 28 17:22:38.448692 dv-cinder-843729-1-smb devstack@c-api.service[110714]: DEBUG cinder.api.openstack.wsgi [None req-b1fe3ceb-b688-4938-9877-445267d9ad1d tempest-QosSpecsTestJSON-1944210247 tempest-QosSpecsTestJSON-1944210247-project-admin] Calling method 'show' {{(pid=110714) _process_stack /opt/stack/cinder/cinder/api/openstack/wsgi.py:868}}
May 28 17:22:38.449322 dv-cinder-843729-1-smb devstack@c-api.service[110714]: /usr/local/lib/python3.8/dist-packages/oslo_context/context.py:100: DeprecationWarning: Policy enforcement is depending on the value of is_admin. This key is deprecated. Please update your policy file to use the standard policy values.
May 28 17:22:38.449322 dv-cinder-843729-1-smb devstack@c-api.service[110714]: warnings.warn('Policy enforcement is depending on the value of '
May 28 17:22:38.452497 dv-cinder-843729-1-smb devstack@c-api.service[110713]: DEBUG cinder.api.middleware.request_id [None req-52648788-a92b-4eff-9a48-97b34d93b4d0 None None] RequestId filter calling following filter/app {{(pid=110713) _context_setter /opt/stack/cinder/cinder/api/middleware/request_id.py:62}}
May 28 17:22:38.455609 dv-cinder-843729-1-smb devstack@c-api.service[110714]: INFO cinder.api.openstack.wsgi [None req-b1fe3ceb-b688-4938-9877-445267d9ad1d tempest-QosSpecsTestJSON-1944210247 tempest-QosSpecsTestJSON-1944210247-project-admin] http://10.222.0.15/volume/v3/29963ad81b8e45cf8bdaee761753d482/qos-specs/9b400bd0-f2d6-4dc7-8ad6-3b28f248bfe1 returned with HTTP 200
May 28 17:22:38.456049 dv-cinder-843729-1-smb devstack@c-api.service[110713]: INFO cinder.api.openstack.wsgi [None req-52648788-a92b-4eff-9a48-97b34d93b4d0 tempest-VolumesListTestJSON-626211120 tempest-VolumesListTestJSON-626211120-project] GET http://10.222.0.15/volume/v3/d7104254ba484df3944228588faf726e/volumes/ba2c950c-d21f-4bf5-b28b-72c46afa5521
May 28 17:22:38.456494 dv-cinder-843729-1-smb devstack@c-api.service[110713]: DEBUG cinder.api.openstack.wsgi [None req-52648788-a92b-4eff-9a48-97b34d93b4d0 tempest-VolumesListTestJSON-626211120 tempest-VolumesListTestJSON-626211120-project] Empty body provided in request {{(pid=110713) get_body /opt/stack/cinder/cinder/api/openstack/wsgi.py:715}}
May 28 17:22:38.456949 dv-cinder-843729-1-smb devstack@c-api.service[110713]: DEBUG cinder.api.openstack.wsgi [None req-52648788-a92b-4eff-9a48-97b34d93b4d0 tempest-VolumesListTestJSON-626211120 tempest-VolumesListTestJSON-626211120-project] Calling method 'show' {{(pid=110713) _process_stack /opt/stack/cinder/cinder/api/openstack/wsgi.py:868}}
May 28 17:22:38.457055 dv-cinder-843729-1-smb devstack@c-api.service[110714]: [pid: 110714|app: 0|req: 152/310] 10.222.0.15 () {58 vars in 1330 bytes} [Sat May 28 17:22:38 2022] GET /volume/v3/29963ad81b8e45cf8bdaee761753d482/qos-specs/9b400bd0-f2d6-4dc7-8ad6-3b28f248bfe1 => generated 459 bytes in 16 msecs (HTTP/1.1 200) 7 headers in 285 bytes (1 switches on core 0)
May 28 17:22:38.463546 dv-cinder-843729-1-smb devstack@c-api.service[110714]: DEBUG cinder.api.middleware.request_id [None req-7acca03b-6cc2-459f-90d7-9fd792c2ea59 None None] RequestId filter calling following filter/app {{(pid=110714) _context_setter /opt/stack/cinder/cinder/api/middleware/request_id.py:62}}
May 28 17:22:38.469016 dv-cinder-843729-1-smb devstack@c-api.service[110714]: INFO cinder.api.openstack.wsgi [None req-7acca03b-6cc2-459f-90d7-9fd792c2ea59 tempest-QosSpecsTestJSON-1944210247 tempest-QosSpecsTestJSON-1944210247-project-admin] GET http://10.222.0.15/volume/v3/29963ad81b8e45cf8bdaee761753d482/qos-specs/9b400bd0-f2d6-4dc7-8ad6-3b28f248bfe1
May 28 17:22:38.469455 dv-cinder-843729-1-smb devstack@c-api.service[110714]: DEBUG cinder.api.openstack.wsgi [None req-7acca03b-6cc2-459f-90d7-9fd792c2ea59 tempest-QosSpecsTestJSON-1944210247 tempest-QosSpecsTestJSON-1944210247-project-admin] Empty body provided in request {{(pid=110714) get_body /opt/stack/cinder/cinder/api/openstack/wsgi.py:715}}
May 28 17:22:38.469896 dv-cinder-843729-1-smb devstack@c-api.service[110714]: DEBUG cinder.api.openstack.wsgi [None req-7acca03b-6cc2-459f-90d7-9fd792c2ea59 tempest-QosSpecsTestJSON-1944210247 tempest-QosSpecsTestJSON-1944210247-project-admin] Calling method 'show' {{(pid=110714) _process_stack /opt/stack/cinder/cinder/api/openstack/wsgi.py:868}}
May 28 17:22:38.470514 dv-cinder-843729-1-smb devstack@c-api.service[110714]: /usr/local/lib/python3.8/dist-packages/oslo_context/context.py:100: DeprecationWarning: Policy enforcement is depending on the value of is_admin. This key is deprecated. Please update your policy file to use the standard policy values.
May 28 17:22:38.470514 dv-cinder-843729-1-smb devstack@c-api.service[110714]: warnings.warn('Policy enforcement is depending on the value of '
May 28 17:22:38.476321 dv-cinder-843729-1-smb devstack@c-api.service[110713]: /usr/local/lib/python3.8/dist-packages/oslo_context/context.py:100: DeprecationWarning: Policy enforcement is depending on the value of is_admin. This key is deprecated. Please update your policy file to use the standard policy values.
May 28 17:22:38.476321 dv-cinder-843729-1-smb devstack@c-api.service[110713]: warnings.warn('Policy enforcement is depending on the value of '
May 28 17:22:38.477057 dv-cinder-843729-1-smb devstack@c-api.service[110714]: INFO cinder.api.openstack.wsgi [None req-7acca03b-6cc2-459f-90d7-9fd792c2ea59 tempest-QosSpecsTestJSON-1944210247 tempest-QosSpecsTestJSON-1944210247-project-admin] http://10.222.0.15/volume/v3/29963ad81b8e45cf8bdaee761753d482/qos-specs/9b400bd0-f2d6-4dc7-8ad6-3b28f248bfe1 returned with HTTP 200
May 28 17:22:38.477755 dv-cinder-843729-1-smb devstack@c-api.service[110714]: [pid: 110714|app: 0|req: 153/311] 10.222.0.15 () {58 vars in 1330 bytes} [Sat May 28 17:22:38 2022] GET /volume/v3/29963ad81b8e45cf8bdaee761753d482/qos-specs/9b400bd0-f2d6-4dc7-8ad6-3b28f248bfe1 => generated 459 bytes in 16 msecs (HTTP/1.1 200) 7 headers in 285 bytes (2 switches on core 0)
May 28 17:22:38.484759 dv-cinder-843729-1-smb devstack@c-api.service[110714]: DEBUG cinder.api.middleware.request_id [None req-12753147-1217-468f-9964-f73b6772b66f None None] RequestId filter calling following filter/app {{(pid=110714) _context_setter /opt/stack/cinder/cinder/api/middleware/request_id.py:62}}
May 28 17:22:38.488900 dv-cinder-843729-1-smb devstack@c-api.service[110713]: INFO cinder.volume.api [None req-52648788-a92b-4eff-9a48-97b34d93b4d0 tempest-VolumesListTestJSON-626211120 tempest-VolumesListTestJSON-626211120-project] Volume info retrieved successfully.
May 28 17:22:38.489492 dv-cinder-843729-1-smb devstack@c-api.service[110714]: INFO cinder.api.openstack.wsgi [None req-12753147-1217-468f-9964-f73b6772b66f tempest-QosSpecsTestJSON-1944210247 tempest-QosSpecsTestJSON-1944210247-project-admin] DELETE http://10.222.0.15/volume/v3/29963ad81b8e45cf8bdaee761753d482/qos-specs/474a87e1-b798-4317-9038-b82e46d1ee54?force=False
May 28 17:22:38.489919 dv-cinder-843729-1-smb devstack@c-api.service[110714]: DEBUG cinder.api.openstack.wsgi [None req-12753147-1217-468f-9964-f73b6772b66f tempest-QosSpecsTestJSON-1944210247 tempest-QosSpecsTestJSON-1944210247-project-admin] Empty body provided in request {{(pid=110714) get_body /opt/stack/cinder/cinder/api/openstack/wsgi.py:715}}
May 28 17:22:38.490406 dv-cinder-843729-1-smb devstack@c-api.service[110714]: DEBUG cinder.api.openstack.wsgi [None req-12753147-1217-468f-9964-f73b6772b66f tempest-QosSpecsTestJSON-1944210247 tempest-QosSpecsTestJSON-1944210247-project-admin] Calling method 'delete' {{(pid=110714) _process_stack /opt/stack/cinder/cinder/api/openstack/wsgi.py:868}}
May 28 17:22:38.491057 dv-cinder-843729-1-smb devstack@c-api.service[110714]: /usr/local/lib/python3.8/dist-packages/oslo_context/context.py:100: DeprecationWarning: Policy enforcement is depending on the value of is_admin. This key is deprecated. Please update your policy file to use the standard policy values.
May 28 17:22:38.491057 dv-cinder-843729-1-smb devstack@c-api.service[110714]: warnings.warn('Policy enforcement is depending on the value of '
May 28 17:22:38.491778 dv-cinder-843729-1-smb devstack@c-api.service[110714]: DEBUG cinder.api.contrib.qos_specs_manage [None req-12753147-1217-468f-9964-f73b6772b66f tempest-QosSpecsTestJSON-1944210247 tempest-QosSpecsTestJSON-1944210247-project-admin] Delete qos_spec: 474a87e1-b798-4317-9038-b82e46d1ee54, force: False {{(pid=110714) delete /opt/stack/cinder/cinder/api/contrib/qos_specs_manage.py:168}}
May 28 17:22:38.497114 dv-cinder-843729-1-smb devstack@c-api.service[110714]: INFO cinder.api.openstack.wsgi [None req-12753147-1217-468f-9964-f73b6772b66f tempest-QosSpecsTestJSON-1944210247 tempest-QosSpecsTestJSON-1944210247-project-admin] http://10.222.0.15/volume/v3/29963ad81b8e45cf8bdaee761753d482/qos-specs/474a87e1-b798-4317-9038-b82e46d1ee54?force=False returned with HTTP 404
May 28 17:22:38.497984 dv-cinder-843729-1-smb devstack@c-api.service[110714]: [pid: 110714|app: 0|req: 154/312] 10.222.0.15 () {58 vars in 1356 bytes} [Sat May 28 17:22:38 2022] DELETE /volume/v3/29963ad81b8e45cf8bdaee761753d482/qos-specs/474a87e1-b798-4317-9038-b82e46d1ee54?force=False => generated 100 bytes in 14 msecs (HTTP/1.1 404) 7 headers in 292 bytes (2 switches on core 0)
May 28 17:22:38.498512 dv-cinder-843729-1-smb devstack@c-api.service[110713]: INFO cinder.api.openstack.wsgi [None req-52648788-a92b-4eff-9a48-97b34d93b4d0 tempest-VolumesListTestJSON-626211120 tempest-VolumesListTestJSON-626211120-project] http://10.222.0.15/volume/v3/d7104254ba484df3944228588faf726e/volumes/ba2c950c-d21f-4bf5-b28b-72c46afa5521 returned with HTTP 200
May 28 17:22:38.509634 dv-cinder-843729-1-smb devstack@c-api.service[110713]: [pid: 110713|app: 0|req: 159/313] 10.222.0.15 () {58 vars in 1324 bytes} [Sat May 28 17:22:38 2022] GET /volume/v3/d7104254ba484df3944228588faf726e/volumes/ba2c950c-d21f-4bf5-b28b-72c46afa5521 => generated 926 bytes in 48 msecs (HTTP/1.1 200) 7 headers in 285 bytes (2 switches on core 0)
May 28 17:22:38.510076 dv-cinder-843729-1-smb devstack@c-api.service[110714]: DEBUG cinder.api.middleware.request_id [None req-a7933d4a-ab7d-4774-a742-ad3c99e71147 None None] RequestId filter calling following filter/app {{(pid=110714) _context_setter /opt/stack/cinder/cinder/api/middleware/request_id.py:62}}
May 28 17:22:38.510076 dv-cinder-843729-1-smb devstack@c-api.service[110714]: INFO cinder.api.openstack.wsgi [None req-a7933d4a-ab7d-4774-a742-ad3c99e71147 tempest-QosSpecsTestJSON-1944210247 tempest-QosSpecsTestJSON-1944210247-project-admin] GET http://10.222.0.15/volume/v3/29963ad81b8e45cf8bdaee761753d482/qos-specs/474a87e1-b798-4317-9038-b82e46d1ee54
May 28 17:22:38.510076 dv-cinder-843729-1-smb devstack@c-api.service[110714]: DEBUG cinder.api.openstack.wsgi [None req-a7933d4a-ab7d-4774-a742-ad3c99e71147 tempest-QosSpecsTestJSON-1944210247 tempest-QosSpecsTestJSON-1944210247-project-admin] Empty body provided in request {{(pid=110714) get_body /opt/stack/cinder/cinder/api/openstack/wsgi.py:715}}
May 28 17:22:38.510076 dv-cinder-843729-1-smb devstack@c-api.service[110714]: DEBUG cinder.api.openstack.wsgi [None req-a7933d4a-ab7d-4774-a742-ad3c99e71147 tempest-QosSpecsTestJSON-1944210247 tempest-QosSpecsTestJSON-1944210247-project-admin] Calling method 'show' {{(pid=110714) _process_stack /opt/stack/cinder/cinder/api/openstack/wsgi.py:868}}
May 28 17:22:38.511478 dv-cinder-843729-1-smb devstack@c-api.service[110713]: DEBUG cinder.api.middleware.request_id [None req-2d37975f-e0c6-4ec4-a919-73b4bcbbb5fb None None] RequestId filter calling following filter/app {{(pid=110713) _context_setter /opt/stack/cinder/cinder/api/middleware/request_id.py:62}}
May 28 17:22:38.514832 dv-cinder-843729-1-smb devstack@c-api.service[110714]: INFO cinder.api.openstack.wsgi [None req-a7933d4a-ab7d-4774-a742-ad3c99e71147 tempest-QosSpecsTestJSON-1944210247 tempest-QosSpecsTestJSON-1944210247-project-admin] http://10.222.0.15/volume/v3/29963ad81b8e45cf8bdaee761753d482/qos-specs/474a87e1-b798-4317-9038-b82e46d1ee54 returned with HTTP 404
May 28 17:22:38.515111 dv-cinder-843729-1-smb devstack@c-api.service[110713]: INFO cinder.api.openstack.wsgi [None req-2d37975f-e0c6-4ec4-a919-73b4bcbbb5fb tempest-VolumesListTestJSON-626211120 tempest-VolumesListTestJSON-626211120-project] GET http://10.222.0.15/volume/v3/d7104254ba484df3944228588faf726e/volumes/ba2c950c-d21f-4bf5-b28b-72c46afa5521
May 28 17:22:38.515551 dv-cinder-843729-1-smb devstack@c-api.service[110713]: DEBUG cinder.api.openstack.wsgi [None req-2d37975f-e0c6-4ec4-a919-73b4bcbbb5fb tempest-VolumesListTestJSON-626211120 tempest-VolumesListTestJSON-626211120-project] Empty body provided in request {{(pid=110713) get_body /opt/stack/cinder/cinder/api/openstack/wsgi.py:715}}
May 28 17:22:38.516050 dv-cinder-843729-1-smb devstack@c-api.service[110713]: DEBUG cinder.api.openstack.wsgi [None req-2d37975f-e0c6-4ec4-a919-73b4bcbbb5fb tempest-VolumesListTestJSON-626211120 tempest-VolumesListTestJSON-626211120-project] Calling method 'show' {{(pid=110713) _process_stack /opt/stack/cinder/cinder/api/openstack/wsgi.py:868}}
May 28 17:22:38.518742 dv-cinder-843729-1-smb devstack@c-api.service[110714]: [pid: 110714|app: 0|req: 155/314] 10.222.0.15 () {58 vars in 1330 bytes} [Sat May 28 17:22:38 2022] GET /volume/v3/29963ad81b8e45cf8bdaee761753d482/qos-specs/474a87e1-b798-4317-9038-b82e46d1ee54 => generated 100 bytes in 17 msecs (HTTP/1.1 404) 7 headers in 292 bytes (2 switches on core 0)
May 28 17:22:38.521302 dv-cinder-843729-1-smb devstack@c-api.service[110714]: DEBUG cinder.api.middleware.request_id [None req-a49978f4-ce8c-49be-95c3-ef5016ae6ff1 None None] RequestId filter calling following filter/app {{(pid=110714) _context_setter /opt/stack/cinder/cinder/api/middleware/request_id.py:62}}
May 28 17:22:38.525433 dv-cinder-843729-1-smb devstack@c-api.service[110714]: INFO cinder.api.openstack.wsgi [None req-a49978f4-ce8c-49be-95c3-ef5016ae6ff1 tempest-QosSpecsTestJSON-1944210247 tempest-QosSpecsTestJSON-1944210247-project-admin] DELETE http://10.222.0.15/volume/v3/29963ad81b8e45cf8bdaee761753d482/qos-specs/8f0e35ee-3274-4d09-972a-c0df56b48e4d?force=False
May 28 17:22:38.525783 dv-cinder-843729-1-smb devstack@c-api.service[110714]: DEBUG cinder.api.openstack.wsgi [None req-a49978f4-ce8c-49be-95c3-ef5016ae6ff1 tempest-QosSpecsTestJSON-1944210247 tempest-QosSpecsTestJSON-1944210247-project-admin] Empty body provided in request {{(pid=110714) get_body /opt/stack/cinder/cinder/api/openstack/wsgi.py:715}}
May 28 17:22:38.526222 dv-cinder-843729-1-smb devstack@c-api.service[110714]: DEBUG cinder.api.openstack.wsgi [None req-a49978f4-ce8c-49be-95c3-ef5016ae6ff1 tempest-QosSpecsTestJSON-1944210247 tempest-QosSpecsTestJSON-1944210247-project-admin] Calling method 'delete' {{(pid=110714) _process_stack /opt/stack/cinder/cinder/api/openstack/wsgi.py:868}}
May 28 17:22:38.527493 dv-cinder-843729-1-smb devstack@c-api.service[110714]: DEBUG cinder.api.contrib.qos_specs_manage [None req-a49978f4-ce8c-49be-95c3-ef5016ae6ff1 tempest-QosSpecsTestJSON-1944210247 tempest-QosSpecsTestJSON-1944210247-project-admin] Delete qos_spec: 8f0e35ee-3274-4d09-972a-c0df56b48e4d, force: False {{(pid=110714) delete /opt/stack/cinder/cinder/api/contrib/qos_specs_manage.py:168}}
May 28 17:22:38.532292 dv-cinder-843729-1-smb devstack@c-api.service[110714]: INFO cinder.api.openstack.wsgi [None req-a49978f4-ce8c-49be-95c3-ef5016ae6ff1 tempest-QosSpecsTestJSON-1944210247 tempest-QosSpecsTestJSON-1944210247-project-admin] http://10.222.0.15/volume/v3/29963ad81b8e45cf8bdaee761753d482/qos-specs/8f0e35ee-3274-4d09-972a-c0df56b48e4d?force=False returned with HTTP 404
May 28 17:22:38.532415 dv-cinder-843729-1-smb devstack@c-api.service[110713]: /usr/local/lib/python3.8/dist-packages/oslo_context/context.py:100: DeprecationWarning: Policy enforcement is depending on the value of is_admin. This key is deprecated. Please update your policy file to use the standard policy values.
May 28 17:22:38.532415 dv-cinder-843729-1-smb devstack@c-api.service[110713]: warnings.warn('Policy enforcement is depending on the value of '
May 28 17:22:38.533077 dv-cinder-843729-1-smb devstack@c-api.service[110714]: [pid: 110714|app: 0|req: 156/315] 10.222.0.15 () {58 vars in 1356 bytes} [Sat May 28 17:22:38 2022] DELETE /volume/v3/29963ad81b8e45cf8bdaee761753d482/qos-specs/8f0e35ee-3274-4d09-972a-c0df56b48e4d?force=False => generated 100 bytes in 14 msecs (HTTP/1.1 404) 7 headers in 292 bytes (1 switches on core 0)
May 28 17:22:38.537240 dv-cinder-843729-1-smb devstack@c-api.service[110714]: DEBUG cinder.api.middleware.request_id [None req-a5c974be-149b-4ca8-bd1c-dab2d8f07192 None None] RequestId filter calling following filter/app {{(pid=110714) _context_setter /opt/stack/cinder/cinder/api/middleware/request_id.py:62}}
May 28 17:22:38.540725 dv-cinder-843729-1-smb devstack@c-api.service[110713]: INFO cinder.volume.api [None req-2d37975f-e0c6-4ec4-a919-73b4bcbbb5fb tempest-VolumesListTestJSON-626211120 tempest-VolumesListTestJSON-626211120-project] Volume info retrieved successfully.
May 28 17:22:38.542034 dv-cinder-843729-1-smb devstack@c-api.service[110714]: INFO cinder.api.openstack.wsgi [None req-a5c974be-149b-4ca8-bd1c-dab2d8f07192 tempest-QosSpecsTestJSON-1944210247 tempest-QosSpecsTestJSON-1944210247-project-admin] GET http://10.222.0.15/volume/v3/29963ad81b8e45cf8bdaee761753d482/qos-specs/8f0e35ee-3274-4d09-972a-c0df56b48e4d
May 28 17:22:38.542463 dv-cinder-843729-1-smb devstack@c-api.service[110714]: DEBUG cinder.api.openstack.wsgi [None req-a5c974be-149b-4ca8-bd1c-dab2d8f07192 tempest-QosSpecsTestJSON-1944210247 tempest-QosSpecsTestJSON-1944210247-project-admin] Empty body provided in request {{(pid=110714) get_body /opt/stack/cinder/cinder/api/openstack/wsgi.py:715}}
May 28 17:22:38.542946 dv-cinder-843729-1-smb devstack@c-api.service[110714]: DEBUG cinder.api.openstack.wsgi [None req-a5c974be-149b-4ca8-bd1c-dab2d8f07192 tempest-QosSpecsTestJSON-1944210247 tempest-QosSpecsTestJSON-1944210247-project-admin] Calling method 'show' {{(pid=110714) _process_stack /opt/stack/cinder/cinder/api/openstack/wsgi.py:868}}
May 28 17:22:38.548432 dv-cinder-843729-1-smb devstack@c-api.service[110714]: INFO cinder.api.openstack.wsgi [None req-a5c974be-149b-4ca8-bd1c-dab2d8f07192 tempest-QosSpecsTestJSON-1944210247 tempest-QosSpecsTestJSON-1944210247-project-admin] http://10.222.0.15/volume/v3/29963ad81b8e45cf8bdaee761753d482/qos-specs/8f0e35ee-3274-4d09-972a-c0df56b48e4d returned with HTTP 404
May 28 17:22:38.549432 dv-cinder-843729-1-smb devstack@c-api.service[110714]: [pid: 110714|app: 0|req: 157/316] 10.222.0.15 () {58 vars in 1330 bytes} [Sat May 28 17:22:38 2022] GET /volume/v3/29963ad81b8e45cf8bdaee761753d482/qos-specs/8f0e35ee-3274-4d09-972a-c0df56b48e4d => generated 100 bytes in 13 msecs (HTTP/1.1 404) 7 headers in 292 bytes (2 switches on core 0)
May 28 17:22:38.550177 dv-cinder-843729-1-smb devstack@c-api.service[110713]: INFO cinder.api.openstack.wsgi [None req-2d37975f-e0c6-4ec4-a919-73b4bcbbb5fb tempest-VolumesListTestJSON-626211120 tempest-VolumesListTestJSON-626211120-project] http://10.222.0.15/volume/v3/d7104254ba484df3944228588faf726e/volumes/ba2c950c-d21f-4bf5-b28b-72c46afa5521 returned with HTTP 200
May 28 17:22:38.560496 dv-cinder-843729-1-smb devstack@c-api.service[110713]: [pid: 110713|app: 0|req: 160/317] 10.222.0.15 () {58 vars in 1324 bytes} [Sat May 28 17:22:38 2022] GET /volume/v3/d7104254ba484df3944228588faf726e/volumes/ba2c950c-d21f-4bf5-b28b-72c46afa5521 => generated 926 bytes in 42 msecs (HTTP/1.1 200) 7 headers in 285 bytes (2 switches on core 0)
May 28 17:22:38.560663 dv-cinder-843729-1-smb devstack@c-api.service[110714]: DEBUG cinder.api.middleware.request_id [None req-744aec72-5e0f-4641-a75c-78b3b9a307eb None None] RequestId filter calling following filter/app {{(pid=110714) _context_setter /opt/stack/cinder/cinder/api/middleware/request_id.py:62}}
May 28 17:22:38.560663 dv-cinder-843729-1-smb devstack@c-api.service[110714]: INFO cinder.api.openstack.wsgi [None req-744aec72-5e0f-4641-a75c-78b3b9a307eb tempest-QosSpecsTestJSON-1944210247 tempest-QosSpecsTestJSON-1944210247-project-admin] DELETE http://10.222.0.15/volume/v3/29963ad81b8e45cf8bdaee761753d482/qos-specs/526f8bb0-3781-4e7b-b4f6-b1babfabd47f?force=False
May 28 17:22:38.560663 dv-cinder-843729-1-smb devstack@c-api.service[110714]: DEBUG cinder.api.openstack.wsgi [None req-744aec72-5e0f-4641-a75c-78b3b9a307eb tempest-QosSpecsTestJSON-1944210247 tempest-QosSpecsTestJSON-1944210247-project-admin] Empty body provided in request {{(pid=110714) get_body /opt/stack/cinder/cinder/api/openstack/wsgi.py:715}}
May 28 17:22:38.560663 dv-cinder-843729-1-smb devstack@c-api.service[110714]: DEBUG cinder.api.openstack.wsgi [None req-744aec72-5e0f-4641-a75c-78b3b9a307eb tempest-QosSpecsTestJSON-1944210247 tempest-QosSpecsTestJSON-1944210247-project-admin] Calling method 'delete' {{(pid=110714) _process_stack /opt/stack/cinder/cinder/api/openstack/wsgi.py:868}}
May 28 17:22:38.560934 dv-cinder-843729-1-smb devstack@c-api.service[110714]: DEBUG cinder.api.contrib.qos_specs_manage [None req-744aec72-5e0f-4641-a75c-78b3b9a307eb tempest-QosSpecsTestJSON-1944210247 tempest-QosSpecsTestJSON-1944210247-project-admin] Delete qos_spec: 526f8bb0-3781-4e7b-b4f6-b1babfabd47f, force: False {{(pid=110714) delete /opt/stack/cinder/cinder/api/contrib/qos_specs_manage.py:168}}
May 28 17:22:38.563517 dv-cinder-843729-1-smb devstack@c-api.service[110713]: DEBUG cinder.api.middleware.request_id [None req-15ba5edc-6b75-49ab-9011-16d2c965be3e None None] RequestId filter calling following filter/app {{(pid=110713) _context_setter /opt/stack/cinder/cinder/api/middleware/request_id.py:62}}
May 28 17:22:38.565414 dv-cinder-843729-1-smb devstack@c-api.service[110714]: INFO cinder.api.openstack.wsgi [None req-744aec72-5e0f-4641-a75c-78b3b9a307eb tempest-QosSpecsTestJSON-1944210247 tempest-QosSpecsTestJSON-1944210247-project-admin] http://10.222.0.15/volume/v3/29963ad81b8e45cf8bdaee761753d482/qos-specs/526f8bb0-3781-4e7b-b4f6-b1babfabd47f?force=False returned with HTTP 404
May 28 17:22:38.566401 dv-cinder-843729-1-smb devstack@c-api.service[110714]: [pid: 110714|app: 0|req: 158/318] 10.222.0.15 () {58 vars in 1356 bytes} [Sat May 28 17:22:38 2022] DELETE /volume/v3/29963ad81b8e45cf8bdaee761753d482/qos-specs/526f8bb0-3781-4e7b-b4f6-b1babfabd47f?force=False => generated 100 bytes in 13 msecs (HTTP/1.1 404) 7 headers in 292 bytes (1 switches on core 0)
May 28 17:22:38.567137 dv-cinder-843729-1-smb devstack@c-api.service[110713]: INFO cinder.api.openstack.wsgi [None req-15ba5edc-6b75-49ab-9011-16d2c965be3e tempest-VolumesListTestJSON-626211120 tempest-VolumesListTestJSON-626211120-project] POST http://10.222.0.15/volume/v3/d7104254ba484df3944228588faf726e/volumes
May 28 17:22:38.567838 dv-cinder-843729-1-smb devstack@c-api.service[110713]: DEBUG cinder.api.openstack.wsgi [None req-15ba5edc-6b75-49ab-9011-16d2c965be3e tempest-VolumesListTestJSON-626211120 tempest-VolumesListTestJSON-626211120-project] Action: 'create', calling method: create, body: {"volume": {"metadata": {"Type": "work"}, "size": 1, "name": "tempest-VolumesListTestJSON-Volume-120934030"}} {{(pid=110713) _process_stack /opt/stack/cinder/cinder/api/openstack/wsgi.py:866}}
May 28 17:22:38.569281 dv-cinder-843729-1-smb devstack@c-api.service[110713]: DEBUG cinder.api.v3.volumes [None req-15ba5edc-6b75-49ab-9011-16d2c965be3e tempest-VolumesListTestJSON-626211120 tempest-VolumesListTestJSON-626211120-project] Create volume request body: {'volume': {'metadata': {'Type': 'work'}, 'size': 1, 'name': 'tempest-VolumesListTestJSON-Volume-120934030'}} {{(pid=110713) create /opt/stack/cinder/cinder/api/v3/volumes.py:298}}
May 28 17:22:38.569603 dv-cinder-843729-1-smb devstack@c-api.service[110713]: INFO cinder.api.v3.volumes [None req-15ba5edc-6b75-49ab-9011-16d2c965be3e tempest-VolumesListTestJSON-626211120 tempest-VolumesListTestJSON-626211120-project] Create volume of 1 GB
May 28 17:22:38.570359 dv-cinder-843729-1-smb devstack@c-api.service[110714]: DEBUG cinder.api.middleware.request_id [None req-bf01b613-6ea5-4287-8310-c25fe8bebb6a None None] RequestId filter calling following filter/app {{(pid=110714) _context_setter /opt/stack/cinder/cinder/api/middleware/request_id.py:62}}
May 28 17:22:38.575668 dv-cinder-843729-1-smb devstack@c-api.service[110714]: INFO cinder.api.openstack.wsgi [None req-bf01b613-6ea5-4287-8310-c25fe8bebb6a tempest-QosSpecsTestJSON-1944210247 tempest-QosSpecsTestJSON-1944210247-project-admin] GET http://10.222.0.15/volume/v3/29963ad81b8e45cf8bdaee761753d482/qos-specs/526f8bb0-3781-4e7b-b4f6-b1babfabd47f
May 28 17:22:38.576187 dv-cinder-843729-1-smb devstack@c-api.service[110714]: DEBUG cinder.api.openstack.wsgi [None req-bf01b613-6ea5-4287-8310-c25fe8bebb6a tempest-QosSpecsTestJSON-1944210247 tempest-QosSpecsTestJSON-1944210247-project-admin] Empty body provided in request {{(pid=110714) get_body /opt/stack/cinder/cinder/api/openstack/wsgi.py:715}}
May 28 17:22:38.576606 dv-cinder-843729-1-smb devstack@c-api.service[110714]: DEBUG cinder.api.openstack.wsgi [None req-bf01b613-6ea5-4287-8310-c25fe8bebb6a tempest-QosSpecsTestJSON-1944210247 tempest-QosSpecsTestJSON-1944210247-project-admin] Calling method 'show' {{(pid=110714) _process_stack /opt/stack/cinder/cinder/api/openstack/wsgi.py:868}}
May 28 17:22:38.577643 dv-cinder-843729-1-smb devstack@c-api.service[110713]: INFO cinder.volume.api [None req-15ba5edc-6b75-49ab-9011-16d2c965be3e tempest-VolumesListTestJSON-626211120 tempest-VolumesListTestJSON-626211120-project] Availability Zones retrieved successfully.
May 28 17:22:38.582131 dv-cinder-843729-1-smb devstack@c-api.service[110714]: INFO cinder.api.openstack.wsgi [None req-bf01b613-6ea5-4287-8310-c25fe8bebb6a tempest-QosSpecsTestJSON-1944210247 tempest-QosSpecsTestJSON-1944210247-project-admin] http://10.222.0.15/volume/v3/29963ad81b8e45cf8bdaee761753d482/qos-specs/526f8bb0-3781-4e7b-b4f6-b1babfabd47f returned with HTTP 404
May 28 17:22:38.583609 dv-cinder-843729-1-smb devstack@c-api.service[110714]: [pid: 110714|app: 0|req: 159/319] 10.222.0.15 () {58 vars in 1330 bytes} [Sat May 28 17:22:38 2022] GET /volume/v3/29963ad81b8e45cf8bdaee761753d482/qos-specs/526f8bb0-3781-4e7b-b4f6-b1babfabd47f => generated 100 bytes in 13 msecs (HTTP/1.1 404) 7 headers in 292 bytes (2 switches on core 0)
May 28 17:22:38.588001 dv-cinder-843729-1-smb devstack@c-api.service[110714]: DEBUG cinder.api.middleware.request_id [None req-0ad41c07-f025-4f85-bbef-add9d2aedb10 None None] RequestId filter calling following filter/app {{(pid=110714) _context_setter /opt/stack/cinder/cinder/api/middleware/request_id.py:62}}
May 28 17:22:38.591707 dv-cinder-843729-1-smb devstack@c-api.service[110714]: INFO cinder.api.openstack.wsgi [None req-0ad41c07-f025-4f85-bbef-add9d2aedb10 tempest-QosSpecsTestJSON-1944210247 tempest-QosSpecsTestJSON-1944210247-project-admin] DELETE http://10.222.0.15/volume/v3/29963ad81b8e45cf8bdaee761753d482/types/e66e29a1-c006-4f94-855c-f404f12109e8
May 28 17:22:38.592119 dv-cinder-843729-1-smb devstack@c-api.service[110714]: DEBUG cinder.api.openstack.wsgi [None req-0ad41c07-f025-4f85-bbef-add9d2aedb10 tempest-QosSpecsTestJSON-1944210247 tempest-QosSpecsTestJSON-1944210247-project-admin] Empty body provided in request {{(pid=110714) get_body /opt/stack/cinder/cinder/api/openstack/wsgi.py:715}}
May 28 17:22:38.592629 dv-cinder-843729-1-smb devstack@c-api.service[110714]: DEBUG cinder.api.openstack.wsgi [None req-0ad41c07-f025-4f85-bbef-add9d2aedb10 tempest-QosSpecsTestJSON-1944210247 tempest-QosSpecsTestJSON-1944210247-project-admin] Calling method '_delete' {{(pid=110714) _process_stack /opt/stack/cinder/cinder/api/openstack/wsgi.py:868}}
May 28 17:22:38.596224 dv-cinder-843729-1-smb devstack@c-api.service[110713]: DEBUG cinder.volume.api [None req-15ba5edc-6b75-49ab-9011-16d2c965be3e tempest-VolumesListTestJSON-626211120 tempest-VolumesListTestJSON-626211120-project] Flow 'volume_create_api' (fbe0eca9-f6f9-431e-b127-993ed8029ea6) transitioned into state 'RUNNING' from state 'PENDING' {{(pid=110713) _flow_receiver /usr/local/lib/python3.8/dist-packages/taskflow/listeners/logging.py:141}}
May 28 17:22:38.599084 dv-cinder-843729-1-smb devstack@c-api.service[110713]: DEBUG cinder.volume.api [None req-15ba5edc-6b75-49ab-9011-16d2c965be3e tempest-VolumesListTestJSON-626211120 tempest-VolumesListTestJSON-626211120-project] Task 'cinder.volume.flows.api.create_volume.ExtractVolumeRequestTask;volume:create' (8ec818d2-f7bf-4ad4-bd5b-225af6fcd99c) transitioned into state 'RUNNING' from state 'PENDING' {{(pid=110713) _task_receiver /usr/local/lib/python3.8/dist-packages/taskflow/listeners/logging.py:190}}
May 28 17:22:38.601728 dv-cinder-843729-1-smb devstack@c-api.service[110713]: DEBUG cinder.volume.flows.api.create_volume [None req-15ba5edc-6b75-49ab-9011-16d2c965be3e tempest-VolumesListTestJSON-626211120 tempest-VolumesListTestJSON-626211120-project] Validating volume size '1' using validate_int {{(pid=110713) _extract_size /opt/stack/cinder/cinder/volume/flows/api/create_volume.py:228}}
May 28 17:22:38.644535 dv-cinder-843729-1-smb devstack@c-api.service[110714]: DEBUG dbcounter [-] [110714] Writing DB stats cinder:SELECT=88,cinder:UPDATE=10,cinder:INSERT=2 {{(pid=110714) stat_writer /usr/local/lib/python3.8/dist-packages/dbcounter.py:114}}
May 28 17:22:38.653614 dv-cinder-843729-1-smb devstack@c-api.service[110713]: DEBUG cinder.volume.api [None req-15ba5edc-6b75-49ab-9011-16d2c965be3e tempest-VolumesListTestJSON-626211120 tempest-VolumesListTestJSON-626211120-project] Task 'cinder.volume.flows.api.create_volume.ExtractVolumeRequestTask;volume:create' (8ec818d2-f7bf-4ad4-bd5b-225af6fcd99c) transitioned into state 'SUCCESS' from state 'RUNNING' with result '{'size': 1, 'snapshot_id': None, 'source_volid': None, 'volume_type': VolumeType(created_at=2022-05-28T17:11:26Z,deleted=False,deleted_at=None,description='Default Volume Type',extra_specs={},id=f7769840-229e-4234-ab46-0430f056bef2,is_public=True,name='__DEFAULT__',projects=[],qos_specs=,qos_specs_id=None,updated_at=2022-05-28T17:11:26Z), 'volume_type_id': 'f7769840-229e-4234-ab46-0430f056bef2', 'encryption_key_id': None, 'qos_specs': None, 'consistencygroup_id': None, 'cgsnapshot_id': None, 'group_id': None, 'replication_status': 'disabled', 'refresh_az': False, 'backup_id': None, 'multiattach': False, 'availability_zones': ['nova']}' {{(pid=110713) _task_receiver /usr/local/lib/python3.8/dist-packages/taskflow/listeners/logging.py:178}}
May 28 17:22:38.655643 dv-cinder-843729-1-smb devstack@c-api.service[110713]: DEBUG cinder.volume.api [None req-15ba5edc-6b75-49ab-9011-16d2c965be3e tempest-VolumesListTestJSON-626211120 tempest-VolumesListTestJSON-626211120-project] Task 'cinder.volume.flows.api.create_volume.QuotaReserveTask;volume:create' (149145e5-1b11-4d1f-a24f-a061043a25fb) transitioned into state 'RUNNING' from state 'PENDING' {{(pid=110713) _task_receiver /usr/local/lib/python3.8/dist-packages/taskflow/listeners/logging.py:190}}
May 28 17:22:38.656851 dv-cinder-843729-1-smb devstack@c-api.service[110714]: INFO cinder.api.openstack.wsgi [None req-0ad41c07-f025-4f85-bbef-add9d2aedb10 tempest-QosSpecsTestJSON-1944210247 tempest-QosSpecsTestJSON-1944210247-project-admin] http://10.222.0.15/volume/v3/29963ad81b8e45cf8bdaee761753d482/types/e66e29a1-c006-4f94-855c-f404f12109e8 returned with HTTP 202
May 28 17:22:38.657632 dv-cinder-843729-1-smb devstack@c-api.service[110714]: [pid: 110714|app: 0|req: 160/320] 10.222.0.15 () {58 vars in 1321 bytes} [Sat May 28 17:22:38 2022] DELETE /volume/v3/29963ad81b8e45cf8bdaee761753d482/types/e66e29a1-c006-4f94-855c-f404f12109e8 => generated 0 bytes in 71 msecs (HTTP/1.1 202) 6 headers in 233 bytes (2 switches on core 0)
May 28 17:22:38.662415 dv-cinder-843729-1-smb devstack@c-api.service[110714]: DEBUG cinder.api.middleware.request_id [None req-2e1bc47f-cdea-4ff1-ab4e-19df026daf65 None None] RequestId filter calling following filter/app {{(pid=110714) _context_setter /opt/stack/cinder/cinder/api/middleware/request_id.py:62}}
May 28 17:22:38.666695 dv-cinder-843729-1-smb devstack@c-api.service[110714]: INFO cinder.api.openstack.wsgi [None req-2e1bc47f-cdea-4ff1-ab4e-19df026daf65 tempest-QosSpecsTestJSON-1944210247 tempest-QosSpecsTestJSON-1944210247-project-admin] GET http://10.222.0.15/volume/v3/29963ad81b8e45cf8bdaee761753d482/types/e66e29a1-c006-4f94-855c-f404f12109e8
May 28 17:22:38.667455 dv-cinder-843729-1-smb devstack@c-api.service[110714]: DEBUG cinder.api.openstack.wsgi [None req-2e1bc47f-cdea-4ff1-ab4e-19df026daf65 tempest-QosSpecsTestJSON-1944210247 tempest-QosSpecsTestJSON-1944210247-project-admin] Empty body provided in request {{(pid=110714) get_body /opt/stack/cinder/cinder/api/openstack/wsgi.py:715}}
May 28 17:22:38.668559 dv-cinder-843729-1-smb devstack@c-api.service[110714]: DEBUG cinder.api.openstack.wsgi [None req-2e1bc47f-cdea-4ff1-ab4e-19df026daf65 tempest-QosSpecsTestJSON-1944210247 tempest-QosSpecsTestJSON-1944210247-project-admin] Calling method 'show' {{(pid=110714) _process_stack /opt/stack/cinder/cinder/api/openstack/wsgi.py:868}}
May 28 17:22:38.677635 dv-cinder-843729-1-smb devstack@c-api.service[110714]: INFO cinder.api.openstack.wsgi [None req-2e1bc47f-cdea-4ff1-ab4e-19df026daf65 tempest-QosSpecsTestJSON-1944210247 tempest-QosSpecsTestJSON-1944210247-project-admin] http://10.222.0.15/volume/v3/29963ad81b8e45cf8bdaee761753d482/types/e66e29a1-c006-4f94-855c-f404f12109e8 returned with HTTP 404
May 28 17:22:38.678569 dv-cinder-843729-1-smb devstack@c-api.service[110714]: [pid: 110714|app: 0|req: 161/321] 10.222.0.15 () {58 vars in 1318 bytes} [Sat May 28 17:22:38 2022] GET /volume/v3/29963ad81b8e45cf8bdaee761753d482/types/e66e29a1-c006-4f94-855c-f404f12109e8 => generated 114 bytes in 17 msecs (HTTP/1.1 404) 7 headers in 292 bytes (2 switches on core 0)
May 28 17:22:38.684091 dv-cinder-843729-1-smb devstack@c-api.service[110714]: DEBUG cinder.api.middleware.request_id [None req-d0bd6732-8d8c-4aa6-aeb2-3b10cf94c501 None None] RequestId filter calling following filter/app {{(pid=110714) _context_setter /opt/stack/cinder/cinder/api/middleware/request_id.py:62}}
May 28 17:22:38.692519 dv-cinder-843729-1-smb devstack@c-api.service[110714]: INFO cinder.api.openstack.wsgi [None req-d0bd6732-8d8c-4aa6-aeb2-3b10cf94c501 tempest-QosSpecsTestJSON-1944210247 tempest-QosSpecsTestJSON-1944210247-project-admin] DELETE http://10.222.0.15/volume/v3/29963ad81b8e45cf8bdaee761753d482/types/ad2057fb-a394-45a9-8a21-7f7c1c96bc81
May 28 17:22:38.692968 dv-cinder-843729-1-smb devstack@c-api.service[110714]: DEBUG cinder.api.openstack.wsgi [None req-d0bd6732-8d8c-4aa6-aeb2-3b10cf94c501 tempest-QosSpecsTestJSON-1944210247 tempest-QosSpecsTestJSON-1944210247-project-admin] Empty body provided in request {{(pid=110714) get_body /opt/stack/cinder/cinder/api/openstack/wsgi.py:715}}
May 28 17:22:38.693440 dv-cinder-843729-1-smb devstack@c-api.service[110714]: DEBUG cinder.api.openstack.wsgi [None req-d0bd6732-8d8c-4aa6-aeb2-3b10cf94c501 tempest-QosSpecsTestJSON-1944210247 tempest-QosSpecsTestJSON-1944210247-project-admin] Calling method '_delete' {{(pid=110714) _process_stack /opt/stack/cinder/cinder/api/openstack/wsgi.py:868}}
May 28 17:22:38.752382 dv-cinder-843729-1-smb devstack@c-api.service[110713]: DEBUG cinder.quota [None req-15ba5edc-6b75-49ab-9011-16d2c965be3e tempest-VolumesListTestJSON-626211120 tempest-VolumesListTestJSON-626211120-project] Created reservations ['b7d4f436-e52b-47d4-bd9b-8e51be9f7070', 'b1a5ee38-1d33-4004-aa92-0704c6a400ee', '8e140314-0d54-48f4-b4d1-192ffded1d5b', '61e53eb0-11bb-4aa7-8dcd-a8af1b6ba3ea'] {{(pid=110713) reserve /opt/stack/cinder/cinder/quota.py:755}}
May 28 17:22:38.755030 dv-cinder-843729-1-smb devstack@c-api.service[110713]: DEBUG cinder.volume.api [None req-15ba5edc-6b75-49ab-9011-16d2c965be3e tempest-VolumesListTestJSON-626211120 tempest-VolumesListTestJSON-626211120-project] Task 'cinder.volume.flows.api.create_volume.QuotaReserveTask;volume:create' (149145e5-1b11-4d1f-a24f-a061043a25fb) transitioned into state 'SUCCESS' from state 'RUNNING' with result '{'reservations': ['b7d4f436-e52b-47d4-bd9b-8e51be9f7070', 'b1a5ee38-1d33-4004-aa92-0704c6a400ee', '8e140314-0d54-48f4-b4d1-192ffded1d5b', '61e53eb0-11bb-4aa7-8dcd-a8af1b6ba3ea']}' {{(pid=110713) _task_receiver /usr/local/lib/python3.8/dist-packages/taskflow/listeners/logging.py:178}}
May 28 17:22:38.758041 dv-cinder-843729-1-smb devstack@c-api.service[110713]: DEBUG cinder.volume.api [None req-15ba5edc-6b75-49ab-9011-16d2c965be3e tempest-VolumesListTestJSON-626211120 tempest-VolumesListTestJSON-626211120-project] Task 'cinder.volume.flows.api.create_volume.EntryCreateTask;volume:create' (fd94d4da-a93c-48dc-b761-e50f1d42f494) transitioned into state 'RUNNING' from state 'PENDING' {{(pid=110713) _task_receiver /usr/local/lib/python3.8/dist-packages/taskflow/listeners/logging.py:190}}
May 28 17:22:38.768025 dv-cinder-843729-1-smb devstack@c-api.service[110714]: INFO cinder.api.openstack.wsgi [None req-d0bd6732-8d8c-4aa6-aeb2-3b10cf94c501 tempest-QosSpecsTestJSON-1944210247 tempest-QosSpecsTestJSON-1944210247-project-admin] http://10.222.0.15/volume/v3/29963ad81b8e45cf8bdaee761753d482/types/ad2057fb-a394-45a9-8a21-7f7c1c96bc81 returned with HTTP 202
May 28 17:22:38.772976 dv-cinder-843729-1-smb devstack@c-api.service[110714]: [pid: 110714|app: 0|req: 162/322] 10.222.0.15 () {58 vars in 1321 bytes} [Sat May 28 17:22:38 2022] DELETE /volume/v3/29963ad81b8e45cf8bdaee761753d482/types/ad2057fb-a394-45a9-8a21-7f7c1c96bc81 => generated 0 bytes in 88 msecs (HTTP/1.1 202) 6 headers in 233 bytes (2 switches on core 0)
May 28 17:22:38.775254 dv-cinder-843729-1-smb devstack@c-api.service[110714]: DEBUG cinder.api.middleware.request_id [None req-d3d0a9aa-7fa3-43e8-b69f-75e9988b2971 None None] RequestId filter calling following filter/app {{(pid=110714) _context_setter /opt/stack/cinder/cinder/api/middleware/request_id.py:62}}
May 28 17:22:38.781342 dv-cinder-843729-1-smb devstack@c-api.service[110714]: INFO cinder.api.openstack.wsgi [None req-d3d0a9aa-7fa3-43e8-b69f-75e9988b2971 tempest-QosSpecsTestJSON-1944210247 tempest-QosSpecsTestJSON-1944210247-project-admin] GET http://10.222.0.15/volume/v3/29963ad81b8e45cf8bdaee761753d482/types/ad2057fb-a394-45a9-8a21-7f7c1c96bc81
May 28 17:22:38.781788 dv-cinder-843729-1-smb devstack@c-api.service[110714]: DEBUG cinder.api.openstack.wsgi [None req-d3d0a9aa-7fa3-43e8-b69f-75e9988b2971 tempest-QosSpecsTestJSON-1944210247 tempest-QosSpecsTestJSON-1944210247-project-admin] Empty body provided in request {{(pid=110714) get_body /opt/stack/cinder/cinder/api/openstack/wsgi.py:715}}
May 28 17:22:38.782239 dv-cinder-843729-1-smb devstack@c-api.service[110714]: DEBUG cinder.api.openstack.wsgi [None req-d3d0a9aa-7fa3-43e8-b69f-75e9988b2971 tempest-QosSpecsTestJSON-1944210247 tempest-QosSpecsTestJSON-1944210247-project-admin] Calling method 'show' {{(pid=110714) _process_stack /opt/stack/cinder/cinder/api/openstack/wsgi.py:868}}
May 28 17:22:38.790409 dv-cinder-843729-1-smb devstack@c-api.service[110713]: DEBUG cinder.volume.api [None req-15ba5edc-6b75-49ab-9011-16d2c965be3e tempest-VolumesListTestJSON-626211120 tempest-VolumesListTestJSON-626211120-project] Task 'cinder.volume.flows.api.create_volume.EntryCreateTask;volume:create' (fd94d4da-a93c-48dc-b761-e50f1d42f494) transitioned into state 'SUCCESS' from state 'RUNNING' with result '{'volume_id': '4be05464-e54b-427a-8161-3703c6368b4b', 'volume_properties': VolumeProperties(attach_status='detached',availability_zone='nova',cgsnapshot_id=None,consistencygroup_id=None,display_description=None,display_name='tempest-VolumesListTestJSON-Volume-120934030',encryption_key_id=None,group_id=None,group_type_id=,metadata={Type='work'},multiattach=False,project_id='d7104254ba484df3944228588faf726e',qos_specs=None,replication_status=,reservations=['b7d4f436-e52b-47d4-bd9b-8e51be9f7070','b1a5ee38-1d33-4004-aa92-0704c6a400ee','8e140314-0d54-48f4-b4d1-192ffded1d5b','61e53eb0-11bb-4aa7-8dcd-a8af1b6ba3ea'],size=1,snapshot_id=None,source_replicaid=,source_volid=None,status='creating',user_id='8bce775b3e7d42288a9dbd16cec02525',volume_type_id=f7769840-229e-4234-ab46-0430f056bef2), 'volume': Volume(_name_id=None,admin_metadata=,attach_status='detached',availability_zone='nova',bootable=False,cluster=,cluster_name=None,consistencygroup=,consistencygroup_id=None,created_at=2022-05-28T17:22:38Z,deleted=False,deleted_at=None,display_description=None,display_name='tempest-VolumesListTestJSON-Volume-120934030',ec2_id=None,encryption_key_id=None,glance_metadata=,group=,group_id=None,host=None,id=4be05464-e54b-427a-8161-3703c6368b4b,launched_at=None,metadata={Type='work'},migration_status=None,multiattach=False,previous_status=None,project_id='d7104254ba484df3944228588faf726e',provider_auth=None,provider_geometry=None,provider_id=None,provider_location=None,replication_driver_data=None,replication_extended_status=None,replication_status=None,scheduled_at=None,service_uuid=None,shared_targets=True,size=1,snapshot_id=None,snapshots=,source_volid=None,status='creating',terminated_at=None,updated_at=None,use_quota=True,user_id='8bce775b3e7d42288a9dbd16cec02525',volume_attachment=VolumeAttachmentList,volume_type=VolumeType(f7769840-229e-4234-ab46-0430f056bef2),volume_type_id=f7769840-229e-4234-ab46-0430f056bef2)}' {{(pid=110713) _task_receiver /usr/local/lib/python3.8/dist-packages/taskflow/listeners/logging.py:178}}
May 28 17:22:38.792691 dv-cinder-843729-1-smb devstack@c-api.service[110713]: DEBUG cinder.volume.api [None req-15ba5edc-6b75-49ab-9011-16d2c965be3e tempest-VolumesListTestJSON-626211120 tempest-VolumesListTestJSON-626211120-project] Task 'cinder.volume.flows.api.create_volume.QuotaCommitTask;volume:create' (2cfa8832-f7d4-46a6-bb7d-5046630f72fa) transitioned into state 'RUNNING' from state 'PENDING' {{(pid=110713) _task_receiver /usr/local/lib/python3.8/dist-packages/taskflow/listeners/logging.py:190}}
May 28 17:22:38.797754 dv-cinder-843729-1-smb devstack@c-api.service[110714]: INFO cinder.api.openstack.wsgi [None req-d3d0a9aa-7fa3-43e8-b69f-75e9988b2971 tempest-QosSpecsTestJSON-1944210247 tempest-QosSpecsTestJSON-1944210247-project-admin] http://10.222.0.15/volume/v3/29963ad81b8e45cf8bdaee761753d482/types/ad2057fb-a394-45a9-8a21-7f7c1c96bc81 returned with HTTP 404
May 28 17:22:38.798894 dv-cinder-843729-1-smb devstack@c-api.service[110714]: [pid: 110714|app: 0|req: 163/323] 10.222.0.15 () {58 vars in 1318 bytes} [Sat May 28 17:22:38 2022] GET /volume/v3/29963ad81b8e45cf8bdaee761753d482/types/ad2057fb-a394-45a9-8a21-7f7c1c96bc81 => generated 114 bytes in 25 msecs (HTTP/1.1 404) 7 headers in 292 bytes (1 switches on core 0)
May 28 17:22:38.803138 dv-cinder-843729-1-smb devstack@c-api.service[110714]: DEBUG cinder.api.middleware.request_id [None req-b998daaa-e7b2-415b-8375-daf4a3adea36 None None] RequestId filter calling following filter/app {{(pid=110714) _context_setter /opt/stack/cinder/cinder/api/middleware/request_id.py:62}}
May 28 17:22:38.806924 dv-cinder-843729-1-smb devstack@c-api.service[110714]: INFO cinder.api.openstack.wsgi [None req-b998daaa-e7b2-415b-8375-daf4a3adea36 tempest-QosSpecsTestJSON-1944210247 tempest-QosSpecsTestJSON-1944210247-project-admin] DELETE http://10.222.0.15/volume/v3/29963ad81b8e45cf8bdaee761753d482/types/b160b3c6-9c6c-457e-b20f-da06254c86f3
May 28 17:22:38.807369 dv-cinder-843729-1-smb devstack@c-api.service[110714]: DEBUG cinder.api.openstack.wsgi [None req-b998daaa-e7b2-415b-8375-daf4a3adea36 tempest-QosSpecsTestJSON-1944210247 tempest-QosSpecsTestJSON-1944210247-project-admin] Empty body provided in request {{(pid=110714) get_body /opt/stack/cinder/cinder/api/openstack/wsgi.py:715}}
May 28 17:22:38.807840 dv-cinder-843729-1-smb devstack@c-api.service[110714]: DEBUG cinder.api.openstack.wsgi [None req-b998daaa-e7b2-415b-8375-daf4a3adea36 tempest-QosSpecsTestJSON-1944210247 tempest-QosSpecsTestJSON-1944210247-project-admin] Calling method '_delete' {{(pid=110714) _process_stack /opt/stack/cinder/cinder/api/openstack/wsgi.py:868}}
May 28 17:22:38.838314 dv-cinder-843729-1-smb devstack@c-api.service[110713]: DEBUG cinder.volume.api [None req-15ba5edc-6b75-49ab-9011-16d2c965be3e tempest-VolumesListTestJSON-626211120 tempest-VolumesListTestJSON-626211120-project] Task 'cinder.volume.flows.api.create_volume.QuotaCommitTask;volume:create' (2cfa8832-f7d4-46a6-bb7d-5046630f72fa) transitioned into state 'SUCCESS' from state 'RUNNING' with result '{'volume_properties': VolumeProperties(attach_status='detached',availability_zone='nova',cgsnapshot_id=None,consistencygroup_id=None,display_description=None,display_name='tempest-VolumesListTestJSON-Volume-120934030',encryption_key_id=None,group_id=None,group_type_id=,metadata={Type='work'},multiattach=False,project_id='d7104254ba484df3944228588faf726e',qos_specs=None,replication_status=,reservations=['b7d4f436-e52b-47d4-bd9b-8e51be9f7070','b1a5ee38-1d33-4004-aa92-0704c6a400ee','8e140314-0d54-48f4-b4d1-192ffded1d5b','61e53eb0-11bb-4aa7-8dcd-a8af1b6ba3ea'],size=1,snapshot_id=None,source_replicaid=,source_volid=None,status='creating',user_id='8bce775b3e7d42288a9dbd16cec02525',volume_type_id=f7769840-229e-4234-ab46-0430f056bef2)}' {{(pid=110713) _task_receiver /usr/local/lib/python3.8/dist-packages/taskflow/listeners/logging.py:178}}
May 28 17:22:38.840770 dv-cinder-843729-1-smb devstack@c-api.service[110713]: DEBUG cinder.volume.api [None req-15ba5edc-6b75-49ab-9011-16d2c965be3e tempest-VolumesListTestJSON-626211120 tempest-VolumesListTestJSON-626211120-project] Task 'cinder.volume.flows.api.create_volume.VolumeCastTask;volume:create' (01396a6a-c0d8-497f-a51d-9a971362913f) transitioned into state 'RUNNING' from state 'PENDING' {{(pid=110713) _task_receiver /usr/local/lib/python3.8/dist-packages/taskflow/listeners/logging.py:190}}
May 28 17:22:38.872002 dv-cinder-843729-1-smb devstack@c-api.service[110713]: DEBUG cinder.volume.api [None req-15ba5edc-6b75-49ab-9011-16d2c965be3e tempest-VolumesListTestJSON-626211120 tempest-VolumesListTestJSON-626211120-project] Task 'cinder.volume.flows.api.create_volume.VolumeCastTask;volume:create' (01396a6a-c0d8-497f-a51d-9a971362913f) transitioned into state 'SUCCESS' from state 'RUNNING' with result 'None' {{(pid=110713) _task_receiver /usr/local/lib/python3.8/dist-packages/taskflow/listeners/logging.py:178}}
