Jun 04 13:51:27.009590 dv-cinder-843593-2-smb neutron-server[88649]: DEBUG neutron_lib.callbacks.manager [None req-040b07f8-e8c7-47f1-b88b-0cca99960bd0 None None] Notify callbacks ['neutron.plugins.ml2.plugin.SecurityGroupServerNotifierRpcMixin.notify_sg_on_port_change-639067', 'neutron.plugins.ml2.ovo_rpc._ObjectChangeHandler.handle_event-5356', 'neutron.api.rpc.agentnotifiers.dhcp_rpc_agent_api.DhcpAgentNotifyAPI._native_event_send_dhcp_notification-3874425', 'neutron.db.l3_db.L3RpcNotifierMixin._notify_gateway_port_ip_changed-8784468822550', 'neutron.db.l3_dvrscheduler_db._notify_l3_agent_port_update-8784468348820', 'neutron.db.l3_hascheduler_db._notify_l3_agent_ha_port_update-8784468348865'] for port, after_update {{(pid=88649) _notify_loop /usr/local/lib/python3.8/dist-packages/neutron_lib/callbacks/manager.py:192}}
Jun 04 13:51:27.033831 dv-cinder-843593-2-smb neutron-server[88647]: DEBUG neutron.pecan_wsgi.hooks.policy_enforcement [req-3b28c4e3-1663-4788-8f25-a1ec3f2a4bef req-187bdde6-83bb-40f9-bc17-7feae8857b81 tempest-AttachVolumeNegativeTest-1044604934 tempest-AttachVolumeNegativeTest-1044604934-project] Attributes excluded by policy engine: ['standard_attr_id', 'binding:profile', 'binding:host_id', 'binding:vif_type', 'binding:vif_details'] {{(pid=88647) _exclude_attributes_by_policy /opt/stack/neutron/neutron/pecan_wsgi/hooks/policy_enforcement.py:259}}
Jun 04 13:51:27.035327 dv-cinder-843593-2-smb neutron-server[88647]: INFO neutron.wsgi [req-3b28c4e3-1663-4788-8f25-a1ec3f2a4bef req-187bdde6-83bb-40f9-bc17-7feae8857b81 tempest-AttachVolumeNegativeTest-1044604934 tempest-AttachVolumeNegativeTest-1044604934-project] 10.222.0.15 "GET /v2.0/ports?device_id=b810e4b5-cbee-4b2b-94a6-e30397cd1ced HTTP/1.1" status: 200 len: 931 time: 0.3826990
Jun 04 13:51:27.043759 dv-cinder-843593-2-smb neutron-server[88648]: INFO neutron.wsgi [req-5be18c96-93a1-4682-af5c-dd47e9bc7a6e req-e13139cc-42ea-48c9-b392-6744c432050d tempest-AttachVolumeNegativeTest-1044604934 tempest-AttachVolumeNegativeTest-1044604934-project] 10.222.0.17 "POST /v2.0/ports HTTP/1.1" status: 201 len: 933 time: 1.6325321
Jun 04 13:51:27.064050 dv-cinder-843593-2-smb neutron-server[88648]: DEBUG neutron.api.v2.base [req-5be18c96-93a1-4682-af5c-dd47e9bc7a6e req-dd756478-ce55-471f-9cc3-ed8acd9c8a88 service neutron] Request body: {'port': {'device_id': 'b810e4b5-cbee-4b2b-94a6-e30397cd1ced', 'device_owner': 'compute:nova', 'binding:host_id': 'hv-cinder-84359'}} {{(pid=88648) prepare_request_body /opt/stack/neutron/neutron/api/v2/base.py:729}}
Jun 04 13:51:27.091659 dv-cinder-843593-2-smb neutron-server[88649]: DEBUG neutron.api.rpc.handlers.resources_rpc [None req-040b07f8-e8c7-47f1-b88b-0cca99960bd0 None None] Pushing event updated for resources: {'Port': ['ID=5a7a5e11-7a9e-478d-b4b9-34d69efb9aba,revision_number=4']} {{(pid=88649) push /opt/stack/neutron/neutron/api/rpc/handlers/resources_rpc.py:237}}
Jun 04 13:51:27.109651 dv-cinder-843593-2-smb neutron-server[88647]: INFO neutron.wsgi [req-3b28c4e3-1663-4788-8f25-a1ec3f2a4bef req-b80e4c39-379a-4dce-9daa-bd4a60127fcf tempest-AttachVolumeNegativeTest-1044604934 tempest-AttachVolumeNegativeTest-1044604934-project] 10.222.0.15 "GET /v2.0/security-groups?id=533b8bb6-0d8e-4a1a-9804-49c2e3b61cc5&fields=id&fields=name HTTP/1.1" status: 200 len: 312 time: 0.0678582
Jun 04 13:51:27.119602 dv-cinder-843593-2-smb neutron-server[88647]: DEBUG neutron.db.quota.driver [req-a7e08fa1-b4d1-43b7-9068-fc6e28557953 req-f1b7681c-0169-45f1-96a8-beb4778c659b tempest-AttachVolumeTestJSON-1317646042 tempest-AttachVolumeTestJSON-1317646042-project] Resources subnetpool have unlimited quota limit. It is not required to calculate headroom {{(pid=88647) make_reservation /opt/stack/neutron/neutron/db/quota/driver.py:219}}
Jun 04 13:51:27.146508 dv-cinder-843593-2-smb neutron-server[88647]: DEBUG neutron.db.quota.driver [req-a7e08fa1-b4d1-43b7-9068-fc6e28557953 req-f1b7681c-0169-45f1-96a8-beb4778c659b tempest-AttachVolumeTestJSON-1317646042 tempest-AttachVolumeTestJSON-1317646042-project] Attempting to reserve 1 items for resource port. Total usage: 3; quota limit: 500; headroom:497 {{(pid=88647) make_reservation /opt/stack/neutron/neutron/db/quota/driver.py:246}}
Jun 04 13:51:27.248899 dv-cinder-843593-2-smb neutron-server[88647]: DEBUG neutron.pecan_wsgi.hooks.quota_enforcement [req-a7e08fa1-b4d1-43b7-9068-fc6e28557953 req-f1b7681c-0169-45f1-96a8-beb4778c659b tempest-AttachVolumeTestJSON-1317646042 tempest-AttachVolumeTestJSON-1317646042-project] Made reservation on behalf of 1bab325121754db6a16249d176589adc for: {'port': 1} {{(pid=88647) before /opt/stack/neutron/neutron/pecan_wsgi/hooks/quota_enforcement.py:53}}
Jun 04 13:51:27.252774 dv-cinder-843593-2-smb neutron-server[88647]: DEBUG neutron_lib.callbacks.manager [req-a7e08fa1-b4d1-43b7-9068-fc6e28557953 req-f1b7681c-0169-45f1-96a8-beb4778c659b tempest-AttachVolumeTestJSON-1317646042 tempest-AttachVolumeTestJSON-1317646042-project] Notify callbacks ['neutron.plugins.ml2.plugin.SecurityGroupDbMixin._ensure_default_security_group_handler-639108'] for port, before_create {{(pid=88647) _notify_loop /usr/local/lib/python3.8/dist-packages/neutron_lib/callbacks/manager.py:192}}
Jun 04 13:51:27.294459 dv-cinder-843593-2-smb neutron-server[88649]: DEBUG neutron.db.provisioning_blocks [None req-ad0d7044-e2e9-4175-a0dd-1a8bcc26062e None None] Provisioning for port c9934519-b156-42da-aac8-bf408e95fe2c completed by entity DHCP. {{(pid=88649) provisioning_complete /opt/stack/neutron/neutron/db/provisioning_blocks.py:133}}
Jun 04 13:51:27.300875 dv-cinder-843593-2-smb neutron-server[88649]: DEBUG neutron.db.provisioning_blocks [None req-ad0d7044-e2e9-4175-a0dd-1a8bcc26062e None None] Provisioning complete for port c9934519-b156-42da-aac8-bf408e95fe2c triggered by entity DHCP. {{(pid=88649) provisioning_complete /opt/stack/neutron/neutron/db/provisioning_blocks.py:139}}
Jun 04 13:51:27.301593 dv-cinder-843593-2-smb neutron-server[88649]: DEBUG neutron_lib.callbacks.manager [None req-ad0d7044-e2e9-4175-a0dd-1a8bcc26062e None None] Notify callbacks ['neutron.plugins.ml2.plugin.Ml2Plugin._port_provisioned-564430'] for port, provisioning_complete {{(pid=88649) _notify_loop /usr/local/lib/python3.8/dist-packages/neutron_lib/callbacks/manager.py:192}}
Jun 04 13:51:27.401361 dv-cinder-843593-2-smb neutron-server[88647]: INFO neutron.wsgi [req-8a63e99c-a858-49c1-ac9f-bf8692ee15b7 req-61e2da22-c6ec-4ab4-8ddc-00f48dede786 tempest-AttachVolumeTestJSON-1317646042 tempest-AttachVolumeTestJSON-1317646042-project] 10.222.0.15 "GET /v2.0/ports?device_id=9281753b-d5cb-4d71-bb84-7e4c9431e6f4 HTTP/1.1" status: 200 len: 210 time: 0.1190698
Jun 04 13:51:27.432526 dv-cinder-843593-2-smb neutron-server[88649]: DEBUG neutron.plugins.ml2.plugin [None req-ad0d7044-e2e9-4175-a0dd-1a8bcc26062e None None] Port c9934519-b156-42da-aac8-bf408e95fe2c cannot update to ACTIVE because it is not bound. {{(pid=88649) _port_provisioned /opt/stack/neutron/neutron/plugins/ml2/plugin.py:337}}
Jun 04 13:51:27.445823 dv-cinder-843593-2-smb neutron-server[88648]: DEBUG neutron_lib.callbacks.manager [req-5be18c96-93a1-4682-af5c-dd47e9bc7a6e req-dd756478-ce55-471f-9cc3-ed8acd9c8a88 service neutron] Notify callbacks ['neutron.plugins.ml2.plugin.SecurityGroupDbMixin._ensure_default_security_group_handler-639108'] for port, before_update {{(pid=88648) _notify_loop /usr/local/lib/python3.8/dist-packages/neutron_lib/callbacks/manager.py:192}}
Jun 04 13:51:27.519753 dv-cinder-843593-2-smb neutron-server[88649]: DEBUG neutron.plugins.ml2.db [None req-040b07f8-e8c7-47f1-b88b-0cca99960bd0 None None] get_ports_and_sgs() called for port_ids ['5a7a5e11-7a9e-478d-b4b9-34d69efb9aba'] {{(pid=88649) get_ports_and_sgs /opt/stack/neutron/neutron/plugins/ml2/db.py:164}}
Jun 04 13:51:27.576677 dv-cinder-843593-2-smb neutron-server[88648]: DEBUG neutron_lib.callbacks.manager [None req-490431b4-0953-443a-a020-f999d0cd85ff admin admin] Notify callbacks [] for security_group, before_create {{(pid=88648) _notify_loop /usr/local/lib/python3.8/dist-packages/neutron_lib/callbacks/manager.py:192}}
Jun 04 13:51:27.613223 dv-cinder-843593-2-smb neutron-server[88648]: DEBUG neutron.db.quota.driver [None req-490431b4-0953-443a-a020-f999d0cd85ff admin admin] Resources subnetpool have unlimited quota limit. It is not required to calculate headroom {{(pid=88648) make_reservation /opt/stack/neutron/neutron/db/quota/driver.py:219}}
Jun 04 13:51:27.635983 dv-cinder-843593-2-smb neutron-server[88647]: DEBUG neutron.db.db_base_plugin_common [req-a7e08fa1-b4d1-43b7-9068-fc6e28557953 req-f1b7681c-0169-45f1-96a8-beb4778c659b tempest-AttachVolumeTestJSON-1317646042 tempest-AttachVolumeTestJSON-1317646042-project] Allocated IP 172.20.0.14 (15ca5580-d168-42fa-8af5-abcdc93e9ac4/1b549cf0-8286-455e-9abd-46f9e5d41a3c/aab71abe-a311-467b-9ed1-462415e5b96d) {{(pid=88647) _store_ip_allocation /opt/stack/neutron/neutron/db/db_base_plugin_common.py:131}}
Jun 04 13:51:27.661015 dv-cinder-843593-2-smb neutron-server[88648]: DEBUG neutron.quota.resource [None req-490431b4-0953-443a-a020-f999d0cd85ff admin admin] Usage tracker for resource:security_group_rule and tenant:354d0fa6498e4f5fa4d906a1a2a1bd34 is out of sync, need to count used quota {{(pid=88648) count_used /opt/stack/neutron/neutron/quota/resource.py:270}}
Jun 04 13:51:27.679733 dv-cinder-843593-2-smb neutron-server[88648]: DEBUG neutron.pecan_wsgi.hooks.policy_enforcement [req-1466b44d-4bda-4bc7-bb83-2e0179bf28ab req-7c97c8ce-2b6b-4174-841d-1b7a7d4f1ef2 tempest-DeleteServersTestJSON-386468410 tempest-DeleteServersTestJSON-386468410-project] Attributes excluded by policy engine: ['standard_attr_id', 'binding:profile', 'binding:host_id', 'binding:vif_type', 'binding:vif_details'] {{(pid=88648) _exclude_attributes_by_policy /opt/stack/neutron/neutron/pecan_wsgi/hooks/policy_enforcement.py:259}}
Jun 04 13:51:27.688030 dv-cinder-843593-2-smb neutron-server[88648]: INFO neutron.wsgi [req-1466b44d-4bda-4bc7-bb83-2e0179bf28ab req-7c97c8ce-2b6b-4174-841d-1b7a7d4f1ef2 tempest-DeleteServersTestJSON-386468410 tempest-DeleteServersTestJSON-386468410-project] 10.222.0.15 "GET /v2.0/ports?device_id=f9f8ab2c-2c52-4261-8c7d-fe4f1b726d7c HTTP/1.1" status: 200 len: 945 time: 0.3643899
Jun 04 13:51:27.706173 dv-cinder-843593-2-smb neutron-server[88648]: DEBUG neutron.quota.resource [None req-490431b4-0953-443a-a020-f999d0cd85ff admin admin] Quota usage for security_group_rule was recalculated. Used quota:0. {{(pid=88648) count_used /opt/stack/neutron/neutron/quota/resource.py:290}}
Jun 04 13:51:27.722791 dv-cinder-843593-2-smb neutron-server[88648]: DEBUG neutron.db.quota.driver [None req-490431b4-0953-443a-a020-f999d0cd85ff admin admin] Attempting to reserve 4 items for resource security_group_rule. Total usage: 0; quota limit: 100; headroom:100 {{(pid=88648) make_reservation /opt/stack/neutron/neutron/db/quota/driver.py:246}}
Jun 04 13:51:27.768357 dv-cinder-843593-2-smb neutron-server[88648]: INFO neutron.wsgi [req-1466b44d-4bda-4bc7-bb83-2e0179bf28ab req-6fb0222c-7c2c-4c2c-8670-e8a748b99a41 tempest-DeleteServersTestJSON-386468410 tempest-DeleteServersTestJSON-386468410-project] 10.222.0.15 "GET /v2.0/security-groups?id=3d766f9a-2519-4dac-8386-69bf07bb3d31&fields=id&fields=name HTTP/1.1" status: 200 len: 286 time: 0.0793815
Jun 04 13:51:27.942219 dv-cinder-843593-2-smb neutron-server[88647]: DEBUG neutron_lib.callbacks.manager [req-a7e08fa1-b4d1-43b7-9068-fc6e28557953 req-f1b7681c-0169-45f1-96a8-beb4778c659b tempest-AttachVolumeTestJSON-1317646042 tempest-AttachVolumeTestJSON-1317646042-project] Notify callbacks [] for port, precommit_create {{(pid=88647) _notify_loop /usr/local/lib/python3.8/dist-packages/neutron_lib/callbacks/manager.py:192}}
Jun 04 13:51:27.958511 dv-cinder-843593-2-smb neutron-server[88647]: DEBUG neutron.db.provisioning_blocks [req-a7e08fa1-b4d1-43b7-9068-fc6e28557953 req-f1b7681c-0169-45f1-96a8-beb4778c659b tempest-AttachVolumeTestJSON-1317646042 tempest-AttachVolumeTestJSON-1317646042-project] Transition to ACTIVE for port object aab71abe-a311-467b-9ed1-462415e5b96d will not be triggered until provisioned by entity DHCP. {{(pid=88647) add_provisioning_component /opt/stack/neutron/neutron/db/provisioning_blocks.py:73}}
Jun 04 13:51:27.982788 dv-cinder-843593-2-smb neutron-server[88648]: DEBUG neutron_lib.callbacks.manager [None req-490431b4-0953-443a-a020-f999d0cd85ff admin admin] Notify callbacks [] for security_group, precommit_create {{(pid=88648) _notify_loop /usr/local/lib/python3.8/dist-packages/neutron_lib/callbacks/manager.py:192}}
Jun 04 13:51:28.060006 dv-cinder-843593-2-smb neutron-server[88648]: DEBUG neutron_lib.callbacks.manager [None req-490431b4-0953-443a-a020-f999d0cd85ff admin admin] Notify callbacks ['neutron.plugins.ml2.ovo_rpc._ObjectChangeHandler.handle_event-4178564'] for security_group, after_create {{(pid=88648) _notify_loop /usr/local/lib/python3.8/dist-packages/neutron_lib/callbacks/manager.py:192}}
Jun 04 13:51:28.081273 dv-cinder-843593-2-smb neutron-server[88647]: DEBUG neutron_lib.callbacks.manager [req-a7e08fa1-b4d1-43b7-9068-fc6e28557953 req-f1b7681c-0169-45f1-96a8-beb4778c659b tempest-AttachVolumeTestJSON-1317646042 tempest-AttachVolumeTestJSON-1317646042-project] Notify callbacks ['neutron.plugins.ml2.plugin.SecurityGroupServerNotifierRpcMixin.notify_sg_on_port_change-639067', 'neutron.plugins.ml2.ovo_rpc._ObjectChangeHandler.handle_event-5356', 'neutron.api.rpc.agentnotifiers.dhcp_rpc_agent_api.DhcpAgentNotifyAPI._native_event_send_dhcp_notification-3874425', 'neutron.db.l3_dvrscheduler_db._notify_l3_agent_new_port-8784468348802', 'neutron.services.segments.plugin.NovaSegmentNotifier._notify_port_created_or_deleted-2991167'] for port, after_create {{(pid=88647) _notify_loop /usr/local/lib/python3.8/dist-packages/neutron_lib/callbacks/manager.py:192}}
Jun 04 13:51:28.138483 dv-cinder-843593-2-smb neutron-server[88648]: INFO neutron.wsgi [None req-490431b4-0953-443a-a020-f999d0cd85ff admin admin] 10.222.0.15 "GET /v2.0/security-groups?tenant_id=354d0fa6498e4f5fa4d906a1a2a1bd34&name=default HTTP/1.1" status: 200 len: 2979 time: 1.2176094
Jun 04 13:51:28.141692 dv-cinder-843593-2-smb neutron-server[88648]: DEBUG neutron.notifiers.nova [req-5be18c96-93a1-4682-af5c-dd47e9bc7a6e req-dd756478-ce55-471f-9cc3-ed8acd9c8a88 service neutron] Ignoring state change previous_port_status: DOWN current_port_status: DOWN port_id c9934519-b156-42da-aac8-bf408e95fe2c {{(pid=88648) record_port_status_changed /opt/stack/neutron/neutron/notifiers/nova.py:233}}
Jun 04 13:51:28.150986 dv-cinder-843593-2-smb neutron-server[88648]: DEBUG neutron_lib.callbacks.manager [req-5be18c96-93a1-4682-af5c-dd47e9bc7a6e req-dd756478-ce55-471f-9cc3-ed8acd9c8a88 service neutron] Notify callbacks [] for port, precommit_update {{(pid=88648) _notify_loop /usr/local/lib/python3.8/dist-packages/neutron_lib/callbacks/manager.py:192}}
Jun 04 13:51:28.169613 dv-cinder-843593-2-smb neutron-server[88648]: DEBUG neutron.db.provisioning_blocks [req-5be18c96-93a1-4682-af5c-dd47e9bc7a6e req-dd756478-ce55-471f-9cc3-ed8acd9c8a88 service neutron] Transition to ACTIVE for port object c9934519-b156-42da-aac8-bf408e95fe2c will not be triggered until provisioned by entity L2. {{(pid=88648) add_provisioning_component /opt/stack/neutron/neutron/db/provisioning_blocks.py:73}}
Jun 04 13:51:28.172969 dv-cinder-843593-2-smb neutron-server[88648]: DEBUG neutron.wsgi [-] (88648) accepted ('10.222.0.15', 40976) {{(pid=88648) server /usr/local/lib/python3.8/dist-packages/eventlet/wsgi.py:992}}
Jun 04 13:51:28.193577 dv-cinder-843593-2-smb neutron-server[88648]: DEBUG neutron.api.rpc.handlers.resources_rpc [None req-490431b4-0953-443a-a020-f999d0cd85ff admin admin] Pushing event updated for resources: {'SecurityGroup': ['ID=79caa60a-354e-4561-8b56-bc330174d609,revision_number=1']} {{(pid=88648) push /opt/stack/neutron/neutron/api/rpc/handlers/resources_rpc.py:237}}
Jun 04 13:51:28.215998 dv-cinder-843593-2-smb neutron-server[88647]: DEBUG neutron.api.rpc.handlers.resources_rpc [None req-f1b7681c-0169-45f1-96a8-beb4778c659b tempest-AttachVolumeTestJSON-1317646042 tempest-AttachVolumeTestJSON-1317646042-project] Pushing event updated for resources: {'Port': ['ID=aab71abe-a311-467b-9ed1-462415e5b96d,revision_number=1']} {{(pid=88647) push /opt/stack/neutron/neutron/api/rpc/handlers/resources_rpc.py:237}}
Jun 04 13:51:28.263467 dv-cinder-843593-2-smb neutron-server[88647]: DEBUG neutron.scheduler.dhcp_agent_scheduler [req-a7e08fa1-b4d1-43b7-9068-fc6e28557953 req-f1b7681c-0169-45f1-96a8-beb4778c659b tempest-AttachVolumeTestJSON-1317646042 tempest-AttachVolumeTestJSON-1317646042-project] Network 15ca5580-d168-42fa-8af5-abcdc93e9ac4 is already hosted by enough agents. {{(pid=88647) _get_dhcp_agents_hosting_network /opt/stack/neutron/neutron/scheduler/dhcp_agent_scheduler.py:275}}
Jun 04 13:51:28.270085 dv-cinder-843593-2-smb neutron-server[88647]: DEBUG neutron.scheduler.base_scheduler [req-a7e08fa1-b4d1-43b7-9068-fc6e28557953 req-f1b7681c-0169-45f1-96a8-beb4778c659b tempest-AttachVolumeTestJSON-1317646042 tempest-AttachVolumeTestJSON-1317646042-project] Resources bound (agent type, host, resource id): {{(pid=88647) schedule /opt/stack/neutron/neutron/scheduler/base_scheduler.py:57}}
Jun 04 13:51:28.272569 dv-cinder-843593-2-smb neutron-server[88648]: DEBUG neutron_lib.callbacks.manager [None req-025e84c5-6c2a-4d3c-baad-36c5ab7e647b admin admin] Notify callbacks [] for security_group, before_delete {{(pid=88648) _notify_loop /usr/local/lib/python3.8/dist-packages/neutron_lib/callbacks/manager.py:192}}
Jun 04 13:51:28.274636 dv-cinder-843593-2-smb neutron-server[88647]: DEBUG neutron.db.l3_dvrscheduler_db [req-a7e08fa1-b4d1-43b7-9068-fc6e28557953 req-f1b7681c-0169-45f1-96a8-beb4778c659b tempest-AttachVolumeTestJSON-1317646042 tempest-AttachVolumeTestJSON-1317646042-project] Received port after_create {{(pid=88647) _notify_l3_agent_new_port /opt/stack/neutron/neutron/db/l3_dvrscheduler_db.py:538}}
Jun 04 13:51:28.277910 dv-cinder-843593-2-smb neutron-server[88648]: DEBUG neutron_lib.callbacks.manager [req-5be18c96-93a1-4682-af5c-dd47e9bc7a6e req-dd756478-ce55-471f-9cc3-ed8acd9c8a88 service neutron] Notify callbacks ['neutron.plugins.ml2.plugin.SecurityGroupServerNotifierRpcMixin.notify_sg_on_port_change-639067', 'neutron.plugins.ml2.ovo_rpc._ObjectChangeHandler.handle_event-5356', 'neutron.api.rpc.agentnotifiers.dhcp_rpc_agent_api.DhcpAgentNotifyAPI._native_event_send_dhcp_notification-3874425', 'neutron.db.l3_db.L3RpcNotifierMixin._notify_gateway_port_ip_changed-8784468822550', 'neutron.db.l3_dvrscheduler_db._notify_l3_agent_port_update-8784468348820', 'neutron.db.l3_hascheduler_db._notify_l3_agent_ha_port_update-8784468348865'] for port, after_update {{(pid=88648) _notify_loop /usr/local/lib/python3.8/dist-packages/neutron_lib/callbacks/manager.py:192}}
Jun 04 13:51:28.505219 dv-cinder-843593-2-smb neutron-server[88647]: DEBUG neutron.pecan_wsgi.hooks.policy_enforcement [req-a7e08fa1-b4d1-43b7-9068-fc6e28557953 req-f1b7681c-0169-45f1-96a8-beb4778c659b tempest-AttachVolumeTestJSON-1317646042 tempest-AttachVolumeTestJSON-1317646042-project] Attributes excluded by policy engine: ['standard_attr_id', 'binding:profile', 'binding:host_id', 'binding:vif_type', 'binding:vif_details', 'network'] {{(pid=88647) _exclude_attributes_by_policy /opt/stack/neutron/neutron/pecan_wsgi/hooks/policy_enforcement.py:259}}
Jun 04 13:51:28.505944 dv-cinder-843593-2-smb neutron-server[88647]: DEBUG neutron_lib.callbacks.manager [req-a7e08fa1-b4d1-43b7-9068-fc6e28557953 req-f1b7681c-0169-45f1-96a8-beb4778c659b tempest-AttachVolumeTestJSON-1317646042 tempest-AttachVolumeTestJSON-1317646042-project] Notify callbacks ['neutron.notifiers.nova.Notifier._send_nova_notification-116131', 'neutron.api.rpc.agentnotifiers.dhcp_rpc_agent_api.DhcpAgentNotifyAPI._send_dhcp_notification-3874327'] for port, before_response {{(pid=88647) _notify_loop /usr/local/lib/python3.8/dist-packages/neutron_lib/callbacks/manager.py:192}}
Jun 04 13:51:28.564510 dv-cinder-843593-2-smb neutron-server[88649]: DEBUG neutron.plugins.ml2.rpc [None req-040b07f8-e8c7-47f1-b88b-0cca99960bd0 None None] Device 5a7a5e11-7a9e-478d-b4b9-34d69efb9aba up at agent hyperv_hv-cinder-84359 {{(pid=88649) update_device_up /opt/stack/neutron/neutron/plugins/ml2/rpc.py:278}}
Jun 04 13:51:28.595282 dv-cinder-843593-2-smb neutron-server[88648]: DEBUG neutron_lib.callbacks.manager [None req-025e84c5-6c2a-4d3c-baad-36c5ab7e647b admin admin] Notify callbacks [] for security_group, precommit_delete {{(pid=88648) _notify_loop /usr/local/lib/python3.8/dist-packages/neutron_lib/callbacks/manager.py:192}}
Jun 04 13:51:28.677511 dv-cinder-843593-2-smb neutron-server[88647]: DEBUG neutron.pecan_wsgi.hooks.policy_enforcement [req-2e5e477e-0343-4aeb-a778-4929f5e6de75 req-b7009cd4-6624-4151-b5f7-eef41c15cd5e tempest-AttachVolumeNegativeTest-1044604934 tempest-AttachVolumeNegativeTest-1044604934-project] Attributes excluded by policy engine: ['standard_attr_id', 'binding:profile', 'binding:host_id', 'binding:vif_type', 'binding:vif_details'] {{(pid=88647) _exclude_attributes_by_policy /opt/stack/neutron/neutron/pecan_wsgi/hooks/policy_enforcement.py:259}}
Jun 04 13:51:28.680114 dv-cinder-843593-2-smb neutron-server[88647]: INFO neutron.wsgi [req-2e5e477e-0343-4aeb-a778-4929f5e6de75 req-b7009cd4-6624-4151-b5f7-eef41c15cd5e tempest-AttachVolumeNegativeTest-1044604934 tempest-AttachVolumeNegativeTest-1044604934-project] 10.222.0.15 "GET /v2.0/ports?device_id=b810e4b5-cbee-4b2b-94a6-e30397cd1ced HTTP/1.1" status: 200 len: 943 time: 0.2809319
Jun 04 13:51:28.749973 dv-cinder-843593-2-smb neutron-server[88647]: INFO neutron.wsgi [req-2e5e477e-0343-4aeb-a778-4929f5e6de75 req-13710a87-98b6-47d1-b1ac-b2df5c980763 tempest-AttachVolumeNegativeTest-1044604934 tempest-AttachVolumeNegativeTest-1044604934-project] 10.222.0.15 "GET /v2.0/security-groups?id=533b8bb6-0d8e-4a1a-9804-49c2e3b61cc5&fields=id&fields=name HTTP/1.1" status: 200 len: 312 time: 0.0628481
Jun 04 13:51:28.761314 dv-cinder-843593-2-smb neutron-server[88647]: INFO neutron.wsgi [req-a7e08fa1-b4d1-43b7-9068-fc6e28557953 req-f1b7681c-0169-45f1-96a8-beb4778c659b tempest-AttachVolumeTestJSON-1317646042 tempest-AttachVolumeTestJSON-1317646042-project] 10.222.0.17 "POST /v2.0/ports HTTP/1.1" status: 201 len: 934 time: 1.9485495
Jun 04 13:51:28.771008 dv-cinder-843593-2-smb neutron-server[88647]: DEBUG neutron.api.v2.base [req-a7e08fa1-b4d1-43b7-9068-fc6e28557953 req-2cc196c2-1db3-4f67-a854-d9a528280a10 service neutron] Request body: {'port': {'device_id': '9281753b-d5cb-4d71-bb84-7e4c9431e6f4', 'device_owner': 'compute:nova', 'binding:host_id': 'hv-cinder-84359'}} {{(pid=88647) prepare_request_body /opt/stack/neutron/neutron/api/v2/base.py:729}}
Jun 04 13:51:28.877203 dv-cinder-843593-2-smb neutron-server[88649]: DEBUG neutron.db.provisioning_blocks [None req-da8f1793-c63b-4052-b232-3a3da5d23ee1 None None] Provisioning for port aab71abe-a311-467b-9ed1-462415e5b96d completed by entity DHCP. {{(pid=88649) provisioning_complete /opt/stack/neutron/neutron/db/provisioning_blocks.py:133}}
Jun 04 13:51:28.878146 dv-cinder-843593-2-smb neutron-server[88648]: DEBUG neutron.api.rpc.handlers.resources_rpc [None req-dd756478-ce55-471f-9cc3-ed8acd9c8a88 service neutron] Pushing event updated for resources: {'Port': ['ID=c9934519-b156-42da-aac8-bf408e95fe2c,revision_number=2']} {{(pid=88648) push /opt/stack/neutron/neutron/api/rpc/handlers/resources_rpc.py:237}}
Jun 04 13:51:28.894751 dv-cinder-843593-2-smb neutron-server[88649]: DEBUG neutron.db.provisioning_blocks [None req-da8f1793-c63b-4052-b232-3a3da5d23ee1 None None] Provisioning complete for port aab71abe-a311-467b-9ed1-462415e5b96d triggered by entity DHCP. {{(pid=88649) provisioning_complete /opt/stack/neutron/neutron/db/provisioning_blocks.py:139}}
Jun 04 13:51:28.896221 dv-cinder-843593-2-smb neutron-server[88649]: DEBUG neutron_lib.callbacks.manager [None req-da8f1793-c63b-4052-b232-3a3da5d23ee1 None None] Notify callbacks ['neutron.plugins.ml2.plugin.Ml2Plugin._port_provisioned-564430'] for port, provisioning_complete {{(pid=88649) _notify_loop /usr/local/lib/python3.8/dist-packages/neutron_lib/callbacks/manager.py:192}}
Jun 04 13:51:28.926189 dv-cinder-843593-2-smb neutron-server[88648]: DEBUG neutron.plugins.ml2.managers [req-5be18c96-93a1-4682-af5c-dd47e9bc7a6e req-dd756478-ce55-471f-9cc3-ed8acd9c8a88 service neutron] Attempting to bind port c9934519-b156-42da-aac8-bf408e95fe2c on host hv-cinder-84359 for vnic_type normal with profile {{(pid=88648) bind_port /opt/stack/neutron/neutron/plugins/ml2/managers.py:790}}
Jun 04 13:51:28.926520 dv-cinder-843593-2-smb neutron-server[88648]: DEBUG neutron.plugins.ml2.managers [req-5be18c96-93a1-4682-af5c-dd47e9bc7a6e req-dd756478-ce55-471f-9cc3-ed8acd9c8a88 service neutron] Attempting to bind port c9934519-b156-42da-aac8-bf408e95fe2c by drivers openvswitch,hyperv on host hv-cinder-84359 at level 0 using segments [{'id': '51ce251c-f028-4d82-b764-bfe41173a12a', 'network_type': 'vlan', 'physical_network': 'physnet1', 'segmentation_id': 320, 'network_id': 'f7e165fb-2c08-4a5e-b160-62bdeefaa15a'}] {{(pid=88648) _bind_port_level /opt/stack/neutron/neutron/plugins/ml2/managers.py:815}}
Jun 04 13:51:28.926845 dv-cinder-843593-2-smb neutron-server[88648]: DEBUG neutron.plugins.ml2.drivers.mech_agent [req-5be18c96-93a1-4682-af5c-dd47e9bc7a6e req-dd756478-ce55-471f-9cc3-ed8acd9c8a88 service neutron] Attempting to bind port c9934519-b156-42da-aac8-bf408e95fe2c on network f7e165fb-2c08-4a5e-b160-62bdeefaa15a {{(pid=88648) bind_port /opt/stack/neutron/neutron/plugins/ml2/drivers/mech_agent.py:86}}
Jun 04 13:51:28.935204 dv-cinder-843593-2-smb neutron-server[88648]: DEBUG neutron.plugins.ml2.drivers.mech_agent [req-5be18c96-93a1-4682-af5c-dd47e9bc7a6e req-dd756478-ce55-471f-9cc3-ed8acd9c8a88 service neutron] Port c9934519-b156-42da-aac8-bf408e95fe2c on network f7e165fb-2c08-4a5e-b160-62bdeefaa15a not bound, no agent of type Open vSwitch agent registered on host hv-cinder-84359 {{(pid=88648) bind_port /opt/stack/neutron/neutron/plugins/ml2/drivers/mech_agent.py:98}}
Jun 04 13:51:28.935641 dv-cinder-843593-2-smb neutron-server[88648]: DEBUG neutron.plugins.ml2.drivers.mech_agent [req-5be18c96-93a1-4682-af5c-dd47e9bc7a6e req-dd756478-ce55-471f-9cc3-ed8acd9c8a88 service neutron] Attempting to bind port c9934519-b156-42da-aac8-bf408e95fe2c on network f7e165fb-2c08-4a5e-b160-62bdeefaa15a {{(pid=88648) bind_port /opt/stack/neutron/neutron/plugins/ml2/drivers/mech_agent.py:86}}
Jun 04 13:51:28.946405 dv-cinder-843593-2-smb neutron-server[88648]: DEBUG neutron.plugins.ml2.drivers.mech_agent [req-5be18c96-93a1-4682-af5c-dd47e9bc7a6e req-dd756478-ce55-471f-9cc3-ed8acd9c8a88 service neutron] Checking agent: {'id': '1bf33558-cc9d-44c4-b3c2-02328f27f0b1', 'agent_type': 'HyperV agent', 'binary': 'neutron-hyperv-agent', 'topic': 'N/A', 'host': 'hv-cinder-84359', 'admin_state_up': True, 'created_at': datetime.datetime(2022, 6, 4, 13, 48, 38), 'started_at': datetime.datetime(2022, 6, 4, 13, 48, 38), 'heartbeat_timestamp': datetime.datetime(2022, 6, 4, 13, 51, 8), 'description': None, 'resources_synced': None, 'availability_zone': None, 'alive': True, 'configurations': {'vswitch_mappings': {'physnet1$': 'br-data'}}, 'resource_versions': {}} {{(pid=88648) bind_port /opt/stack/neutron/neutron/plugins/ml2/drivers/mech_agent.py:105}}
Jun 04 13:51:28.946737 dv-cinder-843593-2-smb neutron-server[88648]: DEBUG neutron.plugins.ml2.drivers.mech_agent [req-5be18c96-93a1-4682-af5c-dd47e9bc7a6e req-dd756478-ce55-471f-9cc3-ed8acd9c8a88 service neutron] Checking segment: {'id': '51ce251c-f028-4d82-b764-bfe41173a12a', 'network_type': 'vlan', 'physical_network': 'physnet1', 'segmentation_id': 320, 'network_id': 'f7e165fb-2c08-4a5e-b160-62bdeefaa15a'} for mappings: {'physnet1$': 'br-data'} with network types: ['local', 'flat', 'vlan'] {{(pid=88648) check_segment_for_agent /opt/stack/neutron/neutron/plugins/ml2/drivers/mech_agent.py:343}}
Jun 04 13:51:28.947127 dv-cinder-843593-2-smb neutron-server[88648]: DEBUG neutron.plugins.ml2.drivers.mech_agent [req-5be18c96-93a1-4682-af5c-dd47e9bc7a6e req-dd756478-ce55-471f-9cc3-ed8acd9c8a88 service neutron] Bound using segment: {'id': '51ce251c-f028-4d82-b764-bfe41173a12a', 'network_type': 'vlan', 'physical_network': 'physnet1', 'segmentation_id': 320, 'network_id': 'f7e165fb-2c08-4a5e-b160-62bdeefaa15a'} {{(pid=88648) bind_port /opt/stack/neutron/neutron/plugins/ml2/drivers/mech_agent.py:115}}
Jun 04 13:51:28.947551 dv-cinder-843593-2-smb neutron-server[88648]: DEBUG neutron.plugins.ml2.managers [req-5be18c96-93a1-4682-af5c-dd47e9bc7a6e req-dd756478-ce55-471f-9cc3-ed8acd9c8a88 service neutron] Bound port: c9934519-b156-42da-aac8-bf408e95fe2c, host: hv-cinder-84359, vif_type: hyperv, vif_details: {"connectivity": "legacy", "port_filter": false}, binding_levels: [{'bound_driver': 'hyperv', 'bound_segment': {'id': '51ce251c-f028-4d82-b764-bfe41173a12a', 'network_type': 'vlan', 'physical_network': 'physnet1', 'segmentation_id': 320, 'network_id': 'f7e165fb-2c08-4a5e-b160-62bdeefaa15a'}}] {{(pid=88648) _bind_port_level /opt/stack/neutron/neutron/plugins/ml2/managers.py:928}}
Jun 04 13:51:28.947894 dv-cinder-843593-2-smb neutron-server[88648]: DEBUG neutron_lib.callbacks.manager [req-5be18c96-93a1-4682-af5c-dd47e9bc7a6e req-dd756478-ce55-471f-9cc3-ed8acd9c8a88 service neutron] Notify callbacks ['neutron.plugins.ml2.plugin.SecurityGroupDbMixin._ensure_default_security_group_handler-639108'] for port, before_update {{(pid=88648) _notify_loop /usr/local/lib/python3.8/dist-packages/neutron_lib/callbacks/manager.py:192}}
Jun 04 13:51:28.969365 dv-cinder-843593-2-smb neutron-server[88649]: DEBUG neutron.db.provisioning_blocks [None req-040b07f8-e8c7-47f1-b88b-0cca99960bd0 None None] Provisioning for port 5a7a5e11-7a9e-478d-b4b9-34d69efb9aba completed by entity L2. {{(pid=88649) provisioning_complete /opt/stack/neutron/neutron/db/provisioning_blocks.py:133}}
Jun 04 13:51:28.985552 dv-cinder-843593-2-smb neutron-server[88647]: DEBUG neutron_lib.callbacks.manager [req-a7e08fa1-b4d1-43b7-9068-fc6e28557953 req-2cc196c2-1db3-4f67-a854-d9a528280a10 service neutron] Notify callbacks ['neutron.plugins.ml2.plugin.SecurityGroupDbMixin._ensure_default_security_group_handler-639108'] for port, before_update {{(pid=88647) _notify_loop /usr/local/lib/python3.8/dist-packages/neutron_lib/callbacks/manager.py:192}}
Jun 04 13:51:28.993179 dv-cinder-843593-2-smb neutron-server[88649]: DEBUG neutron.db.provisioning_blocks [None req-040b07f8-e8c7-47f1-b88b-0cca99960bd0 None None] Provisioning complete for port 5a7a5e11-7a9e-478d-b4b9-34d69efb9aba triggered by entity L2. {{(pid=88649) provisioning_complete /opt/stack/neutron/neutron/db/provisioning_blocks.py:139}}
Jun 04 13:51:28.993830 dv-cinder-843593-2-smb neutron-server[88649]: DEBUG neutron_lib.callbacks.manager [None req-040b07f8-e8c7-47f1-b88b-0cca99960bd0 None None] Notify callbacks ['neutron.plugins.ml2.plugin.Ml2Plugin._port_provisioned-564430'] for port, provisioning_complete {{(pid=88649) _notify_loop /usr/local/lib/python3.8/dist-packages/neutron_lib/callbacks/manager.py:192}}
Jun 04 13:51:29.044646 dv-cinder-843593-2-smb neutron-server[88648]: DEBUG neutron.pecan_wsgi.hooks.policy_enforcement [req-53894370-1593-45e9-9972-b05fea7c2999 req-949d0df5-1607-42b9-89e1-85c978a81168 tempest-AttachVolumeTestJSON-1317646042 tempest-AttachVolumeTestJSON-1317646042-project] Attributes excluded by policy engine: ['standard_attr_id', 'binding:profile', 'binding:host_id', 'binding:vif_type', 'binding:vif_details'] {{(pid=88648) _exclude_attributes_by_policy /opt/stack/neutron/neutron/pecan_wsgi/hooks/policy_enforcement.py:259}}
Jun 04 13:51:29.046168 dv-cinder-843593-2-smb neutron-server[88648]: INFO neutron.wsgi [req-53894370-1593-45e9-9972-b05fea7c2999 req-949d0df5-1607-42b9-89e1-85c978a81168 tempest-AttachVolumeTestJSON-1317646042 tempest-AttachVolumeTestJSON-1317646042-project] 10.222.0.15 "GET /v2.0/ports?device_id=9281753b-d5cb-4d71-bb84-7e4c9431e6f4 HTTP/1.1" status: 200 len: 932 time: 0.2872698
Jun 04 13:51:29.075846 dv-cinder-843593-2-smb neutron-server[88648]: DEBUG neutron_lib.callbacks.manager [None req-025e84c5-6c2a-4d3c-baad-36c5ab7e647b admin admin] Notify callbacks ['neutron.plugins.ml2.ovo_rpc._ObjectChangeHandler.handle_event-4178564'] for security_group, after_delete {{(pid=88648) _notify_loop /usr/local/lib/python3.8/dist-packages/neutron_lib/callbacks/manager.py:192}}
Jun 04 13:51:29.117712 dv-cinder-843593-2-smb neutron-server[88648]: DEBUG neutron.api.rpc.handlers.resources_rpc [None req-025e84c5-6c2a-4d3c-baad-36c5ab7e647b admin admin] Pushing event deleted for resources: {'SecurityGroup': ['ID=79caa60a-354e-4561-8b56-bc330174d609,revision_number=None']} {{(pid=88648) push /opt/stack/neutron/neutron/api/rpc/handlers/resources_rpc.py:237}}
Jun 04 13:51:29.119986 dv-cinder-843593-2-smb neutron-server[88648]: DEBUG neutron.plugins.ml2.db [req-5be18c96-93a1-4682-af5c-dd47e9bc7a6e req-dd756478-ce55-471f-9cc3-ed8acd9c8a88 service neutron] For port c9934519-b156-42da-aac8-bf408e95fe2c, host hv-cinder-84359, cleared binding levels {{(pid=88648) clear_binding_levels /opt/stack/neutron/neutron/plugins/ml2/db.py:88}}
Jun 04 13:51:29.146854 dv-cinder-843593-2-smb neutron-server[88648]: DEBUG neutron_lib.callbacks.manager [None req-025e84c5-6c2a-4d3c-baad-36c5ab7e647b admin admin] Notify callbacks [] for security_group, before_response {{(pid=88648) _notify_loop /usr/local/lib/python3.8/dist-packages/neutron_lib/callbacks/manager.py:192}}
Jun 04 13:51:29.151284 dv-cinder-843593-2-smb neutron-server[88648]: INFO neutron.wsgi [None req-025e84c5-6c2a-4d3c-baad-36c5ab7e647b admin admin] 10.222.0.15 "DELETE /v2.0/security-groups/79caa60a-354e-4561-8b56-bc330174d609 HTTP/1.1" status: 204 len: 168 time: 0.9772003
Jun 04 13:51:29.155997 dv-cinder-843593-2-smb neutron-server[88648]: INFO neutron.wsgi [req-53894370-1593-45e9-9972-b05fea7c2999 req-70d0bb82-1ea1-405b-b4e1-3eb9ee65368e tempest-AttachVolumeTestJSON-1317646042 tempest-AttachVolumeTestJSON-1317646042-project] 10.222.0.15 "GET /v2.0/security-groups?id=8a332cec-8c4c-48b5-908e-20b1d61e7f22&fields=id&fields=name HTTP/1.1" status: 200 len: 313 time: 0.1002834
Jun 04 13:51:29.157702 dv-cinder-843593-2-smb neutron-server[88648]: DEBUG neutron.plugins.ml2.db [req-5be18c96-93a1-4682-af5c-dd47e9bc7a6e req-dd756478-ce55-471f-9cc3-ed8acd9c8a88 service neutron] For port c9934519-b156-42da-aac8-bf408e95fe2c, host hv-cinder-84359, set binding levels [PortBindingLevel(driver='hyperv',host='hv-cinder-84359',level=0,port_id=c9934519-b156-42da-aac8-bf408e95fe2c,segment=NetworkSegment(51ce251c-f028-4d82-b764-bfe41173a12a),segment_id=51ce251c-f028-4d82-b764-bfe41173a12a)] {{(pid=88648) set_binding_levels /opt/stack/neutron/neutron/plugins/ml2/db.py:60}}
Jun 04 13:51:29.201276 dv-cinder-843593-2-smb neutron-server[88649]: DEBUG neutron.plugins.ml2.plugin [None req-da8f1793-c63b-4052-b232-3a3da5d23ee1 None None] Port aab71abe-a311-467b-9ed1-462415e5b96d cannot update to ACTIVE because it is not bound. {{(pid=88649) _port_provisioned /opt/stack/neutron/neutron/plugins/ml2/plugin.py:337}}
Jun 04 13:51:29.223923 dv-cinder-843593-2-smb neutron-server[88649]: DEBUG neutron.plugins.ml2.plugin [None req-040b07f8-e8c7-47f1-b88b-0cca99960bd0 None None] Current status of the port 5a7a5e11-7a9e-478d-b4b9-34d69efb9aba is: BUILD; New status is: ACTIVE {{(pid=88649) _update_individual_port_db_status /opt/stack/neutron/neutron/plugins/ml2/plugin.py:2163}}
Jun 04 13:51:29.224305 dv-cinder-843593-2-smb neutron-server[88649]: DEBUG neutron_lib.callbacks.manager [None req-040b07f8-e8c7-47f1-b88b-0cca99960bd0 None None] Notify callbacks ['neutron.plugins.ml2.plugin.SecurityGroupDbMixin._ensure_default_security_group_handler-639108'] for port, before_update {{(pid=88649) _notify_loop /usr/local/lib/python3.8/dist-packages/neutron_lib/callbacks/manager.py:192}}
Jun 04 13:51:29.260719 dv-cinder-843593-2-smb neutron-server[88649]: DEBUG neutron.notifiers.nova [-] Sending events: [{'server_uuid': 'f9f8ab2c-2c52-4261-8c7d-fe4f1b726d7c', 'name': 'network-vif-plugged', 'status': 'completed', 'tag': '5a7a5e11-7a9e-478d-b4b9-34d69efb9aba'}] {{(pid=88649) send_events /opt/stack/neutron/neutron/notifiers/nova.py:271}}
Jun 04 13:51:29.294682 dv-cinder-843593-2-smb neutron-server[88648]: DEBUG neutron_lib.callbacks.manager [req-5be18c96-93a1-4682-af5c-dd47e9bc7a6e req-dd756478-ce55-471f-9cc3-ed8acd9c8a88 service neutron] Notify callbacks ['neutron.plugins.ml2.plugin.SecurityGroupServerNotifierRpcMixin.notify_sg_on_port_change-639067', 'neutron.plugins.ml2.ovo_rpc._ObjectChangeHandler.handle_event-5356', 'neutron.api.rpc.agentnotifiers.dhcp_rpc_agent_api.DhcpAgentNotifyAPI._native_event_send_dhcp_notification-3874425', 'neutron.db.l3_db.L3RpcNotifierMixin._notify_gateway_port_ip_changed-8784468822550', 'neutron.db.l3_dvrscheduler_db._notify_l3_agent_port_update-8784468348820', 'neutron.db.l3_hascheduler_db._notify_l3_agent_ha_port_update-8784468348865'] for port, after_update {{(pid=88648) _notify_loop /usr/local/lib/python3.8/dist-packages/neutron_lib/callbacks/manager.py:192}}
Jun 04 13:51:29.401194 dv-cinder-843593-2-smb neutron-server[88649]: DEBUG neutron.plugins.ml2.db [None req-040b07f8-e8c7-47f1-b88b-0cca99960bd0 None None] For port 5a7a5e11-7a9e-478d-b4b9-34d69efb9aba, host hv-cinder-84359, got binding levels [PortBindingLevel(driver='hyperv',host='hv-cinder-84359',level=0,port_id=5a7a5e11-7a9e-478d-b4b9-34d69efb9aba,segment=NetworkSegment(60e7deb5-441f-447a-8af5-3976cb1dd388),segment_id=60e7deb5-441f-447a-8af5-3976cb1dd388)] {{(pid=88649) get_binding_level_objs /opt/stack/neutron/neutron/plugins/ml2/db.py:75}}
Jun 04 13:51:29.413532 dv-cinder-843593-2-smb neutron-server[88647]: DEBUG neutron.pecan_wsgi.hooks.policy_enforcement [req-4b2a4283-2954-42c0-adb3-fc75aee5bd4c req-3f9e7773-e0d0-48d7-a93a-2b24adb513f2 tempest-DeleteServersTestJSON-386468410 tempest-DeleteServersTestJSON-386468410-project] Attributes excluded by policy engine: ['standard_attr_id', 'binding:profile', 'binding:host_id', 'binding:vif_type', 'binding:vif_details'] {{(pid=88647) _exclude_attributes_by_policy /opt/stack/neutron/neutron/pecan_wsgi/hooks/policy_enforcement.py:259}}
Jun 04 13:51:29.416766 dv-cinder-843593-2-smb neutron-server[88647]: INFO neutron.wsgi [req-4b2a4283-2954-42c0-adb3-fc75aee5bd4c req-3f9e7773-e0d0-48d7-a93a-2b24adb513f2 tempest-DeleteServersTestJSON-386468410 tempest-DeleteServersTestJSON-386468410-project] 10.222.0.15 "GET /v2.0/ports?device_id=f9f8ab2c-2c52-4261-8c7d-fe4f1b726d7c HTTP/1.1" status: 200 len: 945 time: 0.4972744
Jun 04 13:51:29.431535 dv-cinder-843593-2-smb neutron-server[88648]: DEBUG neutron.pecan_wsgi.hooks.policy_enforcement [req-5be18c96-93a1-4682-af5c-dd47e9bc7a6e req-dd756478-ce55-471f-9cc3-ed8acd9c8a88 service neutron] Attributes excluded by policy engine: ['standard_attr_id'] {{(pid=88648) _exclude_attributes_by_policy /opt/stack/neutron/neutron/pecan_wsgi/hooks/policy_enforcement.py:259}}
Jun 04 13:51:29.432422 dv-cinder-843593-2-smb neutron-server[88648]: DEBUG neutron_lib.callbacks.manager [req-5be18c96-93a1-4682-af5c-dd47e9bc7a6e req-dd756478-ce55-471f-9cc3-ed8acd9c8a88 service neutron] Notify callbacks ['neutron.notifiers.nova.Notifier._send_nova_notification-116131', 'neutron.api.rpc.agentnotifiers.dhcp_rpc_agent_api.DhcpAgentNotifyAPI._send_dhcp_notification-3874327'] for port, before_response {{(pid=88648) _notify_loop /usr/local/lib/python3.8/dist-packages/neutron_lib/callbacks/manager.py:192}}
Jun 04 13:51:29.433920 dv-cinder-843593-2-smb neutron-server[88648]: INFO neutron.wsgi [req-5be18c96-93a1-4682-af5c-dd47e9bc7a6e req-dd756478-ce55-471f-9cc3-ed8acd9c8a88 service neutron] 10.222.0.17 "PUT /v2.0/ports/c9934519-b156-42da-aac8-bf408e95fe2c HTTP/1.1" status: 200 len: 1093 time: 2.3757770
Jun 04 13:51:29.434362 dv-cinder-843593-2-smb neutron-server[88648]: DEBUG neutron.notifiers.nova [-] Sending events: [{'name': 'network-changed', 'server_uuid': 'b810e4b5-cbee-4b2b-94a6-e30397cd1ced', 'tag': 'c9934519-b156-42da-aac8-bf408e95fe2c'}] {{(pid=88648) send_events /opt/stack/neutron/neutron/notifiers/nova.py:271}}
Jun 04 13:51:29.448688 dv-cinder-843593-2-smb neutron-server[88648]: DEBUG neutron.api.rpc.handlers.resources_rpc [None req-dd756478-ce55-471f-9cc3-ed8acd9c8a88 service neutron] Pushing event updated for resources: {'Port': ['ID=c9934519-b156-42da-aac8-bf408e95fe2c,revision_number=3']} {{(pid=88648) push /opt/stack/neutron/neutron/api/rpc/handlers/resources_rpc.py:237}}
Jun 04 13:51:29.498744 dv-cinder-843593-2-smb neutron-server[88649]: DEBUG neutron_lib.callbacks.manager [None req-040b07f8-e8c7-47f1-b88b-0cca99960bd0 None None] Notify callbacks ['neutron.plugins.ml2.plugin.SecurityGroupServerNotifierRpcMixin.notify_sg_on_port_change-639067', 'neutron.plugins.ml2.ovo_rpc._ObjectChangeHandler.handle_event-5356', 'neutron.api.rpc.agentnotifiers.dhcp_rpc_agent_api.DhcpAgentNotifyAPI._native_event_send_dhcp_notification-3874425', 'neutron.db.l3_db.L3RpcNotifierMixin._notify_gateway_port_ip_changed-8784468822550', 'neutron.db.l3_dvrscheduler_db._notify_l3_agent_port_update-8784468348820', 'neutron.db.l3_hascheduler_db._notify_l3_agent_ha_port_update-8784468348865'] for port, after_update {{(pid=88649) _notify_loop /usr/local/lib/python3.8/dist-packages/neutron_lib/callbacks/manager.py:192}}
Jun 04 13:51:29.536819 dv-cinder-843593-2-smb neutron-server[88647]: INFO neutron.wsgi [req-4b2a4283-2954-42c0-adb3-fc75aee5bd4c req-c396c197-9c13-46a2-b25c-16d86bb477bd tempest-DeleteServersTestJSON-386468410 tempest-DeleteServersTestJSON-386468410-project] 10.222.0.15 "GET /v2.0/security-groups?id=3d766f9a-2519-4dac-8386-69bf07bb3d31&fields=id&fields=name HTTP/1.1" status: 200 len: 286 time: 0.1137693
Jun 04 13:51:29.560346 dv-cinder-843593-2-smb neutron-server[88648]: INFO neutron.notifiers.nova [-] Nova event matching ['req-5fcd67d7-d2d0-4419-965b-dfd479c593cc'] response: {'name': 'network-changed', 'server_uuid': 'b810e4b5-cbee-4b2b-94a6-e30397cd1ced', 'tag': 'c9934519-b156-42da-aac8-bf408e95fe2c', 'status': 'completed', 'code': 200}
Jun 04 13:51:29.657853 dv-cinder-843593-2-smb neutron-server[88649]: DEBUG neutron.api.rpc.handlers.resources_rpc [None req-040b07f8-e8c7-47f1-b88b-0cca99960bd0 None None] Pushing event updated for resources: {'Port': ['ID=5a7a5e11-7a9e-478d-b4b9-34d69efb9aba,revision_number=5']} {{(pid=88649) push /opt/stack/neutron/neutron/api/rpc/handlers/resources_rpc.py:237}}
Jun 04 13:51:29.718255 dv-cinder-843593-2-smb neutron-server[88647]: DEBUG neutron.notifiers.nova [req-a7e08fa1-b4d1-43b7-9068-fc6e28557953 req-2cc196c2-1db3-4f67-a854-d9a528280a10 service neutron] Ignoring state change previous_port_status: DOWN current_port_status: DOWN port_id aab71abe-a311-467b-9ed1-462415e5b96d {{(pid=88647) record_port_status_changed /opt/stack/neutron/neutron/notifiers/nova.py:233}}
Jun 04 13:51:29.736516 dv-cinder-843593-2-smb neutron-server[88648]: DEBUG neutron.pecan_wsgi.hooks.policy_enforcement [req-5be18c96-93a1-4682-af5c-dd47e9bc7a6e req-2751f281-1798-41b5-9b2d-042f93f321d3 service neutron] Attributes excluded by policy engine: ['standard_attr_id'] {{(pid=88648) _exclude_attributes_by_policy /opt/stack/neutron/neutron/pecan_wsgi/hooks/policy_enforcement.py:259}}
Jun 04 13:51:29.738366 dv-cinder-843593-2-smb neutron-server[88648]: INFO neutron.wsgi [req-5be18c96-93a1-4682-af5c-dd47e9bc7a6e req-2751f281-1798-41b5-9b2d-042f93f321d3 service neutron] 10.222.0.17 "GET /v2.0/ports?tenant_id=b1a0a7d689e345fb800464f38156edb4&device_id=b810e4b5-cbee-4b2b-94a6-e30397cd1ced HTTP/1.1" status: 200 len: 1096 time: 0.1633632
Jun 04 13:51:29.743047 dv-cinder-843593-2-smb neutron-server[88647]: DEBUG neutron_lib.callbacks.manager [req-a7e08fa1-b4d1-43b7-9068-fc6e28557953 req-2cc196c2-1db3-4f67-a854-d9a528280a10 service neutron] Notify callbacks [] for port, precommit_update {{(pid=88647) _notify_loop /usr/local/lib/python3.8/dist-packages/neutron_lib/callbacks/manager.py:192}}
Jun 04 13:51:29.760235 dv-cinder-843593-2-smb neutron-server[88647]: DEBUG neutron.db.provisioning_blocks [req-a7e08fa1-b4d1-43b7-9068-fc6e28557953 req-2cc196c2-1db3-4f67-a854-d9a528280a10 service neutron] Transition to ACTIVE for port object aab71abe-a311-467b-9ed1-462415e5b96d will not be triggered until provisioned by entity L2. {{(pid=88647) add_provisioning_component /opt/stack/neutron/neutron/db/provisioning_blocks.py:73}}
Jun 04 13:51:29.826054 dv-cinder-843593-2-smb neutron-server[88647]: DEBUG neutron_lib.callbacks.manager [req-a7e08fa1-b4d1-43b7-9068-fc6e28557953 req-2cc196c2-1db3-4f67-a854-d9a528280a10 service neutron] Notify callbacks ['neutron.plugins.ml2.plugin.SecurityGroupServerNotifierRpcMixin.notify_sg_on_port_change-639067', 'neutron.plugins.ml2.ovo_rpc._ObjectChangeHandler.handle_event-5356', 'neutron.api.rpc.agentnotifiers.dhcp_rpc_agent_api.DhcpAgentNotifyAPI._native_event_send_dhcp_notification-3874425', 'neutron.db.l3_db.L3RpcNotifierMixin._notify_gateway_port_ip_changed-8784468822550', 'neutron.db.l3_dvrscheduler_db._notify_l3_agent_port_update-8784468348820', 'neutron.db.l3_hascheduler_db._notify_l3_agent_ha_port_update-8784468348865', 'neutron.services.segments.plugin.NovaSegmentNotifier._notify_port_updated-2991156'] for port, after_update {{(pid=88647) _notify_loop /usr/local/lib/python3.8/dist-packages/neutron_lib/callbacks/manager.py:192}}
Jun 04 13:51:29.847700 dv-cinder-843593-2-smb neutron-server[88648]: INFO neutron.wsgi [req-5be18c96-93a1-4682-af5c-dd47e9bc7a6e req-fb88d0a4-1756-4b36-8b2d-276057c99c51 service neutron] 10.222.0.17 "GET /v2.0/floatingips?fixed_ip_address=172.20.0.8&port_id=c9934519-b156-42da-aac8-bf408e95fe2c HTTP/1.1" status: 200 len: 217 time: 0.0956976
Jun 04 13:51:29.945839 dv-cinder-843593-2-smb neutron-server[88648]: DEBUG neutron.pecan_wsgi.hooks.policy_enforcement [req-5be18c96-93a1-4682-af5c-dd47e9bc7a6e req-0896a03a-e92f-4caf-a632-64df3b16f9f7 service neutron] Attributes excluded by policy engine: ['standard_attr_id', 'shared'] {{(pid=88648) _exclude_attributes_by_policy /opt/stack/neutron/neutron/pecan_wsgi/hooks/policy_enforcement.py:259}}
Jun 04 13:51:29.947981 dv-cinder-843593-2-smb neutron-server[88648]: INFO neutron.wsgi [req-5be18c96-93a1-4682-af5c-dd47e9bc7a6e req-0896a03a-e92f-4caf-a632-64df3b16f9f7 service neutron] 10.222.0.17 "GET /v2.0/subnets?id=86aba7f4-4b2c-4624-8047-800bda2d771c HTTP/1.1" status: 200 len: 853 time: 0.0947351
Jun 04 13:51:30.059065 dv-cinder-843593-2-smb neutron-server[88649]: INFO neutron.notifiers.nova [-] Nova event matching ['req-c86f6dc0-61e2-4967-a18a-27df6407c599'] response: {'server_uuid': 'f9f8ab2c-2c52-4261-8c7d-fe4f1b726d7c', 'name': 'network-vif-plugged', 'status': 'completed', 'tag': '5a7a5e11-7a9e-478d-b4b9-34d69efb9aba', 'code': 200}
Jun 04 13:51:30.211559 dv-cinder-843593-2-smb neutron-server[88648]: DEBUG neutron.wsgi [-] (88648) accepted ('10.222.0.15', 41056) {{(pid=88648) server /usr/local/lib/python3.8/dist-packages/eventlet/wsgi.py:992}}
Jun 04 13:51:30.221965 dv-cinder-843593-2-smb neutron-server[88648]: DEBUG neutron.pecan_wsgi.hooks.policy_enforcement [req-ad281c02-dbee-43d9-b426-b9b940fc778d req-ad26a531-6d5f-410c-9f2a-2a43c9c72c6b tempest-AttachVolumeNegativeTest-1044604934 tempest-AttachVolumeNegativeTest-1044604934-project] Attributes excluded by policy engine: ['standard_attr_id', 'binding:profile', 'binding:host_id', 'binding:vif_type', 'binding:vif_details'] {{(pid=88648) _exclude_attributes_by_policy /opt/stack/neutron/neutron/pecan_wsgi/hooks/policy_enforcement.py:259}}
Jun 04 13:51:30.222796 dv-cinder-843593-2-smb neutron-server[88648]: DEBUG neutron.quota.resource [req-ad281c02-dbee-43d9-b426-b9b940fc778d req-ad26a531-6d5f-410c-9f2a-2a43c9c72c6b tempest-AttachVolumeNegativeTest-1044604934 tempest-AttachVolumeNegativeTest-1044604934-project] Synchronizing usage tracker for tenant:b1a0a7d689e345fb800464f38156edb4 on resource:port {{(pid=88648) resync /opt/stack/neutron/neutron/quota/resource.py:241}}
Jun 04 13:51:30.238531 dv-cinder-843593-2-smb neutron-server[88648]: DEBUG neutron.pecan_wsgi.hooks.policy_enforcement [req-5be18c96-93a1-4682-af5c-dd47e9bc7a6e req-4bbb1df6-cbe6-45a5-b103-3a2b62ad75f6 service neutron] Attributes excluded by policy engine: ['standard_attr_id'] {{(pid=88648) _exclude_attributes_by_policy /opt/stack/neutron/neutron/pecan_wsgi/hooks/policy_enforcement.py:259}}
Jun 04 13:51:30.238531 dv-cinder-843593-2-smb neutron-server[88648]: INFO neutron.wsgi [req-5be18c96-93a1-4682-af5c-dd47e9bc7a6e req-4bbb1df6-cbe6-45a5-b103-3a2b62ad75f6 service neutron] 10.222.0.17 "GET /v2.0/ports?network_id=f7e165fb-2c08-4a5e-b160-62bdeefaa15a&device_owner=network%3Adhcp HTTP/1.1" status: 200 len: 1173 time: 0.2781086
Jun 04 13:51:30.257431 dv-cinder-843593-2-smb neutron-server[88648]: DEBUG neutron_lib.callbacks.manager [None req-769dba11-1993-4b06-b38b-9ce726a7b8a7 admin admin] Notify callbacks [] for security_group, before_create {{(pid=88648) _notify_loop /usr/local/lib/python3.8/dist-packages/neutron_lib/callbacks/manager.py:192}}
Jun 04 13:51:30.272563 dv-cinder-843593-2-smb neutron-server[88647]: DEBUG neutron.api.rpc.handlers.resources_rpc [None req-2cc196c2-1db3-4f67-a854-d9a528280a10 service neutron] Pushing event updated for resources: {'Port': ['ID=aab71abe-a311-467b-9ed1-462415e5b96d,revision_number=2']} {{(pid=88647) push /opt/stack/neutron/neutron/api/rpc/handlers/resources_rpc.py:237}}
Jun 04 13:51:30.298459 dv-cinder-843593-2-smb neutron-server[88647]: DEBUG neutron.plugins.ml2.managers [req-a7e08fa1-b4d1-43b7-9068-fc6e28557953 req-2cc196c2-1db3-4f67-a854-d9a528280a10 service neutron] Attempting to bind port aab71abe-a311-467b-9ed1-462415e5b96d on host hv-cinder-84359 for vnic_type normal with profile {{(pid=88647) bind_port /opt/stack/neutron/neutron/plugins/ml2/managers.py:790}}
