Jun 04 13:51:14.172155 dv-cinder-843593-2-smb neutron-server[88647]: DEBUG neutron.quota.resource [None req-3b1ab03f-c667-4973-a12a-f6f9d97c3ede tempest-AttachVolumeTestJSON-1317646042 tempest-AttachVolumeTestJSON-1317646042-project] Usage tracker for resource:security_group_rule and tenant:1bab325121754db6a16249d176589adc is out of sync, need to count used quota {{(pid=88647) count_used /opt/stack/neutron/neutron/quota/resource.py:270}}
Jun 04 13:51:14.177121 dv-cinder-843593-2-smb neutron-server[88647]: DEBUG neutron.quota.resource [None req-3b1ab03f-c667-4973-a12a-f6f9d97c3ede tempest-AttachVolumeTestJSON-1317646042 tempest-AttachVolumeTestJSON-1317646042-project] Quota usage for security_group_rule was recalculated. Used quota:4. {{(pid=88647) count_used /opt/stack/neutron/neutron/quota/resource.py:290}}
Jun 04 13:51:14.182312 dv-cinder-843593-2-smb neutron-server[88647]: DEBUG neutron_lib.callbacks.manager [None req-9c34a58e-85fd-450c-be49-4568e3494492 tempest-AttachVolumeNegativeTest-1044604934 tempest-AttachVolumeNegativeTest-1044604934-project] Notify callbacks [] for security_group_rule, before_response {{(pid=88647) _notify_loop /usr/local/lib/python3.8/dist-packages/neutron_lib/callbacks/manager.py:192}}
Jun 04 13:51:14.182312 dv-cinder-843593-2-smb neutron-server[88647]: INFO neutron.wsgi [None req-9c34a58e-85fd-450c-be49-4568e3494492 tempest-AttachVolumeNegativeTest-1044604934 tempest-AttachVolumeNegativeTest-1044604934-project] 10.222.0.15 "POST /v2.0/security-group-rules HTTP/1.1" status: 201 len: 769 time: 1.1904292
Jun 04 13:51:14.187780 dv-cinder-843593-2-smb neutron-server[88648]: DEBUG neutron.wsgi [-] (88648) accepted ('10.222.0.15', 40382) {{(pid=88648) server /usr/local/lib/python3.8/dist-packages/eventlet/wsgi.py:992}}
Jun 04 13:51:14.196225 dv-cinder-843593-2-smb neutron-server[88647]: DEBUG neutron_lib.callbacks.manager [None req-70d47469-aea0-4fca-8113-73b1067b370b admin admin] Notify callbacks ['neutron.plugins.ml2.plugin.External_net_db_mixin._before_network_delete_handler-604469'] for network, before_delete {{(pid=88647) _notify_loop /usr/local/lib/python3.8/dist-packages/neutron_lib/callbacks/manager.py:192}}
Jun 04 13:51:14.197524 dv-cinder-843593-2-smb neutron-server[88648]: INFO neutron.wsgi [req-6816d4e4-2833-4e2f-a2df-c6c390be9a72 req-039b2034-290b-4af4-8bb6-6ac71770472a service neutron] 10.222.0.17 "GET /v2.0/networks/9a200dcd-4d77-49de-9821-247a5036b3a7?fields=segments HTTP/1.1" status: 200 len: 212 time: 0.3508344
Jun 04 13:51:14.201114 dv-cinder-843593-2-smb neutron-server[88648]: DEBUG neutron.api.v2.base [None req-4608350c-f6cb-482c-91af-8dc53d654840 tempest-AttachVolumeNegativeTest-1044604934 tempest-AttachVolumeNegativeTest-1044604934-project] Request body: {'floatingip': {'floating_network_id': '7517ec8c-2fb8-4891-807d-eceecf54c444'}} {{(pid=88648) prepare_request_body /opt/stack/neutron/neutron/api/v2/base.py:729}}
Jun 04 13:51:14.217033 dv-cinder-843593-2-smb neutron-server[88648]: DEBUG neutron.db.quota.driver [None req-4608350c-f6cb-482c-91af-8dc53d654840 tempest-AttachVolumeNegativeTest-1044604934 tempest-AttachVolumeNegativeTest-1044604934-project] Resources subnetpool have unlimited quota limit. It is not required to calculate headroom {{(pid=88648) make_reservation /opt/stack/neutron/neutron/db/quota/driver.py:219}}
Jun 04 13:51:14.223130 dv-cinder-843593-2-smb neutron-server[88648]: DEBUG neutron.quota.resource [None req-4608350c-f6cb-482c-91af-8dc53d654840 tempest-AttachVolumeNegativeTest-1044604934 tempest-AttachVolumeNegativeTest-1044604934-project] Usage tracker for resource:floatingip and tenant:b1a0a7d689e345fb800464f38156edb4 is out of sync, need to count used quota {{(pid=88648) count_used /opt/stack/neutron/neutron/quota/resource.py:270}}
Jun 04 13:51:14.226570 dv-cinder-843593-2-smb neutron-server[88647]: DEBUG neutron.db.quota.driver [None req-3b1ab03f-c667-4973-a12a-f6f9d97c3ede tempest-AttachVolumeTestJSON-1317646042 tempest-AttachVolumeTestJSON-1317646042-project] Attempting to reserve 2 items for resource security_group_rule. Total usage: 4; quota limit: 100; headroom:96 {{(pid=88647) make_reservation /opt/stack/neutron/neutron/db/quota/driver.py:246}}
Jun 04 13:51:14.242390 dv-cinder-843593-2-smb neutron-server[88648]: DEBUG neutron.quota.resource [None req-4608350c-f6cb-482c-91af-8dc53d654840 tempest-AttachVolumeNegativeTest-1044604934 tempest-AttachVolumeNegativeTest-1044604934-project] Quota usage for floatingip was recalculated. Used quota:0. {{(pid=88648) count_used /opt/stack/neutron/neutron/quota/resource.py:290}}
Jun 04 13:51:14.255257 dv-cinder-843593-2-smb neutron-server[88648]: DEBUG neutron.db.quota.driver [None req-4608350c-f6cb-482c-91af-8dc53d654840 tempest-AttachVolumeNegativeTest-1044604934 tempest-AttachVolumeNegativeTest-1044604934-project] Attempting to reserve 1 items for resource floatingip. Total usage: 0; quota limit: 50; headroom:50 {{(pid=88648) make_reservation /opt/stack/neutron/neutron/db/quota/driver.py:246}}
Jun 04 13:51:14.340772 dv-cinder-843593-2-smb neutron-server[88648]: DEBUG neutron_lib.callbacks.manager [None req-4608350c-f6cb-482c-91af-8dc53d654840 tempest-AttachVolumeNegativeTest-1044604934 tempest-AttachVolumeNegativeTest-1044604934-project] Notify callbacks [] for floatingip, before_create {{(pid=88648) _notify_loop /usr/local/lib/python3.8/dist-packages/neutron_lib/callbacks/manager.py:192}}
Jun 04 13:51:14.593437 dv-cinder-843593-2-smb neutron-server[88647]: DEBUG neutron_lib.callbacks.manager [None req-70d47469-aea0-4fca-8113-73b1067b370b admin admin] Notify callbacks ['neutron.plugins.ml2.plugin.Ml2Plugin._network_delete_precommit_handler-919093', 'neutron.services.segments.db._delete_segments_for_network-8784468802214'] for network, precommit_delete {{(pid=88647) _notify_loop /usr/local/lib/python3.8/dist-packages/neutron_lib/callbacks/manager.py:192}}
Jun 04 13:51:14.687630 dv-cinder-843593-2-smb neutron-server[88647]: DEBUG neutron_lib.callbacks.manager [None req-70d47469-aea0-4fca-8113-73b1067b370b admin admin] Subscribe: > segment before_delete 55550000 {{(pid=88647) subscribe /usr/local/lib/python3.8/dist-packages/neutron_lib/callbacks/manager.py:45}}
Jun 04 13:51:14.687972 dv-cinder-843593-2-smb neutron-server[88647]: DEBUG neutron_lib.callbacks.manager [None req-70d47469-aea0-4fca-8113-73b1067b370b admin admin] Subscribe: > subnet precommit_delete_associations 55550000 {{(pid=88647) subscribe /usr/local/lib/python3.8/dist-packages/neutron_lib/callbacks/manager.py:45}}
Jun 04 13:51:14.688726 dv-cinder-843593-2-smb neutron-server[88647]: DEBUG neutron_lib.callbacks.manager [None req-70d47469-aea0-4fca-8113-73b1067b370b admin admin] Subscribe: > segment_host_mapping after_create 55550000 {{(pid=88647) subscribe /usr/local/lib/python3.8/dist-packages/neutron_lib/callbacks/manager.py:45}}
Jun 04 13:51:14.689055 dv-cinder-843593-2-smb neutron-server[88647]: DEBUG neutron_lib.callbacks.manager [None req-70d47469-aea0-4fca-8113-73b1067b370b admin admin] Subscribe: > port after_create 55550000 {{(pid=88647) subscribe /usr/local/lib/python3.8/dist-packages/neutron_lib/callbacks/manager.py:45}}
Jun 04 13:51:14.700302 dv-cinder-843593-2-smb neutron-server[88647]: DEBUG neutron_lib.callbacks.manager [None req-70d47469-aea0-4fca-8113-73b1067b370b admin admin] Subscribe: > port after_delete 55550000 {{(pid=88647) subscribe /usr/local/lib/python3.8/dist-packages/neutron_lib/callbacks/manager.py:45}}
Jun 04 13:51:14.700302 dv-cinder-843593-2-smb neutron-server[88647]: DEBUG neutron_lib.callbacks.manager [None req-70d47469-aea0-4fca-8113-73b1067b370b admin admin] Subscribe: > port after_update 55550000 {{(pid=88647) subscribe /usr/local/lib/python3.8/dist-packages/neutron_lib/callbacks/manager.py:45}}
Jun 04 13:51:14.700302 dv-cinder-843593-2-smb neutron-server[88647]: DEBUG neutron_lib.callbacks.manager [None req-70d47469-aea0-4fca-8113-73b1067b370b admin admin] Subscribe: > segment after_delete 55550000 {{(pid=88647) subscribe /usr/local/lib/python3.8/dist-packages/neutron_lib/callbacks/manager.py:45}}
Jun 04 13:51:14.700302 dv-cinder-843593-2-smb neutron-server[88647]: DEBUG neutron_lib.callbacks.manager [None req-70d47469-aea0-4fca-8113-73b1067b370b admin admin] Subscribe: > subnet after_create 55550000 {{(pid=88647) subscribe /usr/local/lib/python3.8/dist-packages/neutron_lib/callbacks/manager.py:45}}
Jun 04 13:51:14.700302 dv-cinder-843593-2-smb neutron-server[88647]: DEBUG neutron_lib.callbacks.manager [None req-70d47469-aea0-4fca-8113-73b1067b370b admin admin] Subscribe: > subnet after_delete 55550000 {{(pid=88647) subscribe /usr/local/lib/python3.8/dist-packages/neutron_lib/callbacks/manager.py:45}}
Jun 04 13:51:14.700302 dv-cinder-843593-2-smb neutron-server[88647]: DEBUG neutron_lib.callbacks.manager [None req-70d47469-aea0-4fca-8113-73b1067b370b admin admin] Subscribe: > subnet after_update 55550000 {{(pid=88647) subscribe /usr/local/lib/python3.8/dist-packages/neutron_lib/callbacks/manager.py:45}}
Jun 04 13:51:14.857745 dv-cinder-843593-2-smb neutron-server[88648]: INFO neutron.wsgi [req-6816d4e4-2833-4e2f-a2df-c6c390be9a72 req-3f2047f2-cf44-4557-9b2e-0b25921ea842 service neutron] 10.222.0.17 "GET /v2.0/networks/9a200dcd-4d77-49de-9821-247a5036b3a7?fields=provider%3Aphysical_network&fields=provider%3Anetwork_type HTTP/1.1" status: 200 len: 281 time: 0.3597069
Jun 04 13:51:14.999013 dv-cinder-843593-2-smb neutron-server[88648]: DEBUG neutron_lib.callbacks.manager [None req-4608350c-f6cb-482c-91af-8dc53d654840 tempest-AttachVolumeNegativeTest-1044604934 tempest-AttachVolumeNegativeTest-1044604934-project] Notify callbacks ['neutron.plugins.ml2.plugin.SecurityGroupDbMixin._ensure_default_security_group_handler-639108'] for port, before_create {{(pid=88648) _notify_loop /usr/local/lib/python3.8/dist-packages/neutron_lib/callbacks/manager.py:192}}
Jun 04 13:51:15.231360 dv-cinder-843593-2-smb neutron-server[88649]: DEBUG neutron_lib.callbacks.manager [None req-57addc91-96ff-4f05-965b-490c501ba117 None None] Notify callbacks [] for port, precommit_update {{(pid=88649) _notify_loop /usr/local/lib/python3.8/dist-packages/neutron_lib/callbacks/manager.py:192}}
Jun 04 13:51:15.270433 dv-cinder-843593-2-smb neutron-server[88649]: DEBUG neutron.db.provisioning_blocks [None req-57addc91-96ff-4f05-965b-490c501ba117 None None] Transition to ACTIVE for port object 88ec8efd-86c9-4c12-bb5e-f7741f7b7bc3 will not be triggered until provisioned by entity L2. {{(pid=88649) add_provisioning_component /opt/stack/neutron/neutron/db/provisioning_blocks.py:73}}
Jun 04 13:51:15.275683 dv-cinder-843593-2-smb neutron-server[88647]: DEBUG neutron_lib.callbacks.manager [None req-70d47469-aea0-4fca-8113-73b1067b370b admin admin] Subscribe: > subnet after_create 55550000 {{(pid=88647) subscribe /usr/local/lib/python3.8/dist-packages/neutron_lib/callbacks/manager.py:45}}
Jun 04 13:51:15.276029 dv-cinder-843593-2-smb neutron-server[88647]: DEBUG neutron_lib.callbacks.manager [None req-70d47469-aea0-4fca-8113-73b1067b370b admin admin] Subscribe: > subnet after_delete 55550000 {{(pid=88647) subscribe /usr/local/lib/python3.8/dist-packages/neutron_lib/callbacks/manager.py:45}}
Jun 04 13:51:15.279630 dv-cinder-843593-2-smb neutron-server[88647]: DEBUG neutron_lib.callbacks.manager [None req-70d47469-aea0-4fca-8113-73b1067b370b admin admin] Subscribe: > subnet before_create 55550000 {{(pid=88647) subscribe /usr/local/lib/python3.8/dist-packages/neutron_lib/callbacks/manager.py:45}}
Jun 04 13:51:15.283174 dv-cinder-843593-2-smb neutron-server[88647]: DEBUG neutron_lib.callbacks.manager [None req-70d47469-aea0-4fca-8113-73b1067b370b admin admin] Subscribe: > subnet before_update 55550000 {{(pid=88647) subscribe /usr/local/lib/python3.8/dist-packages/neutron_lib/callbacks/manager.py:45}}
Jun 04 13:51:15.283174 dv-cinder-843593-2-smb neutron-server[88647]: DEBUG neutron.services.segments.db [None req-70d47469-aea0-4fca-8113-73b1067b370b admin admin] neutron.services.segments.plugin.Plugin method get_segments called with arguments (,) {'filters': {'network_id': ['dc40ad4a-69a8-4a99-a830-366db9d33e8c']}} {{(pid=88647) wrapper /usr/local/lib/python3.8/dist-packages/oslo_log/helpers.py:65}}
Jun 04 13:51:15.328676 dv-cinder-843593-2-smb neutron-server[88649]: DEBUG neutron.plugins.ml2.rpc [None req-3bd23dc3-3ad1-4bd4-a7b4-ee28448bbd10 None None] Device 047066f2-dc7e-47ed-b9ce-e9679e16fe1b up at agent ovs-agent-dv-cinder-843593-2-smb {{(pid=88649) update_device_up /opt/stack/neutron/neutron/plugins/ml2/rpc.py:278}}
Jun 04 13:51:15.337831 dv-cinder-843593-2-smb neutron-server[88647]: DEBUG neutron.services.segments.db [None req-70d47469-aea0-4fca-8113-73b1067b370b admin admin] neutron.services.segments.plugin.Plugin method delete_segment called with arguments (, '77ec5dc0-4605-4ca4-85dc-5a29ef048197') {'for_net_delete': True} {{(pid=88647) wrapper /usr/local/lib/python3.8/dist-packages/oslo_log/helpers.py:65}}
Jun 04 13:51:15.338403 dv-cinder-843593-2-smb neutron-server[88647]: DEBUG neutron.services.segments.db [None req-70d47469-aea0-4fca-8113-73b1067b370b admin admin] neutron.services.segments.plugin.Plugin method get_segment called with arguments (, '77ec5dc0-4605-4ca4-85dc-5a29ef048197') {} {{(pid=88647) wrapper /usr/local/lib/python3.8/dist-packages/oslo_log/helpers.py:65}}
Jun 04 13:51:15.378849 dv-cinder-843593-2-smb neutron-server[88647]: DEBUG neutron_lib.callbacks.manager [None req-70d47469-aea0-4fca-8113-73b1067b370b admin admin] Notify callbacks ['neutron.plugins.ml2.db._prevent_segment_delete_with_port_bound-8784468805825', 'neutron.services.segments.plugin.Plugin._prevent_segment_delete_with_subnet_associated-2326710'] for segment, before_delete {{(pid=88647) _notify_loop /usr/local/lib/python3.8/dist-packages/neutron_lib/callbacks/manager.py:192}}
Jun 04 13:51:15.421333 dv-cinder-843593-2-smb neutron-server[88647]: DEBUG neutron_lib.callbacks.manager [None req-70d47469-aea0-4fca-8113-73b1067b370b admin admin] Notify callbacks ['neutron.plugins.ml2.plugin.Ml2Plugin._handle_segment_change-918846'] for segment, precommit_delete {{(pid=88647) _notify_loop /usr/local/lib/python3.8/dist-packages/neutron_lib/callbacks/manager.py:192}}
Jun 04 13:51:15.441016 dv-cinder-843593-2-smb neutron-server[88647]: DEBUG neutron.plugins.ml2.drivers.type_vlan [None req-70d47469-aea0-4fca-8113-73b1067b370b admin admin] Releasing vlan 342 on physical network physnet1 to pool {{(pid=88647) release_segment /opt/stack/neutron/neutron/plugins/ml2/drivers/type_vlan.py:304}}
Jun 04 13:51:15.441412 dv-cinder-843593-2-smb neutron-server[88647]: DEBUG neutron_lib.callbacks.manager [None req-70d47469-aea0-4fca-8113-73b1067b370b admin admin] Notify callbacks ['neutron.plugins.ml2.plugin.Ml2Plugin._handle_after_delete_segment_change-918837', 'neutron.services.segments.plugin.NovaSegmentNotifier._notify_segment_deleted-2991336'] for segment, after_delete {{(pid=88647) _notify_loop /usr/local/lib/python3.8/dist-packages/neutron_lib/callbacks/manager.py:192}}
Jun 04 13:51:15.513258 dv-cinder-843593-2-smb neutron-server[88649]: DEBUG neutron_lib.callbacks.manager [None req-57addc91-96ff-4f05-965b-490c501ba117 None None] Notify callbacks ['neutron.plugins.ml2.plugin.SecurityGroupServerNotifierRpcMixin.notify_sg_on_port_change-639067', 'neutron.plugins.ml2.ovo_rpc._ObjectChangeHandler.handle_event-5356', 'neutron.api.rpc.agentnotifiers.dhcp_rpc_agent_api.DhcpAgentNotifyAPI._native_event_send_dhcp_notification-3874425', 'neutron.db.l3_db.L3RpcNotifierMixin._notify_gateway_port_ip_changed-8784468822550', 'neutron.db.l3_dvrscheduler_db._notify_l3_agent_port_update-8784468348820', 'neutron.db.l3_hascheduler_db._notify_l3_agent_ha_port_update-8784468348865'] for port, after_update {{(pid=88649) _notify_loop /usr/local/lib/python3.8/dist-packages/neutron_lib/callbacks/manager.py:192}}
Jun 04 13:51:15.550768 dv-cinder-843593-2-smb neutron-server[88648]: DEBUG neutron.db.db_base_plugin_common [None req-4608350c-f6cb-482c-91af-8dc53d654840 tempest-AttachVolumeNegativeTest-1044604934 tempest-AttachVolumeNegativeTest-1044604934-project] Allocated IP 172.28.3.16 (7517ec8c-2fb8-4891-807d-eceecf54c444/b5fa480c-9647-43ff-a34c-fb9a16935d1a/3a1e3ea1-2017-4d13-98ad-ab0026175338) {{(pid=88648) _store_ip_allocation /opt/stack/neutron/neutron/db/db_base_plugin_common.py:131}}
Jun 04 13:51:15.748759 dv-cinder-843593-2-smb neutron-server[88647]: DEBUG neutron_lib.callbacks.manager [None req-3b1ab03f-c667-4973-a12a-f6f9d97c3ede tempest-AttachVolumeTestJSON-1317646042 tempest-AttachVolumeTestJSON-1317646042-project] Notify callbacks [] for security_group, precommit_create {{(pid=88647) _notify_loop /usr/local/lib/python3.8/dist-packages/neutron_lib/callbacks/manager.py:192}}
Jun 04 13:51:15.755020 dv-cinder-843593-2-smb neutron-server[88647]: DEBUG neutron_lib.callbacks.manager [None req-70d47469-aea0-4fca-8113-73b1067b370b admin admin] Notify callbacks ['neutron.plugins.ml2.plugin.Ml2Plugin._network_delete_after_delete_handler-919102', 'neutron.plugins.ml2.ovo_rpc._ObjectChangeHandler.handle_event-4178505', 'neutron.api.rpc.agentnotifiers.dhcp_rpc_agent_api.DhcpAgentNotifyAPI._native_event_send_dhcp_notification-3874425', 'neutron.services.l3_router.l3_router_plugin.DVRResourceOperationHandler.delete_fip_namespaces_for_ext_net-3787971'] for network, after_delete {{(pid=88647) _notify_loop /usr/local/lib/python3.8/dist-packages/neutron_lib/callbacks/manager.py:192}}
Jun 04 13:51:15.827392 dv-cinder-843593-2-smb neutron-server[88647]: DEBUG neutron_lib.callbacks.manager [None req-70d47469-aea0-4fca-8113-73b1067b370b admin admin] Notify callbacks ['neutron.api.rpc.agentnotifiers.dhcp_rpc_agent_api.DhcpAgentNotifyAPI._send_dhcp_notification-3874327'] for network, before_response {{(pid=88647) _notify_loop /usr/local/lib/python3.8/dist-packages/neutron_lib/callbacks/manager.py:192}}
Jun 04 13:51:15.850442 dv-cinder-843593-2-smb neutron-server[88647]: DEBUG neutron.api.rpc.handlers.resources_rpc [None req-70d47469-aea0-4fca-8113-73b1067b370b admin admin] Pushing event deleted for resources: {'Network': ['ID=dc40ad4a-69a8-4a99-a830-366db9d33e8c,revision_number=None']} {{(pid=88647) push /opt/stack/neutron/neutron/api/rpc/handlers/resources_rpc.py:237}}
Jun 04 13:51:15.861111 dv-cinder-843593-2-smb neutron-server[88649]: DEBUG neutron.db.provisioning_blocks [None req-3bd23dc3-3ad1-4bd4-a7b4-ee28448bbd10 None None] Provisioning for port 047066f2-dc7e-47ed-b9ce-e9679e16fe1b completed by entity L2. {{(pid=88649) provisioning_complete /opt/stack/neutron/neutron/db/provisioning_blocks.py:133}}
Jun 04 13:51:15.865040 dv-cinder-843593-2-smb neutron-server[88649]: DEBUG neutron.api.rpc.handlers.resources_rpc [None req-e3ad5f57-fbc3-49a1-9658-ca7bdeed548c None None] Pushing event updated for resources: {'Port': ['ID=88ec8efd-86c9-4c12-bb5e-f7741f7b7bc3,revision_number=3']} {{(pid=88649) push /opt/stack/neutron/neutron/api/rpc/handlers/resources_rpc.py:237}}
Jun 04 13:51:15.875554 dv-cinder-843593-2-smb neutron-server[88647]: DEBUG neutron_lib.callbacks.manager [None req-3b1ab03f-c667-4973-a12a-f6f9d97c3ede tempest-AttachVolumeTestJSON-1317646042 tempest-AttachVolumeTestJSON-1317646042-project] Notify callbacks ['neutron.plugins.ml2.ovo_rpc._ObjectChangeHandler.handle_event-4178564'] for security_group, after_create {{(pid=88647) _notify_loop /usr/local/lib/python3.8/dist-packages/neutron_lib/callbacks/manager.py:192}}
Jun 04 13:51:15.902051 dv-cinder-843593-2-smb neutron-server[88649]: DEBUG neutron.db.provisioning_blocks [None req-3bd23dc3-3ad1-4bd4-a7b4-ee28448bbd10 None None] Provisioning complete for port 047066f2-dc7e-47ed-b9ce-e9679e16fe1b triggered by entity L2. {{(pid=88649) provisioning_complete /opt/stack/neutron/neutron/db/provisioning_blocks.py:139}}
Jun 04 13:51:15.902844 dv-cinder-843593-2-smb neutron-server[88649]: DEBUG neutron_lib.callbacks.manager [None req-3bd23dc3-3ad1-4bd4-a7b4-ee28448bbd10 None None] Notify callbacks ['neutron.plugins.ml2.plugin.Ml2Plugin._port_provisioned-564430'] for port, provisioning_complete {{(pid=88649) _notify_loop /usr/local/lib/python3.8/dist-packages/neutron_lib/callbacks/manager.py:192}}
Jun 04 13:51:16.024891 dv-cinder-843593-2-smb neutron-server[88647]: INFO neutron.wsgi [None req-70d47469-aea0-4fca-8113-73b1067b370b admin admin] 10.222.0.15 "DELETE /v2.0/networks/dc40ad4a-69a8-4a99-a830-366db9d33e8c HTTP/1.1" status: 204 len: 168 time: 2.2648582
Jun 04 13:51:16.039479 dv-cinder-843593-2-smb neutron-server[88649]: DEBUG neutron.plugins.ml2.managers [None req-57addc91-96ff-4f05-965b-490c501ba117 None None] Attempting to bind port 88ec8efd-86c9-4c12-bb5e-f7741f7b7bc3 on host dv-cinder-843593-2-smb for vnic_type normal with profile {{(pid=88649) bind_port /opt/stack/neutron/neutron/plugins/ml2/managers.py:790}}
Jun 04 13:51:16.039748 dv-cinder-843593-2-smb neutron-server[88649]: DEBUG neutron.plugins.ml2.managers [None req-57addc91-96ff-4f05-965b-490c501ba117 None None] Attempting to bind port 88ec8efd-86c9-4c12-bb5e-f7741f7b7bc3 by drivers openvswitch,hyperv on host dv-cinder-843593-2-smb at level 0 using segments [{'id': 'd8ffa9e2-dfb6-4d0c-9854-a30cf284a07e', 'network_type': 'vlan', 'physical_network': 'physnet1', 'segmentation_id': 345, 'network_id': '15ca5580-d168-42fa-8af5-abcdc93e9ac4'}] {{(pid=88649) _bind_port_level /opt/stack/neutron/neutron/plugins/ml2/managers.py:815}}
Jun 04 13:51:16.043320 dv-cinder-843593-2-smb neutron-server[88649]: DEBUG neutron.plugins.ml2.drivers.mech_agent [None req-57addc91-96ff-4f05-965b-490c501ba117 None None] Attempting to bind port 88ec8efd-86c9-4c12-bb5e-f7741f7b7bc3 on network 15ca5580-d168-42fa-8af5-abcdc93e9ac4 {{(pid=88649) bind_port /opt/stack/neutron/neutron/plugins/ml2/drivers/mech_agent.py:86}}
Jun 04 13:51:16.057144 dv-cinder-843593-2-smb neutron-server[88649]: DEBUG neutron.plugins.ml2.drivers.mech_agent [None req-57addc91-96ff-4f05-965b-490c501ba117 None None] Checking agent: {'id': '743470a5-ad3e-4aa3-b7ac-e4362e7ce1c7', 'agent_type': 'Open vSwitch agent', 'binary': 'neutron-openvswitch-agent', 'topic': 'N/A', 'host': 'dv-cinder-843593-2-smb', 'admin_state_up': True, 'created_at': datetime.datetime(2022, 6, 4, 13, 41, 39), 'started_at': datetime.datetime(2022, 6, 4, 13, 42, 9), 'heartbeat_timestamp': datetime.datetime(2022, 6, 4, 13, 51, 9), 'description': None, 'resources_synced': None, 'availability_zone': None, 'alive': True, 'configurations': {'arp_responder_enabled': False, 'baremetal_smartnic': False, 'bridge_mappings': {'physnet1': 'br-data'}, 'datapath_type': 'system', 'devices': 0, 'enable_distributed_routing': False, 'extensions': [], 'in_distributed_mode': False, 'integration_bridge': 'br-int', 'l2_population': False, 'log_agent_heartbeats': False, 'ovs_capabilities': {'datapath_types': ['netdev', 'system'], 'iface_types': ['erspan', 'geneve', 'gre', 'internal', 'ip6erspan', 'ip6gre', 'lisp', 'patch', 'stt', 'system', 'tap', 'vxlan']}, 'ovs_hybrid_plug': False, 'resource_provider_bandwidths': {}, 'resource_provider_hypervisors': {'br-data': 'dv-cinder-843593-2-smb'}, 'resource_provider_inventory_defaults': {'allocation_ratio': 1.0, 'min_unit': 1, 'step_size': 1, 'reserved': 0}, 'tunnel_types': [], 'tunneling_ip': None, 'vhostuser_socket_dir': '/var/run/openvswitch'}, 'resource_versions': {'AddressGroup': '1.2', 'ConntrackHelper': '1.0', 'Log': '1.0', 'Network': '1.1', 'Port': '1.7', 'PortForwarding': '1.2', 'QosPolicy': '1.8', 'SecurityGroup': '1.4', 'SecurityGroupRule': '1.2', 'SubPort': '1.0', 'Subnet': '1.1', 'Trunk': '1.1'}} {{(pid=88649) bind_port /opt/stack/neutron/neutron/plugins/ml2/drivers/mech_agent.py:105}}
Jun 04 13:51:16.063621 dv-cinder-843593-2-smb neutron-server[88649]: DEBUG neutron.plugins.ml2.drivers.mech_agent [None req-57addc91-96ff-4f05-965b-490c501ba117 None None] Checking segment: {'id': 'd8ffa9e2-dfb6-4d0c-9854-a30cf284a07e', 'network_type': 'vlan', 'physical_network': 'physnet1', 'segmentation_id': 345, 'network_id': '15ca5580-d168-42fa-8af5-abcdc93e9ac4'} for mappings: {'physnet1': 'br-data'} with network types: ['local', 'flat', 'vlan'] {{(pid=88649) check_segment_for_agent /opt/stack/neutron/neutron/plugins/ml2/drivers/mech_agent.py:343}}
Jun 04 13:51:16.063621 dv-cinder-843593-2-smb neutron-server[88649]: DEBUG neutron_lib.callbacks.manager [None req-57addc91-96ff-4f05-965b-490c501ba117 None None] Notify callbacks [] for ovs_bridge_name, before_read {{(pid=88649) _notify_loop /usr/local/lib/python3.8/dist-packages/neutron_lib/callbacks/manager.py:192}}
Jun 04 13:51:16.063621 dv-cinder-843593-2-smb neutron-server[88649]: DEBUG neutron.plugins.ml2.drivers.mech_agent [None req-57addc91-96ff-4f05-965b-490c501ba117 None None] Bound using segment: {'id': 'd8ffa9e2-dfb6-4d0c-9854-a30cf284a07e', 'network_type': 'vlan', 'physical_network': 'physnet1', 'segmentation_id': 345, 'network_id': '15ca5580-d168-42fa-8af5-abcdc93e9ac4'} {{(pid=88649) bind_port /opt/stack/neutron/neutron/plugins/ml2/drivers/mech_agent.py:115}}
Jun 04 13:51:16.063621 dv-cinder-843593-2-smb neutron-server[88649]: DEBUG neutron.plugins.ml2.managers [None req-57addc91-96ff-4f05-965b-490c501ba117 None None] Bound port: 88ec8efd-86c9-4c12-bb5e-f7741f7b7bc3, host: dv-cinder-843593-2-smb, vif_type: ovs, vif_details: {"connectivity": "l2", "port_filter": true, "ovs_hybrid_plug": false, "datapath_type": "system", "bridge_name": "br-int"}, binding_levels: [{'bound_driver': 'openvswitch', 'bound_segment': {'id': 'd8ffa9e2-dfb6-4d0c-9854-a30cf284a07e', 'network_type': 'vlan', 'physical_network': 'physnet1', 'segmentation_id': 345, 'network_id': '15ca5580-d168-42fa-8af5-abcdc93e9ac4'}}] {{(pid=88649) _bind_port_level /opt/stack/neutron/neutron/plugins/ml2/managers.py:928}}
Jun 04 13:51:16.063621 dv-cinder-843593-2-smb neutron-server[88649]: DEBUG neutron_lib.callbacks.manager [None req-57addc91-96ff-4f05-965b-490c501ba117 None None] Notify callbacks ['neutron.plugins.ml2.plugin.SecurityGroupDbMixin._ensure_default_security_group_handler-639108'] for port, before_update {{(pid=88649) _notify_loop /usr/local/lib/python3.8/dist-packages/neutron_lib/callbacks/manager.py:192}}
Jun 04 13:51:16.079760 dv-cinder-843593-2-smb neutron-server[88647]: DEBUG neutron.wsgi [-] (88647) accepted ('10.222.0.15', 40422) {{(pid=88647) server /usr/local/lib/python3.8/dist-packages/eventlet/wsgi.py:992}}
Jun 04 13:51:16.239019 dv-cinder-843593-2-smb neutron-server[88647]: INFO neutron.services.segments.plugin [-] Segment 77ec5dc0-4605-4ca4-85dc-5a29ef048197 resource provider aggregate not found
Jun 04 13:51:16.256521 dv-cinder-843593-2-smb neutron-server[88647]: DEBUG neutron_lib.callbacks.manager [None req-3b1ab03f-c667-4973-a12a-f6f9d97c3ede tempest-AttachVolumeTestJSON-1317646042 tempest-AttachVolumeTestJSON-1317646042-project] Notify callbacks [] for security_group, before_response {{(pid=88647) _notify_loop /usr/local/lib/python3.8/dist-packages/neutron_lib/callbacks/manager.py:192}}
Jun 04 13:51:16.258619 dv-cinder-843593-2-smb neutron-server[88647]: INFO neutron.wsgi [None req-3b1ab03f-c667-4973-a12a-f6f9d97c3ede tempest-AttachVolumeTestJSON-1317646042 tempest-AttachVolumeTestJSON-1317646042-project] 10.222.0.15 "POST /v2.0/security-groups HTTP/1.1" status: 201 len: 1780 time: 2.7630773
Jun 04 13:51:16.272398 dv-cinder-843593-2-smb neutron-server[88648]: DEBUG neutron.wsgi [-] (88648) accepted ('10.222.0.15', 40436) {{(pid=88648) server /usr/local/lib/python3.8/dist-packages/eventlet/wsgi.py:992}}
Jun 04 13:51:16.281016 dv-cinder-843593-2-smb neutron-server[88647]: DEBUG neutron.api.rpc.handlers.resources_rpc [None req-3b1ab03f-c667-4973-a12a-f6f9d97c3ede tempest-AttachVolumeTestJSON-1317646042 tempest-AttachVolumeTestJSON-1317646042-project] Pushing event updated for resources: {'SecurityGroup': ['ID=8a332cec-8c4c-48b5-908e-20b1d61e7f22,revision_number=1']} {{(pid=88647) push /opt/stack/neutron/neutron/api/rpc/handlers/resources_rpc.py:237}}
Jun 04 13:51:16.287736 dv-cinder-843593-2-smb neutron-server[88647]: INFO neutron.services.segments.plugin [-] Segment 77ec5dc0-4605-4ca4-85dc-5a29ef048197 resource provider not found; error: Placement Client Error (4xx): {"errors": [{"status": 404, "title": "Not Found", "detail": "The resource could not be found.\n\n No resource provider with uuid 77ec5dc0-4605-4ca4-85dc-5a29ef048197 found for delete ", "request_id": "req-6b72c801-bee4-4ea5-9dd2-0fb2776e41a7"}]}
Jun 04 13:51:16.309194 dv-cinder-843593-2-smb neutron-server[88647]: DEBUG neutron.db.db_base_plugin_v2 [None req-5f4b17bb-0cf2-4367-8dcd-008673ef6471 admin admin] Deleting subnet 29006770-a90c-46f5-ae3c-20ca1aaa2b19 {{(pid=88647) delete_subnet /opt/stack/neutron/neutron/db/db_base_plugin_v2.py:1048}}
Jun 04 13:51:16.314435 dv-cinder-843593-2-smb neutron-server[88647]: DEBUG neutron_lib.callbacks.manager [None req-5f4b17bb-0cf2-4367-8dcd-008673ef6471 admin admin] Notify callbacks [] for subnet, before_delete {{(pid=88647) _notify_loop /usr/local/lib/python3.8/dist-packages/neutron_lib/callbacks/manager.py:192}}
Jun 04 13:51:16.318062 dv-cinder-843593-2-smb neutron-server[88648]: DEBUG neutron.api.v2.base [None req-b1ebd787-0944-494b-9b67-8b91e854d080 tempest-AttachVolumeTestJSON-1317646042 tempest-AttachVolumeTestJSON-1317646042-project] Request body: {'security_group_rule': {'security_group_id': '8a332cec-8c4c-48b5-908e-20b1d61e7f22', 'protocol': 'tcp', 'ethertype': 'IPv4', 'port_range_min': 22, 'port_range_max': 22, 'direction': 'ingress'}} {{(pid=88648) prepare_request_body /opt/stack/neutron/neutron/api/v2/base.py:729}}
Jun 04 13:51:16.334793 dv-cinder-843593-2-smb neutron-server[88648]: DEBUG neutron.db.quota.driver [None req-b1ebd787-0944-494b-9b67-8b91e854d080 tempest-AttachVolumeTestJSON-1317646042 tempest-AttachVolumeTestJSON-1317646042-project] Resources subnetpool have unlimited quota limit. It is not required to calculate headroom {{(pid=88648) make_reservation /opt/stack/neutron/neutron/db/quota/driver.py:219}}
Jun 04 13:51:16.340758 dv-cinder-843593-2-smb neutron-server[88648]: DEBUG neutron.quota.resource [None req-b1ebd787-0944-494b-9b67-8b91e854d080 tempest-AttachVolumeTestJSON-1317646042 tempest-AttachVolumeTestJSON-1317646042-project] Usage tracker for resource:security_group_rule and tenant:1bab325121754db6a16249d176589adc is out of sync, need to count used quota {{(pid=88648) count_used /opt/stack/neutron/neutron/quota/resource.py:270}}
Jun 04 13:51:16.344751 dv-cinder-843593-2-smb neutron-server[88648]: DEBUG neutron.quota.resource [None req-b1ebd787-0944-494b-9b67-8b91e854d080 tempest-AttachVolumeTestJSON-1317646042 tempest-AttachVolumeTestJSON-1317646042-project] Quota usage for security_group_rule was recalculated. Used quota:6. {{(pid=88648) count_used /opt/stack/neutron/neutron/quota/resource.py:290}}
Jun 04 13:51:16.351701 dv-cinder-843593-2-smb neutron-server[88648]: DEBUG neutron.db.quota.driver [None req-b1ebd787-0944-494b-9b67-8b91e854d080 tempest-AttachVolumeTestJSON-1317646042 tempest-AttachVolumeTestJSON-1317646042-project] Attempting to reserve 1 items for resource security_group_rule. Total usage: 6; quota limit: 100; headroom:94 {{(pid=88648) make_reservation /opt/stack/neutron/neutron/db/quota/driver.py:246}}
Jun 04 13:51:16.406166 dv-cinder-843593-2-smb neutron-server[88648]: DEBUG neutron_lib.callbacks.manager [None req-4608350c-f6cb-482c-91af-8dc53d654840 tempest-AttachVolumeNegativeTest-1044604934 tempest-AttachVolumeNegativeTest-1044604934-project] Notify callbacks [] for port, precommit_create {{(pid=88648) _notify_loop /usr/local/lib/python3.8/dist-packages/neutron_lib/callbacks/manager.py:192}}
Jun 04 13:51:16.421694 dv-cinder-843593-2-smb neutron-server[88647]: DEBUG neutron_lib.callbacks.manager [None req-5f4b17bb-0cf2-4367-8dcd-008673ef6471 admin admin] Notify callbacks ['neutron.services.segments.plugin.Plugin._validate_auto_address_subnet_delete-2326719'] for subnet, precommit_delete_associations {{(pid=88647) _notify_loop /usr/local/lib/python3.8/dist-packages/neutron_lib/callbacks/manager.py:192}}
Jun 04 13:51:16.442139 dv-cinder-843593-2-smb neutron-server[88648]: DEBUG neutron.pecan_wsgi.hooks.policy_enforcement [req-531d020c-4433-47a9-ab41-2a9b7e185651 req-fba423f7-bcbc-4bc6-91d9-01d7fd7f7348 service neutron] Attributes excluded by policy engine: ['standard_attr_id'] {{(pid=88648) _exclude_attributes_by_policy /opt/stack/neutron/neutron/pecan_wsgi/hooks/policy_enforcement.py:259}}
Jun 04 13:51:16.445677 dv-cinder-843593-2-smb neutron-server[88648]: INFO neutron.wsgi [req-531d020c-4433-47a9-ab41-2a9b7e185651 req-fba423f7-bcbc-4bc6-91d9-01d7fd7f7348 service neutron] 10.222.0.17 "GET /v2.0/ports?tenant_id=8da4508273ae453e94489f7121be36a4&device_id=f9f8ab2c-2c52-4261-8c7d-fe4f1b726d7c HTTP/1.1" status: 200 len: 1097 time: 1.2873609
Jun 04 13:51:16.454835 dv-cinder-843593-2-smb neutron-server[88648]: DEBUG neutron_lib.callbacks.manager [None req-b1ebd787-0944-494b-9b67-8b91e854d080 tempest-AttachVolumeTestJSON-1317646042 tempest-AttachVolumeTestJSON-1317646042-project] Notify callbacks [] for security_group_rule, before_create {{(pid=88648) _notify_loop /usr/local/lib/python3.8/dist-packages/neutron_lib/callbacks/manager.py:192}}
Jun 04 13:51:16.532136 dv-cinder-843593-2-smb neutron-server[88647]: DEBUG neutron_lib.callbacks.manager [None req-5f4b17bb-0cf2-4367-8dcd-008673ef6471 admin admin] Notify callbacks ['neutron.plugins.ml2.plugin.Ml2Plugin._subnet_delete_precommit_handler-563026'] for subnet, precommit_delete {{(pid=88647) _notify_loop /usr/local/lib/python3.8/dist-packages/neutron_lib/callbacks/manager.py:192}}
Jun 04 13:51:16.553905 dv-cinder-843593-2-smb neutron-server[88649]: DEBUG neutron.plugins.ml2.db [None req-57addc91-96ff-4f05-965b-490c501ba117 None None] For port 88ec8efd-86c9-4c12-bb5e-f7741f7b7bc3, host dv-cinder-843593-2-smb, cleared binding levels {{(pid=88649) clear_binding_levels /opt/stack/neutron/neutron/plugins/ml2/db.py:88}}
Jun 04 13:51:16.581215 dv-cinder-843593-2-smb neutron-server[88649]: DEBUG neutron.plugins.ml2.db [None req-57addc91-96ff-4f05-965b-490c501ba117 None None] For port 88ec8efd-86c9-4c12-bb5e-f7741f7b7bc3, host dv-cinder-843593-2-smb, set binding levels [PortBindingLevel(driver='openvswitch',host='dv-cinder-843593-2-smb',level=0,port_id=88ec8efd-86c9-4c12-bb5e-f7741f7b7bc3,segment=NetworkSegment(d8ffa9e2-dfb6-4d0c-9854-a30cf284a07e),segment_id=d8ffa9e2-dfb6-4d0c-9854-a30cf284a07e)] {{(pid=88649) set_binding_levels /opt/stack/neutron/neutron/plugins/ml2/db.py:60}}
Jun 04 13:51:16.589319 dv-cinder-843593-2-smb neutron-server[88649]: DEBUG neutron.plugins.ml2.plugin [None req-3bd23dc3-3ad1-4bd4-a7b4-ee28448bbd10 None None] Current status of the port 047066f2-dc7e-47ed-b9ce-e9679e16fe1b is: DOWN; New status is: ACTIVE {{(pid=88649) _update_individual_port_db_status /opt/stack/neutron/neutron/plugins/ml2/plugin.py:2163}}
Jun 04 13:51:16.590199 dv-cinder-843593-2-smb neutron-server[88649]: DEBUG neutron_lib.callbacks.manager [None req-3bd23dc3-3ad1-4bd4-a7b4-ee28448bbd10 None None] Notify callbacks ['neutron.plugins.ml2.plugin.SecurityGroupDbMixin._ensure_default_security_group_handler-639108'] for port, before_update {{(pid=88649) _notify_loop /usr/local/lib/python3.8/dist-packages/neutron_lib/callbacks/manager.py:192}}
Jun 04 13:51:16.685296 dv-cinder-843593-2-smb neutron-server[88649]: DEBUG neutron_lib.callbacks.manager [None req-57addc91-96ff-4f05-965b-490c501ba117 None None] Notify callbacks ['neutron.plugins.ml2.plugin.SecurityGroupServerNotifierRpcMixin.notify_sg_on_port_change-639067', 'neutron.plugins.ml2.ovo_rpc._ObjectChangeHandler.handle_event-5356', 'neutron.api.rpc.agentnotifiers.dhcp_rpc_agent_api.DhcpAgentNotifyAPI._native_event_send_dhcp_notification-3874425', 'neutron.db.l3_db.L3RpcNotifierMixin._notify_gateway_port_ip_changed-8784468822550', 'neutron.db.l3_dvrscheduler_db._notify_l3_agent_port_update-8784468348820', 'neutron.db.l3_hascheduler_db._notify_l3_agent_ha_port_update-8784468348865'] for port, after_update {{(pid=88649) _notify_loop /usr/local/lib/python3.8/dist-packages/neutron_lib/callbacks/manager.py:192}}
Jun 04 13:51:16.731636 dv-cinder-843593-2-smb neutron-server[88648]: DEBUG neutron.pecan_wsgi.hooks.policy_enforcement [req-b42d771f-40a3-4557-ad54-cd51899e37a3 req-d8c93205-9e96-4f84-8bee-4e668a0abe58 tempest-DeleteServersTestJSON-386468410 tempest-DeleteServersTestJSON-386468410-project] Attributes excluded by policy engine: ['standard_attr_id', 'binding:profile', 'binding:host_id', 'binding:vif_type', 'binding:vif_details'] {{(pid=88648) _exclude_attributes_by_policy /opt/stack/neutron/neutron/pecan_wsgi/hooks/policy_enforcement.py:259}}
Jun 04 13:51:16.732605 dv-cinder-843593-2-smb neutron-server[88648]: INFO neutron.wsgi [req-b42d771f-40a3-4557-ad54-cd51899e37a3 req-d8c93205-9e96-4f84-8bee-4e668a0abe58 tempest-DeleteServersTestJSON-386468410 tempest-DeleteServersTestJSON-386468410-project] 10.222.0.15 "GET /v2.0/ports?device_id=f9f8ab2c-2c52-4261-8c7d-fe4f1b726d7c HTTP/1.1" status: 200 len: 944 time: 1.5762186
Jun 04 13:51:16.739396 dv-cinder-843593-2-smb neutron-server[88648]: DEBUG neutron_lib.callbacks.manager [None req-b1ebd787-0944-494b-9b67-8b91e854d080 tempest-AttachVolumeTestJSON-1317646042 tempest-AttachVolumeTestJSON-1317646042-project] Notify callbacks [] for security_group_rule, precommit_create {{(pid=88648) _notify_loop /usr/local/lib/python3.8/dist-packages/neutron_lib/callbacks/manager.py:192}}
Jun 04 13:51:16.740476 dv-cinder-843593-2-smb neutron-server[88648]: DEBUG neutron_lib.callbacks.manager [None req-4608350c-f6cb-482c-91af-8dc53d654840 tempest-AttachVolumeNegativeTest-1044604934 tempest-AttachVolumeNegativeTest-1044604934-project] Notify callbacks ['neutron.plugins.ml2.plugin.SecurityGroupServerNotifierRpcMixin.notify_sg_on_port_change-639067', 'neutron.plugins.ml2.ovo_rpc._ObjectChangeHandler.handle_event-5356', 'neutron.api.rpc.agentnotifiers.dhcp_rpc_agent_api.DhcpAgentNotifyAPI._native_event_send_dhcp_notification-3874425', 'neutron.db.l3_dvrscheduler_db._notify_l3_agent_new_port-8784468348802'] for port, after_create {{(pid=88648) _notify_loop /usr/local/lib/python3.8/dist-packages/neutron_lib/callbacks/manager.py:192}}
Jun 04 13:51:16.776515 dv-cinder-843593-2-smb neutron-server[88649]: DEBUG neutron.plugins.ml2.db [None req-3bd23dc3-3ad1-4bd4-a7b4-ee28448bbd10 None None] For port 047066f2-dc7e-47ed-b9ce-e9679e16fe1b, host dv-cinder-843593-2-smb, got binding levels [PortBindingLevel(driver='openvswitch',host='dv-cinder-843593-2-smb',level=0,port_id=047066f2-dc7e-47ed-b9ce-e9679e16fe1b,segment=NetworkSegment(51ce251c-f028-4d82-b764-bfe41173a12a),segment_id=51ce251c-f028-4d82-b764-bfe41173a12a)] {{(pid=88649) get_binding_level_objs /opt/stack/neutron/neutron/plugins/ml2/db.py:75}}
Jun 04 13:51:16.790273 dv-cinder-843593-2-smb neutron-server[88647]: DEBUG neutron_lib.callbacks.manager [None req-5f4b17bb-0cf2-4367-8dcd-008673ef6471 admin admin] Notify callbacks ['neutron.plugins.ml2.plugin.Ml2Plugin._subnet_delete_after_delete_handler-563049', 'neutron.plugins.ml2.ovo_rpc._ObjectChangeHandler.handle_event-4178476', 'neutron.api.rpc.agentnotifiers.dhcp_rpc_agent_api.DhcpAgentNotifyAPI._native_event_send_dhcp_notification-3874425', 'neutron.services.segments.plugin.NovaSegmentNotifier._notify_subnet_deleted-2991170', 'neutron.services.segments.plugin.SegmentHostRoutes.host_routes_after_delete-3076379'] for subnet, after_delete {{(pid=88647) _notify_loop /usr/local/lib/python3.8/dist-packages/neutron_lib/callbacks/manager.py:192}}
Jun 04 13:51:16.803292 dv-cinder-843593-2-smb neutron-server[88648]: DEBUG neutron.scheduler.dhcp_agent_scheduler [None req-4608350c-f6cb-482c-91af-8dc53d654840 tempest-AttachVolumeNegativeTest-1044604934 tempest-AttachVolumeNegativeTest-1044604934-project] Network 7517ec8c-2fb8-4891-807d-eceecf54c444 is already hosted by enough agents. {{(pid=88648) _get_dhcp_agents_hosting_network /opt/stack/neutron/neutron/scheduler/dhcp_agent_scheduler.py:275}}
Jun 04 13:51:16.812863 dv-cinder-843593-2-smb neutron-server[88648]: DEBUG neutron.scheduler.base_scheduler [None req-4608350c-f6cb-482c-91af-8dc53d654840 tempest-AttachVolumeNegativeTest-1044604934 tempest-AttachVolumeNegativeTest-1044604934-project] Resources bound (agent type, host, resource id): {{(pid=88648) schedule /opt/stack/neutron/neutron/scheduler/base_scheduler.py:57}}
Jun 04 13:51:16.815458 dv-cinder-843593-2-smb neutron-server[88648]: DEBUG neutron.db.l3_dvrscheduler_db [None req-4608350c-f6cb-482c-91af-8dc53d654840 tempest-AttachVolumeNegativeTest-1044604934 tempest-AttachVolumeNegativeTest-1044604934-project] Received port after_create {{(pid=88648) _notify_l3_agent_new_port /opt/stack/neutron/neutron/db/l3_dvrscheduler_db.py:538}}
Jun 04 13:51:16.842452 dv-cinder-843593-2-smb neutron-server[88649]: DEBUG neutron.db.l3_dvrscheduler_db [None req-57addc91-96ff-4f05-965b-490c501ba117 None None] Routers {'0c71012e-f2d1-48ad-8ae8-385151c15d14'} bound to L3 agent in host dv-cinder-843593-2-smb {{(pid=88649) _get_router_ids_for_agent /opt/stack/neutron/neutron/db/l3_dvrscheduler_db.py:423}}
Jun 04 13:51:16.846315 dv-cinder-843593-2-smb neutron-server[88649]: DEBUG neutron.db.l3_hamode_db [None req-57addc91-96ff-4f05-965b-490c501ba117 None None] neutron.services.l3_router.l3_router_plugin.L3RouterPlugin method get_ha_sync_data_for_host called with arguments (, 'dv-cinder-843593-2-smb', Agent(admin_state_up=True,agent_type='L3 agent',availability_zone='nova',binary='neutron-l3-agent',configurations={"agent_mode": "legacy", "ex_gw_ports": 3, "extensions": [], "floating_ips": 0, "handle_internal_only_routers": true, "interface_driver": "openvswitch", "interfaces": 1, "log_agent_heartbeats": false, "routers": 3},created_at=2022-06-04T13:41:38Z,description=,heartbeat_timestamp=2022-06-04T13:51:08Z,host='dv-cinder-843593-2-smb',id=d15f56fd-bb49-4c2b-b025-ad4951a92d6c,load=0,resource_versions=,resources_synced=,started_at=2022-06-04T13:41:39Z,topic='l3_agent')) {'router_ids': ['0c71012e-f2d1-48ad-8ae8-385151c15d14'], 'active': True} {{(pid=88649) wrapper /usr/local/lib/python3.8/dist-packages/oslo_log/helpers.py:65}}
Jun 04 13:51:16.942608 dv-cinder-843593-2-smb neutron-server[88647]: DEBUG neutron.api.rpc.handlers.resources_rpc [None req-5f4b17bb-0cf2-4367-8dcd-008673ef6471 admin admin] Pushing event deleted for resources: {'Subnet': ['ID=29006770-a90c-46f5-ae3c-20ca1aaa2b19,revision_number=None']} {{(pid=88647) push /opt/stack/neutron/neutron/api/rpc/handlers/resources_rpc.py:237}}
Jun 04 13:51:16.948829 dv-cinder-843593-2-smb neutron-server[88647]: DEBUG neutron_lib.callbacks.manager [None req-5f4b17bb-0cf2-4367-8dcd-008673ef6471 admin admin] Notify callbacks [] for subnet, before_response {{(pid=88647) _notify_loop /usr/local/lib/python3.8/dist-packages/neutron_lib/callbacks/manager.py:192}}
Jun 04 13:51:16.974175 dv-cinder-843593-2-smb neutron-server[88647]: INFO neutron.wsgi [None req-5f4b17bb-0cf2-4367-8dcd-008673ef6471 admin admin] 10.222.0.15 "DELETE /v2.0/subnets/29006770-a90c-46f5-ae3c-20ca1aaa2b19 HTTP/1.1" status: 204 len: 168 time: 0.8843584
Jun 04 13:51:16.974862 dv-cinder-843593-2-smb neutron-server[88647]: DEBUG neutron.wsgi [-] (88647) accepted ('10.222.0.15', 40446) {{(pid=88647) server /usr/local/lib/python3.8/dist-packages/eventlet/wsgi.py:992}}
Jun 04 13:51:16.993429 dv-cinder-843593-2-smb neutron-server[88649]: DEBUG neutron.api.rpc.handlers.resources_rpc [None req-e3ad5f57-fbc3-49a1-9658-ca7bdeed548c None None] Pushing event updated for resources: {'Port': ['ID=88ec8efd-86c9-4c12-bb5e-f7741f7b7bc3,revision_number=4']} {{(pid=88649) push /opt/stack/neutron/neutron/api/rpc/handlers/resources_rpc.py:237}}
Jun 04 13:51:17.006928 dv-cinder-843593-2-smb neutron-server[88649]: DEBUG neutron_lib.callbacks.manager [None req-3bd23dc3-3ad1-4bd4-a7b4-ee28448bbd10 None None] Notify callbacks ['neutron.plugins.ml2.plugin.SecurityGroupServerNotifierRpcMixin.notify_sg_on_port_change-639067', 'neutron.plugins.ml2.ovo_rpc._ObjectChangeHandler.handle_event-5356', 'neutron.api.rpc.agentnotifiers.dhcp_rpc_agent_api.DhcpAgentNotifyAPI._native_event_send_dhcp_notification-3874425', 'neutron.db.l3_db.L3RpcNotifierMixin._notify_gateway_port_ip_changed-8784468822550', 'neutron.db.l3_dvrscheduler_db._notify_l3_agent_port_update-8784468348820', 'neutron.db.l3_hascheduler_db._notify_l3_agent_ha_port_update-8784468348865'] for port, after_update {{(pid=88649) _notify_loop /usr/local/lib/python3.8/dist-packages/neutron_lib/callbacks/manager.py:192}}
Jun 04 13:51:17.055772 dv-cinder-843593-2-smb neutron-server[88648]: INFO neutron.wsgi [req-b42d771f-40a3-4557-ad54-cd51899e37a3 req-24488501-591c-47e1-8393-44495289ba82 tempest-DeleteServersTestJSON-386468410 tempest-DeleteServersTestJSON-386468410-project] 10.222.0.15 "GET /v2.0/security-groups?id=3d766f9a-2519-4dac-8386-69bf07bb3d31&fields=id&fields=name HTTP/1.1" status: 200 len: 286 time: 0.2933044
Jun 04 13:51:17.082494 dv-cinder-843593-2-smb neutron-server[88648]: DEBUG neutron_lib.callbacks.manager [None req-b1ebd787-0944-494b-9b67-8b91e854d080 tempest-AttachVolumeTestJSON-1317646042 tempest-AttachVolumeTestJSON-1317646042-project] Notify callbacks ['neutron.plugins.ml2.ovo_rpc._ObjectChangeHandler.handle_event-4180265'] for security_group_rule, after_create {{(pid=88648) _notify_loop /usr/local/lib/python3.8/dist-packages/neutron_lib/callbacks/manager.py:192}}
Jun 04 13:51:17.213565 dv-cinder-843593-2-smb neutron-server[88647]: DEBUG neutron_lib.callbacks.manager [None req-23d7f24e-8d9e-4bc7-a6fe-690b0cc447d7 admin admin] Notify callbacks ['neutron.plugins.ml2.plugin.External_net_db_mixin._before_network_delete_handler-604469'] for network, before_delete {{(pid=88647) _notify_loop /usr/local/lib/python3.8/dist-packages/neutron_lib/callbacks/manager.py:192}}
Jun 04 13:51:17.256763 dv-cinder-843593-2-smb neutron-server[88648]: DEBUG neutron_lib.callbacks.manager [None req-b1ebd787-0944-494b-9b67-8b91e854d080 tempest-AttachVolumeTestJSON-1317646042 tempest-AttachVolumeTestJSON-1317646042-project] Notify callbacks [] for security_group_rule, before_response {{(pid=88648) _notify_loop /usr/local/lib/python3.8/dist-packages/neutron_lib/callbacks/manager.py:192}}
Jun 04 13:51:17.263686 dv-cinder-843593-2-smb neutron-server[88648]: INFO neutron.wsgi [None req-b1ebd787-0944-494b-9b67-8b91e854d080 tempest-AttachVolumeTestJSON-1317646042 tempest-AttachVolumeTestJSON-1317646042-project] 10.222.0.15 "POST /v2.0/security-group-rules HTTP/1.1" status: 201 len: 764 time: 0.9676406
Jun 04 13:51:17.277373 dv-cinder-843593-2-smb neutron-server[88648]: DEBUG neutron.wsgi [-] (88648) accepted ('10.222.0.15', 40452) {{(pid=88648) server /usr/local/lib/python3.8/dist-packages/eventlet/wsgi.py:992}}
Jun 04 13:51:17.297992 dv-cinder-843593-2-smb neutron-server[88648]: DEBUG neutron.api.v2.base [None req-b39c9315-1cea-4824-b650-dd8d62462179 tempest-AttachVolumeTestJSON-1317646042 tempest-AttachVolumeTestJSON-1317646042-project] Request body: {'security_group_rule': {'security_group_id': '8a332cec-8c4c-48b5-908e-20b1d61e7f22', 'protocol': 'icmp', 'ethertype': 'IPv4', 'direction': 'ingress'}} {{(pid=88648) prepare_request_body /opt/stack/neutron/neutron/api/v2/base.py:729}}
Jun 04 13:51:17.305109 dv-cinder-843593-2-smb neutron-server[88648]: DEBUG neutron.db.quota.driver [None req-b39c9315-1cea-4824-b650-dd8d62462179 tempest-AttachVolumeTestJSON-1317646042 tempest-AttachVolumeTestJSON-1317646042-project] Resources subnetpool have unlimited quota limit. It is not required to calculate headroom {{(pid=88648) make_reservation /opt/stack/neutron/neutron/db/quota/driver.py:219}}
Jun 04 13:51:17.309690 dv-cinder-843593-2-smb neutron-server[88648]: DEBUG neutron.api.rpc.handlers.resources_rpc [None req-b1ebd787-0944-494b-9b67-8b91e854d080 tempest-AttachVolumeTestJSON-1317646042 tempest-AttachVolumeTestJSON-1317646042-project] Pushing event updated for resources: {'SecurityGroupRule': ['ID=fb15d940-1014-44c1-a403-8e8c373d9539,revision_number=0']} {{(pid=88648) push /opt/stack/neutron/neutron/api/rpc/handlers/resources_rpc.py:237}}
Jun 04 13:51:17.323113 dv-cinder-843593-2-smb neutron-server[88648]: DEBUG neutron.quota.resource [None req-b39c9315-1cea-4824-b650-dd8d62462179 tempest-AttachVolumeTestJSON-1317646042 tempest-AttachVolumeTestJSON-1317646042-project] Usage tracker for resource:security_group_rule and tenant:1bab325121754db6a16249d176589adc is out of sync, need to count used quota {{(pid=88648) count_used /opt/stack/neutron/neutron/quota/resource.py:270}}
Jun 04 13:51:17.327573 dv-cinder-843593-2-smb neutron-server[88648]: DEBUG neutron.api.rpc.handlers.resources_rpc [None req-4608350c-f6cb-482c-91af-8dc53d654840 tempest-AttachVolumeNegativeTest-1044604934 tempest-AttachVolumeNegativeTest-1044604934-project] Pushing event updated for resources: {'Port': ['ID=3a1e3ea1-2017-4d13-98ad-ab0026175338,revision_number=1']} {{(pid=88648) push /opt/stack/neutron/neutron/api/rpc/handlers/resources_rpc.py:237}}
Jun 04 13:51:17.331354 dv-cinder-843593-2-smb neutron-server[88648]: DEBUG neutron.quota.resource [None req-b39c9315-1cea-4824-b650-dd8d62462179 tempest-AttachVolumeTestJSON-1317646042 tempest-AttachVolumeTestJSON-1317646042-project] Quota usage for security_group_rule was recalculated. Used quota:7. {{(pid=88648) count_used /opt/stack/neutron/neutron/quota/resource.py:290}}
Jun 04 13:51:17.336929 dv-cinder-843593-2-smb neutron-server[88648]: DEBUG neutron_lib.callbacks.manager [None req-4608350c-f6cb-482c-91af-8dc53d654840 tempest-AttachVolumeNegativeTest-1044604934 tempest-AttachVolumeNegativeTest-1044604934-project] Notify callbacks [] for floatingip, precommit_create {{(pid=88648) _notify_loop /usr/local/lib/python3.8/dist-packages/neutron_lib/callbacks/manager.py:192}}
