Jun 04 13:48:02.494239 dv-cinder-843593-2-iscsi neutron-server[88595]: INFO neutron.wsgi [req-fc223962-0425-461f-bea2-8f11d72b3e2b req-f244d8cb-8491-450b-ba80-a3dc3b269cea tempest-ServerRescueNegativeTestJSON-982678277 tempest-ServerRescueNegativeTestJSON-982678277-project] 10.222.0.39 "GET /v2.0/ports?device_id=1a4339a6-92e1-4a7d-9c42-3bf34542e458 HTTP/1.1" status: 200 len: 946 time: 0.1296940
Jun 04 13:48:02.500053 dv-cinder-843593-2-iscsi neutron-server[88594]: DEBUG neutron_lib.callbacks.manager [None req-9b5bdbae-d8ce-45b0-bbfa-841707ef841a admin admin] Notify callbacks ['neutron.plugins.ml2.plugin.Ml2Plugin._handle_segment_change-658965'] for segment, precommit_create {{(pid=88594) _notify_loop /usr/local/lib/python3.8/dist-packages/neutron_lib/callbacks/manager.py:192}}
Jun 04 13:48:02.500376 dv-cinder-843593-2-iscsi neutron-server[88594]: INFO neutron.db.segments_db [None req-9b5bdbae-d8ce-45b0-bbfa-841707ef841a admin admin] Added segment 51adb7d4-40b1-4573-9846-7cf2f5150cc9 of type vlan for network 9119e783-7050-489c-a56f-75008dc3f3ba
Jun 04 13:48:02.514215 dv-cinder-843593-2-iscsi neutron-server[88594]: DEBUG neutron.api.rpc.handlers.resources_rpc [None req-9b5bdbae-d8ce-45b0-bbfa-841707ef841a admin admin] Pushing event updated for resources: {'SecurityGroup': ['ID=76a4bce5-5e23-426f-9901-2dd960e2dc83,revision_number=1']} {{(pid=88594) push /opt/stack/neutron/neutron/api/rpc/handlers/resources_rpc.py:237}}
Jun 04 13:48:02.544200 dv-cinder-843593-2-iscsi neutron-server[88594]: DEBUG neutron_lib.callbacks.manager [None req-9b5bdbae-d8ce-45b0-bbfa-841707ef841a admin admin] Notify callbacks ['neutron.services.auto_allocate.db._ensure_external_network_default_value_callback-8733312597486'] for network, precommit_create {{(pid=88594) _notify_loop /usr/local/lib/python3.8/dist-packages/neutron_lib/callbacks/manager.py:192}}
Jun 04 13:48:02.555722 dv-cinder-843593-2-iscsi neutron-server[88595]: INFO neutron.wsgi [req-fc223962-0425-461f-bea2-8f11d72b3e2b req-8d962ebd-ab02-4e22-a8e8-93bc6631772b tempest-ServerRescueNegativeTestJSON-982678277 tempest-ServerRescueNegativeTestJSON-982678277-project] 10.222.0.39 "GET /v2.0/security-groups?id=d431f3f6-19bb-4624-b379-0ee0896a25a7&fields=id&fields=name HTTP/1.1" status: 200 len: 286 time: 0.0603511
Jun 04 13:48:02.557204 dv-cinder-843593-2-iscsi neutron-server[88594]: DEBUG neutron.pecan_wsgi.hooks.policy_enforcement [req-b454a44a-75ca-4811-b0fe-7900937cc143 req-7a0a972b-2678-427f-baba-913db6deaf9e service neutron] Attributes excluded by policy engine: ['standard_attr_id'] {{(pid=88594) _exclude_attributes_by_policy /opt/stack/neutron/neutron/pecan_wsgi/hooks/policy_enforcement.py:259}}
Jun 04 13:48:02.558777 dv-cinder-843593-2-iscsi neutron-server[88594]: INFO neutron.wsgi [req-b454a44a-75ca-4811-b0fe-7900937cc143 req-7a0a972b-2678-427f-baba-913db6deaf9e service neutron] 10.222.0.55 "GET /v2.0/ports?tenant_id=e199af9b5451493fa5a38f932be3993f&device_id=1a4339a6-92e1-4a7d-9c42-3bf34542e458 HTTP/1.1" status: 200 len: 1099 time: 0.1611493
Jun 04 13:48:02.718247 dv-cinder-843593-2-iscsi neutron-server[88594]: DEBUG neutron.pecan_wsgi.hooks.policy_enforcement [req-b454a44a-75ca-4811-b0fe-7900937cc143 req-02c6aaad-4727-47fd-aa39-e356e163e67b service neutron] Attributes excluded by policy engine: ['standard_attr_id', 'vlan_transparent'] {{(pid=88594) _exclude_attributes_by_policy /opt/stack/neutron/neutron/pecan_wsgi/hooks/policy_enforcement.py:259}}
Jun 04 13:48:02.720335 dv-cinder-843593-2-iscsi neutron-server[88594]: INFO neutron.wsgi [req-b454a44a-75ca-4811-b0fe-7900937cc143 req-02c6aaad-4727-47fd-aa39-e356e163e67b service neutron] 10.222.0.55 "GET /v2.0/networks?id=c7d55235-bf68-4e08-8155-47e9a6165636 HTTP/1.1" status: 200 len: 920 time: 0.1464856
Jun 04 13:48:02.784574 dv-cinder-843593-2-iscsi neutron-server[88594]: DEBUG neutron_lib.callbacks.manager [None req-9b5bdbae-d8ce-45b0-bbfa-841707ef841a admin admin] Notify callbacks ['neutron.plugins.ml2.ovo_rpc._ObjectChangeHandler.handle_event-66732898', 'neutron.api.rpc.agentnotifiers.dhcp_rpc_agent_api.DhcpAgentNotifyAPI._native_event_send_dhcp_notification-66655086'] for network, after_create {{(pid=88594) _notify_loop /usr/local/lib/python3.8/dist-packages/neutron_lib/callbacks/manager.py:192}}
Jun 04 13:48:02.786001 dv-cinder-843593-2-iscsi neutron-server[88594]: DEBUG neutron.pecan_wsgi.hooks.policy_enforcement [None req-9b5bdbae-d8ce-45b0-bbfa-841707ef841a admin admin] Attributes excluded by policy engine: ['standard_attr_id', 'vlan_transparent'] {{(pid=88594) _exclude_attributes_by_policy /opt/stack/neutron/neutron/pecan_wsgi/hooks/policy_enforcement.py:259}}
Jun 04 13:48:02.786282 dv-cinder-843593-2-iscsi neutron-server[88594]: DEBUG neutron_lib.callbacks.manager [None req-9b5bdbae-d8ce-45b0-bbfa-841707ef841a admin admin] Notify callbacks ['neutron.api.rpc.agentnotifiers.dhcp_rpc_agent_api.DhcpAgentNotifyAPI._send_dhcp_notification-66654976'] for network, before_response {{(pid=88594) _notify_loop /usr/local/lib/python3.8/dist-packages/neutron_lib/callbacks/manager.py:192}}
Jun 04 13:48:02.817387 dv-cinder-843593-2-iscsi neutron-server[88594]: INFO neutron.wsgi [req-b454a44a-75ca-4811-b0fe-7900937cc143 req-bc72d6d7-86f8-401a-8e3b-7d93ef7cad74 service neutron] 10.222.0.55 "GET /v2.0/floatingips?fixed_ip_address=172.20.0.10&port_id=a86cdb62-77c6-4709-bee1-fa3ef2a3f00c HTTP/1.1" status: 200 len: 217 time: 0.0893838
Jun 04 13:48:02.873748 dv-cinder-843593-2-iscsi neutron-server[88596]: DEBUG neutron.plugins.ml2.rpc [None req-565cab9b-aafb-42d7-a65c-2afd03944dde None None] Device 1048d08d-2372-4d96-bdab-afad3e74bc5c up at agent hyperv_hv-cinder-84359 {{(pid=88596) update_device_up /opt/stack/neutron/neutron/plugins/ml2/rpc.py:278}}
Jun 04 13:48:02.991148 dv-cinder-843593-2-iscsi neutron-server[88594]: DEBUG neutron.api.rpc.handlers.resources_rpc [None req-9b5bdbae-d8ce-45b0-bbfa-841707ef841a admin admin] Pushing event updated for resources: {'Network': ['ID=9119e783-7050-489c-a56f-75008dc3f3ba,revision_number=1']} {{(pid=88594) push /opt/stack/neutron/neutron/api/rpc/handlers/resources_rpc.py:237}}
Jun 04 13:48:03.001083 dv-cinder-843593-2-iscsi neutron-server[88596]: DEBUG neutron.plugins.ml2.rpc [None req-71f2111b-a8bf-4ed2-b2fb-60e55aa7829a None None] Network 9119e783-7050-489c-a56f-75008dc3f3ba details requested by agent ovs-agent-dv-cinder-843593-2-iscsi with host dv-cinder-843593-2-iscsi {{(pid=88596) get_network_details /opt/stack/neutron/neutron/plugins/ml2/rpc.py:232}}
Jun 04 13:48:03.005176 dv-cinder-843593-2-iscsi neutron-server[88594]: DEBUG neutron.pecan_wsgi.hooks.policy_enforcement [req-b454a44a-75ca-4811-b0fe-7900937cc143 req-f9471d4b-d578-4308-be0b-558027bcfd65 service neutron] Attributes excluded by policy engine: ['standard_attr_id', 'shared', 'segment_id'] {{(pid=88594) _exclude_attributes_by_policy /opt/stack/neutron/neutron/pecan_wsgi/hooks/policy_enforcement.py:259}}
Jun 04 13:48:03.006758 dv-cinder-843593-2-iscsi neutron-server[88594]: INFO neutron.wsgi [req-b454a44a-75ca-4811-b0fe-7900937cc143 req-f9471d4b-d578-4308-be0b-558027bcfd65 service neutron] 10.222.0.55 "GET /v2.0/subnets?id=0b7ee1fc-be06-43a6-b80c-c1390a27d5a9 HTTP/1.1" status: 200 len: 858 time: 0.1777151
Jun 04 13:48:03.108678 dv-cinder-843593-2-iscsi neutron-server[88594]: INFO neutron.wsgi [None req-9b5bdbae-d8ce-45b0-bbfa-841707ef841a admin admin] 10.222.0.39 "POST /v2.0/networks HTTP/1.1" status: 201 len: 881 time: 1.2894702
Jun 04 13:48:03.114393 dv-cinder-843593-2-iscsi neutron-server[88595]: DEBUG neutron.wsgi [-] (88595) accepted ('10.222.0.39', 44054) {{(pid=88595) server /usr/local/lib/python3.8/dist-packages/eventlet/wsgi.py:992}}
Jun 04 13:48:03.120869 dv-cinder-843593-2-iscsi neutron-server[88595]: DEBUG neutron.api.v2.base [None req-338f968a-cd71-45a5-bc24-64401bbc0a8b admin admin] Request body: {'subnet': {'network_id': '9119e783-7050-489c-a56f-75008dc3f3ba', 'cidr': '172.20.0.0/28', 'name': 'tempest-VolumesActionsTest-864942966-subnet', 'tenant_id': '90ff00d761fa4f389b4bc5ba82c908da', 'enable_dhcp': False, 'ip_version': 4}} {{(pid=88595) prepare_request_body /opt/stack/neutron/neutron/api/v2/base.py:729}}
Jun 04 13:48:03.127135 dv-cinder-843593-2-iscsi neutron-server[88595]: DEBUG neutron.db.quota.driver [None req-338f968a-cd71-45a5-bc24-64401bbc0a8b admin admin] Resources subnetpool have unlimited quota limit. It is not required to calculate headroom {{(pid=88595) make_reservation /opt/stack/neutron/neutron/db/quota/driver.py:219}}
Jun 04 13:48:03.129339 dv-cinder-843593-2-iscsi neutron-server[88596]: DEBUG neutron.db.provisioning_blocks [None req-565cab9b-aafb-42d7-a65c-2afd03944dde None None] Provisioning for port 1048d08d-2372-4d96-bdab-afad3e74bc5c completed by entity L2. {{(pid=88596) provisioning_complete /opt/stack/neutron/neutron/db/provisioning_blocks.py:133}}
Jun 04 13:48:03.137528 dv-cinder-843593-2-iscsi neutron-server[88595]: DEBUG neutron.quota.resource [None req-338f968a-cd71-45a5-bc24-64401bbc0a8b admin admin] Usage tracker for resource:subnet and tenant:90ff00d761fa4f389b4bc5ba82c908da is out of sync, need to count used quota {{(pid=88595) count_used /opt/stack/neutron/neutron/quota/resource.py:270}}
Jun 04 13:48:03.141818 dv-cinder-843593-2-iscsi neutron-server[88595]: DEBUG neutron.quota.resource [None req-338f968a-cd71-45a5-bc24-64401bbc0a8b admin admin] Quota usage for subnet was recalculated. Used quota:0. {{(pid=88595) count_used /opt/stack/neutron/neutron/quota/resource.py:290}}
Jun 04 13:48:03.142119 dv-cinder-843593-2-iscsi neutron-server[88596]: DEBUG neutron.db.provisioning_blocks [None req-565cab9b-aafb-42d7-a65c-2afd03944dde None None] Provisioning complete for port 1048d08d-2372-4d96-bdab-afad3e74bc5c triggered by entity L2. {{(pid=88596) provisioning_complete /opt/stack/neutron/neutron/db/provisioning_blocks.py:139}}
Jun 04 13:48:03.142540 dv-cinder-843593-2-iscsi neutron-server[88596]: DEBUG neutron_lib.callbacks.manager [None req-565cab9b-aafb-42d7-a65c-2afd03944dde None None] Notify callbacks ['neutron.plugins.ml2.plugin.Ml2Plugin._port_provisioned-697829'] for port, provisioning_complete {{(pid=88596) _notify_loop /usr/local/lib/python3.8/dist-packages/neutron_lib/callbacks/manager.py:192}}
Jun 04 13:48:03.157656 dv-cinder-843593-2-iscsi neutron-server[88595]: DEBUG neutron.db.quota.driver [None req-338f968a-cd71-45a5-bc24-64401bbc0a8b admin admin] Attempting to reserve 1 items for resource subnet. Total usage: 0; quota limit: 100; headroom:100 {{(pid=88595) make_reservation /opt/stack/neutron/neutron/db/quota/driver.py:246}}
Jun 04 13:48:03.184259 dv-cinder-843593-2-iscsi neutron-server[88594]: DEBUG neutron.pecan_wsgi.hooks.policy_enforcement [req-b454a44a-75ca-4811-b0fe-7900937cc143 req-9c35008f-fd46-4d7e-81de-8fe5730b021b service neutron] Attributes excluded by policy engine: ['standard_attr_id'] {{(pid=88594) _exclude_attributes_by_policy /opt/stack/neutron/neutron/pecan_wsgi/hooks/policy_enforcement.py:259}}
Jun 04 13:48:03.186043 dv-cinder-843593-2-iscsi neutron-server[88594]: INFO neutron.wsgi [req-b454a44a-75ca-4811-b0fe-7900937cc143 req-9c35008f-fd46-4d7e-81de-8fe5730b021b service neutron] 10.222.0.55 "GET /v2.0/ports?network_id=c7d55235-bf68-4e08-8155-47e9a6165636&device_owner=network%3Adhcp HTTP/1.1" status: 200 len: 1175 time: 0.1723258
Jun 04 13:48:03.249105 dv-cinder-843593-2-iscsi neutron-server[88595]: DEBUG neutron.pecan_wsgi.hooks.quota_enforcement [None req-338f968a-cd71-45a5-bc24-64401bbc0a8b admin admin] Made reservation on behalf of 90ff00d761fa4f389b4bc5ba82c908da for: {'subnet': 1} {{(pid=88595) before /opt/stack/neutron/neutron/pecan_wsgi/hooks/quota_enforcement.py:53}}
Jun 04 13:48:03.251522 dv-cinder-843593-2-iscsi neutron-server[88595]: DEBUG neutron_lib.callbacks.manager [None req-338f968a-cd71-45a5-bc24-64401bbc0a8b admin admin] Notify callbacks [] for subnet, before_create {{(pid=88595) _notify_loop /usr/local/lib/python3.8/dist-packages/neutron_lib/callbacks/manager.py:192}}
Jun 04 13:48:03.345119 dv-cinder-843593-2-iscsi neutron-server[88594]: INFO neutron.wsgi [req-b454a44a-75ca-4811-b0fe-7900937cc143 req-f9240683-ddfa-4339-940c-8532ada6dc16 service neutron] 10.222.0.55 "GET /v2.0/networks/c7d55235-bf68-4e08-8155-47e9a6165636?fields=segments HTTP/1.1" status: 200 len: 212 time: 0.1438987
Jun 04 13:48:03.347812 dv-cinder-843593-2-iscsi neutron-server[88596]: DEBUG neutron.plugins.ml2.plugin [None req-565cab9b-aafb-42d7-a65c-2afd03944dde None None] Current status of the port 1048d08d-2372-4d96-bdab-afad3e74bc5c is: BUILD; New status is: ACTIVE {{(pid=88596) _update_individual_port_db_status /opt/stack/neutron/neutron/plugins/ml2/plugin.py:2163}}
Jun 04 13:48:03.348208 dv-cinder-843593-2-iscsi neutron-server[88596]: DEBUG neutron_lib.callbacks.manager [None req-565cab9b-aafb-42d7-a65c-2afd03944dde None None] Notify callbacks ['neutron.plugins.ml2.plugin.SecurityGroupDbMixin._ensure_default_security_group_handler-737711'] for port, before_update {{(pid=88596) _notify_loop /usr/local/lib/python3.8/dist-packages/neutron_lib/callbacks/manager.py:192}}
Jun 04 13:48:03.380115 dv-cinder-843593-2-iscsi neutron-server[88596]: DEBUG neutron.notifiers.nova [-] Sending events: [{'server_uuid': 'b7cb5f96-ef90-495e-8081-6eaf4632f74d', 'name': 'network-vif-plugged', 'status': 'completed', 'tag': '1048d08d-2372-4d96-bdab-afad3e74bc5c'}] {{(pid=88596) send_events /opt/stack/neutron/neutron/notifiers/nova.py:271}}
Jun 04 13:48:03.396392 dv-cinder-843593-2-iscsi neutron-server[88596]: DEBUG neutron.plugins.ml2.db [None req-565cab9b-aafb-42d7-a65c-2afd03944dde None None] For port 1048d08d-2372-4d96-bdab-afad3e74bc5c, host hv-cinder-84359, got binding levels [PortBindingLevel(driver='hyperv',host='hv-cinder-84359',level=0,port_id=1048d08d-2372-4d96-bdab-afad3e74bc5c,segment=NetworkSegment(e4578e56-0570-474b-9830-62bb31e19667),segment_id=e4578e56-0570-474b-9830-62bb31e19667)] {{(pid=88596) get_binding_level_objs /opt/stack/neutron/neutron/plugins/ml2/db.py:75}}
Jun 04 13:48:03.435494 dv-cinder-843593-2-iscsi neutron-server[88596]: INFO neutron.notifiers.nova [-] Nova event matching ['req-77380350-0ae2-4e00-8d4f-b00896bb0c47'] response: {'server_uuid': 'b7cb5f96-ef90-495e-8081-6eaf4632f74d', 'name': 'network-vif-plugged', 'status': 'completed', 'tag': '1048d08d-2372-4d96-bdab-afad3e74bc5c', 'code': 200}
Jun 04 13:48:03.472384 dv-cinder-843593-2-iscsi neutron-server[88596]: DEBUG neutron_lib.callbacks.manager [None req-565cab9b-aafb-42d7-a65c-2afd03944dde None None] Notify callbacks ['neutron.plugins.ml2.plugin.SecurityGroupServerNotifierRpcMixin.notify_sg_on_port_change-737648', 'neutron.plugins.ml2.ovo_rpc._ObjectChangeHandler.handle_event-68586', 'neutron.api.rpc.agentnotifiers.dhcp_rpc_agent_api.DhcpAgentNotifyAPI._native_event_send_dhcp_notification-66655086', 'neutron.db.l3_db.L3RpcNotifierMixin._notify_gateway_port_ip_changed-8733312968982', 'neutron.db.l3_dvrscheduler_db._notify_l3_agent_port_update-8733312610964', 'neutron.db.l3_hascheduler_db._notify_l3_agent_ha_port_update-8733312611009'] for port, after_update {{(pid=88596) _notify_loop /usr/local/lib/python3.8/dist-packages/neutron_lib/callbacks/manager.py:192}}
Jun 04 13:48:03.490372 dv-cinder-843593-2-iscsi neutron-server[88594]: INFO neutron.wsgi [req-b454a44a-75ca-4811-b0fe-7900937cc143 req-80f8e3b8-4759-4b68-9510-dd04224b314f service neutron] 10.222.0.55 "GET /v2.0/networks/c7d55235-bf68-4e08-8155-47e9a6165636?fields=provider%3Aphysical_network&fields=provider%3Anetwork_type HTTP/1.1" status: 200 len: 281 time: 0.1367829
Jun 04 13:48:03.496864 dv-cinder-843593-2-iscsi neutron-server[88595]: DEBUG neutron.pecan_wsgi.hooks.policy_enforcement [req-6b50687b-e637-4e0a-a95d-024d5e3e08a1 req-f60e3c2c-5087-46cd-a149-491a7105782c tempest-VolumesActionsTest-1034877504 tempest-VolumesActionsTest-1034877504-project] Attributes excluded by policy engine: ['standard_attr_id', 'binding:profile', 'binding:host_id', 'binding:vif_type', 'binding:vif_details'] {{(pid=88595) _exclude_attributes_by_policy /opt/stack/neutron/neutron/pecan_wsgi/hooks/policy_enforcement.py:259}}
Jun 04 13:48:03.498315 dv-cinder-843593-2-iscsi neutron-server[88595]: INFO neutron.wsgi [req-6b50687b-e637-4e0a-a95d-024d5e3e08a1 req-f60e3c2c-5087-46cd-a149-491a7105782c tempest-VolumesActionsTest-1034877504 tempest-VolumesActionsTest-1034877504-project] 10.222.0.39 "GET /v2.0/ports?device_id=b7cb5f96-ef90-495e-8081-6eaf4632f74d HTTP/1.1" status: 200 len: 945 time: 0.1332152
Jun 04 13:48:03.553118 dv-cinder-843593-2-iscsi neutron-server[88596]: DEBUG neutron.api.rpc.handlers.resources_rpc [None req-565cab9b-aafb-42d7-a65c-2afd03944dde None None] Pushing event updated for resources: {'Port': ['ID=1048d08d-2372-4d96-bdab-afad3e74bc5c,revision_number=5']} {{(pid=88596) push /opt/stack/neutron/neutron/api/rpc/handlers/resources_rpc.py:237}}
Jun 04 13:48:03.598357 dv-cinder-843593-2-iscsi neutron-server[88595]: INFO neutron.wsgi [req-6b50687b-e637-4e0a-a95d-024d5e3e08a1 req-12de7258-06ef-4d29-8b5b-592199ba8d43 tempest-VolumesActionsTest-1034877504 tempest-VolumesActionsTest-1034877504-project] 10.222.0.39 "GET /v2.0/security-groups?id=4901f119-b82a-40be-b079-6e4e43fa3f67&fields=id&fields=name HTTP/1.1" status: 200 len: 286 time: 0.0708275
Jun 04 13:48:03.716811 dv-cinder-843593-2-iscsi neutron-server[88595]: DEBUG neutron_lib.callbacks.manager [None req-338f968a-cd71-45a5-bc24-64401bbc0a8b admin admin] Notify callbacks ['neutron.plugins.ml2.ovo_rpc._ObjectChangeHandler.handle_event-66734742', 'neutron.api.rpc.agentnotifiers.dhcp_rpc_agent_api.DhcpAgentNotifyAPI._native_event_send_dhcp_notification-66655086'] for subnet, after_create {{(pid=88595) _notify_loop /usr/local/lib/python3.8/dist-packages/neutron_lib/callbacks/manager.py:192}}
Jun 04 13:48:03.744949 dv-cinder-843593-2-iscsi neutron-server[88594]: DEBUG neutron.pecan_wsgi.hooks.policy_enforcement [req-49077d9a-5a05-4b22-96ba-c4a9a8a9ddfb req-de603bd9-7a56-4c2f-97a2-00101bc9c7db tempest-ServerRescueNegativeTestJSON-982678277 tempest-ServerRescueNegativeTestJSON-982678277-project] Attributes excluded by policy engine: ['standard_attr_id', 'binding:profile', 'binding:host_id', 'binding:vif_type', 'binding:vif_details'] {{(pid=88594) _exclude_attributes_by_policy /opt/stack/neutron/neutron/pecan_wsgi/hooks/policy_enforcement.py:259}}
Jun 04 13:48:03.746939 dv-cinder-843593-2-iscsi neutron-server[88594]: INFO neutron.wsgi [req-49077d9a-5a05-4b22-96ba-c4a9a8a9ddfb req-de603bd9-7a56-4c2f-97a2-00101bc9c7db tempest-ServerRescueNegativeTestJSON-982678277 tempest-ServerRescueNegativeTestJSON-982678277-project] 10.222.0.39 "GET /v2.0/ports?device_id=1a4339a6-92e1-4a7d-9c42-3bf34542e458 HTTP/1.1" status: 200 len: 946 time: 0.0848620
Jun 04 13:48:03.747095 dv-cinder-843593-2-iscsi neutron-server[88596]: DEBUG neutron_lib.callbacks.manager [None req-58b8bfc9-ea9b-4387-8c7e-800b36426d3c None None] Notify callbacks ['neutron.services.segments.db._update_segment_host_mapping_for_agent-8733313062548', 'neutron.plugins.ml2.plugin.Ml2Plugin._retry_binding_revived_agents-697684'] for agent, after_update {{(pid=88596) _notify_loop /usr/local/lib/python3.8/dist-packages/neutron_lib/callbacks/manager.py:192}}
Jun 04 13:48:03.795699 dv-cinder-843593-2-iscsi neutron-server[88595]: DEBUG neutron.api.rpc.handlers.resources_rpc [None req-338f968a-cd71-45a5-bc24-64401bbc0a8b admin admin] Pushing event updated for resources: {'Subnet': ['ID=bccac08c-db45-441d-8303-8e4a8c1da972,revision_number=0']} {{(pid=88595) push /opt/stack/neutron/neutron/api/rpc/handlers/resources_rpc.py:237}}
Jun 04 13:48:03.796700 dv-cinder-843593-2-iscsi neutron-server[88594]: INFO neutron.wsgi [req-49077d9a-5a05-4b22-96ba-c4a9a8a9ddfb req-f3443d8b-6ea4-4e3c-bb0e-0d9fd3486f09 tempest-ServerRescueNegativeTestJSON-982678277 tempest-ServerRescueNegativeTestJSON-982678277-project] 10.222.0.39 "GET /v2.0/security-groups?id=d431f3f6-19bb-4624-b379-0ee0896a25a7&fields=id&fields=name HTTP/1.1" status: 200 len: 286 time: 0.0427356
Jun 04 13:48:03.803392 dv-cinder-843593-2-iscsi neutron-server[88595]: DEBUG neutron.plugins.ml2.drivers.mech_agent [None req-338f968a-cd71-45a5-bc24-64401bbc0a8b admin admin] Checking segment: {'id': '51adb7d4-40b1-4573-9846-7cf2f5150cc9', 'network_type': 'vlan', 'physical_network': 'physnet1', 'segmentation_id': 214, 'network_id': '9119e783-7050-489c-a56f-75008dc3f3ba'} for mappings: {'physnet1': 'br-data'} with network types: ['local', 'flat', 'vlan'] {{(pid=88595) check_segment_for_agent /opt/stack/neutron/neutron/plugins/ml2/drivers/mech_agent.py:343}}
Jun 04 13:48:03.803796 dv-cinder-843593-2-iscsi neutron-server[88595]: DEBUG neutron.scheduler.dhcp_agent_scheduler [None req-338f968a-cd71-45a5-bc24-64401bbc0a8b admin admin] Network hostable DHCP agents. Network: 9119e783-7050-489c-a56f-75008dc3f3ba, hostable agents: ['87172334-b636-4990-a849-36beff162f6b'], hosted agents: [] {{(pid=88595) _get_network_hostable_dhcp_agents /opt/stack/neutron/neutron/scheduler/dhcp_agent_scheduler.py:329}}
Jun 04 13:48:03.938701 dv-cinder-843593-2-iscsi neutron-server[88595]: DEBUG neutron.scheduler.dhcp_agent_scheduler [None req-338f968a-cd71-45a5-bc24-64401bbc0a8b admin admin] Network 9119e783-7050-489c-a56f-75008dc3f3ba is scheduled to be hosted by DHCP agent 87172334-b636-4990-a849-36beff162f6b with binding_index 1 {{(pid=88595) bind /opt/stack/neutron/neutron/scheduler/dhcp_agent_scheduler.py:227}}
Jun 04 13:48:04.009052 dv-cinder-843593-2-iscsi neutron-server[88595]: DEBUG neutron.scheduler.base_scheduler [None req-338f968a-cd71-45a5-bc24-64401bbc0a8b admin admin] Resources bound (agent type, host, resource id): (DHCP agent, dv-cinder-843593-2-iscsi, 9119e783-7050-489c-a56f-75008dc3f3ba) {{(pid=88595) schedule /opt/stack/neutron/neutron/scheduler/base_scheduler.py:57}}
Jun 04 13:48:04.013026 dv-cinder-843593-2-iscsi neutron-server[88595]: DEBUG neutron.pecan_wsgi.hooks.policy_enforcement [None req-338f968a-cd71-45a5-bc24-64401bbc0a8b admin admin] Attributes excluded by policy engine: ['standard_attr_id', 'shared', 'network'] {{(pid=88595) _exclude_attributes_by_policy /opt/stack/neutron/neutron/pecan_wsgi/hooks/policy_enforcement.py:259}}
Jun 04 13:48:04.013608 dv-cinder-843593-2-iscsi neutron-server[88595]: DEBUG neutron_lib.callbacks.manager [None req-338f968a-cd71-45a5-bc24-64401bbc0a8b admin admin] Notify callbacks ['neutron.api.rpc.agentnotifiers.dhcp_rpc_agent_api.DhcpAgentNotifyAPI._send_dhcp_notification-66654976'] for subnet, before_response {{(pid=88595) _notify_loop /usr/local/lib/python3.8/dist-packages/neutron_lib/callbacks/manager.py:192}}
Jun 04 13:48:04.018257 dv-cinder-843593-2-iscsi neutron-server[88596]: DEBUG neutron.api.rpc.handlers.dhcp_rpc [None req-592309b8-c3fc-4796-8e1a-8ed2048f8646 None None] Network 9119e783-7050-489c-a56f-75008dc3f3ba requested from dv-cinder-843593-2-iscsi {{(pid=88596) get_network_info /opt/stack/neutron/neutron/api/rpc/handlers/dhcp_rpc.py:213}}
Jun 04 13:48:04.122577 dv-cinder-843593-2-iscsi neutron-server[88595]: INFO neutron.wsgi [None req-338f968a-cd71-45a5-bc24-64401bbc0a8b admin admin] 10.222.0.39 "POST /v2.0/subnets HTTP/1.1" status: 201 len: 845 time: 1.0065300
Jun 04 13:48:04.240916 dv-cinder-843593-2-iscsi neutron-server[88596]: DEBUG neutron.api.rpc.handlers.dhcp_rpc [None req-98474d44-0327-4bd1-a89d-5789379d417b None None] Network 9119e783-7050-489c-a56f-75008dc3f3ba requested from dv-cinder-843593-2-iscsi {{(pid=88596) get_network_info /opt/stack/neutron/neutron/api/rpc/handlers/dhcp_rpc.py:213}}
Jun 04 13:48:04.672021 dv-cinder-843593-2-iscsi neutron-server[88596]: DEBUG neutron_lib.callbacks.manager [None req-d617479c-831a-408a-b0c9-cf000378ea5b None None] Notify callbacks ['neutron.services.segments.db._update_segment_host_mapping_for_agent-8733313062548', 'neutron.plugins.ml2.plugin.Ml2Plugin._retry_binding_revived_agents-697684'] for agent, after_update {{(pid=88596) _notify_loop /usr/local/lib/python3.8/dist-packages/neutron_lib/callbacks/manager.py:192}}
Jun 04 13:48:04.803100 dv-cinder-843593-2-iscsi neutron-server[88594]: DEBUG neutron.pecan_wsgi.hooks.policy_enforcement [req-338aca19-1245-43d5-be0c-d4659da0b058 req-ad9f37ac-28fa-4c9f-8d44-89f55a30a49d tempest-VolumesActionsTest-1034877504 tempest-VolumesActionsTest-1034877504-project] Attributes excluded by policy engine: ['standard_attr_id', 'binding:profile', 'binding:host_id', 'binding:vif_type', 'binding:vif_details'] {{(pid=88594) _exclude_attributes_by_policy /opt/stack/neutron/neutron/pecan_wsgi/hooks/policy_enforcement.py:259}}
Jun 04 13:48:04.811215 dv-cinder-843593-2-iscsi neutron-server[88594]: INFO neutron.wsgi [req-338aca19-1245-43d5-be0c-d4659da0b058 req-ad9f37ac-28fa-4c9f-8d44-89f55a30a49d tempest-VolumesActionsTest-1034877504 tempest-VolumesActionsTest-1034877504-project] 10.222.0.39 "GET /v2.0/ports?device_id=b7cb5f96-ef90-495e-8081-6eaf4632f74d HTTP/1.1" status: 200 len: 946 time: 0.1012778
Jun 04 13:48:04.855238 dv-cinder-843593-2-iscsi neutron-server[88596]: DEBUG neutron_lib.callbacks.manager [None req-71f2111b-a8bf-4ed2-b2fb-60e55aa7829a None None] Notify callbacks ['neutron.services.segments.db._update_segment_host_mapping_for_agent-8733313062548', 'neutron.plugins.ml2.plugin.Ml2Plugin._retry_binding_revived_agents-697684'] for agent, after_update {{(pid=88596) _notify_loop /usr/local/lib/python3.8/dist-packages/neutron_lib/callbacks/manager.py:192}}
Jun 04 13:48:04.875202 dv-cinder-843593-2-iscsi neutron-server[88594]: INFO neutron.wsgi [req-338aca19-1245-43d5-be0c-d4659da0b058 req-e3e6c141-fb48-4124-ad2c-71bd444c177e tempest-VolumesActionsTest-1034877504 tempest-VolumesActionsTest-1034877504-project] 10.222.0.39 "GET /v2.0/security-groups?id=4901f119-b82a-40be-b079-6e4e43fa3f67&fields=id&fields=name HTTP/1.1" status: 200 len: 286 time: 0.0626566
Jun 04 13:48:04.958631 dv-cinder-843593-2-iscsi neutron-server[88594]: DEBUG neutron.wsgi [-] (88594) accepted ('10.222.0.39', 44130) {{(pid=88594) server /usr/local/lib/python3.8/dist-packages/eventlet/wsgi.py:992}}
Jun 04 13:48:04.964308 dv-cinder-843593-2-iscsi neutron-server[88594]: DEBUG neutron.api.v2.base [None req-a2725cec-d3f9-46f1-aaa9-18b2077235f9 admin admin] Request body: {'network': {'name': 'tempest-VolumesActionsTest-878554289-network', 'tenant_id': 'e2313d9114824a018f461f7742fd69da'}} {{(pid=88594) prepare_request_body /opt/stack/neutron/neutron/api/v2/base.py:729}}
Jun 04 13:48:04.969086 dv-cinder-843593-2-iscsi neutron-server[88594]: DEBUG neutron.db.quota.driver [None req-a2725cec-d3f9-46f1-aaa9-18b2077235f9 admin admin] Resources subnetpool have unlimited quota limit. It is not required to calculate headroom {{(pid=88594) make_reservation /opt/stack/neutron/neutron/db/quota/driver.py:219}}
Jun 04 13:48:04.973750 dv-cinder-843593-2-iscsi neutron-server[88594]: DEBUG neutron.quota.resource [None req-a2725cec-d3f9-46f1-aaa9-18b2077235f9 admin admin] Usage tracker for resource:network and tenant:e2313d9114824a018f461f7742fd69da is out of sync, need to count used quota {{(pid=88594) count_used /opt/stack/neutron/neutron/quota/resource.py:270}}
Jun 04 13:48:04.976881 dv-cinder-843593-2-iscsi neutron-server[88594]: DEBUG neutron.quota.resource [None req-a2725cec-d3f9-46f1-aaa9-18b2077235f9 admin admin] Quota usage for network was recalculated. Used quota:0. {{(pid=88594) count_used /opt/stack/neutron/neutron/quota/resource.py:290}}
Jun 04 13:48:04.983389 dv-cinder-843593-2-iscsi neutron-server[88594]: DEBUG neutron.db.quota.driver [None req-a2725cec-d3f9-46f1-aaa9-18b2077235f9 admin admin] Attempting to reserve 1 items for resource network. Total usage: 0; quota limit: 100; headroom:100 {{(pid=88594) make_reservation /opt/stack/neutron/neutron/db/quota/driver.py:246}}
Jun 04 13:48:05.043179 dv-cinder-843593-2-iscsi neutron-server[88595]: DEBUG neutron.pecan_wsgi.hooks.policy_enforcement [req-ac003d73-ac31-4379-a9f8-2475e4eb70a4 req-14d217fe-e066-4cbd-b20f-fcff577e36c4 tempest-ServerRescueNegativeTestJSON-982678277 tempest-ServerRescueNegativeTestJSON-982678277-project] Attributes excluded by policy engine: ['standard_attr_id', 'binding:profile', 'binding:host_id', 'binding:vif_type', 'binding:vif_details'] {{(pid=88595) _exclude_attributes_by_policy /opt/stack/neutron/neutron/pecan_wsgi/hooks/policy_enforcement.py:259}}
Jun 04 13:48:05.044543 dv-cinder-843593-2-iscsi neutron-server[88595]: INFO neutron.wsgi [req-ac003d73-ac31-4379-a9f8-2475e4eb70a4 req-14d217fe-e066-4cbd-b20f-fcff577e36c4 tempest-ServerRescueNegativeTestJSON-982678277 tempest-ServerRescueNegativeTestJSON-982678277-project] 10.222.0.39 "GET /v2.0/ports?device_id=1a4339a6-92e1-4a7d-9c42-3bf34542e458 HTTP/1.1" status: 200 len: 946 time: 0.0897071
Jun 04 13:48:05.083679 dv-cinder-843593-2-iscsi neutron-server[88594]: DEBUG neutron.pecan_wsgi.hooks.quota_enforcement [None req-a2725cec-d3f9-46f1-aaa9-18b2077235f9 admin admin] Made reservation on behalf of e2313d9114824a018f461f7742fd69da for: {'network': 1} {{(pid=88594) before /opt/stack/neutron/neutron/pecan_wsgi/hooks/quota_enforcement.py:53}}
Jun 04 13:48:05.088124 dv-cinder-843593-2-iscsi neutron-server[88594]: DEBUG neutron_lib.callbacks.manager [None req-a2725cec-d3f9-46f1-aaa9-18b2077235f9 admin admin] Notify callbacks ['neutron.plugins.ml2.plugin.SecurityGroupDbMixin._ensure_default_security_group_handler-737711'] for network, before_create {{(pid=88594) _notify_loop /usr/local/lib/python3.8/dist-packages/neutron_lib/callbacks/manager.py:192}}
Jun 04 13:48:05.089504 dv-cinder-843593-2-iscsi neutron-server[88595]: INFO neutron.wsgi [req-ac003d73-ac31-4379-a9f8-2475e4eb70a4 req-9686ecc3-749b-43f4-b136-45fc690975eb tempest-ServerRescueNegativeTestJSON-982678277 tempest-ServerRescueNegativeTestJSON-982678277-project] 10.222.0.39 "GET /v2.0/security-groups?id=d431f3f6-19bb-4624-b379-0ee0896a25a7&fields=id&fields=name HTTP/1.1" status: 200 len: 286 time: 0.0385592
Jun 04 13:48:05.107407 dv-cinder-843593-2-iscsi neutron-server[88594]: DEBUG neutron_lib.callbacks.manager [None req-a2725cec-d3f9-46f1-aaa9-18b2077235f9 admin admin] Notify callbacks [] for security_group, before_create {{(pid=88594) _notify_loop /usr/local/lib/python3.8/dist-packages/neutron_lib/callbacks/manager.py:192}}
Jun 04 13:48:05.123105 dv-cinder-843593-2-iscsi neutron-server[88594]: DEBUG neutron.db.quota.driver [None req-a2725cec-d3f9-46f1-aaa9-18b2077235f9 admin admin] Resources subnetpool have unlimited quota limit. It is not required to calculate headroom {{(pid=88594) make_reservation /opt/stack/neutron/neutron/db/quota/driver.py:219}}
Jun 04 13:48:05.126881 dv-cinder-843593-2-iscsi neutron-server[88594]: DEBUG neutron.quota.resource [None req-a2725cec-d3f9-46f1-aaa9-18b2077235f9 admin admin] Usage tracker for resource:security_group_rule and tenant:e2313d9114824a018f461f7742fd69da is out of sync, need to count used quota {{(pid=88594) count_used /opt/stack/neutron/neutron/quota/resource.py:270}}
Jun 04 13:48:05.130127 dv-cinder-843593-2-iscsi neutron-server[88594]: DEBUG neutron.quota.resource [None req-a2725cec-d3f9-46f1-aaa9-18b2077235f9 admin admin] Quota usage for security_group_rule was recalculated. Used quota:0. {{(pid=88594) count_used /opt/stack/neutron/neutron/quota/resource.py:290}}
Jun 04 13:48:05.136046 dv-cinder-843593-2-iscsi neutron-server[88594]: DEBUG neutron.db.quota.driver [None req-a2725cec-d3f9-46f1-aaa9-18b2077235f9 admin admin] Attempting to reserve 4 items for resource security_group_rule. Total usage: 0; quota limit: 100; headroom:100 {{(pid=88594) make_reservation /opt/stack/neutron/neutron/db/quota/driver.py:246}}
Jun 04 13:48:05.223018 dv-cinder-843593-2-iscsi neutron-server[88594]: DEBUG neutron_lib.callbacks.manager [None req-a2725cec-d3f9-46f1-aaa9-18b2077235f9 admin admin] Notify callbacks [] for security_group, precommit_create {{(pid=88594) _notify_loop /usr/local/lib/python3.8/dist-packages/neutron_lib/callbacks/manager.py:192}}
Jun 04 13:48:05.281299 dv-cinder-843593-2-iscsi neutron-server[88594]: DEBUG neutron_lib.callbacks.manager [None req-a2725cec-d3f9-46f1-aaa9-18b2077235f9 admin admin] Notify callbacks ['neutron.plugins.ml2.ovo_rpc._ObjectChangeHandler.handle_event-66732947'] for security_group, after_create {{(pid=88594) _notify_loop /usr/local/lib/python3.8/dist-packages/neutron_lib/callbacks/manager.py:192}}
Jun 04 13:48:05.313631 dv-cinder-843593-2-iscsi neutron-server[88594]: DEBUG neutron.plugins.ml2.drivers.helpers [None req-a2725cec-d3f9-46f1-aaa9-18b2077235f9 admin admin] vlan segment allocate from pool success with {'physical_network': 'physnet1', 'vlan_id': 243} {{(pid=88594) allocate_partially_specified_segment /opt/stack/neutron/neutron/plugins/ml2/drivers/helpers.py:153}}
Jun 04 13:48:05.325710 dv-cinder-843593-2-iscsi neutron-server[88594]: DEBUG neutron.api.rpc.handlers.resources_rpc [None req-a2725cec-d3f9-46f1-aaa9-18b2077235f9 admin admin] Pushing event updated for resources: {'SecurityGroup': ['ID=bf3dcf8a-0cc6-4a7b-bbcd-8831260b0021,revision_number=1']} {{(pid=88594) push /opt/stack/neutron/neutron/api/rpc/handlers/resources_rpc.py:237}}
Jun 04 13:48:05.331421 dv-cinder-843593-2-iscsi neutron-server[88594]: DEBUG neutron_lib.callbacks.manager [None req-a2725cec-d3f9-46f1-aaa9-18b2077235f9 admin admin] Notify callbacks ['neutron.plugins.ml2.plugin.Ml2Plugin._handle_segment_change-658965'] for segment, precommit_create {{(pid=88594) _notify_loop /usr/local/lib/python3.8/dist-packages/neutron_lib/callbacks/manager.py:192}}
Jun 04 13:48:05.331759 dv-cinder-843593-2-iscsi neutron-server[88594]: INFO neutron.db.segments_db [None req-a2725cec-d3f9-46f1-aaa9-18b2077235f9 admin admin] Added segment 3c9a91ce-080e-4fd3-9433-640062bb186d of type vlan for network d18585f7-54ae-4726-bfc5-2ce1fe5c9dcc
Jun 04 13:48:05.357750 dv-cinder-843593-2-iscsi neutron-server[88594]: DEBUG neutron_lib.callbacks.manager [None req-a2725cec-d3f9-46f1-aaa9-18b2077235f9 admin admin] Notify callbacks ['neutron.services.auto_allocate.db._ensure_external_network_default_value_callback-8733312597486'] for network, precommit_create {{(pid=88594) _notify_loop /usr/local/lib/python3.8/dist-packages/neutron_lib/callbacks/manager.py:192}}
Jun 04 13:48:05.481679 dv-cinder-843593-2-iscsi neutron-server[88594]: DEBUG neutron_lib.callbacks.manager [None req-a2725cec-d3f9-46f1-aaa9-18b2077235f9 admin admin] Notify callbacks ['neutron.plugins.ml2.ovo_rpc._ObjectChangeHandler.handle_event-66732898', 'neutron.api.rpc.agentnotifiers.dhcp_rpc_agent_api.DhcpAgentNotifyAPI._native_event_send_dhcp_notification-66655086'] for network, after_create {{(pid=88594) _notify_loop /usr/local/lib/python3.8/dist-packages/neutron_lib/callbacks/manager.py:192}}
Jun 04 13:48:05.482662 dv-cinder-843593-2-iscsi neutron-server[88594]: DEBUG neutron.pecan_wsgi.hooks.policy_enforcement [None req-a2725cec-d3f9-46f1-aaa9-18b2077235f9 admin admin] Attributes excluded by policy engine: ['standard_attr_id', 'vlan_transparent'] {{(pid=88594) _exclude_attributes_by_policy /opt/stack/neutron/neutron/pecan_wsgi/hooks/policy_enforcement.py:259}}
Jun 04 13:48:05.483266 dv-cinder-843593-2-iscsi neutron-server[88594]: DEBUG neutron_lib.callbacks.manager [None req-a2725cec-d3f9-46f1-aaa9-18b2077235f9 admin admin] Notify callbacks ['neutron.api.rpc.agentnotifiers.dhcp_rpc_agent_api.DhcpAgentNotifyAPI._send_dhcp_notification-66654976'] for network, before_response {{(pid=88594) _notify_loop /usr/local/lib/python3.8/dist-packages/neutron_lib/callbacks/manager.py:192}}
Jun 04 13:48:05.679656 dv-cinder-843593-2-iscsi neutron-server[88594]: DEBUG neutron.api.rpc.handlers.resources_rpc [None req-a2725cec-d3f9-46f1-aaa9-18b2077235f9 admin admin] Pushing event updated for resources: {'Network': ['ID=d18585f7-54ae-4726-bfc5-2ce1fe5c9dcc,revision_number=1']} {{(pid=88594) push /opt/stack/neutron/neutron/api/rpc/handlers/resources_rpc.py:237}}
Jun 04 13:48:05.689309 dv-cinder-843593-2-iscsi neutron-server[88596]: DEBUG neutron.plugins.ml2.rpc [None req-71f2111b-a8bf-4ed2-b2fb-60e55aa7829a None None] Network d18585f7-54ae-4726-bfc5-2ce1fe5c9dcc details requested by agent ovs-agent-dv-cinder-843593-2-iscsi with host dv-cinder-843593-2-iscsi {{(pid=88596) get_network_details /opt/stack/neutron/neutron/plugins/ml2/rpc.py:232}}
Jun 04 13:48:05.733590 dv-cinder-843593-2-iscsi neutron-server[88594]: INFO neutron.wsgi [None req-a2725cec-d3f9-46f1-aaa9-18b2077235f9 admin admin] 10.222.0.39 "POST /v2.0/networks HTTP/1.1" status: 201 len: 881 time: 0.7738497
Jun 04 13:48:05.736288 dv-cinder-843593-2-iscsi neutron-server[88594]: DEBUG neutron.wsgi [-] (88594) accepted ('10.222.0.39', 44156) {{(pid=88594) server /usr/local/lib/python3.8/dist-packages/eventlet/wsgi.py:992}}
Jun 04 13:48:05.741748 dv-cinder-843593-2-iscsi neutron-server[88594]: DEBUG neutron.api.v2.base [None req-ecda54e5-e6e2-4ba7-b957-9ebddc1e74d5 admin admin] Request body: {'subnet': {'network_id': 'd18585f7-54ae-4726-bfc5-2ce1fe5c9dcc', 'cidr': '172.20.0.0/28', 'name': 'tempest-VolumesActionsTest-878554289-subnet', 'tenant_id': 'e2313d9114824a018f461f7742fd69da', 'enable_dhcp': False, 'ip_version': 4}} {{(pid=88594) prepare_request_body /opt/stack/neutron/neutron/api/v2/base.py:729}}
Jun 04 13:48:05.746329 dv-cinder-843593-2-iscsi neutron-server[88594]: DEBUG neutron.db.quota.driver [None req-ecda54e5-e6e2-4ba7-b957-9ebddc1e74d5 admin admin] Resources subnetpool have unlimited quota limit. It is not required to calculate headroom {{(pid=88594) make_reservation /opt/stack/neutron/neutron/db/quota/driver.py:219}}
Jun 04 13:48:05.750181 dv-cinder-843593-2-iscsi neutron-server[88594]: DEBUG neutron.quota.resource [None req-ecda54e5-e6e2-4ba7-b957-9ebddc1e74d5 admin admin] Usage tracker for resource:subnet and tenant:e2313d9114824a018f461f7742fd69da is out of sync, need to count used quota {{(pid=88594) count_used /opt/stack/neutron/neutron/quota/resource.py:270}}
Jun 04 13:48:05.752981 dv-cinder-843593-2-iscsi neutron-server[88594]: DEBUG neutron.quota.resource [None req-ecda54e5-e6e2-4ba7-b957-9ebddc1e74d5 admin admin] Quota usage for subnet was recalculated. Used quota:0. {{(pid=88594) count_used /opt/stack/neutron/neutron/quota/resource.py:290}}
Jun 04 13:48:05.758682 dv-cinder-843593-2-iscsi neutron-server[88594]: DEBUG neutron.db.quota.driver [None req-ecda54e5-e6e2-4ba7-b957-9ebddc1e74d5 admin admin] Attempting to reserve 1 items for resource subnet. Total usage: 0; quota limit: 100; headroom:100 {{(pid=88594) make_reservation /opt/stack/neutron/neutron/db/quota/driver.py:246}}
Jun 04 13:48:05.837412 dv-cinder-843593-2-iscsi neutron-server[88594]: DEBUG neutron.pecan_wsgi.hooks.quota_enforcement [None req-ecda54e5-e6e2-4ba7-b957-9ebddc1e74d5 admin admin] Made reservation on behalf of e2313d9114824a018f461f7742fd69da for: {'subnet': 1} {{(pid=88594) before /opt/stack/neutron/neutron/pecan_wsgi/hooks/quota_enforcement.py:53}}
Jun 04 13:48:05.840331 dv-cinder-843593-2-iscsi neutron-server[88594]: DEBUG neutron_lib.callbacks.manager [None req-ecda54e5-e6e2-4ba7-b957-9ebddc1e74d5 admin admin] Notify callbacks ['neutron.services.segments.plugin.SegmentHostRoutes.host_routes_before_create-65227580'] for subnet, before_create {{(pid=88594) _notify_loop /usr/local/lib/python3.8/dist-packages/neutron_lib/callbacks/manager.py:192}}
Jun 04 13:48:06.052485 dv-cinder-843593-2-iscsi neutron-server[88595]: DEBUG neutron.pecan_wsgi.hooks.policy_enforcement [req-cd1a90cc-01a3-4d2e-91d4-2f1e806f1eb3 req-1de43aea-bd03-4fc1-a37a-144bd3bac9aa tempest-VolumesActionsTest-1034877504 tempest-VolumesActionsTest-1034877504-project] Attributes excluded by policy engine: ['standard_attr_id', 'binding:profile', 'binding:host_id', 'binding:vif_type', 'binding:vif_details'] {{(pid=88595) _exclude_attributes_by_policy /opt/stack/neutron/neutron/pecan_wsgi/hooks/policy_enforcement.py:259}}
Jun 04 13:48:06.054025 dv-cinder-843593-2-iscsi neutron-server[88595]: INFO neutron.wsgi [req-cd1a90cc-01a3-4d2e-91d4-2f1e806f1eb3 req-1de43aea-bd03-4fc1-a37a-144bd3bac9aa tempest-VolumesActionsTest-1034877504 tempest-VolumesActionsTest-1034877504-project] 10.222.0.39 "GET /v2.0/ports?device_id=b7cb5f96-ef90-495e-8081-6eaf4632f74d HTTP/1.1" status: 200 len: 946 time: 0.0792525
Jun 04 13:48:06.054699 dv-cinder-843593-2-iscsi neutron-server[88596]: DEBUG neutron_lib.callbacks.manager [None req-e167a5a5-0405-4b8c-9f04-7a21386cf716 None None] Notify callbacks ['neutron.services.segments.db._update_segment_host_mapping_for_agent-8733313062548', 'neutron.plugins.ml2.plugin.Ml2Plugin._retry_binding_revived_agents-697684'] for agent, after_update {{(pid=88596) _notify_loop /usr/local/lib/python3.8/dist-packages/neutron_lib/callbacks/manager.py:192}}
Jun 04 13:48:06.101623 dv-cinder-843593-2-iscsi neutron-server[88595]: INFO neutron.wsgi [req-cd1a90cc-01a3-4d2e-91d4-2f1e806f1eb3 req-5ea56211-0db6-49b4-bdfc-0ead30480278 tempest-VolumesActionsTest-1034877504 tempest-VolumesActionsTest-1034877504-project] 10.222.0.39 "GET /v2.0/security-groups?id=4901f119-b82a-40be-b079-6e4e43fa3f67&fields=id&fields=name HTTP/1.1" status: 200 len: 286 time: 0.0411525
Jun 04 13:48:06.111751 dv-cinder-843593-2-iscsi neutron-server[88594]: DEBUG neutron_lib.callbacks.manager [None req-ecda54e5-e6e2-4ba7-b957-9ebddc1e74d5 admin admin] Notify callbacks ['neutron.plugins.ml2.ovo_rpc._ObjectChangeHandler.handle_event-66734742', 'neutron.api.rpc.agentnotifiers.dhcp_rpc_agent_api.DhcpAgentNotifyAPI._native_event_send_dhcp_notification-66655086', 'neutron.services.segments.plugin.NovaSegmentNotifier._notify_subnet_created-65842052', 'neutron.services.segments.plugin.SegmentHostRoutes.host_routes_after_create-65227566'] for subnet, after_create {{(pid=88594) _notify_loop /usr/local/lib/python3.8/dist-packages/neutron_lib/callbacks/manager.py:192}}
Jun 04 13:48:06.189585 dv-cinder-843593-2-iscsi neutron-server[88594]: DEBUG neutron.api.rpc.handlers.resources_rpc [None req-ecda54e5-e6e2-4ba7-b957-9ebddc1e74d5 admin admin] Pushing event updated for resources: {'Subnet': ['ID=c4ccf1b0-dfd1-4862-be59-118fd862c52a,revision_number=0']} {{(pid=88594) push /opt/stack/neutron/neutron/api/rpc/handlers/resources_rpc.py:237}}
Jun 04 13:48:06.199444 dv-cinder-843593-2-iscsi neutron-server[88594]: DEBUG neutron.plugins.ml2.drivers.mech_agent [None req-ecda54e5-e6e2-4ba7-b957-9ebddc1e74d5 admin admin] Checking segment: {'id': '3c9a91ce-080e-4fd3-9433-640062bb186d', 'network_type': 'vlan', 'physical_network': 'physnet1', 'segmentation_id': 243, 'network_id': 'd18585f7-54ae-4726-bfc5-2ce1fe5c9dcc'} for mappings: {'physnet1': 'br-data'} with network types: ['local', 'flat', 'vlan'] {{(pid=88594) check_segment_for_agent /opt/stack/neutron/neutron/plugins/ml2/drivers/mech_agent.py:343}}
Jun 04 13:48:06.199793 dv-cinder-843593-2-iscsi neutron-server[88594]: DEBUG neutron.scheduler.dhcp_agent_scheduler [None req-ecda54e5-e6e2-4ba7-b957-9ebddc1e74d5 admin admin] Network hostable DHCP agents. Network: d18585f7-54ae-4726-bfc5-2ce1fe5c9dcc, hostable agents: ['87172334-b636-4990-a849-36beff162f6b'], hosted agents: [] {{(pid=88594) _get_network_hostable_dhcp_agents /opt/stack/neutron/neutron/scheduler/dhcp_agent_scheduler.py:329}}
Jun 04 13:48:06.291769 dv-cinder-843593-2-iscsi neutron-server[88594]: DEBUG neutron.pecan_wsgi.hooks.policy_enforcement [req-83f16979-8c8c-4918-9a53-ba4e4c66ca78 req-795acec0-863e-4229-9cbb-bf74cca505b2 tempest-ServerRescueNegativeTestJSON-982678277 tempest-ServerRescueNegativeTestJSON-982678277-project] Attributes excluded by policy engine: ['standard_attr_id', 'binding:profile', 'binding:host_id', 'binding:vif_type', 'binding:vif_details'] {{(pid=88594) _exclude_attributes_by_policy /opt/stack/neutron/neutron/pecan_wsgi/hooks/policy_enforcement.py:259}}
Jun 04 13:48:06.293247 dv-cinder-843593-2-iscsi neutron-server[88594]: INFO neutron.wsgi [req-83f16979-8c8c-4918-9a53-ba4e4c66ca78 req-795acec0-863e-4229-9cbb-bf74cca505b2 tempest-ServerRescueNegativeTestJSON-982678277 tempest-ServerRescueNegativeTestJSON-982678277-project] 10.222.0.39 "GET /v2.0/ports?device_id=1a4339a6-92e1-4a7d-9c42-3bf34542e458 HTTP/1.1" status: 200 len: 946 time: 0.0877016
Jun 04 13:48:06.340846 dv-cinder-843593-2-iscsi neutron-server[88594]: DEBUG neutron.scheduler.dhcp_agent_scheduler [None req-ecda54e5-e6e2-4ba7-b957-9ebddc1e74d5 admin admin] Network d18585f7-54ae-4726-bfc5-2ce1fe5c9dcc is scheduled to be hosted by DHCP agent 87172334-b636-4990-a849-36beff162f6b with binding_index 1 {{(pid=88594) bind /opt/stack/neutron/neutron/scheduler/dhcp_agent_scheduler.py:227}}
Jun 04 13:48:06.397545 dv-cinder-843593-2-iscsi neutron-server[88594]: INFO neutron.wsgi [req-83f16979-8c8c-4918-9a53-ba4e4c66ca78 req-e186698b-7ed6-43df-905c-2c1dfe934813 tempest-ServerRescueNegativeTestJSON-982678277 tempest-ServerRescueNegativeTestJSON-982678277-project] 10.222.0.39 "GET /v2.0/security-groups?id=d431f3f6-19bb-4624-b379-0ee0896a25a7&fields=id&fields=name HTTP/1.1" status: 200 len: 286 time: 0.0661609
Jun 04 13:48:06.410889 dv-cinder-843593-2-iscsi neutron-server[88594]: DEBUG neutron.pecan_wsgi.hooks.policy_enforcement [req-93641e39-7e21-482f-bd60-cfd4c8d700dd req-d8e2f2bb-5c90-4dd1-bbb5-80c5bb74e8ee service neutron] Attributes excluded by policy engine: ['standard_attr_id'] {{(pid=88594) _exclude_attributes_by_policy /opt/stack/neutron/neutron/pecan_wsgi/hooks/policy_enforcement.py:259}}
Jun 04 13:48:06.412359 dv-cinder-843593-2-iscsi neutron-server[88594]: INFO neutron.wsgi [req-93641e39-7e21-482f-bd60-cfd4c8d700dd req-d8e2f2bb-5c90-4dd1-bbb5-80c5bb74e8ee service neutron] 10.222.0.55 "GET /v2.0/ports?device_id=b7cb5f96-ef90-495e-8081-6eaf4632f74d HTTP/1.1" status: 200 len: 1099 time: 0.1168473
Jun 04 13:48:06.447031 dv-cinder-843593-2-iscsi neutron-server[88594]: DEBUG neutron.scheduler.base_scheduler [None req-ecda54e5-e6e2-4ba7-b957-9ebddc1e74d5 admin admin] Resources bound (agent type, host, resource id): (DHCP agent, dv-cinder-843593-2-iscsi, d18585f7-54ae-4726-bfc5-2ce1fe5c9dcc) {{(pid=88594) schedule /opt/stack/neutron/neutron/scheduler/base_scheduler.py:57}}
Jun 04 13:48:06.455377 dv-cinder-843593-2-iscsi neutron-server[88594]: DEBUG neutron.pecan_wsgi.hooks.policy_enforcement [None req-ecda54e5-e6e2-4ba7-b957-9ebddc1e74d5 admin admin] Attributes excluded by policy engine: ['standard_attr_id', 'shared', 'segment_id', 'network'] {{(pid=88594) _exclude_attributes_by_policy /opt/stack/neutron/neutron/pecan_wsgi/hooks/policy_enforcement.py:259}}
Jun 04 13:48:06.455947 dv-cinder-843593-2-iscsi neutron-server[88594]: DEBUG neutron_lib.callbacks.manager [None req-ecda54e5-e6e2-4ba7-b957-9ebddc1e74d5 admin admin] Notify callbacks [] for subnet, before_response {{(pid=88594) _notify_loop /usr/local/lib/python3.8/dist-packages/neutron_lib/callbacks/manager.py:192}}
Jun 04 13:48:06.456182 dv-cinder-843593-2-iscsi neutron-server[88596]: DEBUG neutron.api.rpc.handlers.dhcp_rpc [None req-ce188c3f-cfcf-4d92-955a-72e78efa2ae8 None None] Network d18585f7-54ae-4726-bfc5-2ce1fe5c9dcc requested from dv-cinder-843593-2-iscsi {{(pid=88596) get_network_info /opt/stack/neutron/neutron/api/rpc/handlers/dhcp_rpc.py:213}}
Jun 04 13:48:06.486873 dv-cinder-843593-2-iscsi neutron-server[88594]: INFO neutron.wsgi [req-93641e39-7e21-482f-bd60-cfd4c8d700dd req-289acf50-720e-415f-8b14-e43e9d78f3a4 service neutron] 10.222.0.55 "GET /v2.0/security-groups?id=4901f119-b82a-40be-b079-6e4e43fa3f67&fields=id&fields=name HTTP/1.1" status: 200 len: 286 time: 0.0535979
Jun 04 13:48:06.587215 dv-cinder-843593-2-iscsi neutron-server[88594]: INFO neutron.wsgi [None req-ecda54e5-e6e2-4ba7-b957-9ebddc1e74d5 admin admin] 10.222.0.39 "POST /v2.0/subnets HTTP/1.1" status: 201 len: 845 time: 0.8495996
Jun 04 13:48:06.665686 dv-cinder-843593-2-iscsi neutron-server[88596]: DEBUG neutron.api.rpc.handlers.dhcp_rpc [None req-68763e0d-fa60-4d95-9442-60b60a393d19 None None] Network d18585f7-54ae-4726-bfc5-2ce1fe5c9dcc requested from dv-cinder-843593-2-iscsi {{(pid=88596) get_network_info /opt/stack/neutron/neutron/api/rpc/handlers/dhcp_rpc.py:213}}
Jun 04 13:48:07.289181 dv-cinder-843593-2-iscsi neutron-server[88594]: DEBUG neutron.pecan_wsgi.hooks.policy_enforcement [req-5fba7289-65fc-47a7-bae4-c7badf82142d req-5db1b11c-5c79-4bf2-b41f-9f080ac10cd3 tempest-VolumesActionsTest-1034877504 tempest-VolumesActionsTest-1034877504-project] Attributes excluded by policy engine: ['standard_attr_id', 'binding:profile', 'binding:host_id', 'binding:vif_type', 'binding:vif_details'] {{(pid=88594) _exclude_attributes_by_policy /opt/stack/neutron/neutron/pecan_wsgi/hooks/policy_enforcement.py:259}}
Jun 04 13:48:07.290593 dv-cinder-843593-2-iscsi neutron-server[88594]: INFO neutron.wsgi [req-5fba7289-65fc-47a7-bae4-c7badf82142d req-5db1b11c-5c79-4bf2-b41f-9f080ac10cd3 tempest-VolumesActionsTest-1034877504 tempest-VolumesActionsTest-1034877504-project] 10.222.0.39 "GET /v2.0/ports?device_id=b7cb5f96-ef90-495e-8081-6eaf4632f74d HTTP/1.1" status: 200 len: 946 time: 0.0839949
Jun 04 13:48:07.335226 dv-cinder-843593-2-iscsi neutron-server[88594]: INFO neutron.wsgi [req-5fba7289-65fc-47a7-bae4-c7badf82142d req-ae328419-ef4d-4259-b686-af6b001c97c8 tempest-VolumesActionsTest-1034877504 tempest-VolumesActionsTest-1034877504-project] 10.222.0.39 "GET /v2.0/security-groups?id=4901f119-b82a-40be-b079-6e4e43fa3f67&fields=id&fields=name HTTP/1.1" status: 200 len: 286 time: 0.0382648
Jun 04 13:48:07.594072 dv-cinder-843593-2-iscsi neutron-server[88595]: DEBUG neutron.pecan_wsgi.hooks.policy_enforcement [req-b6cc11a6-e4e4-4939-be1a-f83a8115139f req-4c7b12f0-8d4c-4c3b-bddc-2a11f6fcc89c tempest-ServerRescueNegativeTestJSON-982678277 tempest-ServerRescueNegativeTestJSON-982678277-project] Attributes excluded by policy engine: ['standard_attr_id', 'binding:profile', 'binding:host_id', 'binding:vif_type', 'binding:vif_details'] {{(pid=88595) _exclude_attributes_by_policy /opt/stack/neutron/neutron/pecan_wsgi/hooks/policy_enforcement.py:259}}
