Jun 04 13:46:28.237955 dv-cinder-843593-2-iscsi neutron-server[88594]: DEBUG neutron.quota.resource [None req-f17d45a8-64cb-4300-8a26-f175052eee6f admin admin] Quota usage for security_group_rule was recalculated. Used quota:0. {{(pid=88594) count_used /opt/stack/neutron/neutron/quota/resource.py:290}}
Jun 04 13:46:28.257213 dv-cinder-843593-2-iscsi neutron-server[88594]: DEBUG neutron.db.quota.driver [None req-f17d45a8-64cb-4300-8a26-f175052eee6f admin admin] Attempting to reserve 4 items for resource security_group_rule. Total usage: 0; quota limit: 100; headroom:100 {{(pid=88594) make_reservation /opt/stack/neutron/neutron/db/quota/driver.py:246}}
Jun 04 13:46:28.262251 dv-cinder-843593-2-iscsi neutron-server[88594]: DEBUG neutron_lib.callbacks.manager [None req-46124ffb-85fa-455a-855c-9262b0dbfdcd admin admin] Notify callbacks ['neutron.services.auto_allocate.db._ensure_external_network_default_value_callback-8733312597486'] for network, precommit_create {{(pid=88594) _notify_loop /usr/local/lib/python3.8/dist-packages/neutron_lib/callbacks/manager.py:192}}
Jun 04 13:46:28.327816 dv-cinder-843593-2-iscsi neutron-server[88595]: DEBUG neutron.wsgi [-] (88595) accepted ('10.222.0.39', 40976) {{(pid=88595) server /usr/local/lib/python3.8/dist-packages/eventlet/wsgi.py:992}}
Jun 04 13:46:28.361851 dv-cinder-843593-2-iscsi neutron-server[88594]: DEBUG neutron.api.v2.base [None req-bf7990ec-a2b4-4edd-b979-7afe219c8f1a admin admin] Request body: {'network': {'name': 'tempest-DeleteServersTestJSON-633751840-network', 'tenant_id': '06e9ddd6cf5447fda7dd4d4f0678f39e'}} {{(pid=88594) prepare_request_body /opt/stack/neutron/neutron/api/v2/base.py:729}}
Jun 04 13:46:28.367606 dv-cinder-843593-2-iscsi neutron-server[88594]: DEBUG neutron.db.quota.driver [None req-bf7990ec-a2b4-4edd-b979-7afe219c8f1a admin admin] Resources subnetpool have unlimited quota limit. It is not required to calculate headroom {{(pid=88594) make_reservation /opt/stack/neutron/neutron/db/quota/driver.py:219}}
Jun 04 13:46:28.369594 dv-cinder-843593-2-iscsi neutron-server[88594]: DEBUG neutron_lib.callbacks.manager [None req-46124ffb-85fa-455a-855c-9262b0dbfdcd admin admin] Notify callbacks ['neutron.plugins.ml2.ovo_rpc._ObjectChangeHandler.handle_event-66732898', 'neutron.api.rpc.agentnotifiers.dhcp_rpc_agent_api.DhcpAgentNotifyAPI._native_event_send_dhcp_notification-66655086'] for network, after_create {{(pid=88594) _notify_loop /usr/local/lib/python3.8/dist-packages/neutron_lib/callbacks/manager.py:192}}
Jun 04 13:46:28.370480 dv-cinder-843593-2-iscsi neutron-server[88594]: DEBUG neutron.pecan_wsgi.hooks.policy_enforcement [None req-46124ffb-85fa-455a-855c-9262b0dbfdcd admin admin] Attributes excluded by policy engine: ['standard_attr_id', 'vlan_transparent'] {{(pid=88594) _exclude_attributes_by_policy /opt/stack/neutron/neutron/pecan_wsgi/hooks/policy_enforcement.py:259}}
Jun 04 13:46:28.371042 dv-cinder-843593-2-iscsi neutron-server[88594]: DEBUG neutron_lib.callbacks.manager [None req-46124ffb-85fa-455a-855c-9262b0dbfdcd admin admin] Notify callbacks ['neutron.api.rpc.agentnotifiers.dhcp_rpc_agent_api.DhcpAgentNotifyAPI._send_dhcp_notification-66654976'] for network, before_response {{(pid=88594) _notify_loop /usr/local/lib/python3.8/dist-packages/neutron_lib/callbacks/manager.py:192}}
Jun 04 13:46:28.400623 dv-cinder-843593-2-iscsi neutron-server[88594]: DEBUG neutron.quota.resource [None req-bf7990ec-a2b4-4edd-b979-7afe219c8f1a admin admin] Usage tracker for resource:network and tenant:06e9ddd6cf5447fda7dd4d4f0678f39e is out of sync, need to count used quota {{(pid=88594) count_used /opt/stack/neutron/neutron/quota/resource.py:270}}
Jun 04 13:46:28.409620 dv-cinder-843593-2-iscsi neutron-server[88594]: DEBUG neutron.quota.resource [None req-bf7990ec-a2b4-4edd-b979-7afe219c8f1a admin admin] Quota usage for network was recalculated. Used quota:0. {{(pid=88594) count_used /opt/stack/neutron/neutron/quota/resource.py:290}}
Jun 04 13:46:28.413060 dv-cinder-843593-2-iscsi neutron-server[88594]: DEBUG neutron_lib.callbacks.manager [None req-f17d45a8-64cb-4300-8a26-f175052eee6f admin admin] Notify callbacks [] for security_group, precommit_create {{(pid=88594) _notify_loop /usr/local/lib/python3.8/dist-packages/neutron_lib/callbacks/manager.py:192}}
Jun 04 13:46:28.419064 dv-cinder-843593-2-iscsi neutron-server[88594]: DEBUG neutron.db.quota.driver [None req-bf7990ec-a2b4-4edd-b979-7afe219c8f1a admin admin] Attempting to reserve 1 items for resource network. Total usage: 0; quota limit: 100; headroom:100 {{(pid=88594) make_reservation /opt/stack/neutron/neutron/db/quota/driver.py:246}}
Jun 04 13:46:28.507280 dv-cinder-843593-2-iscsi neutron-server[88594]: DEBUG neutron_lib.callbacks.manager [None req-f17d45a8-64cb-4300-8a26-f175052eee6f admin admin] Notify callbacks ['neutron.plugins.ml2.ovo_rpc._ObjectChangeHandler.handle_event-66732947'] for security_group, after_create {{(pid=88594) _notify_loop /usr/local/lib/python3.8/dist-packages/neutron_lib/callbacks/manager.py:192}}
Jun 04 13:46:28.519329 dv-cinder-843593-2-iscsi neutron-server[88594]: DEBUG neutron.api.rpc.handlers.resources_rpc [None req-46124ffb-85fa-455a-855c-9262b0dbfdcd admin admin] Pushing event updated for resources: {'Network': ['ID=7a1785c9-ea90-4f1b-b12e-4a0f43d0d9bb,revision_number=1']} {{(pid=88594) push /opt/stack/neutron/neutron/api/rpc/handlers/resources_rpc.py:237}}
Jun 04 13:46:28.528778 dv-cinder-843593-2-iscsi neutron-server[88594]: DEBUG neutron.plugins.ml2.drivers.helpers [None req-f17d45a8-64cb-4300-8a26-f175052eee6f admin admin] vlan segment allocate from pool success with {'physical_network': 'physnet1', 'vlan_id': 216} {{(pid=88594) allocate_partially_specified_segment /opt/stack/neutron/neutron/plugins/ml2/drivers/helpers.py:153}}
Jun 04 13:46:28.530851 dv-cinder-843593-2-iscsi neutron-server[88596]: DEBUG neutron.plugins.ml2.rpc [None req-71f2111b-a8bf-4ed2-b2fb-60e55aa7829a None None] Network 7a1785c9-ea90-4f1b-b12e-4a0f43d0d9bb details requested by agent ovs-agent-dv-cinder-843593-2-iscsi with host dv-cinder-843593-2-iscsi {{(pid=88596) get_network_details /opt/stack/neutron/neutron/plugins/ml2/rpc.py:232}}
Jun 04 13:46:28.541826 dv-cinder-843593-2-iscsi neutron-server[88594]: DEBUG neutron_lib.callbacks.manager [None req-f17d45a8-64cb-4300-8a26-f175052eee6f admin admin] Notify callbacks ['neutron.plugins.ml2.plugin.Ml2Plugin._handle_segment_change-658965'] for segment, precommit_create {{(pid=88594) _notify_loop /usr/local/lib/python3.8/dist-packages/neutron_lib/callbacks/manager.py:192}}
Jun 04 13:46:28.541826 dv-cinder-843593-2-iscsi neutron-server[88594]: INFO neutron.db.segments_db [None req-f17d45a8-64cb-4300-8a26-f175052eee6f admin admin] Added segment 6d3f57de-dbe3-431a-86c1-8e1406ca4d6a of type vlan for network 8b092770-eea2-4e76-9959-7bb13a86dfb1
Jun 04 13:46:28.572526 dv-cinder-843593-2-iscsi neutron-server[88594]: DEBUG neutron_lib.callbacks.manager [None req-f17d45a8-64cb-4300-8a26-f175052eee6f admin admin] Notify callbacks ['neutron.services.auto_allocate.db._ensure_external_network_default_value_callback-8733312597486'] for network, precommit_create {{(pid=88594) _notify_loop /usr/local/lib/python3.8/dist-packages/neutron_lib/callbacks/manager.py:192}}
Jun 04 13:46:28.604429 dv-cinder-843593-2-iscsi neutron-server[88594]: INFO neutron.wsgi [None req-46124ffb-85fa-455a-855c-9262b0dbfdcd admin admin] 10.222.0.39 "POST /v2.0/networks HTTP/1.1" status: 201 len: 882 time: 1.1085553
Jun 04 13:46:28.604808 dv-cinder-843593-2-iscsi neutron-server[88595]: DEBUG neutron.wsgi [-] (88595) accepted ('10.222.0.39', 40994) {{(pid=88595) server /usr/local/lib/python3.8/dist-packages/eventlet/wsgi.py:992}}
Jun 04 13:46:28.611995 dv-cinder-843593-2-iscsi neutron-server[88595]: DEBUG neutron.api.v2.base [None req-c77998a9-08ae-4948-9f71-d4f1e3a2118b admin admin] Request body: {'subnet': {'network_id': '7a1785c9-ea90-4f1b-b12e-4a0f43d0d9bb', 'cidr': '172.20.0.0/28', 'name': 'tempest-AttachVolumeTestJSON-72343411-subnet', 'tenant_id': '9650a71550354afb93718cd61f608fa7', 'enable_dhcp': True, 'ip_version': 4}} {{(pid=88595) prepare_request_body /opt/stack/neutron/neutron/api/v2/base.py:729}}
Jun 04 13:46:28.618528 dv-cinder-843593-2-iscsi neutron-server[88594]: DEBUG neutron.pecan_wsgi.hooks.quota_enforcement [None req-bf7990ec-a2b4-4edd-b979-7afe219c8f1a admin admin] Made reservation on behalf of 06e9ddd6cf5447fda7dd4d4f0678f39e for: {'network': 1} {{(pid=88594) before /opt/stack/neutron/neutron/pecan_wsgi/hooks/quota_enforcement.py:53}}
Jun 04 13:46:28.621249 dv-cinder-843593-2-iscsi neutron-server[88594]: DEBUG neutron_lib.callbacks.manager [None req-bf7990ec-a2b4-4edd-b979-7afe219c8f1a admin admin] Notify callbacks ['neutron.plugins.ml2.plugin.SecurityGroupDbMixin._ensure_default_security_group_handler-737711'] for network, before_create {{(pid=88594) _notify_loop /usr/local/lib/python3.8/dist-packages/neutron_lib/callbacks/manager.py:192}}
Jun 04 13:46:28.626672 dv-cinder-843593-2-iscsi neutron-server[88595]: DEBUG neutron.db.quota.driver [None req-c77998a9-08ae-4948-9f71-d4f1e3a2118b admin admin] Resources subnetpool have unlimited quota limit. It is not required to calculate headroom {{(pid=88595) make_reservation /opt/stack/neutron/neutron/db/quota/driver.py:219}}
Jun 04 13:46:28.634789 dv-cinder-843593-2-iscsi neutron-server[88594]: DEBUG neutron.api.rpc.handlers.resources_rpc [None req-f17d45a8-64cb-4300-8a26-f175052eee6f admin admin] Pushing event updated for resources: {'SecurityGroup': ['ID=ea5be253-a72b-4d04-b592-59272c696ae1,revision_number=1']} {{(pid=88594) push /opt/stack/neutron/neutron/api/rpc/handlers/resources_rpc.py:237}}
Jun 04 13:46:28.639412 dv-cinder-843593-2-iscsi neutron-server[88595]: DEBUG neutron.api.v2.base [None req-64880f81-88d1-40b1-8717-17b319503f73 admin admin] Request body: {'network': {'name': 'tempest-ServerRescueNegativeTestJSON-1954090409-network', 'tenant_id': 'e199af9b5451493fa5a38f932be3993f'}} {{(pid=88595) prepare_request_body /opt/stack/neutron/neutron/api/v2/base.py:729}}
Jun 04 13:46:28.640302 dv-cinder-843593-2-iscsi neutron-server[88594]: DEBUG neutron_lib.callbacks.manager [None req-bf7990ec-a2b4-4edd-b979-7afe219c8f1a admin admin] Notify callbacks [] for security_group, before_create {{(pid=88594) _notify_loop /usr/local/lib/python3.8/dist-packages/neutron_lib/callbacks/manager.py:192}}
Jun 04 13:46:28.648150 dv-cinder-843593-2-iscsi neutron-server[88595]: DEBUG neutron.db.quota.driver [None req-64880f81-88d1-40b1-8717-17b319503f73 admin admin] Resources subnetpool have unlimited quota limit. It is not required to calculate headroom {{(pid=88595) make_reservation /opt/stack/neutron/neutron/db/quota/driver.py:219}}
Jun 04 13:46:28.657126 dv-cinder-843593-2-iscsi neutron-server[88595]: DEBUG neutron.quota.resource [None req-64880f81-88d1-40b1-8717-17b319503f73 admin admin] Usage tracker for resource:network and tenant:e199af9b5451493fa5a38f932be3993f is out of sync, need to count used quota {{(pid=88595) count_used /opt/stack/neutron/neutron/quota/resource.py:270}}
Jun 04 13:46:28.662030 dv-cinder-843593-2-iscsi neutron-server[88594]: DEBUG neutron.db.quota.driver [None req-bf7990ec-a2b4-4edd-b979-7afe219c8f1a admin admin] Resources subnetpool have unlimited quota limit. It is not required to calculate headroom {{(pid=88594) make_reservation /opt/stack/neutron/neutron/db/quota/driver.py:219}}
Jun 04 13:46:28.665614 dv-cinder-843593-2-iscsi neutron-server[88595]: DEBUG neutron.quota.resource [None req-c77998a9-08ae-4948-9f71-d4f1e3a2118b admin admin] Usage tracker for resource:subnet and tenant:9650a71550354afb93718cd61f608fa7 is out of sync, need to count used quota {{(pid=88595) count_used /opt/stack/neutron/neutron/quota/resource.py:270}}
Jun 04 13:46:28.666233 dv-cinder-843593-2-iscsi neutron-server[88594]: DEBUG neutron.quota.resource [None req-bf7990ec-a2b4-4edd-b979-7afe219c8f1a admin admin] Usage tracker for resource:security_group_rule and tenant:06e9ddd6cf5447fda7dd4d4f0678f39e is out of sync, need to count used quota {{(pid=88594) count_used /opt/stack/neutron/neutron/quota/resource.py:270}}
Jun 04 13:46:28.668858 dv-cinder-843593-2-iscsi neutron-server[88595]: DEBUG neutron.quota.resource [None req-64880f81-88d1-40b1-8717-17b319503f73 admin admin] Quota usage for network was recalculated. Used quota:0. {{(pid=88595) count_used /opt/stack/neutron/neutron/quota/resource.py:290}}
Jun 04 13:46:28.670071 dv-cinder-843593-2-iscsi neutron-server[88594]: DEBUG neutron.quota.resource [None req-bf7990ec-a2b4-4edd-b979-7afe219c8f1a admin admin] Quota usage for security_group_rule was recalculated. Used quota:0. {{(pid=88594) count_used /opt/stack/neutron/neutron/quota/resource.py:290}}
Jun 04 13:46:28.673704 dv-cinder-843593-2-iscsi neutron-server[88595]: DEBUG neutron.quota.resource [None req-c77998a9-08ae-4948-9f71-d4f1e3a2118b admin admin] Quota usage for subnet was recalculated. Used quota:0. {{(pid=88595) count_used /opt/stack/neutron/neutron/quota/resource.py:290}}
Jun 04 13:46:28.678164 dv-cinder-843593-2-iscsi neutron-server[88594]: DEBUG neutron.db.quota.driver [None req-bf7990ec-a2b4-4edd-b979-7afe219c8f1a admin admin] Attempting to reserve 4 items for resource security_group_rule. Total usage: 0; quota limit: 100; headroom:100 {{(pid=88594) make_reservation /opt/stack/neutron/neutron/db/quota/driver.py:246}}
Jun 04 13:46:28.681855 dv-cinder-843593-2-iscsi neutron-server[88594]: DEBUG neutron_lib.callbacks.manager [None req-f17d45a8-64cb-4300-8a26-f175052eee6f admin admin] Notify callbacks ['neutron.plugins.ml2.ovo_rpc._ObjectChangeHandler.handle_event-66732898', 'neutron.api.rpc.agentnotifiers.dhcp_rpc_agent_api.DhcpAgentNotifyAPI._native_event_send_dhcp_notification-66655086'] for network, after_create {{(pid=88594) _notify_loop /usr/local/lib/python3.8/dist-packages/neutron_lib/callbacks/manager.py:192}}
Jun 04 13:46:28.683497 dv-cinder-843593-2-iscsi neutron-server[88595]: DEBUG neutron.db.quota.driver [None req-64880f81-88d1-40b1-8717-17b319503f73 admin admin] Attempting to reserve 1 items for resource network. Total usage: 0; quota limit: 100; headroom:100 {{(pid=88595) make_reservation /opt/stack/neutron/neutron/db/quota/driver.py:246}}
Jun 04 13:46:28.683644 dv-cinder-843593-2-iscsi neutron-server[88594]: DEBUG neutron.pecan_wsgi.hooks.policy_enforcement [None req-f17d45a8-64cb-4300-8a26-f175052eee6f admin admin] Attributes excluded by policy engine: ['standard_attr_id', 'vlan_transparent'] {{(pid=88594) _exclude_attributes_by_policy /opt/stack/neutron/neutron/pecan_wsgi/hooks/policy_enforcement.py:259}}
Jun 04 13:46:28.684446 dv-cinder-843593-2-iscsi neutron-server[88594]: DEBUG neutron_lib.callbacks.manager [None req-f17d45a8-64cb-4300-8a26-f175052eee6f admin admin] Notify callbacks ['neutron.api.rpc.agentnotifiers.dhcp_rpc_agent_api.DhcpAgentNotifyAPI._send_dhcp_notification-66654976'] for network, before_response {{(pid=88594) _notify_loop /usr/local/lib/python3.8/dist-packages/neutron_lib/callbacks/manager.py:192}}
Jun 04 13:46:28.685786 dv-cinder-843593-2-iscsi neutron-server[88595]: DEBUG neutron.db.quota.driver [None req-c77998a9-08ae-4948-9f71-d4f1e3a2118b admin admin] Attempting to reserve 1 items for resource subnet. Total usage: 0; quota limit: 100; headroom:100 {{(pid=88595) make_reservation /opt/stack/neutron/neutron/db/quota/driver.py:246}}
Jun 04 13:46:28.754935 dv-cinder-843593-2-iscsi neutron-server[88595]: DEBUG neutron.pecan_wsgi.hooks.quota_enforcement [None req-64880f81-88d1-40b1-8717-17b319503f73 admin admin] Made reservation on behalf of e199af9b5451493fa5a38f932be3993f for: {'network': 1} {{(pid=88595) before /opt/stack/neutron/neutron/pecan_wsgi/hooks/quota_enforcement.py:53}}
Jun 04 13:46:28.757373 dv-cinder-843593-2-iscsi neutron-server[88595]: DEBUG neutron_lib.callbacks.manager [None req-64880f81-88d1-40b1-8717-17b319503f73 admin admin] Notify callbacks ['neutron.plugins.ml2.plugin.SecurityGroupDbMixin._ensure_default_security_group_handler-737711'] for network, before_create {{(pid=88595) _notify_loop /usr/local/lib/python3.8/dist-packages/neutron_lib/callbacks/manager.py:192}}
Jun 04 13:46:28.773814 dv-cinder-843593-2-iscsi neutron-server[88595]: DEBUG neutron_lib.callbacks.manager [None req-64880f81-88d1-40b1-8717-17b319503f73 admin admin] Notify callbacks [] for security_group, before_create {{(pid=88595) _notify_loop /usr/local/lib/python3.8/dist-packages/neutron_lib/callbacks/manager.py:192}}
Jun 04 13:46:28.789951 dv-cinder-843593-2-iscsi neutron-server[88595]: DEBUG neutron.pecan_wsgi.hooks.quota_enforcement [None req-c77998a9-08ae-4948-9f71-d4f1e3a2118b admin admin] Made reservation on behalf of 9650a71550354afb93718cd61f608fa7 for: {'subnet': 1} {{(pid=88595) before /opt/stack/neutron/neutron/pecan_wsgi/hooks/quota_enforcement.py:53}}
Jun 04 13:46:28.797978 dv-cinder-843593-2-iscsi neutron-server[88595]: DEBUG neutron_lib.callbacks.manager [None req-c77998a9-08ae-4948-9f71-d4f1e3a2118b admin admin] Notify callbacks [] for subnet, before_create {{(pid=88595) _notify_loop /usr/local/lib/python3.8/dist-packages/neutron_lib/callbacks/manager.py:192}}
Jun 04 13:46:28.809559 dv-cinder-843593-2-iscsi neutron-server[88594]: DEBUG neutron.api.rpc.handlers.resources_rpc [None req-f17d45a8-64cb-4300-8a26-f175052eee6f admin admin] Pushing event updated for resources: {'Network': ['ID=8b092770-eea2-4e76-9959-7bb13a86dfb1,revision_number=1']} {{(pid=88594) push /opt/stack/neutron/neutron/api/rpc/handlers/resources_rpc.py:237}}
Jun 04 13:46:28.823260 dv-cinder-843593-2-iscsi neutron-server[88596]: DEBUG neutron.plugins.ml2.rpc [None req-71f2111b-a8bf-4ed2-b2fb-60e55aa7829a None None] Network 8b092770-eea2-4e76-9959-7bb13a86dfb1 details requested by agent ovs-agent-dv-cinder-843593-2-iscsi with host dv-cinder-843593-2-iscsi {{(pid=88596) get_network_details /opt/stack/neutron/neutron/plugins/ml2/rpc.py:232}}
Jun 04 13:46:28.850183 dv-cinder-843593-2-iscsi neutron-server[88595]: DEBUG neutron.db.quota.driver [None req-64880f81-88d1-40b1-8717-17b319503f73 admin admin] Resources subnetpool have unlimited quota limit. It is not required to calculate headroom {{(pid=88595) make_reservation /opt/stack/neutron/neutron/db/quota/driver.py:219}}
Jun 04 13:46:28.851274 dv-cinder-843593-2-iscsi neutron-server[88594]: INFO neutron.wsgi [None req-f17d45a8-64cb-4300-8a26-f175052eee6f admin admin] 10.222.0.39 "POST /v2.0/networks HTTP/1.1" status: 201 len: 887 time: 1.2415192
Jun 04 13:46:28.851968 dv-cinder-843593-2-iscsi neutron-server[88594]: DEBUG neutron.wsgi [-] (88594) accepted ('10.222.0.39', 41004) {{(pid=88594) server /usr/local/lib/python3.8/dist-packages/eventlet/wsgi.py:992}}
Jun 04 13:46:28.872636 dv-cinder-843593-2-iscsi neutron-server[88594]: DEBUG neutron.api.v2.base [None req-9af8affc-9815-4553-bcb1-92d3745f2e5c admin admin] Request body: {'subnet': {'network_id': '8b092770-eea2-4e76-9959-7bb13a86dfb1', 'cidr': '172.20.0.0/28', 'name': 'tempest-AttachVolumeNegativeTest-942768844-subnet', 'tenant_id': '04f6f6455e3046efade411926e0f0561', 'enable_dhcp': True, 'ip_version': 4}} {{(pid=88594) prepare_request_body /opt/stack/neutron/neutron/api/v2/base.py:729}}
Jun 04 13:46:28.894361 dv-cinder-843593-2-iscsi neutron-server[88594]: DEBUG neutron.db.quota.driver [None req-9af8affc-9815-4553-bcb1-92d3745f2e5c admin admin] Resources subnetpool have unlimited quota limit. It is not required to calculate headroom {{(pid=88594) make_reservation /opt/stack/neutron/neutron/db/quota/driver.py:219}}
Jun 04 13:46:28.904095 dv-cinder-843593-2-iscsi neutron-server[88594]: DEBUG neutron.quota.resource [None req-9af8affc-9815-4553-bcb1-92d3745f2e5c admin admin] Usage tracker for resource:subnet and tenant:04f6f6455e3046efade411926e0f0561 is out of sync, need to count used quota {{(pid=88594) count_used /opt/stack/neutron/neutron/quota/resource.py:270}}
Jun 04 13:46:28.914042 dv-cinder-843593-2-iscsi neutron-server[88594]: DEBUG neutron.quota.resource [None req-9af8affc-9815-4553-bcb1-92d3745f2e5c admin admin] Quota usage for subnet was recalculated. Used quota:0. {{(pid=88594) count_used /opt/stack/neutron/neutron/quota/resource.py:290}}
Jun 04 13:46:28.939372 dv-cinder-843593-2-iscsi neutron-server[88594]: DEBUG neutron.db.quota.driver [None req-9af8affc-9815-4553-bcb1-92d3745f2e5c admin admin] Attempting to reserve 1 items for resource subnet. Total usage: 0; quota limit: 100; headroom:100 {{(pid=88594) make_reservation /opt/stack/neutron/neutron/db/quota/driver.py:246}}
Jun 04 13:46:28.958248 dv-cinder-843593-2-iscsi neutron-server[88595]: DEBUG neutron.quota.resource [None req-64880f81-88d1-40b1-8717-17b319503f73 admin admin] Usage tracker for resource:security_group_rule and tenant:e199af9b5451493fa5a38f932be3993f is out of sync, need to count used quota {{(pid=88595) count_used /opt/stack/neutron/neutron/quota/resource.py:270}}
Jun 04 13:46:28.987165 dv-cinder-843593-2-iscsi neutron-server[88595]: DEBUG neutron.quota.resource [None req-64880f81-88d1-40b1-8717-17b319503f73 admin admin] Quota usage for security_group_rule was recalculated. Used quota:0. {{(pid=88595) count_used /opt/stack/neutron/neutron/quota/resource.py:290}}
Jun 04 13:46:28.992995 dv-cinder-843593-2-iscsi neutron-server[88594]: DEBUG neutron_lib.callbacks.manager [None req-bf7990ec-a2b4-4edd-b979-7afe219c8f1a admin admin] Notify callbacks [] for security_group, precommit_create {{(pid=88594) _notify_loop /usr/local/lib/python3.8/dist-packages/neutron_lib/callbacks/manager.py:192}}
Jun 04 13:46:28.999968 dv-cinder-843593-2-iscsi neutron-server[88595]: DEBUG neutron.db.quota.driver [None req-64880f81-88d1-40b1-8717-17b319503f73 admin admin] Attempting to reserve 4 items for resource security_group_rule. Total usage: 0; quota limit: 100; headroom:100 {{(pid=88595) make_reservation /opt/stack/neutron/neutron/db/quota/driver.py:246}}
Jun 04 13:46:29.060306 dv-cinder-843593-2-iscsi neutron-server[88594]: DEBUG neutron_lib.callbacks.manager [None req-bf7990ec-a2b4-4edd-b979-7afe219c8f1a admin admin] Notify callbacks ['neutron.plugins.ml2.ovo_rpc._ObjectChangeHandler.handle_event-66732947'] for security_group, after_create {{(pid=88594) _notify_loop /usr/local/lib/python3.8/dist-packages/neutron_lib/callbacks/manager.py:192}}
Jun 04 13:46:29.079461 dv-cinder-843593-2-iscsi neutron-server[88594]: DEBUG neutron.plugins.ml2.drivers.helpers [None req-bf7990ec-a2b4-4edd-b979-7afe219c8f1a admin admin] vlan segment allocate from pool success with {'physical_network': 'physnet1', 'vlan_id': 248} {{(pid=88594) allocate_partially_specified_segment /opt/stack/neutron/neutron/plugins/ml2/drivers/helpers.py:153}}
Jun 04 13:46:29.099611 dv-cinder-843593-2-iscsi neutron-server[88594]: DEBUG neutron_lib.callbacks.manager [None req-bf7990ec-a2b4-4edd-b979-7afe219c8f1a admin admin] Notify callbacks ['neutron.plugins.ml2.plugin.Ml2Plugin._handle_segment_change-658965'] for segment, precommit_create {{(pid=88594) _notify_loop /usr/local/lib/python3.8/dist-packages/neutron_lib/callbacks/manager.py:192}}
Jun 04 13:46:29.099945 dv-cinder-843593-2-iscsi neutron-server[88594]: INFO neutron.db.segments_db [None req-bf7990ec-a2b4-4edd-b979-7afe219c8f1a admin admin] Added segment 4906c609-8ec1-47b1-956d-f65e95c4f515 of type vlan for network cebdbe79-e6fd-4765-b290-7deb15a4b00f
Jun 04 13:46:29.149681 dv-cinder-843593-2-iscsi neutron-server[88594]: DEBUG neutron_lib.callbacks.manager [None req-bf7990ec-a2b4-4edd-b979-7afe219c8f1a admin admin] Notify callbacks ['neutron.services.auto_allocate.db._ensure_external_network_default_value_callback-8733312597486'] for network, precommit_create {{(pid=88594) _notify_loop /usr/local/lib/python3.8/dist-packages/neutron_lib/callbacks/manager.py:192}}
Jun 04 13:46:29.252059 dv-cinder-843593-2-iscsi neutron-server[88594]: DEBUG neutron.api.rpc.handlers.resources_rpc [None req-bf7990ec-a2b4-4edd-b979-7afe219c8f1a admin admin] Pushing event updated for resources: {'SecurityGroup': ['ID=42647ca6-a827-42cf-be24-42338f9f29d6,revision_number=1']} {{(pid=88594) push /opt/stack/neutron/neutron/api/rpc/handlers/resources_rpc.py:237}}
Jun 04 13:46:29.285755 dv-cinder-843593-2-iscsi neutron-server[88595]: DEBUG neutron_lib.callbacks.manager [None req-64880f81-88d1-40b1-8717-17b319503f73 admin admin] Notify callbacks [] for security_group, precommit_create {{(pid=88595) _notify_loop /usr/local/lib/python3.8/dist-packages/neutron_lib/callbacks/manager.py:192}}
Jun 04 13:46:29.326713 dv-cinder-843593-2-iscsi neutron-server[88594]: DEBUG neutron_lib.callbacks.manager [None req-bf7990ec-a2b4-4edd-b979-7afe219c8f1a admin admin] Notify callbacks ['neutron.plugins.ml2.ovo_rpc._ObjectChangeHandler.handle_event-66732898', 'neutron.api.rpc.agentnotifiers.dhcp_rpc_agent_api.DhcpAgentNotifyAPI._native_event_send_dhcp_notification-66655086'] for network, after_create {{(pid=88594) _notify_loop /usr/local/lib/python3.8/dist-packages/neutron_lib/callbacks/manager.py:192}}
Jun 04 13:46:29.328531 dv-cinder-843593-2-iscsi neutron-server[88594]: DEBUG neutron.pecan_wsgi.hooks.policy_enforcement [None req-bf7990ec-a2b4-4edd-b979-7afe219c8f1a admin admin] Attributes excluded by policy engine: ['standard_attr_id', 'vlan_transparent'] {{(pid=88594) _exclude_attributes_by_policy /opt/stack/neutron/neutron/pecan_wsgi/hooks/policy_enforcement.py:259}}
Jun 04 13:46:29.329318 dv-cinder-843593-2-iscsi neutron-server[88594]: DEBUG neutron_lib.callbacks.manager [None req-bf7990ec-a2b4-4edd-b979-7afe219c8f1a admin admin] Notify callbacks ['neutron.api.rpc.agentnotifiers.dhcp_rpc_agent_api.DhcpAgentNotifyAPI._send_dhcp_notification-66654976'] for network, before_response {{(pid=88594) _notify_loop /usr/local/lib/python3.8/dist-packages/neutron_lib/callbacks/manager.py:192}}
Jun 04 13:46:29.347203 dv-cinder-843593-2-iscsi neutron-server[88594]: DEBUG neutron.pecan_wsgi.hooks.quota_enforcement [None req-9af8affc-9815-4553-bcb1-92d3745f2e5c admin admin] Made reservation on behalf of 04f6f6455e3046efade411926e0f0561 for: {'subnet': 1} {{(pid=88594) before /opt/stack/neutron/neutron/pecan_wsgi/hooks/quota_enforcement.py:53}}
Jun 04 13:46:29.350425 dv-cinder-843593-2-iscsi neutron-server[88594]: DEBUG neutron_lib.callbacks.manager [None req-9af8affc-9815-4553-bcb1-92d3745f2e5c admin admin] Notify callbacks [] for subnet, before_create {{(pid=88594) _notify_loop /usr/local/lib/python3.8/dist-packages/neutron_lib/callbacks/manager.py:192}}
Jun 04 13:46:29.354837 dv-cinder-843593-2-iscsi neutron-server[88595]: DEBUG neutron_lib.callbacks.manager [None req-64880f81-88d1-40b1-8717-17b319503f73 admin admin] Notify callbacks ['neutron.plugins.ml2.ovo_rpc._ObjectChangeHandler.handle_event-66732947'] for security_group, after_create {{(pid=88595) _notify_loop /usr/local/lib/python3.8/dist-packages/neutron_lib/callbacks/manager.py:192}}
Jun 04 13:46:29.381591 dv-cinder-843593-2-iscsi neutron-server[88595]: DEBUG neutron.plugins.ml2.drivers.helpers [None req-64880f81-88d1-40b1-8717-17b319503f73 admin admin] vlan segment allocate from pool success with {'physical_network': 'physnet1', 'vlan_id': 244} {{(pid=88595) allocate_partially_specified_segment /opt/stack/neutron/neutron/plugins/ml2/drivers/helpers.py:153}}
Jun 04 13:46:29.393916 dv-cinder-843593-2-iscsi neutron-server[88595]: DEBUG neutron_lib.callbacks.manager [None req-64880f81-88d1-40b1-8717-17b319503f73 admin admin] Notify callbacks ['neutron.plugins.ml2.plugin.Ml2Plugin._handle_segment_change-658965'] for segment, precommit_create {{(pid=88595) _notify_loop /usr/local/lib/python3.8/dist-packages/neutron_lib/callbacks/manager.py:192}}
Jun 04 13:46:29.394482 dv-cinder-843593-2-iscsi neutron-server[88595]: INFO neutron.db.segments_db [None req-64880f81-88d1-40b1-8717-17b319503f73 admin admin] Added segment d13a9ae4-ef0b-4edb-8601-373381df8c02 of type vlan for network c7d55235-bf68-4e08-8155-47e9a6165636
Jun 04 13:46:29.439080 dv-cinder-843593-2-iscsi neutron-server[88595]: DEBUG neutron_lib.callbacks.manager [None req-64880f81-88d1-40b1-8717-17b319503f73 admin admin] Notify callbacks ['neutron.services.auto_allocate.db._ensure_external_network_default_value_callback-8733312597486'] for network, precommit_create {{(pid=88595) _notify_loop /usr/local/lib/python3.8/dist-packages/neutron_lib/callbacks/manager.py:192}}
Jun 04 13:46:29.476942 dv-cinder-843593-2-iscsi neutron-server[88595]: DEBUG neutron_lib.callbacks.manager [None req-c77998a9-08ae-4948-9f71-d4f1e3a2118b admin admin] Notify callbacks ['neutron.plugins.ml2.ovo_rpc._ObjectChangeHandler.handle_event-66734742', 'neutron.api.rpc.agentnotifiers.dhcp_rpc_agent_api.DhcpAgentNotifyAPI._native_event_send_dhcp_notification-66655086'] for subnet, after_create {{(pid=88595) _notify_loop /usr/local/lib/python3.8/dist-packages/neutron_lib/callbacks/manager.py:192}}
Jun 04 13:46:29.537240 dv-cinder-843593-2-iscsi neutron-server[88594]: DEBUG neutron.api.rpc.handlers.resources_rpc [None req-bf7990ec-a2b4-4edd-b979-7afe219c8f1a admin admin] Pushing event updated for resources: {'Network': ['ID=cebdbe79-e6fd-4765-b290-7deb15a4b00f,revision_number=1']} {{(pid=88594) push /opt/stack/neutron/neutron/api/rpc/handlers/resources_rpc.py:237}}
Jun 04 13:46:29.550168 dv-cinder-843593-2-iscsi neutron-server[88596]: DEBUG neutron.plugins.ml2.rpc [None req-71f2111b-a8bf-4ed2-b2fb-60e55aa7829a None None] Network cebdbe79-e6fd-4765-b290-7deb15a4b00f details requested by agent ovs-agent-dv-cinder-843593-2-iscsi with host dv-cinder-843593-2-iscsi {{(pid=88596) get_network_details /opt/stack/neutron/neutron/plugins/ml2/rpc.py:232}}
Jun 04 13:46:29.620897 dv-cinder-843593-2-iscsi neutron-server[88594]: INFO neutron.wsgi [None req-bf7990ec-a2b4-4edd-b979-7afe219c8f1a admin admin] 10.222.0.39 "POST /v2.0/networks HTTP/1.1" status: 201 len: 884 time: 1.6952536
Jun 04 13:46:29.621591 dv-cinder-843593-2-iscsi neutron-server[88594]: DEBUG neutron.wsgi [-] (88594) accepted ('10.222.0.39', 41034) {{(pid=88594) server /usr/local/lib/python3.8/dist-packages/eventlet/wsgi.py:992}}
Jun 04 13:46:29.627991 dv-cinder-843593-2-iscsi neutron-server[88595]: DEBUG neutron_lib.callbacks.manager [None req-64880f81-88d1-40b1-8717-17b319503f73 admin admin] Notify callbacks ['neutron.plugins.ml2.ovo_rpc._ObjectChangeHandler.handle_event-66732898', 'neutron.api.rpc.agentnotifiers.dhcp_rpc_agent_api.DhcpAgentNotifyAPI._native_event_send_dhcp_notification-66655086'] for network, after_create {{(pid=88595) _notify_loop /usr/local/lib/python3.8/dist-packages/neutron_lib/callbacks/manager.py:192}}
Jun 04 13:46:29.629336 dv-cinder-843593-2-iscsi neutron-server[88595]: DEBUG neutron.pecan_wsgi.hooks.policy_enforcement [None req-64880f81-88d1-40b1-8717-17b319503f73 admin admin] Attributes excluded by policy engine: ['standard_attr_id', 'vlan_transparent'] {{(pid=88595) _exclude_attributes_by_policy /opt/stack/neutron/neutron/pecan_wsgi/hooks/policy_enforcement.py:259}}
Jun 04 13:46:29.632880 dv-cinder-843593-2-iscsi neutron-server[88595]: DEBUG neutron_lib.callbacks.manager [None req-64880f81-88d1-40b1-8717-17b319503f73 admin admin] Notify callbacks ['neutron.api.rpc.agentnotifiers.dhcp_rpc_agent_api.DhcpAgentNotifyAPI._send_dhcp_notification-66654976'] for network, before_response {{(pid=88595) _notify_loop /usr/local/lib/python3.8/dist-packages/neutron_lib/callbacks/manager.py:192}}
Jun 04 13:46:29.634584 dv-cinder-843593-2-iscsi neutron-server[88594]: DEBUG neutron.api.v2.base [None req-165cfcdf-9e4e-4054-9c31-b6b4a7df2507 admin admin] Request body: {'subnet': {'network_id': 'cebdbe79-e6fd-4765-b290-7deb15a4b00f', 'cidr': '172.20.0.0/28', 'name': 'tempest-DeleteServersTestJSON-633751840-subnet', 'tenant_id': '06e9ddd6cf5447fda7dd4d4f0678f39e', 'enable_dhcp': False, 'ip_version': 4}} {{(pid=88594) prepare_request_body /opt/stack/neutron/neutron/api/v2/base.py:729}}
Jun 04 13:46:29.639948 dv-cinder-843593-2-iscsi neutron-server[88594]: DEBUG neutron.db.quota.driver [None req-165cfcdf-9e4e-4054-9c31-b6b4a7df2507 admin admin] Resources subnetpool have unlimited quota limit. It is not required to calculate headroom {{(pid=88594) make_reservation /opt/stack/neutron/neutron/db/quota/driver.py:219}}
Jun 04 13:46:29.644725 dv-cinder-843593-2-iscsi neutron-server[88594]: DEBUG neutron.quota.resource [None req-165cfcdf-9e4e-4054-9c31-b6b4a7df2507 admin admin] Usage tracker for resource:subnet and tenant:06e9ddd6cf5447fda7dd4d4f0678f39e is out of sync, need to count used quota {{(pid=88594) count_used /opt/stack/neutron/neutron/quota/resource.py:270}}
Jun 04 13:46:29.648488 dv-cinder-843593-2-iscsi neutron-server[88594]: DEBUG neutron.quota.resource [None req-165cfcdf-9e4e-4054-9c31-b6b4a7df2507 admin admin] Quota usage for subnet was recalculated. Used quota:0. {{(pid=88594) count_used /opt/stack/neutron/neutron/quota/resource.py:290}}
Jun 04 13:46:29.655350 dv-cinder-843593-2-iscsi neutron-server[88594]: DEBUG neutron.db.quota.driver [None req-165cfcdf-9e4e-4054-9c31-b6b4a7df2507 admin admin] Attempting to reserve 1 items for resource subnet. Total usage: 0; quota limit: 100; headroom:100 {{(pid=88594) make_reservation /opt/stack/neutron/neutron/db/quota/driver.py:246}}
Jun 04 13:46:29.738699 dv-cinder-843593-2-iscsi neutron-server[88594]: DEBUG neutron.pecan_wsgi.hooks.quota_enforcement [None req-165cfcdf-9e4e-4054-9c31-b6b4a7df2507 admin admin] Made reservation on behalf of 06e9ddd6cf5447fda7dd4d4f0678f39e for: {'subnet': 1} {{(pid=88594) before /opt/stack/neutron/neutron/pecan_wsgi/hooks/quota_enforcement.py:53}}
Jun 04 13:46:29.742054 dv-cinder-843593-2-iscsi neutron-server[88594]: DEBUG neutron_lib.callbacks.manager [None req-165cfcdf-9e4e-4054-9c31-b6b4a7df2507 admin admin] Notify callbacks [] for subnet, before_create {{(pid=88594) _notify_loop /usr/local/lib/python3.8/dist-packages/neutron_lib/callbacks/manager.py:192}}
Jun 04 13:46:29.797190 dv-cinder-843593-2-iscsi neutron-server[88595]: DEBUG neutron.plugins.ml2.drivers.mech_agent [None req-c77998a9-08ae-4948-9f71-d4f1e3a2118b admin admin] Checking segment: {'id': '9f6bb86d-b06a-4a02-89e1-51e04121b79b', 'network_type': 'vlan', 'physical_network': 'physnet1', 'segmentation_id': 207, 'network_id': '7a1785c9-ea90-4f1b-b12e-4a0f43d0d9bb'} for mappings: {'physnet1': 'br-data'} with network types: ['local', 'flat', 'vlan'] {{(pid=88595) check_segment_for_agent /opt/stack/neutron/neutron/plugins/ml2/drivers/mech_agent.py:343}}
Jun 04 13:46:29.797613 dv-cinder-843593-2-iscsi neutron-server[88595]: DEBUG neutron.scheduler.dhcp_agent_scheduler [None req-c77998a9-08ae-4948-9f71-d4f1e3a2118b admin admin] Network hostable DHCP agents. Network: 7a1785c9-ea90-4f1b-b12e-4a0f43d0d9bb, hostable agents: ['87172334-b636-4990-a849-36beff162f6b'], hosted agents: [] {{(pid=88595) _get_network_hostable_dhcp_agents /opt/stack/neutron/neutron/scheduler/dhcp_agent_scheduler.py:329}}
Jun 04 13:46:29.820416 dv-cinder-843593-2-iscsi neutron-server[88595]: DEBUG neutron.api.rpc.handlers.resources_rpc [None req-64880f81-88d1-40b1-8717-17b319503f73 admin admin] Pushing event updated for resources: {'Network': ['ID=c7d55235-bf68-4e08-8155-47e9a6165636,revision_number=1']} {{(pid=88595) push /opt/stack/neutron/neutron/api/rpc/handlers/resources_rpc.py:237}}
Jun 04 13:46:29.822187 dv-cinder-843593-2-iscsi neutron-server[88595]: DEBUG neutron.api.rpc.handlers.resources_rpc [None req-64880f81-88d1-40b1-8717-17b319503f73 admin admin] Pushing event updated for resources: {'SecurityGroup': ['ID=d431f3f6-19bb-4624-b379-0ee0896a25a7,revision_number=1']} {{(pid=88595) push /opt/stack/neutron/neutron/api/rpc/handlers/resources_rpc.py:237}}
Jun 04 13:46:29.843693 dv-cinder-843593-2-iscsi neutron-server[88594]: DEBUG neutron_lib.callbacks.manager [None req-9af8affc-9815-4553-bcb1-92d3745f2e5c admin admin] Notify callbacks ['neutron.plugins.ml2.ovo_rpc._ObjectChangeHandler.handle_event-66734742', 'neutron.api.rpc.agentnotifiers.dhcp_rpc_agent_api.DhcpAgentNotifyAPI._native_event_send_dhcp_notification-66655086'] for subnet, after_create {{(pid=88594) _notify_loop /usr/local/lib/python3.8/dist-packages/neutron_lib/callbacks/manager.py:192}}
Jun 04 13:46:29.857154 dv-cinder-843593-2-iscsi neutron-server[88595]: DEBUG neutron.api.rpc.callbacks.version_manager [None req-64880f81-88d1-40b1-8717-17b319503f73 admin admin] Version for resource type AddressGroup changed None to 1.2 on consumer Open vSwitch agent@dv-cinder-843593-2-iscsi {{(pid=88595) _set_version /opt/stack/neutron/neutron/api/rpc/callbacks/version_manager.py:113}}
Jun 04 13:46:29.857154 dv-cinder-843593-2-iscsi neutron-server[88595]: DEBUG neutron.api.rpc.callbacks.version_manager [None req-64880f81-88d1-40b1-8717-17b319503f73 admin admin] Version for resource type ConntrackHelper changed None to 1.0 on consumer Open vSwitch agent@dv-cinder-843593-2-iscsi {{(pid=88595) _set_version /opt/stack/neutron/neutron/api/rpc/callbacks/version_manager.py:113}}
Jun 04 13:46:29.857154 dv-cinder-843593-2-iscsi neutron-server[88595]: DEBUG neutron.api.rpc.callbacks.version_manager [None req-64880f81-88d1-40b1-8717-17b319503f73 admin admin] Version for resource type Log changed None to 1.0 on consumer Open vSwitch agent@dv-cinder-843593-2-iscsi {{(pid=88595) _set_version /opt/stack/neutron/neutron/api/rpc/callbacks/version_manager.py:113}}
Jun 04 13:46:29.857154 dv-cinder-843593-2-iscsi neutron-server[88595]: DEBUG neutron.api.rpc.callbacks.version_manager [None req-64880f81-88d1-40b1-8717-17b319503f73 admin admin] Version for resource type Network changed None to 1.1 on consumer Open vSwitch agent@dv-cinder-843593-2-iscsi {{(pid=88595) _set_version /opt/stack/neutron/neutron/api/rpc/callbacks/version_manager.py:113}}
Jun 04 13:46:29.857154 dv-cinder-843593-2-iscsi neutron-server[88595]: DEBUG neutron.api.rpc.callbacks.version_manager [None req-64880f81-88d1-40b1-8717-17b319503f73 admin admin] Version for resource type Port changed None to 1.7 on consumer Open vSwitch agent@dv-cinder-843593-2-iscsi {{(pid=88595) _set_version /opt/stack/neutron/neutron/api/rpc/callbacks/version_manager.py:113}}
Jun 04 13:46:29.857154 dv-cinder-843593-2-iscsi neutron-server[88595]: DEBUG neutron.api.rpc.callbacks.version_manager [None req-64880f81-88d1-40b1-8717-17b319503f73 admin admin] Version for resource type PortForwarding changed None to 1.2 on consumer Open vSwitch agent@dv-cinder-843593-2-iscsi {{(pid=88595) _set_version /opt/stack/neutron/neutron/api/rpc/callbacks/version_manager.py:113}}
Jun 04 13:46:29.857154 dv-cinder-843593-2-iscsi neutron-server[88595]: DEBUG neutron.api.rpc.callbacks.version_manager [None req-64880f81-88d1-40b1-8717-17b319503f73 admin admin] Version for resource type QosPolicy changed None to 1.8 on consumer Open vSwitch agent@dv-cinder-843593-2-iscsi {{(pid=88595) _set_version /opt/stack/neutron/neutron/api/rpc/callbacks/version_manager.py:113}}
Jun 04 13:46:29.857154 dv-cinder-843593-2-iscsi neutron-server[88595]: DEBUG neutron.api.rpc.callbacks.version_manager [None req-64880f81-88d1-40b1-8717-17b319503f73 admin admin] Version for resource type SecurityGroup changed None to 1.4 on consumer Open vSwitch agent@dv-cinder-843593-2-iscsi {{(pid=88595) _set_version /opt/stack/neutron/neutron/api/rpc/callbacks/version_manager.py:113}}
Jun 04 13:46:29.857154 dv-cinder-843593-2-iscsi neutron-server[88595]: DEBUG neutron.api.rpc.callbacks.version_manager [None req-64880f81-88d1-40b1-8717-17b319503f73 admin admin] Version for resource type SecurityGroupRule changed None to 1.2 on consumer Open vSwitch agent@dv-cinder-843593-2-iscsi {{(pid=88595) _set_version /opt/stack/neutron/neutron/api/rpc/callbacks/version_manager.py:113}}
Jun 04 13:46:29.857926 dv-cinder-843593-2-iscsi neutron-server[88595]: DEBUG neutron.api.rpc.callbacks.version_manager [None req-64880f81-88d1-40b1-8717-17b319503f73 admin admin] Version for resource type SubPort changed None to 1.0 on consumer Open vSwitch agent@dv-cinder-843593-2-iscsi {{(pid=88595) _set_version /opt/stack/neutron/neutron/api/rpc/callbacks/version_manager.py:113}}
Jun 04 13:46:29.857926 dv-cinder-843593-2-iscsi neutron-server[88595]: DEBUG neutron.api.rpc.callbacks.version_manager [None req-64880f81-88d1-40b1-8717-17b319503f73 admin admin] Version for resource type Subnet changed None to 1.1 on consumer Open vSwitch agent@dv-cinder-843593-2-iscsi {{(pid=88595) _set_version /opt/stack/neutron/neutron/api/rpc/callbacks/version_manager.py:113}}
Jun 04 13:46:29.857926 dv-cinder-843593-2-iscsi neutron-server[88595]: DEBUG neutron.api.rpc.callbacks.version_manager [None req-64880f81-88d1-40b1-8717-17b319503f73 admin admin] Version for resource type Trunk changed None to 1.1 on consumer Open vSwitch agent@dv-cinder-843593-2-iscsi {{(pid=88595) _set_version /opt/stack/neutron/neutron/api/rpc/callbacks/version_manager.py:113}}
Jun 04 13:46:29.859523 dv-cinder-843593-2-iscsi neutron-server[88595]: DEBUG neutron.api.rpc.callbacks.version_manager [None req-64880f81-88d1-40b1-8717-17b319503f73 admin admin] Tracked resource versions report:
Jun 04 13:46:29.859523 dv-cinder-843593-2-iscsi neutron-server[88595]: pushed versions:
Jun 04 13:46:29.859523 dv-cinder-843593-2-iscsi neutron-server[88595]: { 'AddressGroup': {'1.2'},
Jun 04 13:46:29.859523 dv-cinder-843593-2-iscsi neutron-server[88595]: 'ConntrackHelper': {'1.0'},
Jun 04 13:46:29.859523 dv-cinder-843593-2-iscsi neutron-server[88595]: 'Log': {'1.0'},
Jun 04 13:46:29.859523 dv-cinder-843593-2-iscsi neutron-server[88595]: 'Network': {'1.1'},
Jun 04 13:46:29.859523 dv-cinder-843593-2-iscsi neutron-server[88595]: 'Port': {'1.7'},
Jun 04 13:46:29.859523 dv-cinder-843593-2-iscsi neutron-server[88595]: 'PortForwarding': {'1.2'},
Jun 04 13:46:29.859523 dv-cinder-843593-2-iscsi neutron-server[88595]: 'QosPolicy': {'1.8'},
Jun 04 13:46:29.859523 dv-cinder-843593-2-iscsi neutron-server[88595]: 'SecurityGroup': {'1.4'},
Jun 04 13:46:29.859523 dv-cinder-843593-2-iscsi neutron-server[88595]: 'SecurityGroupRule': {'1.2'},
Jun 04 13:46:29.859523 dv-cinder-843593-2-iscsi neutron-server[88595]: 'SubPort': {'1.0'},
Jun 04 13:46:29.859523 dv-cinder-843593-2-iscsi neutron-server[88595]: 'Subnet': {'1.1'},
Jun 04 13:46:29.859523 dv-cinder-843593-2-iscsi neutron-server[88595]: 'Trunk': {'1.1'}}
Jun 04 13:46:29.859523 dv-cinder-843593-2-iscsi neutron-server[88595]: consumer versions:
Jun 04 13:46:29.859523 dv-cinder-843593-2-iscsi neutron-server[88595]: { DHCP agent@dv-cinder-843593-2-iscsi: {},
Jun 04 13:46:29.859523 dv-cinder-843593-2-iscsi neutron-server[88595]: HyperV agent@hv-cinder-84359: {},
Jun 04 13:46:29.859523 dv-cinder-843593-2-iscsi neutron-server[88595]: L3 agent@dv-cinder-843593-2-iscsi: {},
Jun 04 13:46:29.859523 dv-cinder-843593-2-iscsi neutron-server[88595]: Metadata agent@dv-cinder-843593-2-iscsi: {},
Jun 04 13:46:29.859523 dv-cinder-843593-2-iscsi neutron-server[88595]: Metering agent@dv-cinder-843593-2-iscsi: {},
Jun 04 13:46:29.859523 dv-cinder-843593-2-iscsi neutron-server[88595]: Open vSwitch agent@dv-cinder-843593-2-iscsi: { 'AddressGroup': '1.2',
Jun 04 13:46:29.859523 dv-cinder-843593-2-iscsi neutron-server[88595]: 'ConntrackHelper': '1.0',
Jun 04 13:46:29.859523 dv-cinder-843593-2-iscsi neutron-server[88595]: 'Log': '1.0',
Jun 04 13:46:29.859523 dv-cinder-843593-2-iscsi neutron-server[88595]: 'Network': '1.1',
Jun 04 13:46:29.859523 dv-cinder-843593-2-iscsi neutron-server[88595]: 'Port': '1.7',
Jun 04 13:46:29.859523 dv-cinder-843593-2-iscsi neutron-server[88595]: 'PortForwarding': '1.2',
Jun 04 13:46:29.859523 dv-cinder-843593-2-iscsi neutron-server[88595]: 'QosPolicy': '1.8',
Jun 04 13:46:29.859523 dv-cinder-843593-2-iscsi neutron-server[88595]: 'SecurityGroup': '1.4',
Jun 04 13:46:29.859523 dv-cinder-843593-2-iscsi neutron-server[88595]: 'SecurityGroupRule': '1.2',
Jun 04 13:46:29.859523 dv-cinder-843593-2-iscsi neutron-server[88595]: 'SubPort': '1.0',
Jun 04 13:46:29.859523 dv-cinder-843593-2-iscsi neutron-server[88595]: 'Subnet': '1.1',
Jun 04 13:46:29.859523 dv-cinder-843593-2-iscsi neutron-server[88595]: 'Trunk': '1.1'}}
Jun 04 13:46:29.859523 dv-cinder-843593-2-iscsi neutron-server[88595]: {{(pid=88595) report /opt/stack/neutron/neutron/api/rpc/callbacks/version_manager.py:175}}
Jun 04 13:46:29.862677 dv-cinder-843593-2-iscsi neutron-server[88595]: DEBUG neutron.api.rpc.callbacks.version_manager [None req-64880f81-88d1-40b1-8717-17b319503f73 admin admin] Version for resource type AddressGroup changed None to 1.2 on consumer Open vSwitch agent@dv-cinder-843593-2-iscsi {{(pid=88595) _set_version /opt/stack/neutron/neutron/api/rpc/callbacks/version_manager.py:113}}
Jun 04 13:46:29.862918 dv-cinder-843593-2-iscsi neutron-server[88595]: DEBUG neutron.api.rpc.callbacks.version_manager [None req-64880f81-88d1-40b1-8717-17b319503f73 admin admin] Version for resource type ConntrackHelper changed None to 1.0 on consumer Open vSwitch agent@dv-cinder-843593-2-iscsi {{(pid=88595) _set_version /opt/stack/neutron/neutron/api/rpc/callbacks/version_manager.py:113}}
Jun 04 13:46:29.863289 dv-cinder-843593-2-iscsi neutron-server[88595]: DEBUG neutron.api.rpc.callbacks.version_manager [None req-64880f81-88d1-40b1-8717-17b319503f73 admin admin] Version for resource type Log changed None to 1.0 on consumer Open vSwitch agent@dv-cinder-843593-2-iscsi {{(pid=88595) _set_version /opt/stack/neutron/neutron/api/rpc/callbacks/version_manager.py:113}}
Jun 04 13:46:29.863684 dv-cinder-843593-2-iscsi neutron-server[88595]: DEBUG neutron.api.rpc.callbacks.version_manager [None req-64880f81-88d1-40b1-8717-17b319503f73 admin admin] Version for resource type Network changed None to 1.1 on consumer Open vSwitch agent@dv-cinder-843593-2-iscsi {{(pid=88595) _set_version /opt/stack/neutron/neutron/api/rpc/callbacks/version_manager.py:113}}
Jun 04 13:46:29.864024 dv-cinder-843593-2-iscsi neutron-server[88595]: DEBUG neutron.api.rpc.callbacks.version_manager [None req-64880f81-88d1-40b1-8717-17b319503f73 admin admin] Version for resource type Port changed None to 1.7 on consumer Open vSwitch agent@dv-cinder-843593-2-iscsi {{(pid=88595) _set_version /opt/stack/neutron/neutron/api/rpc/callbacks/version_manager.py:113}}
Jun 04 13:46:29.864361 dv-cinder-843593-2-iscsi neutron-server[88595]: DEBUG neutron.api.rpc.callbacks.version_manager [None req-64880f81-88d1-40b1-8717-17b319503f73 admin admin] Version for resource type PortForwarding changed None to 1.2 on consumer Open vSwitch agent@dv-cinder-843593-2-iscsi {{(pid=88595) _set_version /opt/stack/neutron/neutron/api/rpc/callbacks/version_manager.py:113}}
Jun 04 13:46:29.864681 dv-cinder-843593-2-iscsi neutron-server[88595]: DEBUG neutron.api.rpc.callbacks.version_manager [None req-64880f81-88d1-40b1-8717-17b319503f73 admin admin] Version for resource type QosPolicy changed None to 1.8 on consumer Open vSwitch agent@dv-cinder-843593-2-iscsi {{(pid=88595) _set_version /opt/stack/neutron/neutron/api/rpc/callbacks/version_manager.py:113}}
Jun 04 13:46:29.865040 dv-cinder-843593-2-iscsi neutron-server[88595]: DEBUG neutron.api.rpc.callbacks.version_manager [None req-64880f81-88d1-40b1-8717-17b319503f73 admin admin] Version for resource type SecurityGroup changed None to 1.4 on consumer Open vSwitch agent@dv-cinder-843593-2-iscsi {{(pid=88595) _set_version /opt/stack/neutron/neutron/api/rpc/callbacks/version_manager.py:113}}
Jun 04 13:46:29.865350 dv-cinder-843593-2-iscsi neutron-server[88595]: DEBUG neutron.api.rpc.callbacks.version_manager [None req-64880f81-88d1-40b1-8717-17b319503f73 admin admin] Version for resource type SecurityGroupRule changed None to 1.2 on consumer Open vSwitch agent@dv-cinder-843593-2-iscsi {{(pid=88595) _set_version /opt/stack/neutron/neutron/api/rpc/callbacks/version_manager.py:113}}
Jun 04 13:46:29.865659 dv-cinder-843593-2-iscsi neutron-server[88595]: DEBUG neutron.api.rpc.callbacks.version_manager [None req-64880f81-88d1-40b1-8717-17b319503f73 admin admin] Version for resource type SubPort changed None to 1.0 on consumer Open vSwitch agent@dv-cinder-843593-2-iscsi {{(pid=88595) _set_version /opt/stack/neutron/neutron/api/rpc/callbacks/version_manager.py:113}}
Jun 04 13:46:29.865971 dv-cinder-843593-2-iscsi neutron-server[88595]: DEBUG neutron.api.rpc.callbacks.version_manager [None req-64880f81-88d1-40b1-8717-17b319503f73 admin admin] Version for resource type Subnet changed None to 1.1 on consumer Open vSwitch agent@dv-cinder-843593-2-iscsi {{(pid=88595) _set_version /opt/stack/neutron/neutron/api/rpc/callbacks/version_manager.py:113}}
Jun 04 13:46:29.866288 dv-cinder-843593-2-iscsi neutron-server[88595]: DEBUG neutron.api.rpc.callbacks.version_manager [None req-64880f81-88d1-40b1-8717-17b319503f73 admin admin] Version for resource type Trunk changed None to 1.1 on consumer Open vSwitch agent@dv-cinder-843593-2-iscsi {{(pid=88595) _set_version /opt/stack/neutron/neutron/api/rpc/callbacks/version_manager.py:113}}
Jun 04 13:46:29.908019 dv-cinder-843593-2-iscsi neutron-server[88595]: DEBUG neutron.api.rpc.handlers.resources_rpc [None req-c77998a9-08ae-4948-9f71-d4f1e3a2118b admin admin] Pushing event updated for resources: {'Subnet': ['ID=3cc92e3a-7240-4a70-ac1d-c2644f9f0b8e,revision_number=0']} {{(pid=88595) push /opt/stack/neutron/neutron/api/rpc/handlers/resources_rpc.py:237}}
Jun 04 13:46:29.908540 dv-cinder-843593-2-iscsi neutron-server[88596]: DEBUG neutron.plugins.ml2.rpc [None req-71f2111b-a8bf-4ed2-b2fb-60e55aa7829a None None] Network c7d55235-bf68-4e08-8155-47e9a6165636 details requested by agent ovs-agent-dv-cinder-843593-2-iscsi with host dv-cinder-843593-2-iscsi {{(pid=88596) get_network_details /opt/stack/neutron/neutron/plugins/ml2/rpc.py:232}}
Jun 04 13:46:29.969736 dv-cinder-843593-2-iscsi neutron-server[88594]: DEBUG neutron.api.rpc.handlers.resources_rpc [None req-9af8affc-9815-4553-bcb1-92d3745f2e5c admin admin] Pushing event updated for resources: {'Subnet': ['ID=69bc4cdc-ad33-4161-be2e-42ba13f7d967,revision_number=0']} {{(pid=88594) push /opt/stack/neutron/neutron/api/rpc/handlers/resources_rpc.py:237}}
