Jun 04 13:46:35.745263 dv-cinder-843593-2-iscsi devstack@c-api.service[95507]: DEBUG cinder.api.openstack.wsgi [None req-de01ab0e-eec6-4257-8c3a-114498815e0f tempest-GroupSnapshotsTest-2010148316 tempest-GroupSnapshotsTest-2010148316-project] Calling method 'show' {{(pid=95507) _process_stack /opt/stack/cinder/cinder/api/openstack/wsgi.py:866}}
Jun 04 13:46:35.779304 dv-cinder-843593-2-iscsi devstack@c-api.service[95508]: INFO cinder.api.openstack.wsgi [None req-380f8dfb-47b8-49ea-bde3-e64f68363fee tempest-QosSpecsTestJSON-1834070014 tempest-QosSpecsTestJSON-1834070014-project-admin] http://10.222.0.39/volume/v3/aeb6d87bc6f44180b74c02fd32c45b37/qos-specs/d5b9227f-a491-4f55-9dc1-935a6824d974 returned with HTTP 200
Jun 04 13:46:35.781840 dv-cinder-843593-2-iscsi devstack@c-api.service[95508]: [pid: 95508|app: 0|req: 25/52] 10.222.0.39 () {60 vars in 1350 bytes} [Sat Jun 4 13:46:35 2022] PUT /volume/v3/aeb6d87bc6f44180b74c02fd32c45b37/qos-specs/d5b9227f-a491-4f55-9dc1-935a6824d974 => generated 36 bytes in 257 msecs (HTTP/1.1 200) 7 headers in 284 bytes (1 switches on core 0)
Jun 04 13:46:35.848723 dv-cinder-843593-2-iscsi devstack@c-api.service[95508]: INFO cinder.api.openstack.wsgi [None req-ce31d7cb-015a-433a-b862-1064eeb00da6 tempest-QosSpecsTestJSON-1834070014 tempest-QosSpecsTestJSON-1834070014-project-admin] GET http://10.222.0.39/volume/v3/aeb6d87bc6f44180b74c02fd32c45b37/qos-specs/d5b9227f-a491-4f55-9dc1-935a6824d974
Jun 04 13:46:35.854028 dv-cinder-843593-2-iscsi devstack@c-api.service[95508]: DEBUG cinder.api.openstack.wsgi [None req-ce31d7cb-015a-433a-b862-1064eeb00da6 tempest-QosSpecsTestJSON-1834070014 tempest-QosSpecsTestJSON-1834070014-project-admin] Empty body provided in request {{(pid=95508) get_body /opt/stack/cinder/cinder/api/openstack/wsgi.py:713}}
Jun 04 13:46:35.854315 dv-cinder-843593-2-iscsi devstack@c-api.service[95507]: /usr/local/lib/python3.8/dist-packages/oslo_context/context.py:105: DeprecationWarning: Policy enforcement is depending on the value of is_admin. This key is deprecated. Please update your policy file to use the standard policy values.
Jun 04 13:46:35.854315 dv-cinder-843593-2-iscsi devstack@c-api.service[95507]: warnings.warn('Policy enforcement is depending on the value of '
Jun 04 13:46:35.854869 dv-cinder-843593-2-iscsi devstack@c-api.service[95508]: /usr/local/lib/python3.8/dist-packages/webob/acceptparse.py:1047: DeprecationWarning: The behavior of AcceptValidHeader.best_match is currently being maintained for backward compatibility, but it will be deprecated in the future, as it does not conform to the RFC.
Jun 04 13:46:35.854869 dv-cinder-843593-2-iscsi devstack@c-api.service[95508]: warnings.warn(
Jun 04 13:46:35.855507 dv-cinder-843593-2-iscsi devstack@c-api.service[95508]: DEBUG cinder.api.openstack.wsgi [None req-ce31d7cb-015a-433a-b862-1064eeb00da6 tempest-QosSpecsTestJSON-1834070014 tempest-QosSpecsTestJSON-1834070014-project-admin] Calling method 'show' {{(pid=95508) _process_stack /opt/stack/cinder/cinder/api/openstack/wsgi.py:866}}
Jun 04 13:46:35.859714 dv-cinder-843593-2-iscsi devstack@c-api.service[95508]: /usr/local/lib/python3.8/dist-packages/oslo_context/context.py:105: DeprecationWarning: Policy enforcement is depending on the value of is_admin. This key is deprecated. Please update your policy file to use the standard policy values.
Jun 04 13:46:35.859714 dv-cinder-843593-2-iscsi devstack@c-api.service[95508]: warnings.warn('Policy enforcement is depending on the value of '
Jun 04 13:46:35.870575 dv-cinder-843593-2-iscsi devstack@c-api.service[95507]: INFO cinder.volume.api [None req-de01ab0e-eec6-4257-8c3a-114498815e0f tempest-GroupSnapshotsTest-2010148316 tempest-GroupSnapshotsTest-2010148316-project] Volume info retrieved successfully.
Jun 04 13:46:35.872021 dv-cinder-843593-2-iscsi devstack@c-api.service[95507]: WARNING stevedore.named [None req-de01ab0e-eec6-4257-8c3a-114498815e0f tempest-GroupSnapshotsTest-2010148316 tempest-GroupSnapshotsTest-2010148316-project] Could not load cinder.keymgr.conf_key_mgr.ConfKeyManager
Jun 04 13:46:35.872407 dv-cinder-843593-2-iscsi devstack@c-api.service[95507]: WARNING castellan.key_manager [None req-de01ab0e-eec6-4257-8c3a-114498815e0f tempest-GroupSnapshotsTest-2010148316 tempest-GroupSnapshotsTest-2010148316-project] Deprecation Warning : cinder.keymgr.conf_key_mgr.ConfKeyManager is not a stevedore based driver, trying to load it as a class: stevedore.exception.NoMatches: No 'castellan.drivers' driver found, looking for 'cinder.keymgr.conf_key_mgr.ConfKeyManager'
Jun 04 13:46:35.881168 dv-cinder-843593-2-iscsi devstack@c-api.service[95507]: DEBUG oslo_db.sqlalchemy.engines [None req-de01ab0e-eec6-4257-8c3a-114498815e0f tempest-GroupSnapshotsTest-2010148316 tempest-GroupSnapshotsTest-2010148316-project] MySQL server mode set to STRICT_TRANS_TABLES,STRICT_ALL_TABLES,NO_ZERO_IN_DATE,NO_ZERO_DATE,ERROR_FOR_DIVISION_BY_ZERO,TRADITIONAL,NO_ENGINE_SUBSTITUTION {{(pid=95507) _check_effective_sql_mode /usr/local/lib/python3.8/dist-packages/oslo_db/sqlalchemy/engines.py:304}}
Jun 04 13:46:35.888367 dv-cinder-843593-2-iscsi devstack@c-api.service[95507]: /usr/local/lib/python3.8/dist-packages/oslo_context/context.py:105: DeprecationWarning: Policy enforcement is depending on the value of is_admin. This key is deprecated. Please update your policy file to use the standard policy values.
Jun 04 13:46:35.888367 dv-cinder-843593-2-iscsi devstack@c-api.service[95507]: warnings.warn('Policy enforcement is depending on the value of '
Jun 04 13:46:35.900754 dv-cinder-843593-2-iscsi devstack@c-api.service[95508]: INFO cinder.api.openstack.wsgi [None req-ce31d7cb-015a-433a-b862-1064eeb00da6 tempest-QosSpecsTestJSON-1834070014 tempest-QosSpecsTestJSON-1834070014-project-admin] http://10.222.0.39/volume/v3/aeb6d87bc6f44180b74c02fd32c45b37/qos-specs/d5b9227f-a491-4f55-9dc1-935a6824d974 returned with HTTP 200
Jun 04 13:46:35.904959 dv-cinder-843593-2-iscsi devstack@c-api.service[95508]: [pid: 95508|app: 0|req: 26/53] 10.222.0.39 () {58 vars in 1330 bytes} [Sat Jun 4 13:46:35 2022] GET /volume/v3/aeb6d87bc6f44180b74c02fd32c45b37/qos-specs/d5b9227f-a491-4f55-9dc1-935a6824d974 => generated 479 bytes in 119 msecs (HTTP/1.1 200) 7 headers in 285 bytes (1 switches on core 0)
Jun 04 13:46:35.921609 dv-cinder-843593-2-iscsi devstack@c-api.service[95507]: INFO cinder.api.openstack.wsgi [None req-de01ab0e-eec6-4257-8c3a-114498815e0f tempest-GroupSnapshotsTest-2010148316 tempest-GroupSnapshotsTest-2010148316-project] http://10.222.0.39/volume/v3/bfa7b74694224f49ab653b4011115948/volumes/87024023-e6ce-43f3-95b5-987b9776c5bf returned with HTTP 200
Jun 04 13:46:35.922433 dv-cinder-843593-2-iscsi devstack@c-api.service[95507]: [pid: 95507|app: 0|req: 28/54] 10.222.0.39 () {60 vars in 1365 bytes} [Sat Jun 4 13:46:35 2022] GET /volume/v3/bfa7b74694224f49ab653b4011115948/volumes/87024023-e6ce-43f3-95b5-987b9776c5bf => generated 1000 bytes in 184 msecs (HTTP/1.1 200) 7 headers in 287 bytes (1 switches on core 0)
Jun 04 13:46:35.923259 dv-cinder-843593-2-iscsi devstack@c-api.service[95508]: INFO cinder.api.openstack.wsgi [None req-b7c234ed-db4e-4f42-95f8-2d393a67de67 tempest-QosSpecsTestJSON-1834070014 tempest-QosSpecsTestJSON-1834070014-project-admin] PUT http://10.222.0.39/volume/v3/aeb6d87bc6f44180b74c02fd32c45b37/qos-specs/d5b9227f-a491-4f55-9dc1-935a6824d974/delete_keys
Jun 04 13:46:35.923867 dv-cinder-843593-2-iscsi devstack@c-api.service[95508]: /usr/local/lib/python3.8/dist-packages/webob/acceptparse.py:1047: DeprecationWarning: The behavior of AcceptValidHeader.best_match is currently being maintained for backward compatibility, but it will be deprecated in the future, as it does not conform to the RFC.
Jun 04 13:46:35.923867 dv-cinder-843593-2-iscsi devstack@c-api.service[95508]: warnings.warn(
Jun 04 13:46:35.924530 dv-cinder-843593-2-iscsi devstack@c-api.service[95508]: DEBUG cinder.api.openstack.wsgi [None req-b7c234ed-db4e-4f42-95f8-2d393a67de67 tempest-QosSpecsTestJSON-1834070014 tempest-QosSpecsTestJSON-1834070014-project-admin] Action: 'delete_keys', calling method: delete_keys, body: {"keys": ["iops_bytes"]} {{(pid=95508) _process_stack /opt/stack/cinder/cinder/api/openstack/wsgi.py:864}}
Jun 04 13:46:35.926079 dv-cinder-843593-2-iscsi devstack@c-api.service[95508]: /usr/local/lib/python3.8/dist-packages/oslo_context/context.py:105: DeprecationWarning: Policy enforcement is depending on the value of is_admin. This key is deprecated. Please update your policy file to use the standard policy values.
Jun 04 13:46:35.926079 dv-cinder-843593-2-iscsi devstack@c-api.service[95508]: warnings.warn('Policy enforcement is depending on the value of '
Jun 04 13:46:35.927181 dv-cinder-843593-2-iscsi devstack@c-api.service[95508]: DEBUG cinder.api.contrib.qos_specs_manage [None req-b7c234ed-db4e-4f42-95f8-2d393a67de67 tempest-QosSpecsTestJSON-1834070014 tempest-QosSpecsTestJSON-1834070014-project-admin] Delete_key spec: d5b9227f-a491-4f55-9dc1-935a6824d974, keys: ['iops_bytes'] {{(pid=95508) delete_keys /opt/stack/cinder/cinder/api/contrib/qos_specs_manage.py:207}}
Jun 04 13:46:35.940243 dv-cinder-843593-2-iscsi devstack@c-api.service[95507]: INFO cinder.api.openstack.wsgi [None req-f7bd25f7-e559-4b66-bf85-b4ddbcb4558e tempest-GroupSnapshotsTest-2010148316 tempest-GroupSnapshotsTest-2010148316-project] POST http://10.222.0.39/volume/v3/bfa7b74694224f49ab653b4011115948/group_snapshots
Jun 04 13:46:35.940728 dv-cinder-843593-2-iscsi devstack@c-api.service[95507]: /usr/local/lib/python3.8/dist-packages/webob/acceptparse.py:1047: DeprecationWarning: The behavior of AcceptValidHeader.best_match is currently being maintained for backward compatibility, but it will be deprecated in the future, as it does not conform to the RFC.
Jun 04 13:46:35.940728 dv-cinder-843593-2-iscsi devstack@c-api.service[95507]: warnings.warn(
Jun 04 13:46:35.941037 dv-cinder-843593-2-iscsi devstack@c-api.service[95507]: DEBUG cinder.api.openstack.wsgi [None req-f7bd25f7-e559-4b66-bf85-b4ddbcb4558e tempest-GroupSnapshotsTest-2010148316 tempest-GroupSnapshotsTest-2010148316-project] Action: 'create', calling method: version_select, body: {"group_snapshot": {"group_id": "e04c3123-2203-4594-99e3-3b17e8f9e01c", "name": "tempest-group_snapshot-1966827428"}} {{(pid=95507) _process_stack /opt/stack/cinder/cinder/api/openstack/wsgi.py:864}}
Jun 04 13:46:35.941975 dv-cinder-843593-2-iscsi devstack@c-api.service[95507]: DEBUG cinder.api.v3.group_snapshots [None req-f7bd25f7-e559-4b66-bf85-b4ddbcb4558e tempest-GroupSnapshotsTest-2010148316 tempest-GroupSnapshotsTest-2010148316-project] Creating new group_snapshot {'group_snapshot': {'group_id': 'e04c3123-2203-4594-99e3-3b17e8f9e01c', 'name': 'tempest-group_snapshot-1966827428'}} {{(pid=95507) create /opt/stack/cinder/cinder/api/v3/group_snapshots.py:154}}
Jun 04 13:46:35.956025 dv-cinder-843593-2-iscsi devstack@c-api.service[95507]: /usr/local/lib/python3.8/dist-packages/oslo_context/context.py:105: DeprecationWarning: Policy enforcement is depending on the value of is_admin. This key is deprecated. Please update your policy file to use the standard policy values.
Jun 04 13:46:35.956025 dv-cinder-843593-2-iscsi devstack@c-api.service[95507]: warnings.warn('Policy enforcement is depending on the value of '
Jun 04 13:46:35.981029 dv-cinder-843593-2-iscsi devstack@c-api.service[95507]: INFO cinder.api.v3.group_snapshots [None req-f7bd25f7-e559-4b66-bf85-b4ddbcb4558e tempest-GroupSnapshotsTest-2010148316 tempest-GroupSnapshotsTest-2010148316-project] Creating group_snapshot tempest-group_snapshot-1966827428.
Jun 04 13:46:36.045995 dv-cinder-843593-2-iscsi devstack@c-api.service[95508]: INFO cinder.api.openstack.wsgi [None req-b7c234ed-db4e-4f42-95f8-2d393a67de67 tempest-QosSpecsTestJSON-1834070014 tempest-QosSpecsTestJSON-1834070014-project-admin] http://10.222.0.39/volume/v3/aeb6d87bc6f44180b74c02fd32c45b37/qos-specs/d5b9227f-a491-4f55-9dc1-935a6824d974/delete_keys returned with HTTP 202
Jun 04 13:46:36.052572 dv-cinder-843593-2-iscsi devstack@c-api.service[95508]: [pid: 95508|app: 0|req: 27/55] 10.222.0.39 () {60 vars in 1386 bytes} [Sat Jun 4 13:46:35 2022] PUT /volume/v3/aeb6d87bc6f44180b74c02fd32c45b37/qos-specs/d5b9227f-a491-4f55-9dc1-935a6824d974/delete_keys => generated 0 bytes in 138 msecs (HTTP/1.1 202) 6 headers in 233 bytes (1 switches on core 0)
Jun 04 13:46:36.066239 dv-cinder-843593-2-iscsi devstack@c-api.service[95508]: INFO cinder.api.openstack.wsgi [None req-a9a25625-e328-4ce7-abdf-abf16e313a59 tempest-QosSpecsTestJSON-1834070014 tempest-QosSpecsTestJSON-1834070014-project-admin] GET http://10.222.0.39/volume/v3/aeb6d87bc6f44180b74c02fd32c45b37/qos-specs/d5b9227f-a491-4f55-9dc1-935a6824d974
Jun 04 13:46:36.069172 dv-cinder-843593-2-iscsi devstack@c-api.service[95508]: DEBUG cinder.api.openstack.wsgi [None req-a9a25625-e328-4ce7-abdf-abf16e313a59 tempest-QosSpecsTestJSON-1834070014 tempest-QosSpecsTestJSON-1834070014-project-admin] Empty body provided in request {{(pid=95508) get_body /opt/stack/cinder/cinder/api/openstack/wsgi.py:713}}
Jun 04 13:46:36.069479 dv-cinder-843593-2-iscsi devstack@c-api.service[95508]: /usr/local/lib/python3.8/dist-packages/webob/acceptparse.py:1047: DeprecationWarning: The behavior of AcceptValidHeader.best_match is currently being maintained for backward compatibility, but it will be deprecated in the future, as it does not conform to the RFC.
Jun 04 13:46:36.069479 dv-cinder-843593-2-iscsi devstack@c-api.service[95508]: warnings.warn(
Jun 04 13:46:36.070084 dv-cinder-843593-2-iscsi devstack@c-api.service[95508]: DEBUG cinder.api.openstack.wsgi [None req-a9a25625-e328-4ce7-abdf-abf16e313a59 tempest-QosSpecsTestJSON-1834070014 tempest-QosSpecsTestJSON-1834070014-project-admin] Calling method 'show' {{(pid=95508) _process_stack /opt/stack/cinder/cinder/api/openstack/wsgi.py:866}}
Jun 04 13:46:36.070875 dv-cinder-843593-2-iscsi devstack@c-api.service[95508]: /usr/local/lib/python3.8/dist-packages/oslo_context/context.py:105: DeprecationWarning: Policy enforcement is depending on the value of is_admin. This key is deprecated. Please update your policy file to use the standard policy values.
Jun 04 13:46:36.070875 dv-cinder-843593-2-iscsi devstack@c-api.service[95508]: warnings.warn('Policy enforcement is depending on the value of '
Jun 04 13:46:36.096358 dv-cinder-843593-2-iscsi devstack@c-api.service[95508]: INFO cinder.api.openstack.wsgi [None req-a9a25625-e328-4ce7-abdf-abf16e313a59 tempest-QosSpecsTestJSON-1834070014 tempest-QosSpecsTestJSON-1834070014-project-admin] http://10.222.0.39/volume/v3/aeb6d87bc6f44180b74c02fd32c45b37/qos-specs/d5b9227f-a491-4f55-9dc1-935a6824d974 returned with HTTP 200
Jun 04 13:46:36.115966 dv-cinder-843593-2-iscsi devstack@c-api.service[95508]: [pid: 95508|app: 0|req: 28/56] 10.222.0.39 () {58 vars in 1330 bytes} [Sat Jun 4 13:46:36 2022] GET /volume/v3/aeb6d87bc6f44180b74c02fd32c45b37/qos-specs/d5b9227f-a491-4f55-9dc1-935a6824d974 => generated 458 bytes in 63 msecs (HTTP/1.1 200) 7 headers in 285 bytes (1 switches on core 0)
Jun 04 13:46:36.127616 dv-cinder-843593-2-iscsi devstack@c-api.service[95508]: INFO cinder.api.openstack.wsgi [None req-c2cf7d55-755d-43a7-912a-6ba823a5e7e0 tempest-QosSpecsTestJSON-1834070014 tempest-QosSpecsTestJSON-1834070014-project-admin] GET http://10.222.0.39/volume/v3/aeb6d87bc6f44180b74c02fd32c45b37/qos-specs/d5b9227f-a491-4f55-9dc1-935a6824d974
Jun 04 13:46:36.141194 dv-cinder-843593-2-iscsi devstack@c-api.service[95508]: DEBUG cinder.api.openstack.wsgi [None req-c2cf7d55-755d-43a7-912a-6ba823a5e7e0 tempest-QosSpecsTestJSON-1834070014 tempest-QosSpecsTestJSON-1834070014-project-admin] Empty body provided in request {{(pid=95508) get_body /opt/stack/cinder/cinder/api/openstack/wsgi.py:713}}
Jun 04 13:46:36.142675 dv-cinder-843593-2-iscsi devstack@c-api.service[95508]: /usr/local/lib/python3.8/dist-packages/webob/acceptparse.py:1047: DeprecationWarning: The behavior of AcceptValidHeader.best_match is currently being maintained for backward compatibility, but it will be deprecated in the future, as it does not conform to the RFC.
Jun 04 13:46:36.142675 dv-cinder-843593-2-iscsi devstack@c-api.service[95508]: warnings.warn(
Jun 04 13:46:36.143345 dv-cinder-843593-2-iscsi devstack@c-api.service[95508]: DEBUG cinder.api.openstack.wsgi [None req-c2cf7d55-755d-43a7-912a-6ba823a5e7e0 tempest-QosSpecsTestJSON-1834070014 tempest-QosSpecsTestJSON-1834070014-project-admin] Calling method 'show' {{(pid=95508) _process_stack /opt/stack/cinder/cinder/api/openstack/wsgi.py:866}}
Jun 04 13:46:36.145082 dv-cinder-843593-2-iscsi devstack@c-api.service[95508]: /usr/local/lib/python3.8/dist-packages/oslo_context/context.py:105: DeprecationWarning: Policy enforcement is depending on the value of is_admin. This key is deprecated. Please update your policy file to use the standard policy values.
Jun 04 13:46:36.145082 dv-cinder-843593-2-iscsi devstack@c-api.service[95508]: warnings.warn('Policy enforcement is depending on the value of '
Jun 04 13:46:36.168546 dv-cinder-843593-2-iscsi devstack@c-api.service[95508]: INFO cinder.api.openstack.wsgi [None req-c2cf7d55-755d-43a7-912a-6ba823a5e7e0 tempest-QosSpecsTestJSON-1834070014 tempest-QosSpecsTestJSON-1834070014-project-admin] http://10.222.0.39/volume/v3/aeb6d87bc6f44180b74c02fd32c45b37/qos-specs/d5b9227f-a491-4f55-9dc1-935a6824d974 returned with HTTP 200
Jun 04 13:46:36.170583 dv-cinder-843593-2-iscsi devstack@c-api.service[95508]: [pid: 95508|app: 0|req: 29/57] 10.222.0.39 () {58 vars in 1330 bytes} [Sat Jun 4 13:46:36 2022] GET /volume/v3/aeb6d87bc6f44180b74c02fd32c45b37/qos-specs/d5b9227f-a491-4f55-9dc1-935a6824d974 => generated 458 bytes in 54 msecs (HTTP/1.1 200) 7 headers in 285 bytes (1 switches on core 0)
Jun 04 13:46:36.188877 dv-cinder-843593-2-iscsi devstack@c-api.service[95507]: /usr/local/lib/python3.8/dist-packages/oslo_context/context.py:105: DeprecationWarning: Policy enforcement is depending on the value of is_admin. This key is deprecated. Please update your policy file to use the standard policy values.
Jun 04 13:46:36.188877 dv-cinder-843593-2-iscsi devstack@c-api.service[95507]: warnings.warn('Policy enforcement is depending on the value of '
Jun 04 13:46:36.192448 dv-cinder-843593-2-iscsi devstack@c-api.service[95508]: INFO cinder.api.openstack.wsgi [None req-427dae12-547a-45c1-b68d-e1bbe5be1bd2 tempest-QosSpecsTestJSON-1834070014 tempest-QosSpecsTestJSON-1834070014-project-admin] DELETE http://10.222.0.39/volume/v3/aeb6d87bc6f44180b74c02fd32c45b37/qos-specs/2a2b21e2-c47e-403b-834a-663a6ca0e6a8?force=False
Jun 04 13:46:36.193020 dv-cinder-843593-2-iscsi devstack@c-api.service[95508]: DEBUG cinder.api.openstack.wsgi [None req-427dae12-547a-45c1-b68d-e1bbe5be1bd2 tempest-QosSpecsTestJSON-1834070014 tempest-QosSpecsTestJSON-1834070014-project-admin] Empty body provided in request {{(pid=95508) get_body /opt/stack/cinder/cinder/api/openstack/wsgi.py:713}}
Jun 04 13:46:36.194532 dv-cinder-843593-2-iscsi devstack@c-api.service[95508]: /usr/local/lib/python3.8/dist-packages/webob/acceptparse.py:1047: DeprecationWarning: The behavior of AcceptValidHeader.best_match is currently being maintained for backward compatibility, but it will be deprecated in the future, as it does not conform to the RFC.
Jun 04 13:46:36.194532 dv-cinder-843593-2-iscsi devstack@c-api.service[95508]: warnings.warn(
Jun 04 13:46:36.195798 dv-cinder-843593-2-iscsi devstack@c-api.service[95508]: DEBUG cinder.api.openstack.wsgi [None req-427dae12-547a-45c1-b68d-e1bbe5be1bd2 tempest-QosSpecsTestJSON-1834070014 tempest-QosSpecsTestJSON-1834070014-project-admin] Calling method 'delete' {{(pid=95508) _process_stack /opt/stack/cinder/cinder/api/openstack/wsgi.py:866}}
Jun 04 13:46:36.200697 dv-cinder-843593-2-iscsi devstack@c-api.service[95508]: /usr/local/lib/python3.8/dist-packages/oslo_context/context.py:105: DeprecationWarning: Policy enforcement is depending on the value of is_admin. This key is deprecated. Please update your policy file to use the standard policy values.
Jun 04 13:46:36.200697 dv-cinder-843593-2-iscsi devstack@c-api.service[95508]: warnings.warn('Policy enforcement is depending on the value of '
Jun 04 13:46:36.200697 dv-cinder-843593-2-iscsi devstack@c-api.service[95508]: DEBUG cinder.api.contrib.qos_specs_manage [None req-427dae12-547a-45c1-b68d-e1bbe5be1bd2 tempest-QosSpecsTestJSON-1834070014 tempest-QosSpecsTestJSON-1834070014-project-admin] Delete qos_spec: 2a2b21e2-c47e-403b-834a-663a6ca0e6a8, force: False {{(pid=95508) delete /opt/stack/cinder/cinder/api/contrib/qos_specs_manage.py:168}}
Jun 04 13:46:36.219729 dv-cinder-843593-2-iscsi devstack@c-api.service[95508]: INFO cinder.api.openstack.wsgi [None req-427dae12-547a-45c1-b68d-e1bbe5be1bd2 tempest-QosSpecsTestJSON-1834070014 tempest-QosSpecsTestJSON-1834070014-project-admin] http://10.222.0.39/volume/v3/aeb6d87bc6f44180b74c02fd32c45b37/qos-specs/2a2b21e2-c47e-403b-834a-663a6ca0e6a8?force=False returned with HTTP 404
Jun 04 13:46:36.227173 dv-cinder-843593-2-iscsi devstack@c-api.service[95508]: [pid: 95508|app: 0|req: 30/58] 10.222.0.39 () {58 vars in 1356 bytes} [Sat Jun 4 13:46:36 2022] DELETE /volume/v3/aeb6d87bc6f44180b74c02fd32c45b37/qos-specs/2a2b21e2-c47e-403b-834a-663a6ca0e6a8?force=False => generated 100 bytes in 49 msecs (HTTP/1.1 404) 7 headers in 292 bytes (1 switches on core 0)
Jun 04 13:46:36.233346 dv-cinder-843593-2-iscsi devstack@c-api.service[95508]: INFO cinder.api.openstack.wsgi [None req-491ea732-bc8b-43dc-a963-b5255221de3a tempest-QosSpecsTestJSON-1834070014 tempest-QosSpecsTestJSON-1834070014-project-admin] GET http://10.222.0.39/volume/v3/aeb6d87bc6f44180b74c02fd32c45b37/qos-specs/2a2b21e2-c47e-403b-834a-663a6ca0e6a8
Jun 04 13:46:36.234084 dv-cinder-843593-2-iscsi devstack@c-api.service[95508]: DEBUG cinder.api.openstack.wsgi [None req-491ea732-bc8b-43dc-a963-b5255221de3a tempest-QosSpecsTestJSON-1834070014 tempest-QosSpecsTestJSON-1834070014-project-admin] Empty body provided in request {{(pid=95508) get_body /opt/stack/cinder/cinder/api/openstack/wsgi.py:713}}
Jun 04 13:46:36.234683 dv-cinder-843593-2-iscsi devstack@c-api.service[95508]: DEBUG cinder.api.openstack.wsgi [None req-491ea732-bc8b-43dc-a963-b5255221de3a tempest-QosSpecsTestJSON-1834070014 tempest-QosSpecsTestJSON-1834070014-project-admin] Calling method 'show' {{(pid=95508) _process_stack /opt/stack/cinder/cinder/api/openstack/wsgi.py:866}}
Jun 04 13:46:36.249089 dv-cinder-843593-2-iscsi devstack@c-api.service[95508]: INFO cinder.api.openstack.wsgi [None req-491ea732-bc8b-43dc-a963-b5255221de3a tempest-QosSpecsTestJSON-1834070014 tempest-QosSpecsTestJSON-1834070014-project-admin] http://10.222.0.39/volume/v3/aeb6d87bc6f44180b74c02fd32c45b37/qos-specs/2a2b21e2-c47e-403b-834a-663a6ca0e6a8 returned with HTTP 404
Jun 04 13:46:36.251352 dv-cinder-843593-2-iscsi devstack@c-api.service[95508]: [pid: 95508|app: 0|req: 31/59] 10.222.0.39 () {58 vars in 1330 bytes} [Sat Jun 4 13:46:36 2022] GET /volume/v3/aeb6d87bc6f44180b74c02fd32c45b37/qos-specs/2a2b21e2-c47e-403b-834a-663a6ca0e6a8 => generated 100 bytes in 24 msecs (HTTP/1.1 404) 7 headers in 292 bytes (1 switches on core 0)
Jun 04 13:46:36.261413 dv-cinder-843593-2-iscsi devstack@c-api.service[95508]: INFO cinder.api.openstack.wsgi [None req-96fb50c3-23c8-45b5-a6d6-5b430723d6da tempest-QosSpecsTestJSON-1834070014 tempest-QosSpecsTestJSON-1834070014-project-admin] DELETE http://10.222.0.39/volume/v3/aeb6d87bc6f44180b74c02fd32c45b37/qos-specs/37d9a922-4f86-4a31-a793-c626e3e23e50?force=False
Jun 04 13:46:36.264934 dv-cinder-843593-2-iscsi devstack@c-api.service[95508]: DEBUG cinder.api.openstack.wsgi [None req-96fb50c3-23c8-45b5-a6d6-5b430723d6da tempest-QosSpecsTestJSON-1834070014 tempest-QosSpecsTestJSON-1834070014-project-admin] Empty body provided in request {{(pid=95508) get_body /opt/stack/cinder/cinder/api/openstack/wsgi.py:713}}
Jun 04 13:46:36.265898 dv-cinder-843593-2-iscsi devstack@c-api.service[95508]: DEBUG cinder.api.openstack.wsgi [None req-96fb50c3-23c8-45b5-a6d6-5b430723d6da tempest-QosSpecsTestJSON-1834070014 tempest-QosSpecsTestJSON-1834070014-project-admin] Calling method 'delete' {{(pid=95508) _process_stack /opt/stack/cinder/cinder/api/openstack/wsgi.py:866}}
Jun 04 13:46:36.267294 dv-cinder-843593-2-iscsi devstack@c-api.service[95508]: DEBUG cinder.api.contrib.qos_specs_manage [None req-96fb50c3-23c8-45b5-a6d6-5b430723d6da tempest-QosSpecsTestJSON-1834070014 tempest-QosSpecsTestJSON-1834070014-project-admin] Delete qos_spec: 37d9a922-4f86-4a31-a793-c626e3e23e50, force: False {{(pid=95508) delete /opt/stack/cinder/cinder/api/contrib/qos_specs_manage.py:168}}
Jun 04 13:46:36.277289 dv-cinder-843593-2-iscsi devstack@c-api.service[95508]: INFO cinder.api.openstack.wsgi [None req-96fb50c3-23c8-45b5-a6d6-5b430723d6da tempest-QosSpecsTestJSON-1834070014 tempest-QosSpecsTestJSON-1834070014-project-admin] http://10.222.0.39/volume/v3/aeb6d87bc6f44180b74c02fd32c45b37/qos-specs/37d9a922-4f86-4a31-a793-c626e3e23e50?force=False returned with HTTP 404
Jun 04 13:46:36.281492 dv-cinder-843593-2-iscsi devstack@c-api.service[95508]: [pid: 95508|app: 0|req: 32/60] 10.222.0.39 () {58 vars in 1356 bytes} [Sat Jun 4 13:46:36 2022] DELETE /volume/v3/aeb6d87bc6f44180b74c02fd32c45b37/qos-specs/37d9a922-4f86-4a31-a793-c626e3e23e50?force=False => generated 100 bytes in 23 msecs (HTTP/1.1 404) 7 headers in 292 bytes (2 switches on core 0)
Jun 04 13:46:36.281654 dv-cinder-843593-2-iscsi devstack@c-api.service[95507]: WARNING cinder.quota [None req-f7bd25f7-e559-4b66-bf85-b4ddbcb4558e tempest-GroupSnapshotsTest-2010148316 tempest-GroupSnapshotsTest-2010148316-project] Deprecated: Default quota for resource: snapshots_tempest-GroupSnapshotsTest-volume-type-507339024 is set by the default quota flag: quota_snapshots_tempest-GroupSnapshotsTest-volume-type-507339024, it is now deprecated. Please use the default quota class for default quota.
Jun 04 13:46:36.291838 dv-cinder-843593-2-iscsi devstack@c-api.service[95508]: INFO cinder.api.openstack.wsgi [None req-26e37a02-525e-4a49-9f9e-8d3d5b28d0f8 tempest-QosSpecsTestJSON-1834070014 tempest-QosSpecsTestJSON-1834070014-project-admin] GET http://10.222.0.39/volume/v3/aeb6d87bc6f44180b74c02fd32c45b37/qos-specs/37d9a922-4f86-4a31-a793-c626e3e23e50
Jun 04 13:46:36.292824 dv-cinder-843593-2-iscsi devstack@c-api.service[95508]: DEBUG cinder.api.openstack.wsgi [None req-26e37a02-525e-4a49-9f9e-8d3d5b28d0f8 tempest-QosSpecsTestJSON-1834070014 tempest-QosSpecsTestJSON-1834070014-project-admin] Empty body provided in request {{(pid=95508) get_body /opt/stack/cinder/cinder/api/openstack/wsgi.py:713}}
Jun 04 13:46:36.292824 dv-cinder-843593-2-iscsi devstack@c-api.service[95508]: DEBUG cinder.api.openstack.wsgi [None req-26e37a02-525e-4a49-9f9e-8d3d5b28d0f8 tempest-QosSpecsTestJSON-1834070014 tempest-QosSpecsTestJSON-1834070014-project-admin] Calling method 'show' {{(pid=95508) _process_stack /opt/stack/cinder/cinder/api/openstack/wsgi.py:866}}
Jun 04 13:46:36.327132 dv-cinder-843593-2-iscsi devstack@c-api.service[95508]: INFO cinder.api.openstack.wsgi [None req-26e37a02-525e-4a49-9f9e-8d3d5b28d0f8 tempest-QosSpecsTestJSON-1834070014 tempest-QosSpecsTestJSON-1834070014-project-admin] http://10.222.0.39/volume/v3/aeb6d87bc6f44180b74c02fd32c45b37/qos-specs/37d9a922-4f86-4a31-a793-c626e3e23e50 returned with HTTP 404
Jun 04 13:46:36.331663 dv-cinder-843593-2-iscsi devstack@c-api.service[95508]: [pid: 95508|app: 0|req: 33/61] 10.222.0.39 () {58 vars in 1330 bytes} [Sat Jun 4 13:46:36 2022] GET /volume/v3/aeb6d87bc6f44180b74c02fd32c45b37/qos-specs/37d9a922-4f86-4a31-a793-c626e3e23e50 => generated 100 bytes in 49 msecs (HTTP/1.1 404) 7 headers in 292 bytes (2 switches on core 0)
Jun 04 13:46:36.343940 dv-cinder-843593-2-iscsi devstack@c-api.service[95508]: INFO cinder.api.openstack.wsgi [None req-f7340360-ed87-4a4b-b9db-f89b86cf3a5a tempest-QosSpecsTestJSON-1834070014 tempest-QosSpecsTestJSON-1834070014-project-admin] DELETE http://10.222.0.39/volume/v3/aeb6d87bc6f44180b74c02fd32c45b37/qos-specs/90de3404-db05-4a93-b0b5-4e3e84551944?force=False
Jun 04 13:46:36.344409 dv-cinder-843593-2-iscsi devstack@c-api.service[95508]: DEBUG cinder.api.openstack.wsgi [None req-f7340360-ed87-4a4b-b9db-f89b86cf3a5a tempest-QosSpecsTestJSON-1834070014 tempest-QosSpecsTestJSON-1834070014-project-admin] Empty body provided in request {{(pid=95508) get_body /opt/stack/cinder/cinder/api/openstack/wsgi.py:713}}
Jun 04 13:46:36.349986 dv-cinder-843593-2-iscsi devstack@c-api.service[95508]: DEBUG cinder.api.openstack.wsgi [None req-f7340360-ed87-4a4b-b9db-f89b86cf3a5a tempest-QosSpecsTestJSON-1834070014 tempest-QosSpecsTestJSON-1834070014-project-admin] Calling method 'delete' {{(pid=95508) _process_stack /opt/stack/cinder/cinder/api/openstack/wsgi.py:866}}
Jun 04 13:46:36.353940 dv-cinder-843593-2-iscsi devstack@c-api.service[95508]: DEBUG cinder.api.contrib.qos_specs_manage [None req-f7340360-ed87-4a4b-b9db-f89b86cf3a5a tempest-QosSpecsTestJSON-1834070014 tempest-QosSpecsTestJSON-1834070014-project-admin] Delete qos_spec: 90de3404-db05-4a93-b0b5-4e3e84551944, force: False {{(pid=95508) delete /opt/stack/cinder/cinder/api/contrib/qos_specs_manage.py:168}}
Jun 04 13:46:36.368661 dv-cinder-843593-2-iscsi devstack@c-api.service[95508]: INFO cinder.api.openstack.wsgi [None req-f7340360-ed87-4a4b-b9db-f89b86cf3a5a tempest-QosSpecsTestJSON-1834070014 tempest-QosSpecsTestJSON-1834070014-project-admin] http://10.222.0.39/volume/v3/aeb6d87bc6f44180b74c02fd32c45b37/qos-specs/90de3404-db05-4a93-b0b5-4e3e84551944?force=False returned with HTTP 404
Jun 04 13:46:36.369974 dv-cinder-843593-2-iscsi devstack@c-api.service[95508]: [pid: 95508|app: 0|req: 34/62] 10.222.0.39 () {58 vars in 1356 bytes} [Sat Jun 4 13:46:36 2022] DELETE /volume/v3/aeb6d87bc6f44180b74c02fd32c45b37/qos-specs/90de3404-db05-4a93-b0b5-4e3e84551944?force=False => generated 100 bytes in 35 msecs (HTTP/1.1 404) 7 headers in 292 bytes (1 switches on core 0)
Jun 04 13:46:36.383054 dv-cinder-843593-2-iscsi devstack@c-api.service[95508]: INFO cinder.api.openstack.wsgi [None req-525a6692-6d96-4e89-b09d-aa7d66ad94c2 tempest-QosSpecsTestJSON-1834070014 tempest-QosSpecsTestJSON-1834070014-project-admin] GET http://10.222.0.39/volume/v3/aeb6d87bc6f44180b74c02fd32c45b37/qos-specs/90de3404-db05-4a93-b0b5-4e3e84551944
Jun 04 13:46:36.383677 dv-cinder-843593-2-iscsi devstack@c-api.service[95508]: DEBUG cinder.api.openstack.wsgi [None req-525a6692-6d96-4e89-b09d-aa7d66ad94c2 tempest-QosSpecsTestJSON-1834070014 tempest-QosSpecsTestJSON-1834070014-project-admin] Empty body provided in request {{(pid=95508) get_body /opt/stack/cinder/cinder/api/openstack/wsgi.py:713}}
Jun 04 13:46:36.384204 dv-cinder-843593-2-iscsi devstack@c-api.service[95508]: DEBUG cinder.api.openstack.wsgi [None req-525a6692-6d96-4e89-b09d-aa7d66ad94c2 tempest-QosSpecsTestJSON-1834070014 tempest-QosSpecsTestJSON-1834070014-project-admin] Calling method 'show' {{(pid=95508) _process_stack /opt/stack/cinder/cinder/api/openstack/wsgi.py:866}}
Jun 04 13:46:36.392757 dv-cinder-843593-2-iscsi devstack@c-api.service[95508]: INFO cinder.api.openstack.wsgi [None req-525a6692-6d96-4e89-b09d-aa7d66ad94c2 tempest-QosSpecsTestJSON-1834070014 tempest-QosSpecsTestJSON-1834070014-project-admin] http://10.222.0.39/volume/v3/aeb6d87bc6f44180b74c02fd32c45b37/qos-specs/90de3404-db05-4a93-b0b5-4e3e84551944 returned with HTTP 404
Jun 04 13:46:36.393928 dv-cinder-843593-2-iscsi devstack@c-api.service[95508]: [pid: 95508|app: 0|req: 35/63] 10.222.0.39 () {58 vars in 1330 bytes} [Sat Jun 4 13:46:36 2022] GET /volume/v3/aeb6d87bc6f44180b74c02fd32c45b37/qos-specs/90de3404-db05-4a93-b0b5-4e3e84551944 => generated 100 bytes in 19 msecs (HTTP/1.1 404) 7 headers in 292 bytes (1 switches on core 0)
Jun 04 13:46:36.401423 dv-cinder-843593-2-iscsi devstack@c-api.service[95508]: INFO cinder.api.openstack.wsgi [None req-4a57231b-3dfc-4e54-a0c3-6566a5ec78f7 tempest-QosSpecsTestJSON-1834070014 tempest-QosSpecsTestJSON-1834070014-project-admin] DELETE http://10.222.0.39/volume/v3/aeb6d87bc6f44180b74c02fd32c45b37/types/a19fce01-19eb-481b-8eff-3616b157373a
Jun 04 13:46:36.401986 dv-cinder-843593-2-iscsi devstack@c-api.service[95508]: DEBUG cinder.api.openstack.wsgi [None req-4a57231b-3dfc-4e54-a0c3-6566a5ec78f7 tempest-QosSpecsTestJSON-1834070014 tempest-QosSpecsTestJSON-1834070014-project-admin] Empty body provided in request {{(pid=95508) get_body /opt/stack/cinder/cinder/api/openstack/wsgi.py:713}}
Jun 04 13:46:36.402540 dv-cinder-843593-2-iscsi devstack@c-api.service[95508]: DEBUG cinder.api.openstack.wsgi [None req-4a57231b-3dfc-4e54-a0c3-6566a5ec78f7 tempest-QosSpecsTestJSON-1834070014 tempest-QosSpecsTestJSON-1834070014-project-admin] Calling method '_delete' {{(pid=95508) _process_stack /opt/stack/cinder/cinder/api/openstack/wsgi.py:866}}
Jun 04 13:46:36.543810 dv-cinder-843593-2-iscsi devstack@c-api.service[95507]: DEBUG cinder.quota [None req-f7bd25f7-e559-4b66-bf85-b4ddbcb4558e tempest-GroupSnapshotsTest-2010148316 tempest-GroupSnapshotsTest-2010148316-project] Created reservations ['d02cf459-7325-47a1-aab8-5d5264298a39', '06d76e40-39c0-4826-8e1f-c3a3b71872fe', '215487b5-55f1-4059-8285-2609b8733d3e', '8e0388dc-de8d-42df-aa18-55fc2bfc8c29'] {{(pid=95507) reserve /opt/stack/cinder/cinder/quota.py:756}}
Jun 04 13:46:36.629768 dv-cinder-843593-2-iscsi devstack@c-api.service[95508]: INFO cinder.api.openstack.wsgi [None req-4a57231b-3dfc-4e54-a0c3-6566a5ec78f7 tempest-QosSpecsTestJSON-1834070014 tempest-QosSpecsTestJSON-1834070014-project-admin] http://10.222.0.39/volume/v3/aeb6d87bc6f44180b74c02fd32c45b37/types/a19fce01-19eb-481b-8eff-3616b157373a returned with HTTP 202
Jun 04 13:46:36.634673 dv-cinder-843593-2-iscsi devstack@c-api.service[95508]: [pid: 95508|app: 0|req: 36/64] 10.222.0.39 () {58 vars in 1321 bytes} [Sat Jun 4 13:46:36 2022] DELETE /volume/v3/aeb6d87bc6f44180b74c02fd32c45b37/types/a19fce01-19eb-481b-8eff-3616b157373a => generated 0 bytes in 237 msecs (HTTP/1.1 202) 6 headers in 233 bytes (2 switches on core 0)
Jun 04 13:46:36.640939 dv-cinder-843593-2-iscsi devstack@c-api.service[95508]: INFO cinder.api.openstack.wsgi [None req-9324b4f5-245f-4433-a200-f89e8651e3a1 tempest-QosSpecsTestJSON-1834070014 tempest-QosSpecsTestJSON-1834070014-project-admin] GET http://10.222.0.39/volume/v3/aeb6d87bc6f44180b74c02fd32c45b37/types/a19fce01-19eb-481b-8eff-3616b157373a
Jun 04 13:46:36.641702 dv-cinder-843593-2-iscsi devstack@c-api.service[95508]: DEBUG cinder.api.openstack.wsgi [None req-9324b4f5-245f-4433-a200-f89e8651e3a1 tempest-QosSpecsTestJSON-1834070014 tempest-QosSpecsTestJSON-1834070014-project-admin] Empty body provided in request {{(pid=95508) get_body /opt/stack/cinder/cinder/api/openstack/wsgi.py:713}}
Jun 04 13:46:36.642270 dv-cinder-843593-2-iscsi devstack@c-api.service[95508]: DEBUG cinder.api.openstack.wsgi [None req-9324b4f5-245f-4433-a200-f89e8651e3a1 tempest-QosSpecsTestJSON-1834070014 tempest-QosSpecsTestJSON-1834070014-project-admin] Calling method 'show' {{(pid=95508) _process_stack /opt/stack/cinder/cinder/api/openstack/wsgi.py:866}}
Jun 04 13:46:36.683242 dv-cinder-843593-2-iscsi devstack@c-api.service[95508]: INFO cinder.api.openstack.wsgi [None req-9324b4f5-245f-4433-a200-f89e8651e3a1 tempest-QosSpecsTestJSON-1834070014 tempest-QosSpecsTestJSON-1834070014-project-admin] http://10.222.0.39/volume/v3/aeb6d87bc6f44180b74c02fd32c45b37/types/a19fce01-19eb-481b-8eff-3616b157373a returned with HTTP 404
Jun 04 13:46:36.697296 dv-cinder-843593-2-iscsi devstack@c-api.service[95508]: [pid: 95508|app: 0|req: 37/65] 10.222.0.39 () {58 vars in 1318 bytes} [Sat Jun 4 13:46:36 2022] GET /volume/v3/aeb6d87bc6f44180b74c02fd32c45b37/types/a19fce01-19eb-481b-8eff-3616b157373a => generated 114 bytes in 62 msecs (HTTP/1.1 404) 7 headers in 292 bytes (1 switches on core 0)
Jun 04 13:46:36.706062 dv-cinder-843593-2-iscsi devstack@c-api.service[95508]: INFO cinder.api.openstack.wsgi [None req-57d32f91-404f-4126-a525-b99e1aab72f6 tempest-QosSpecsTestJSON-1834070014 tempest-QosSpecsTestJSON-1834070014-project-admin] DELETE http://10.222.0.39/volume/v3/aeb6d87bc6f44180b74c02fd32c45b37/types/2d0d9930-5895-4a88-915c-ee5b64663e99
Jun 04 13:46:36.708677 dv-cinder-843593-2-iscsi devstack@c-api.service[95508]: DEBUG cinder.api.openstack.wsgi [None req-57d32f91-404f-4126-a525-b99e1aab72f6 tempest-QosSpecsTestJSON-1834070014 tempest-QosSpecsTestJSON-1834070014-project-admin] Empty body provided in request {{(pid=95508) get_body /opt/stack/cinder/cinder/api/openstack/wsgi.py:713}}
Jun 04 13:46:36.709533 dv-cinder-843593-2-iscsi devstack@c-api.service[95508]: DEBUG cinder.api.openstack.wsgi [None req-57d32f91-404f-4126-a525-b99e1aab72f6 tempest-QosSpecsTestJSON-1834070014 tempest-QosSpecsTestJSON-1834070014-project-admin] Calling method '_delete' {{(pid=95508) _process_stack /opt/stack/cinder/cinder/api/openstack/wsgi.py:866}}
Jun 04 13:46:36.813699 dv-cinder-843593-2-iscsi devstack@c-api.service[95507]: INFO cinder.api.openstack.wsgi [None req-f7bd25f7-e559-4b66-bf85-b4ddbcb4558e tempest-GroupSnapshotsTest-2010148316 tempest-GroupSnapshotsTest-2010148316-project] http://10.222.0.39/volume/v3/bfa7b74694224f49ab653b4011115948/group_snapshots returned with HTTP 202
Jun 04 13:46:36.817012 dv-cinder-843593-2-iscsi devstack@c-api.service[95507]: [pid: 95507|app: 0|req: 29/66] 10.222.0.39 () {62 vars in 1300 bytes} [Sat Jun 4 13:46:35 2022] POST /volume/v3/bfa7b74694224f49ab653b4011115948/group_snapshots => generated 168 bytes in 882 msecs (HTTP/1.1 202) 7 headers in 292 bytes (1 switches on core 0)
Jun 04 13:46:36.837224 dv-cinder-843593-2-iscsi devstack@c-api.service[95507]: INFO cinder.api.openstack.wsgi [None req-72ed4156-8c59-4733-9af1-cf5e65632483 tempest-GroupSnapshotsV319Test-1285888377 tempest-GroupSnapshotsV319Test-1285888377-project] GET http://10.222.0.39/volume/v3/de9ec5b4e4f1447bb79aa68b345d223d/volumes/677eed94-a06b-4b1d-961f-0be7b764716f
Jun 04 13:46:36.851547 dv-cinder-843593-2-iscsi devstack@c-api.service[95507]: DEBUG cinder.api.openstack.wsgi [None req-72ed4156-8c59-4733-9af1-cf5e65632483 tempest-GroupSnapshotsV319Test-1285888377 tempest-GroupSnapshotsV319Test-1285888377-project] Empty body provided in request {{(pid=95507) get_body /opt/stack/cinder/cinder/api/openstack/wsgi.py:713}}
Jun 04 13:46:36.851547 dv-cinder-843593-2-iscsi devstack@c-api.service[95507]: /usr/local/lib/python3.8/dist-packages/webob/acceptparse.py:1047: DeprecationWarning: The behavior of AcceptValidHeader.best_match is currently being maintained for backward compatibility, but it will be deprecated in the future, as it does not conform to the RFC.
Jun 04 13:46:36.851547 dv-cinder-843593-2-iscsi devstack@c-api.service[95507]: warnings.warn(
Jun 04 13:46:36.851547 dv-cinder-843593-2-iscsi devstack@c-api.service[95507]: DEBUG cinder.api.openstack.wsgi [None req-72ed4156-8c59-4733-9af1-cf5e65632483 tempest-GroupSnapshotsV319Test-1285888377 tempest-GroupSnapshotsV319Test-1285888377-project] Calling method 'show' {{(pid=95507) _process_stack /opt/stack/cinder/cinder/api/openstack/wsgi.py:866}}
Jun 04 13:46:36.973584 dv-cinder-843593-2-iscsi devstack@c-api.service[95508]: INFO cinder.api.openstack.wsgi [None req-57d32f91-404f-4126-a525-b99e1aab72f6 tempest-QosSpecsTestJSON-1834070014 tempest-QosSpecsTestJSON-1834070014-project-admin] http://10.222.0.39/volume/v3/aeb6d87bc6f44180b74c02fd32c45b37/types/2d0d9930-5895-4a88-915c-ee5b64663e99 returned with HTTP 202
Jun 04 13:46:36.975400 dv-cinder-843593-2-iscsi devstack@c-api.service[95508]: [pid: 95508|app: 0|req: 38/67] 10.222.0.39 () {58 vars in 1321 bytes} [Sat Jun 4 13:46:36 2022] DELETE /volume/v3/aeb6d87bc6f44180b74c02fd32c45b37/types/2d0d9930-5895-4a88-915c-ee5b64663e99 => generated 0 bytes in 277 msecs (HTTP/1.1 202) 6 headers in 233 bytes (1 switches on core 0)
Jun 04 13:46:37.216370 dv-cinder-843593-2-iscsi devstack@c-api.service[95508]: INFO cinder.api.openstack.wsgi [None req-ba50d049-38a9-4c08-ac65-15b35f5b1015 tempest-GroupSnapshotsTest-2010148316 tempest-GroupSnapshotsTest-2010148316-project] GET http://10.222.0.39/volume/v3/bfa7b74694224f49ab653b4011115948/group_snapshots/038e5e7d-83ac-4a83-a7d6-2b95a821f092
Jun 04 13:46:37.216370 dv-cinder-843593-2-iscsi devstack@c-api.service[95508]: DEBUG cinder.api.openstack.wsgi [None req-ba50d049-38a9-4c08-ac65-15b35f5b1015 tempest-GroupSnapshotsTest-2010148316 tempest-GroupSnapshotsTest-2010148316-project] Empty body provided in request {{(pid=95508) get_body /opt/stack/cinder/cinder/api/openstack/wsgi.py:713}}
Jun 04 13:46:37.216370 dv-cinder-843593-2-iscsi devstack@c-api.service[95508]: DEBUG cinder.api.openstack.wsgi [None req-ba50d049-38a9-4c08-ac65-15b35f5b1015 tempest-GroupSnapshotsTest-2010148316 tempest-GroupSnapshotsTest-2010148316-project] Calling method 'version_select' {{(pid=95508) _process_stack /opt/stack/cinder/cinder/api/openstack/wsgi.py:866}}
Jun 04 13:46:37.216370 dv-cinder-843593-2-iscsi devstack@c-api.service[95508]: DEBUG cinder.api.v3.group_snapshots [None req-ba50d049-38a9-4c08-ac65-15b35f5b1015 tempest-GroupSnapshotsTest-2010148316 tempest-GroupSnapshotsTest-2010148316-project] show called for member 038e5e7d-83ac-4a83-a7d6-2b95a821f092 {{(pid=95508) show /opt/stack/cinder/cinder/api/v3/group_snapshots.py:58}}
Jun 04 13:46:37.216370 dv-cinder-843593-2-iscsi devstack@c-api.service[95508]: /usr/local/lib/python3.8/dist-packages/oslo_context/context.py:105: DeprecationWarning: Policy enforcement is depending on the value of is_admin. This key is deprecated. Please update your policy file to use the standard policy values.
Jun 04 13:46:37.216370 dv-cinder-843593-2-iscsi devstack@c-api.service[95508]: warnings.warn('Policy enforcement is depending on the value of '
Jun 04 13:46:37.224982 dv-cinder-843593-2-iscsi devstack@c-api.service[95507]: /usr/local/lib/python3.8/dist-packages/oslo_context/context.py:105: DeprecationWarning: Policy enforcement is depending on the value of is_admin. This key is deprecated. Please update your policy file to use the standard policy values.
Jun 04 13:46:37.224982 dv-cinder-843593-2-iscsi devstack@c-api.service[95507]: warnings.warn('Policy enforcement is depending on the value of '
Jun 04 13:46:37.225202 dv-cinder-843593-2-iscsi devstack@c-api.service[95508]: INFO cinder.api.openstack.wsgi [None req-ba50d049-38a9-4c08-ac65-15b35f5b1015 tempest-GroupSnapshotsTest-2010148316 tempest-GroupSnapshotsTest-2010148316-project] http://10.222.0.39/volume/v3/bfa7b74694224f49ab653b4011115948/group_snapshots/038e5e7d-83ac-4a83-a7d6-2b95a821f092 returned with HTTP 200
Jun 04 13:46:37.225202 dv-cinder-843593-2-iscsi devstack@c-api.service[95508]: [pid: 95508|app: 0|req: 39/68] 10.222.0.39 () {60 vars in 1389 bytes} [Sat Jun 4 13:46:36 2022] GET /volume/v3/bfa7b74694224f49ab653b4011115948/group_snapshots/038e5e7d-83ac-4a83-a7d6-2b95a821f092 => generated 307 bytes in 52 msecs (HTTP/1.1 200) 7 headers in 286 bytes (1 switches on core 0)
Jun 04 13:46:37.225202 dv-cinder-843593-2-iscsi devstack@c-api.service[95508]: INFO cinder.api.openstack.wsgi [None req-6cb4b976-7835-4a98-9273-ab5cb1faf9e8 tempest-QosSpecsTestJSON-1834070014 tempest-QosSpecsTestJSON-1834070014-project-admin] GET http://10.222.0.39/volume/v3/aeb6d87bc6f44180b74c02fd32c45b37/types/2d0d9930-5895-4a88-915c-ee5b64663e99
Jun 04 13:46:37.225202 dv-cinder-843593-2-iscsi devstack@c-api.service[95508]: DEBUG cinder.api.openstack.wsgi [None req-6cb4b976-7835-4a98-9273-ab5cb1faf9e8 tempest-QosSpecsTestJSON-1834070014 tempest-QosSpecsTestJSON-1834070014-project-admin] Empty body provided in request {{(pid=95508) get_body /opt/stack/cinder/cinder/api/openstack/wsgi.py:713}}
Jun 04 13:46:37.225202 dv-cinder-843593-2-iscsi devstack@c-api.service[95508]: /usr/local/lib/python3.8/dist-packages/webob/acceptparse.py:1047: DeprecationWarning: The behavior of AcceptValidHeader.best_match is currently being maintained for backward compatibility, but it will be deprecated in the future, as it does not conform to the RFC.
Jun 04 13:46:37.225202 dv-cinder-843593-2-iscsi devstack@c-api.service[95508]: warnings.warn(
Jun 04 13:46:37.225202 dv-cinder-843593-2-iscsi devstack@c-api.service[95508]: DEBUG cinder.api.openstack.wsgi [None req-6cb4b976-7835-4a98-9273-ab5cb1faf9e8 tempest-QosSpecsTestJSON-1834070014 tempest-QosSpecsTestJSON-1834070014-project-admin] Calling method 'show' {{(pid=95508) _process_stack /opt/stack/cinder/cinder/api/openstack/wsgi.py:866}}
Jun 04 13:46:37.227943 dv-cinder-843593-2-iscsi devstack@c-api.service[95507]: INFO cinder.volume.api [None req-72ed4156-8c59-4733-9af1-cf5e65632483 tempest-GroupSnapshotsV319Test-1285888377 tempest-GroupSnapshotsV319Test-1285888377-project] Volume info retrieved successfully.
Jun 04 13:46:37.227943 dv-cinder-843593-2-iscsi devstack@c-api.service[95507]: WARNING stevedore.named [None req-72ed4156-8c59-4733-9af1-cf5e65632483 tempest-GroupSnapshotsV319Test-1285888377 tempest-GroupSnapshotsV319Test-1285888377-project] Could not load cinder.keymgr.conf_key_mgr.ConfKeyManager
Jun 04 13:46:37.227943 dv-cinder-843593-2-iscsi devstack@c-api.service[95507]: WARNING castellan.key_manager [None req-72ed4156-8c59-4733-9af1-cf5e65632483 tempest-GroupSnapshotsV319Test-1285888377 tempest-GroupSnapshotsV319Test-1285888377-project] Deprecation Warning : cinder.keymgr.conf_key_mgr.ConfKeyManager is not a stevedore based driver, trying to load it as a class: stevedore.exception.NoMatches: No 'castellan.drivers' driver found, looking for 'cinder.keymgr.conf_key_mgr.ConfKeyManager'
Jun 04 13:46:37.228749 dv-cinder-843593-2-iscsi devstack@c-api.service[95508]: INFO cinder.api.openstack.wsgi [None req-6cb4b976-7835-4a98-9273-ab5cb1faf9e8 tempest-QosSpecsTestJSON-1834070014 tempest-QosSpecsTestJSON-1834070014-project-admin] http://10.222.0.39/volume/v3/aeb6d87bc6f44180b74c02fd32c45b37/types/2d0d9930-5895-4a88-915c-ee5b64663e99 returned with HTTP 404
Jun 04 13:46:37.228749 dv-cinder-843593-2-iscsi devstack@c-api.service[95508]: [pid: 95508|app: 0|req: 40/69] 10.222.0.39 () {58 vars in 1318 bytes} [Sat Jun 4 13:46:37 2022] GET /volume/v3/aeb6d87bc6f44180b74c02fd32c45b37/types/2d0d9930-5895-4a88-915c-ee5b64663e99 => generated 114 bytes in 24 msecs (HTTP/1.1 404) 7 headers in 292 bytes (1 switches on core 0)
Jun 04 13:46:37.228749 dv-cinder-843593-2-iscsi devstack@c-api.service[95508]: INFO cinder.api.openstack.wsgi [None req-c3368d12-46d4-4c84-9425-154bdeaf21fa tempest-QosSpecsTestJSON-1834070014 tempest-QosSpecsTestJSON-1834070014-project-admin] DELETE http://10.222.0.39/volume/v3/aeb6d87bc6f44180b74c02fd32c45b37/types/ea8f1bb6-b3c2-4826-8faa-2bc33d005335
Jun 04 13:46:37.229482 dv-cinder-843593-2-iscsi devstack@c-api.service[95507]: DEBUG oslo_db.sqlalchemy.engines [None req-72ed4156-8c59-4733-9af1-cf5e65632483 tempest-GroupSnapshotsV319Test-1285888377 tempest-GroupSnapshotsV319Test-1285888377-project] MySQL server mode set to STRICT_TRANS_TABLES,STRICT_ALL_TABLES,NO_ZERO_IN_DATE,NO_ZERO_DATE,ERROR_FOR_DIVISION_BY_ZERO,TRADITIONAL,NO_ENGINE_SUBSTITUTION {{(pid=95507) _check_effective_sql_mode /usr/local/lib/python3.8/dist-packages/oslo_db/sqlalchemy/engines.py:304}}
Jun 04 13:46:37.229721 dv-cinder-843593-2-iscsi devstack@c-api.service[95508]: DEBUG cinder.api.openstack.wsgi [None req-c3368d12-46d4-4c84-9425-154bdeaf21fa tempest-QosSpecsTestJSON-1834070014 tempest-QosSpecsTestJSON-1834070014-project-admin] Empty body provided in request {{(pid=95508) get_body /opt/stack/cinder/cinder/api/openstack/wsgi.py:713}}
Jun 04 13:46:37.229721 dv-cinder-843593-2-iscsi devstack@c-api.service[95508]: DEBUG cinder.api.openstack.wsgi [None req-c3368d12-46d4-4c84-9425-154bdeaf21fa tempest-QosSpecsTestJSON-1834070014 tempest-QosSpecsTestJSON-1834070014-project-admin] Calling method '_delete' {{(pid=95508) _process_stack /opt/stack/cinder/cinder/api/openstack/wsgi.py:866}}
Jun 04 13:46:37.230275 dv-cinder-843593-2-iscsi devstack@c-api.service[95507]: /usr/local/lib/python3.8/dist-packages/oslo_context/context.py:105: DeprecationWarning: Policy enforcement is depending on the value of is_admin. This key is deprecated. Please update your policy file to use the standard policy values.
Jun 04 13:46:37.230275 dv-cinder-843593-2-iscsi devstack@c-api.service[95507]: warnings.warn('Policy enforcement is depending on the value of '
Jun 04 13:46:37.230275 dv-cinder-843593-2-iscsi devstack@c-api.service[95507]: INFO cinder.api.openstack.wsgi [None req-72ed4156-8c59-4733-9af1-cf5e65632483 tempest-GroupSnapshotsV319Test-1285888377 tempest-GroupSnapshotsV319Test-1285888377-project] http://10.222.0.39/volume/v3/de9ec5b4e4f1447bb79aa68b345d223d/volumes/677eed94-a06b-4b1d-961f-0be7b764716f returned with HTTP 200
Jun 04 13:46:37.230275 dv-cinder-843593-2-iscsi devstack@c-api.service[95507]: [pid: 95507|app: 0|req: 30/70] 10.222.0.39 () {60 vars in 1365 bytes} [Sat Jun 4 13:46:36 2022] GET /volume/v3/de9ec5b4e4f1447bb79aa68b345d223d/volumes/677eed94-a06b-4b1d-961f-0be7b764716f => generated 1007 bytes in 335 msecs (HTTP/1.1 200) 7 headers in 287 bytes (1 switches on core 0)
Jun 04 13:46:37.230275 dv-cinder-843593-2-iscsi devstack@c-api.service[95507]: INFO cinder.api.openstack.wsgi [None req-b55f8196-fe69-434e-afd6-b720058398d0 tempest-GroupSnapshotsV319Test-1285888377 tempest-GroupSnapshotsV319Test-1285888377-project] POST http://10.222.0.39/volume/v3/de9ec5b4e4f1447bb79aa68b345d223d/group_snapshots
Jun 04 13:46:37.230275 dv-cinder-843593-2-iscsi devstack@c-api.service[95507]: /usr/local/lib/python3.8/dist-packages/webob/acceptparse.py:1047: DeprecationWarning: The behavior of AcceptValidHeader.best_match is currently being maintained for backward compatibility, but it will be deprecated in the future, as it does not conform to the RFC.
Jun 04 13:46:37.230275 dv-cinder-843593-2-iscsi devstack@c-api.service[95507]: warnings.warn(
