Jun 15 10:35:24.946420 dv-cinder-843493-2-smb devstack@c-api.service[110748]: INFO cinder.api.openstack.wsgi [None req-1a3ed881-32ab-4a10-be92-b7ede3ec49a2 tempest-GroupSnapshotsTest-1380246343 tempest-GroupSnapshotsTest-1380246343-project] http://10.222.0.50/volume/v3/1a22891e645f4dbd899392f751b299ca/volumes/detail returned with HTTP 200
Jun 15 10:35:24.959612 dv-cinder-843493-2-smb devstack@c-api.service[110748]: [pid: 110748|app: 0|req: 158/295] 10.222.0.50 () {60 vars in 1275 bytes} [Wed Jun 15 10:35:24 2022] GET /volume/v3/1a22891e645f4dbd899392f751b299ca/volumes/detail => generated 1991 bytes in 314 msecs (HTTP/1.1 200) 7 headers in 287 bytes (1 switches on core 0)
Jun 15 10:35:24.963537 dv-cinder-843493-2-smb devstack@c-api.service[110749]: DEBUG cinder.api.middleware.request_id [None req-2b2bc894-6032-4dc4-b508-470b44eb48c9 None None] RequestId filter calling following filter/app {{(pid=110749) _context_setter /opt/stack/cinder/cinder/api/middleware/request_id.py:62}}
Jun 15 10:35:24.968937 dv-cinder-843493-2-smb devstack@c-api.service[110749]: INFO cinder.api.openstack.wsgi [None req-2b2bc894-6032-4dc4-b508-470b44eb48c9 tempest-GroupSnapshotsTest-1380246343 tempest-GroupSnapshotsTest-1380246343-project] POST http://10.222.0.50/volume/v3/1a22891e645f4dbd899392f751b299ca/group_snapshots
Jun 15 10:35:24.969386 dv-cinder-843493-2-smb devstack@c-api.service[110749]: DEBUG cinder.api.openstack.wsgi [None req-2b2bc894-6032-4dc4-b508-470b44eb48c9 tempest-GroupSnapshotsTest-1380246343 tempest-GroupSnapshotsTest-1380246343-project] Action: 'create', calling method: version_select, body: {"group_snapshot": {"group_id": "bf0f5ccc-2ddd-488b-a4b1-c5e7769163f8", "name": "tempest-GroupSnapshotsTest-Group_Snapshot-46248330"}} {{(pid=110749) _process_stack /opt/stack/cinder/cinder/api/openstack/wsgi.py:866}}
Jun 15 10:35:24.970457 dv-cinder-843493-2-smb devstack@c-api.service[110749]: DEBUG cinder.api.v3.group_snapshots [None req-2b2bc894-6032-4dc4-b508-470b44eb48c9 tempest-GroupSnapshotsTest-1380246343 tempest-GroupSnapshotsTest-1380246343-project] Creating new group_snapshot {'group_snapshot': {'group_id': 'bf0f5ccc-2ddd-488b-a4b1-c5e7769163f8', 'name': 'tempest-GroupSnapshotsTest-Group_Snapshot-46248330'}} {{(pid=110749) create /opt/stack/cinder/cinder/api/v3/group_snapshots.py:154}}
Jun 15 10:35:24.987219 dv-cinder-843493-2-smb devstack@c-api.service[110749]: /usr/local/lib/python3.8/dist-packages/oslo_context/context.py:100: DeprecationWarning: Policy enforcement is depending on the value of is_admin. This key is deprecated. Please update your policy file to use the standard policy values.
Jun 15 10:35:24.987219 dv-cinder-843493-2-smb devstack@c-api.service[110749]: warnings.warn('Policy enforcement is depending on the value of '
Jun 15 10:35:25.002737 dv-cinder-843493-2-smb devstack@c-api.service[110749]: INFO cinder.api.v3.group_snapshots [None req-2b2bc894-6032-4dc4-b508-470b44eb48c9 tempest-GroupSnapshotsTest-1380246343 tempest-GroupSnapshotsTest-1380246343-project] Creating group_snapshot tempest-GroupSnapshotsTest-Group_Snapshot-46248330.
Jun 15 10:35:25.025979 dv-cinder-843493-2-smb devstack@c-api.service[110748]: DEBUG cinder.api.middleware.request_id [req-14c35774-f98a-4c07-ba5f-c32174bbdbd0 req-c5e02dea-8159-4bcb-9098-63b886b3213b None None] RequestId filter calling following filter/app {{(pid=110748) _context_setter /opt/stack/cinder/cinder/api/middleware/request_id.py:62}}
Jun 15 10:35:25.031065 dv-cinder-843493-2-smb devstack@c-api.service[110748]: INFO cinder.api.openstack.wsgi [req-14c35774-f98a-4c07-ba5f-c32174bbdbd0 req-c5e02dea-8159-4bcb-9098-63b886b3213b tempest-DeleteServersTestJSON-112023001 tempest-DeleteServersTestJSON-112023001-project] GET http://10.222.0.50/volume/v3/b41db46ea7f5484c84b35a033bc0406e/volumes/d4a8f42a-b0d3-4325-afb9-fb15a19ba7a7
Jun 15 10:35:25.032099 dv-cinder-843493-2-smb devstack@c-api.service[110748]: DEBUG cinder.api.openstack.wsgi [req-14c35774-f98a-4c07-ba5f-c32174bbdbd0 req-c5e02dea-8159-4bcb-9098-63b886b3213b tempest-DeleteServersTestJSON-112023001 tempest-DeleteServersTestJSON-112023001-project] Empty body provided in request {{(pid=110748) get_body /opt/stack/cinder/cinder/api/openstack/wsgi.py:715}}
Jun 15 10:35:25.032621 dv-cinder-843493-2-smb devstack@c-api.service[110748]: DEBUG cinder.api.openstack.wsgi [req-14c35774-f98a-4c07-ba5f-c32174bbdbd0 req-c5e02dea-8159-4bcb-9098-63b886b3213b tempest-DeleteServersTestJSON-112023001 tempest-DeleteServersTestJSON-112023001-project] Calling method 'show' {{(pid=110748) _process_stack /opt/stack/cinder/cinder/api/openstack/wsgi.py:868}}
Jun 15 10:35:25.049634 dv-cinder-843493-2-smb devstack@c-api.service[110748]: /usr/local/lib/python3.8/dist-packages/oslo_context/context.py:100: DeprecationWarning: Policy enforcement is depending on the value of is_admin. This key is deprecated. Please update your policy file to use the standard policy values.
Jun 15 10:35:25.049634 dv-cinder-843493-2-smb devstack@c-api.service[110748]: warnings.warn('Policy enforcement is depending on the value of '
Jun 15 10:35:25.058629 dv-cinder-843493-2-smb devstack@c-api.service[110748]: INFO cinder.volume.api [req-14c35774-f98a-4c07-ba5f-c32174bbdbd0 req-c5e02dea-8159-4bcb-9098-63b886b3213b tempest-DeleteServersTestJSON-112023001 tempest-DeleteServersTestJSON-112023001-project] Volume info retrieved successfully.
Jun 15 10:35:25.077872 dv-cinder-843493-2-smb devstack@c-api.service[110748]: INFO cinder.api.openstack.wsgi [req-14c35774-f98a-4c07-ba5f-c32174bbdbd0 req-c5e02dea-8159-4bcb-9098-63b886b3213b tempest-DeleteServersTestJSON-112023001 tempest-DeleteServersTestJSON-112023001-project] http://10.222.0.50/volume/v3/b41db46ea7f5484c84b35a033bc0406e/volumes/d4a8f42a-b0d3-4325-afb9-fb15a19ba7a7 returned with HTTP 200
Jun 15 10:35:25.078358 dv-cinder-843493-2-smb devstack@c-api.service[110748]: [pid: 110748|app: 0|req: 159/296] 10.222.0.50 () {60 vars in 1578 bytes} [Wed Jun 15 10:35:25 2022] GET /volume/v3/b41db46ea7f5484c84b35a033bc0406e/volumes/d4a8f42a-b0d3-4325-afb9-fb15a19ba7a7 => generated 913 bytes in 53 msecs (HTTP/1.1 200) 7 headers in 285 bytes (1 switches on core 0)
Jun 15 10:35:25.085952 dv-cinder-843493-2-smb devstack@c-api.service[110749]: /usr/local/lib/python3.8/dist-packages/oslo_context/context.py:100: DeprecationWarning: Policy enforcement is depending on the value of is_admin. This key is deprecated. Please update your policy file to use the standard policy values.
Jun 15 10:35:25.085952 dv-cinder-843493-2-smb devstack@c-api.service[110749]: warnings.warn('Policy enforcement is depending on the value of '
Jun 15 10:35:25.122613 dv-cinder-843493-2-smb devstack@c-api.service[110749]: WARNING cinder.quota [None req-2b2bc894-6032-4dc4-b508-470b44eb48c9 tempest-GroupSnapshotsTest-1380246343 tempest-GroupSnapshotsTest-1380246343-project] Deprecated: Default quota for resource: snapshots_tempest-GroupSnapshotsTest-volume-type-193138794 is set by the default quota flag: quota_snapshots_tempest-GroupSnapshotsTest-volume-type-193138794, it is now deprecated. Please use the default quota class for default quota.
Jun 15 10:35:25.165828 dv-cinder-843493-2-smb devstack@c-api.service[110749]: DEBUG cinder.quota [None req-2b2bc894-6032-4dc4-b508-470b44eb48c9 tempest-GroupSnapshotsTest-1380246343 tempest-GroupSnapshotsTest-1380246343-project] Created reservations ['595fab86-ba2a-4954-9fd9-84bd0206f5d8', '3b263699-f957-48d2-a21f-79b8a2566466', 'b741b9fd-d771-47eb-aaf2-e21b011d73b0', '02049752-1e1d-466b-8f5e-dc788bcb0c6b'] {{(pid=110749) reserve /opt/stack/cinder/cinder/quota.py:755}}
Jun 15 10:35:25.252064 dv-cinder-843493-2-smb devstack@c-api.service[110749]: INFO cinder.api.openstack.wsgi [None req-2b2bc894-6032-4dc4-b508-470b44eb48c9 tempest-GroupSnapshotsTest-1380246343 tempest-GroupSnapshotsTest-1380246343-project] http://10.222.0.50/volume/v3/1a22891e645f4dbd899392f751b299ca/group_snapshots returned with HTTP 202
Jun 15 10:35:25.253223 dv-cinder-843493-2-smb devstack@c-api.service[110749]: [pid: 110749|app: 0|req: 138/297] 10.222.0.50 () {62 vars in 1300 bytes} [Wed Jun 15 10:35:24 2022] POST /volume/v3/1a22891e645f4dbd899392f751b299ca/group_snapshots => generated 185 bytes in 291 msecs (HTTP/1.1 202) 7 headers in 292 bytes (1 switches on core 0)
Jun 15 10:35:25.259399 dv-cinder-843493-2-smb devstack@c-api.service[110748]: DEBUG cinder.api.middleware.request_id [None req-3cec4c7f-a147-43d8-b87d-cc527d597647 None None] RequestId filter calling following filter/app {{(pid=110748) _context_setter /opt/stack/cinder/cinder/api/middleware/request_id.py:62}}
Jun 15 10:35:25.265137 dv-cinder-843493-2-smb devstack@c-api.service[110748]: INFO cinder.api.openstack.wsgi [None req-3cec4c7f-a147-43d8-b87d-cc527d597647 tempest-GroupSnapshotsTest-1380246343 tempest-GroupSnapshotsTest-1380246343-project] GET http://10.222.0.50/volume/v3/1a22891e645f4dbd899392f751b299ca/group_snapshots/47bb22ac-7178-4249-9c70-f3345f5be500
Jun 15 10:35:25.266135 dv-cinder-843493-2-smb devstack@c-api.service[110748]: DEBUG cinder.api.openstack.wsgi [None req-3cec4c7f-a147-43d8-b87d-cc527d597647 tempest-GroupSnapshotsTest-1380246343 tempest-GroupSnapshotsTest-1380246343-project] Empty body provided in request {{(pid=110748) get_body /opt/stack/cinder/cinder/api/openstack/wsgi.py:715}}
Jun 15 10:35:25.266276 dv-cinder-843493-2-smb devstack@c-api.service[110748]: DEBUG cinder.api.openstack.wsgi [None req-3cec4c7f-a147-43d8-b87d-cc527d597647 tempest-GroupSnapshotsTest-1380246343 tempest-GroupSnapshotsTest-1380246343-project] Calling method 'version_select' {{(pid=110748) _process_stack /opt/stack/cinder/cinder/api/openstack/wsgi.py:868}}
Jun 15 10:35:25.266671 dv-cinder-843493-2-smb devstack@c-api.service[110748]: DEBUG cinder.api.v3.group_snapshots [None req-3cec4c7f-a147-43d8-b87d-cc527d597647 tempest-GroupSnapshotsTest-1380246343 tempest-GroupSnapshotsTest-1380246343-project] show called for member 47bb22ac-7178-4249-9c70-f3345f5be500 {{(pid=110748) show /opt/stack/cinder/cinder/api/v3/group_snapshots.py:58}}
Jun 15 10:35:25.272780 dv-cinder-843493-2-smb devstack@c-api.service[110748]: /usr/local/lib/python3.8/dist-packages/oslo_context/context.py:100: DeprecationWarning: Policy enforcement is depending on the value of is_admin. This key is deprecated. Please update your policy file to use the standard policy values.
Jun 15 10:35:25.272780 dv-cinder-843493-2-smb devstack@c-api.service[110748]: warnings.warn('Policy enforcement is depending on the value of '
Jun 15 10:35:25.295616 dv-cinder-843493-2-smb devstack@c-api.service[110748]: INFO cinder.api.openstack.wsgi [None req-3cec4c7f-a147-43d8-b87d-cc527d597647 tempest-GroupSnapshotsTest-1380246343 tempest-GroupSnapshotsTest-1380246343-project] http://10.222.0.50/volume/v3/1a22891e645f4dbd899392f751b299ca/group_snapshots/47bb22ac-7178-4249-9c70-f3345f5be500 returned with HTTP 200
Jun 15 10:35:25.297437 dv-cinder-843493-2-smb devstack@c-api.service[110748]: [pid: 110748|app: 0|req: 160/298] 10.222.0.50 () {60 vars in 1389 bytes} [Wed Jun 15 10:35:25 2022] GET /volume/v3/1a22891e645f4dbd899392f751b299ca/group_snapshots/47bb22ac-7178-4249-9c70-f3345f5be500 => generated 324 bytes in 39 msecs (HTTP/1.1 200) 7 headers in 286 bytes (1 switches on core 0)
Jun 15 10:35:25.817336 dv-cinder-843493-2-smb devstack@c-api.service[110749]: DEBUG cinder.api.middleware.request_id [None req-66d041e2-36d7-42a7-ad97-daa363b0a7e9 None None] RequestId filter calling following filter/app {{(pid=110749) _context_setter /opt/stack/cinder/cinder/api/middleware/request_id.py:62}}
Jun 15 10:35:25.822664 dv-cinder-843493-2-smb devstack@c-api.service[110749]: INFO cinder.api.openstack.wsgi [None req-66d041e2-36d7-42a7-ad97-daa363b0a7e9 tempest-SnapshotsActionsTest-776851498 tempest-SnapshotsActionsTest-776851498-project] GET http://10.222.0.50/volume/v3/d3dd6aec39614887a8acd42fbef0b8a6/snapshots/f6f97b0c-2919-4c8c-b389-305efc07af90
Jun 15 10:35:25.823053 dv-cinder-843493-2-smb devstack@c-api.service[110749]: DEBUG cinder.api.openstack.wsgi [None req-66d041e2-36d7-42a7-ad97-daa363b0a7e9 tempest-SnapshotsActionsTest-776851498 tempest-SnapshotsActionsTest-776851498-project] Empty body provided in request {{(pid=110749) get_body /opt/stack/cinder/cinder/api/openstack/wsgi.py:715}}
Jun 15 10:35:25.823586 dv-cinder-843493-2-smb devstack@c-api.service[110749]: DEBUG cinder.api.openstack.wsgi [None req-66d041e2-36d7-42a7-ad97-daa363b0a7e9 tempest-SnapshotsActionsTest-776851498 tempest-SnapshotsActionsTest-776851498-project] Calling method 'show' {{(pid=110749) _process_stack /opt/stack/cinder/cinder/api/openstack/wsgi.py:868}}
Jun 15 10:35:25.834489 dv-cinder-843493-2-smb devstack@c-api.service[110749]: /usr/local/lib/python3.8/dist-packages/oslo_context/context.py:100: DeprecationWarning: Policy enforcement is depending on the value of is_admin. This key is deprecated. Please update your policy file to use the standard policy values.
Jun 15 10:35:25.834489 dv-cinder-843493-2-smb devstack@c-api.service[110749]: warnings.warn('Policy enforcement is depending on the value of '
Jun 15 10:35:25.837171 dv-cinder-843493-2-smb devstack@c-api.service[110749]: INFO cinder.volume.api [None req-66d041e2-36d7-42a7-ad97-daa363b0a7e9 tempest-SnapshotsActionsTest-776851498 tempest-SnapshotsActionsTest-776851498-project] Snapshot retrieved successfully.
Jun 15 10:35:25.839171 dv-cinder-843493-2-smb devstack@c-api.service[110749]: INFO cinder.api.openstack.wsgi [None req-66d041e2-36d7-42a7-ad97-daa363b0a7e9 tempest-SnapshotsActionsTest-776851498 tempest-SnapshotsActionsTest-776851498-project] http://10.222.0.50/volume/v3/d3dd6aec39614887a8acd42fbef0b8a6/snapshots/f6f97b0c-2919-4c8c-b389-305efc07af90 returned with HTTP 200
Jun 15 10:35:25.839930 dv-cinder-843493-2-smb devstack@c-api.service[110749]: [pid: 110749|app: 0|req: 139/299] 10.222.0.50 () {58 vars in 1330 bytes} [Wed Jun 15 10:35:25 2022] GET /volume/v3/d3dd6aec39614887a8acd42fbef0b8a6/snapshots/f6f97b0c-2919-4c8c-b389-305efc07af90 => generated 569 bytes in 27 msecs (HTTP/1.1 200) 7 headers in 285 bytes (1 switches on core 0)
Jun 15 10:35:25.848818 dv-cinder-843493-2-smb devstack@c-api.service[110748]: DEBUG cinder.api.middleware.request_id [None req-b9f950fb-b1ad-4355-acb7-52677a68a64b None None] RequestId filter calling following filter/app {{(pid=110748) _context_setter /opt/stack/cinder/cinder/api/middleware/request_id.py:62}}
Jun 15 10:35:25.853470 dv-cinder-843493-2-smb devstack@c-api.service[110748]: INFO cinder.api.openstack.wsgi [None req-b9f950fb-b1ad-4355-acb7-52677a68a64b tempest-SnapshotsActionsTest-913421256 tempest-SnapshotsActionsTest-913421256-project-admin] POST http://10.222.0.50/volume/v3/0fa24144dd1342dbb1e567733084d6b5/snapshots/f6f97b0c-2919-4c8c-b389-305efc07af90/action
Jun 15 10:35:25.854215 dv-cinder-843493-2-smb devstack@c-api.service[110748]: DEBUG cinder.api.openstack.wsgi [None req-b9f950fb-b1ad-4355-acb7-52677a68a64b tempest-SnapshotsActionsTest-913421256 tempest-SnapshotsActionsTest-913421256-project-admin] Action body: b'{"os-reset_status": {"status": "deleting"}}' {{(pid=110748) get_method /opt/stack/cinder/cinder/api/openstack/wsgi.py:983}}
Jun 15 10:35:25.854538 dv-cinder-843493-2-smb devstack@c-api.service[110748]: DEBUG cinder.api.openstack.wsgi [None req-b9f950fb-b1ad-4355-acb7-52677a68a64b tempest-SnapshotsActionsTest-913421256 tempest-SnapshotsActionsTest-913421256-project-admin] Action: 'action', calling method: _reset_status, body: {"os-reset_status": {"status": "deleting"}} {{(pid=110748) _process_stack /opt/stack/cinder/cinder/api/openstack/wsgi.py:866}}
Jun 15 10:35:25.855357 dv-cinder-843493-2-smb devstack@c-api.service[110748]: DEBUG cinder.api.contrib.admin_actions [None req-b9f950fb-b1ad-4355-acb7-52677a68a64b tempest-SnapshotsActionsTest-913421256 tempest-SnapshotsActionsTest-913421256-project-admin] Updating snapshot 'f6f97b0c-2919-4c8c-b389-305efc07af90' with '{'status': 'deleting'}' {{(pid=110748) _reset_status /opt/stack/cinder/cinder/api/contrib/admin_actions.py:100}}
Jun 15 10:35:25.874167 dv-cinder-843493-2-smb devstack@c-api.service[110748]: /usr/local/lib/python3.8/dist-packages/oslo_context/context.py:100: DeprecationWarning: Policy enforcement is depending on the value of is_admin. This key is deprecated. Please update your policy file to use the standard policy values.
Jun 15 10:35:25.874167 dv-cinder-843493-2-smb devstack@c-api.service[110748]: warnings.warn('Policy enforcement is depending on the value of '
Jun 15 10:35:25.900891 dv-cinder-843493-2-smb devstack@c-api.service[110748]: INFO cinder.api.openstack.wsgi [None req-b9f950fb-b1ad-4355-acb7-52677a68a64b tempest-SnapshotsActionsTest-913421256 tempest-SnapshotsActionsTest-913421256-project-admin] http://10.222.0.50/volume/v3/0fa24144dd1342dbb1e567733084d6b5/snapshots/f6f97b0c-2919-4c8c-b389-305efc07af90/action returned with HTTP 202
Jun 15 10:35:25.904643 dv-cinder-843493-2-smb devstack@c-api.service[110748]: [pid: 110748|app: 0|req: 161/300] 10.222.0.50 () {60 vars in 1372 bytes} [Wed Jun 15 10:35:25 2022] POST /volume/v3/0fa24144dd1342dbb1e567733084d6b5/snapshots/f6f97b0c-2919-4c8c-b389-305efc07af90/action => generated 0 bytes in 54 msecs (HTTP/1.1 202) 7 headers in 289 bytes (1 switches on core 0)
Jun 15 10:35:25.906727 dv-cinder-843493-2-smb devstack@c-api.service[110749]: DEBUG cinder.api.middleware.request_id [None req-25866bbf-e301-4ab4-86f3-daeaf9f8e811 None None] RequestId filter calling following filter/app {{(pid=110749) _context_setter /opt/stack/cinder/cinder/api/middleware/request_id.py:62}}
Jun 15 10:35:25.911597 dv-cinder-843493-2-smb devstack@c-api.service[110749]: INFO cinder.api.openstack.wsgi [None req-25866bbf-e301-4ab4-86f3-daeaf9f8e811 tempest-SnapshotsActionsTest-776851498 tempest-SnapshotsActionsTest-776851498-project] GET http://10.222.0.50/volume/v3/d3dd6aec39614887a8acd42fbef0b8a6/snapshots/f6f97b0c-2919-4c8c-b389-305efc07af90
Jun 15 10:35:25.912056 dv-cinder-843493-2-smb devstack@c-api.service[110749]: DEBUG cinder.api.openstack.wsgi [None req-25866bbf-e301-4ab4-86f3-daeaf9f8e811 tempest-SnapshotsActionsTest-776851498 tempest-SnapshotsActionsTest-776851498-project] Empty body provided in request {{(pid=110749) get_body /opt/stack/cinder/cinder/api/openstack/wsgi.py:715}}
Jun 15 10:35:25.912516 dv-cinder-843493-2-smb devstack@c-api.service[110749]: DEBUG cinder.api.openstack.wsgi [None req-25866bbf-e301-4ab4-86f3-daeaf9f8e811 tempest-SnapshotsActionsTest-776851498 tempest-SnapshotsActionsTest-776851498-project] Calling method 'show' {{(pid=110749) _process_stack /opt/stack/cinder/cinder/api/openstack/wsgi.py:868}}
Jun 15 10:35:25.928987 dv-cinder-843493-2-smb devstack@c-api.service[110749]: /usr/local/lib/python3.8/dist-packages/oslo_context/context.py:100: DeprecationWarning: Policy enforcement is depending on the value of is_admin. This key is deprecated. Please update your policy file to use the standard policy values.
Jun 15 10:35:25.928987 dv-cinder-843493-2-smb devstack@c-api.service[110749]: warnings.warn('Policy enforcement is depending on the value of '
Jun 15 10:35:25.930075 dv-cinder-843493-2-smb devstack@c-api.service[110749]: INFO cinder.volume.api [None req-25866bbf-e301-4ab4-86f3-daeaf9f8e811 tempest-SnapshotsActionsTest-776851498 tempest-SnapshotsActionsTest-776851498-project] Snapshot retrieved successfully.
Jun 15 10:35:25.935112 dv-cinder-843493-2-smb devstack@c-api.service[110749]: INFO cinder.api.openstack.wsgi [None req-25866bbf-e301-4ab4-86f3-daeaf9f8e811 tempest-SnapshotsActionsTest-776851498 tempest-SnapshotsActionsTest-776851498-project] http://10.222.0.50/volume/v3/d3dd6aec39614887a8acd42fbef0b8a6/snapshots/f6f97b0c-2919-4c8c-b389-305efc07af90 returned with HTTP 200
Jun 15 10:35:25.936101 dv-cinder-843493-2-smb devstack@c-api.service[110749]: [pid: 110749|app: 0|req: 140/301] 10.222.0.50 () {58 vars in 1330 bytes} [Wed Jun 15 10:35:25 2022] GET /volume/v3/d3dd6aec39614887a8acd42fbef0b8a6/snapshots/f6f97b0c-2919-4c8c-b389-305efc07af90 => generated 568 bytes in 30 msecs (HTTP/1.1 200) 7 headers in 285 bytes (1 switches on core 0)
Jun 15 10:35:25.944258 dv-cinder-843493-2-smb devstack@c-api.service[110748]: DEBUG cinder.api.middleware.request_id [None req-25d5341f-2b20-4e3e-adf8-63c0d46c677d None None] RequestId filter calling following filter/app {{(pid=110748) _context_setter /opt/stack/cinder/cinder/api/middleware/request_id.py:62}}
Jun 15 10:35:25.951054 dv-cinder-843493-2-smb devstack@c-api.service[110748]: INFO cinder.api.openstack.wsgi [None req-25d5341f-2b20-4e3e-adf8-63c0d46c677d tempest-SnapshotsActionsTest-913421256 tempest-SnapshotsActionsTest-913421256-project-admin] POST http://10.222.0.50/volume/v3/0fa24144dd1342dbb1e567733084d6b5/snapshots/f6f97b0c-2919-4c8c-b389-305efc07af90/action
Jun 15 10:35:25.952293 dv-cinder-843493-2-smb devstack@c-api.service[110748]: DEBUG cinder.api.openstack.wsgi [None req-25d5341f-2b20-4e3e-adf8-63c0d46c677d tempest-SnapshotsActionsTest-913421256 tempest-SnapshotsActionsTest-913421256-project-admin] Action body: b'{"os-force_delete": {}}' {{(pid=110748) get_method /opt/stack/cinder/cinder/api/openstack/wsgi.py:983}}
Jun 15 10:35:25.952851 dv-cinder-843493-2-smb devstack@c-api.service[110748]: DEBUG cinder.api.openstack.wsgi [None req-25d5341f-2b20-4e3e-adf8-63c0d46c677d tempest-SnapshotsActionsTest-913421256 tempest-SnapshotsActionsTest-913421256-project-admin] Action: 'action', calling method: _force_delete, body: {"os-force_delete": {}} {{(pid=110748) _process_stack /opt/stack/cinder/cinder/api/openstack/wsgi.py:866}}
Jun 15 10:35:25.994422 dv-cinder-843493-2-smb devstack@c-api.service[110748]: /usr/local/lib/python3.8/dist-packages/oslo_context/context.py:100: DeprecationWarning: Policy enforcement is depending on the value of is_admin. This key is deprecated. Please update your policy file to use the standard policy values.
Jun 15 10:35:25.994422 dv-cinder-843493-2-smb devstack@c-api.service[110748]: warnings.warn('Policy enforcement is depending on the value of '
Jun 15 10:35:25.996828 dv-cinder-843493-2-smb devstack@c-api.service[110748]: INFO cinder.volume.api [None req-25d5341f-2b20-4e3e-adf8-63c0d46c677d tempest-SnapshotsActionsTest-913421256 tempest-SnapshotsActionsTest-913421256-project-admin] Snapshot retrieved successfully.
Jun 15 10:35:26.068015 dv-cinder-843493-2-smb devstack@c-api.service[110748]: INFO cinder.volume.api [None req-25d5341f-2b20-4e3e-adf8-63c0d46c677d tempest-SnapshotsActionsTest-913421256 tempest-SnapshotsActionsTest-913421256-project-admin] Snapshot delete request issued successfully.
Jun 15 10:35:26.069959 dv-cinder-843493-2-smb devstack@c-api.service[110748]: INFO cinder.api.openstack.wsgi [None req-25d5341f-2b20-4e3e-adf8-63c0d46c677d tempest-SnapshotsActionsTest-913421256 tempest-SnapshotsActionsTest-913421256-project-admin] http://10.222.0.50/volume/v3/0fa24144dd1342dbb1e567733084d6b5/snapshots/f6f97b0c-2919-4c8c-b389-305efc07af90/action returned with HTTP 202
Jun 15 10:35:26.071955 dv-cinder-843493-2-smb devstack@c-api.service[110748]: [pid: 110748|app: 0|req: 162/302] 10.222.0.50 () {60 vars in 1372 bytes} [Wed Jun 15 10:35:25 2022] POST /volume/v3/0fa24144dd1342dbb1e567733084d6b5/snapshots/f6f97b0c-2919-4c8c-b389-305efc07af90/action => generated 0 bytes in 129 msecs (HTTP/1.1 202) 7 headers in 289 bytes (1 switches on core 0)
Jun 15 10:35:26.078604 dv-cinder-843493-2-smb devstack@c-api.service[110749]: DEBUG cinder.api.middleware.request_id [None req-adc589b5-adeb-4839-bd03-b4e92c7e47ef None None] RequestId filter calling following filter/app {{(pid=110749) _context_setter /opt/stack/cinder/cinder/api/middleware/request_id.py:62}}
Jun 15 10:35:26.095020 dv-cinder-843493-2-smb devstack@c-api.service[110749]: INFO cinder.api.openstack.wsgi [None req-adc589b5-adeb-4839-bd03-b4e92c7e47ef tempest-SnapshotsActionsTest-776851498 tempest-SnapshotsActionsTest-776851498-project] GET http://10.222.0.50/volume/v3/d3dd6aec39614887a8acd42fbef0b8a6/snapshots/f6f97b0c-2919-4c8c-b389-305efc07af90
Jun 15 10:35:26.095516 dv-cinder-843493-2-smb devstack@c-api.service[110749]: DEBUG cinder.api.openstack.wsgi [None req-adc589b5-adeb-4839-bd03-b4e92c7e47ef tempest-SnapshotsActionsTest-776851498 tempest-SnapshotsActionsTest-776851498-project] Empty body provided in request {{(pid=110749) get_body /opt/stack/cinder/cinder/api/openstack/wsgi.py:715}}
Jun 15 10:35:26.095986 dv-cinder-843493-2-smb devstack@c-api.service[110749]: DEBUG cinder.api.openstack.wsgi [None req-adc589b5-adeb-4839-bd03-b4e92c7e47ef tempest-SnapshotsActionsTest-776851498 tempest-SnapshotsActionsTest-776851498-project] Calling method 'show' {{(pid=110749) _process_stack /opt/stack/cinder/cinder/api/openstack/wsgi.py:868}}
Jun 15 10:35:26.108160 dv-cinder-843493-2-smb devstack@c-api.service[110748]: DEBUG cinder.api.middleware.request_id [None req-acd35df8-02eb-48b5-843b-175de90574db None None] RequestId filter calling following filter/app {{(pid=110748) _context_setter /opt/stack/cinder/cinder/api/middleware/request_id.py:62}}
Jun 15 10:35:26.109529 dv-cinder-843493-2-smb devstack@c-api.service[110749]: /usr/local/lib/python3.8/dist-packages/oslo_context/context.py:100: DeprecationWarning: Policy enforcement is depending on the value of is_admin. This key is deprecated. Please update your policy file to use the standard policy values.
Jun 15 10:35:26.109529 dv-cinder-843493-2-smb devstack@c-api.service[110749]: warnings.warn('Policy enforcement is depending on the value of '
Jun 15 10:35:26.110540 dv-cinder-843493-2-smb devstack@c-api.service[110749]: INFO cinder.volume.api [None req-adc589b5-adeb-4839-bd03-b4e92c7e47ef tempest-SnapshotsActionsTest-776851498 tempest-SnapshotsActionsTest-776851498-project] Snapshot retrieved successfully.
Jun 15 10:35:26.113057 dv-cinder-843493-2-smb devstack@c-api.service[110749]: INFO cinder.api.openstack.wsgi [None req-adc589b5-adeb-4839-bd03-b4e92c7e47ef tempest-SnapshotsActionsTest-776851498 tempest-SnapshotsActionsTest-776851498-project] http://10.222.0.50/volume/v3/d3dd6aec39614887a8acd42fbef0b8a6/snapshots/f6f97b0c-2919-4c8c-b389-305efc07af90 returned with HTTP 200
Jun 15 10:35:26.113765 dv-cinder-843493-2-smb devstack@c-api.service[110749]: [pid: 110749|app: 0|req: 141/303] 10.222.0.50 () {58 vars in 1330 bytes} [Wed Jun 15 10:35:26 2022] GET /volume/v3/d3dd6aec39614887a8acd42fbef0b8a6/snapshots/f6f97b0c-2919-4c8c-b389-305efc07af90 => generated 568 bytes in 37 msecs (HTTP/1.1 200) 7 headers in 285 bytes (2 switches on core 0)
Jun 15 10:35:26.306560 dv-cinder-843493-2-smb devstack@c-api.service[110749]: DEBUG cinder.api.middleware.request_id [None req-59e2cb1d-4311-4431-8dbc-306d3ecdd69f None None] RequestId filter calling following filter/app {{(pid=110749) _context_setter /opt/stack/cinder/cinder/api/middleware/request_id.py:62}}
Jun 15 10:35:26.313071 dv-cinder-843493-2-smb devstack@c-api.service[110749]: INFO cinder.api.openstack.wsgi [None req-59e2cb1d-4311-4431-8dbc-306d3ecdd69f tempest-GroupSnapshotsTest-1380246343 tempest-GroupSnapshotsTest-1380246343-project] GET http://10.222.0.50/volume/v3/1a22891e645f4dbd899392f751b299ca/group_snapshots/47bb22ac-7178-4249-9c70-f3345f5be500
Jun 15 10:35:26.314868 dv-cinder-843493-2-smb devstack@c-api.service[110749]: DEBUG cinder.api.openstack.wsgi [None req-59e2cb1d-4311-4431-8dbc-306d3ecdd69f tempest-GroupSnapshotsTest-1380246343 tempest-GroupSnapshotsTest-1380246343-project] Empty body provided in request {{(pid=110749) get_body /opt/stack/cinder/cinder/api/openstack/wsgi.py:715}}
Jun 15 10:35:26.315527 dv-cinder-843493-2-smb devstack@c-api.service[110749]: DEBUG cinder.api.openstack.wsgi [None req-59e2cb1d-4311-4431-8dbc-306d3ecdd69f tempest-GroupSnapshotsTest-1380246343 tempest-GroupSnapshotsTest-1380246343-project] Calling method 'version_select' {{(pid=110749) _process_stack /opt/stack/cinder/cinder/api/openstack/wsgi.py:868}}
Jun 15 10:35:26.316102 dv-cinder-843493-2-smb devstack@c-api.service[110749]: DEBUG cinder.api.v3.group_snapshots [None req-59e2cb1d-4311-4431-8dbc-306d3ecdd69f tempest-GroupSnapshotsTest-1380246343 tempest-GroupSnapshotsTest-1380246343-project] show called for member 47bb22ac-7178-4249-9c70-f3345f5be500 {{(pid=110749) show /opt/stack/cinder/cinder/api/v3/group_snapshots.py:58}}
Jun 15 10:35:26.350674 dv-cinder-843493-2-smb devstack@c-api.service[110749]: /usr/local/lib/python3.8/dist-packages/oslo_context/context.py:100: DeprecationWarning: Policy enforcement is depending on the value of is_admin. This key is deprecated. Please update your policy file to use the standard policy values.
Jun 15 10:35:26.350674 dv-cinder-843493-2-smb devstack@c-api.service[110749]: warnings.warn('Policy enforcement is depending on the value of '
Jun 15 10:35:26.355172 dv-cinder-843493-2-smb devstack@c-api.service[110748]: INFO cinder.api.openstack.wsgi [None req-acd35df8-02eb-48b5-843b-175de90574db tempest-VolumeManageAdminTest-146357034 tempest-VolumeManageAdminTest-146357034-project] POST http://10.222.0.50/volume/v3/c54330d52b9440b78b381ae707d33fb4/volumes
Jun 15 10:35:26.356225 dv-cinder-843493-2-smb devstack@c-api.service[110748]: DEBUG cinder.api.openstack.wsgi [None req-acd35df8-02eb-48b5-843b-175de90574db tempest-VolumeManageAdminTest-146357034 tempest-VolumeManageAdminTest-146357034-project] Action: 'create', calling method: create, body: {"volume": {"size": 1, "name": "tempest-VolumeManageAdminTest-Volume-1807698106"}} {{(pid=110748) _process_stack /opt/stack/cinder/cinder/api/openstack/wsgi.py:866}}
Jun 15 10:35:26.357429 dv-cinder-843493-2-smb devstack@c-api.service[110748]: DEBUG cinder.api.v3.volumes [None req-acd35df8-02eb-48b5-843b-175de90574db tempest-VolumeManageAdminTest-146357034 tempest-VolumeManageAdminTest-146357034-project] Create volume request body: {'volume': {'size': 1, 'name': 'tempest-VolumeManageAdminTest-Volume-1807698106'}} {{(pid=110748) create /opt/stack/cinder/cinder/api/v3/volumes.py:298}}
Jun 15 10:35:26.357746 dv-cinder-843493-2-smb devstack@c-api.service[110748]: INFO cinder.api.v3.volumes [None req-acd35df8-02eb-48b5-843b-175de90574db tempest-VolumeManageAdminTest-146357034 tempest-VolumeManageAdminTest-146357034-project] Create volume of 1 GB
Jun 15 10:35:26.358509 dv-cinder-843493-2-smb devstack@c-api.service[110748]: /usr/local/lib/python3.8/dist-packages/oslo_context/context.py:100: DeprecationWarning: Policy enforcement is depending on the value of is_admin. This key is deprecated. Please update your policy file to use the standard policy values.
Jun 15 10:35:26.358509 dv-cinder-843493-2-smb devstack@c-api.service[110748]: warnings.warn('Policy enforcement is depending on the value of '
Jun 15 10:35:26.378095 dv-cinder-843493-2-smb devstack@c-api.service[110748]: INFO cinder.volume.api [None req-acd35df8-02eb-48b5-843b-175de90574db tempest-VolumeManageAdminTest-146357034 tempest-VolumeManageAdminTest-146357034-project] Availability Zones retrieved successfully.
Jun 15 10:35:26.383280 dv-cinder-843493-2-smb devstack@c-api.service[110749]: INFO cinder.api.openstack.wsgi [None req-59e2cb1d-4311-4431-8dbc-306d3ecdd69f tempest-GroupSnapshotsTest-1380246343 tempest-GroupSnapshotsTest-1380246343-project] http://10.222.0.50/volume/v3/1a22891e645f4dbd899392f751b299ca/group_snapshots/47bb22ac-7178-4249-9c70-f3345f5be500 returned with HTTP 200
Jun 15 10:35:26.384926 dv-cinder-843493-2-smb devstack@c-api.service[110749]: [pid: 110749|app: 0|req: 142/304] 10.222.0.50 () {60 vars in 1389 bytes} [Wed Jun 15 10:35:26 2022] GET /volume/v3/1a22891e645f4dbd899392f751b299ca/group_snapshots/47bb22ac-7178-4249-9c70-f3345f5be500 => generated 325 bytes in 81 msecs (HTTP/1.1 200) 7 headers in 286 bytes (2 switches on core 0)
Jun 15 10:35:26.391489 dv-cinder-843493-2-smb devstack@c-api.service[110749]: DEBUG cinder.api.middleware.request_id [None req-a205a1ff-a9e5-432f-9a43-a52e2702aad1 None None] RequestId filter calling following filter/app {{(pid=110749) _context_setter /opt/stack/cinder/cinder/api/middleware/request_id.py:62}}
Jun 15 10:35:26.399448 dv-cinder-843493-2-smb devstack@c-api.service[110749]: INFO cinder.api.openstack.wsgi [None req-a205a1ff-a9e5-432f-9a43-a52e2702aad1 tempest-GroupSnapshotsTest-1380246343 tempest-GroupSnapshotsTest-1380246343-project] GET http://10.222.0.50/volume/v3/1a22891e645f4dbd899392f751b299ca/snapshots/detail
Jun 15 10:35:26.402398 dv-cinder-843493-2-smb devstack@c-api.service[110749]: DEBUG cinder.api.openstack.wsgi [None req-a205a1ff-a9e5-432f-9a43-a52e2702aad1 tempest-GroupSnapshotsTest-1380246343 tempest-GroupSnapshotsTest-1380246343-project] Empty body provided in request {{(pid=110749) get_body /opt/stack/cinder/cinder/api/openstack/wsgi.py:715}}
Jun 15 10:35:26.404033 dv-cinder-843493-2-smb devstack@c-api.service[110749]: DEBUG cinder.api.openstack.wsgi [None req-a205a1ff-a9e5-432f-9a43-a52e2702aad1 tempest-GroupSnapshotsTest-1380246343 tempest-GroupSnapshotsTest-1380246343-project] Calling method 'detail' {{(pid=110749) _process_stack /opt/stack/cinder/cinder/api/openstack/wsgi.py:868}}
Jun 15 10:35:26.404219 dv-cinder-843493-2-smb devstack@c-api.service[110748]: DEBUG cinder.volume.api [None req-acd35df8-02eb-48b5-843b-175de90574db tempest-VolumeManageAdminTest-146357034 tempest-VolumeManageAdminTest-146357034-project] Flow 'volume_create_api' (e6df275f-067d-4b73-8481-24ba0c64d92e) transitioned into state 'RUNNING' from state 'PENDING' {{(pid=110748) _flow_receiver /usr/local/lib/python3.8/dist-packages/taskflow/listeners/logging.py:141}}
Jun 15 10:35:26.406261 dv-cinder-843493-2-smb devstack@c-api.service[110749]: DEBUG cinder.api.api_utils [None req-a205a1ff-a9e5-432f-9a43-a52e2702aad1 tempest-GroupSnapshotsTest-1380246343 tempest-GroupSnapshotsTest-1380246343-project] Removing options '' from query. {{(pid=110749) remove_invalid_filter_options /opt/stack/cinder/cinder/api/api_utils.py:73}}
Jun 15 10:35:26.408118 dv-cinder-843493-2-smb devstack@c-api.service[110748]: DEBUG cinder.volume.api [None req-acd35df8-02eb-48b5-843b-175de90574db tempest-VolumeManageAdminTest-146357034 tempest-VolumeManageAdminTest-146357034-project] Task 'cinder.volume.flows.api.create_volume.ExtractVolumeRequestTask;volume:create' (ea2c0432-f3d8-43d2-8146-21077a7f60d4) transitioned into state 'RUNNING' from state 'PENDING' {{(pid=110748) _task_receiver /usr/local/lib/python3.8/dist-packages/taskflow/listeners/logging.py:190}}
Jun 15 10:35:26.411435 dv-cinder-843493-2-smb devstack@c-api.service[110748]: DEBUG cinder.volume.flows.api.create_volume [None req-acd35df8-02eb-48b5-843b-175de90574db tempest-VolumeManageAdminTest-146357034 tempest-VolumeManageAdminTest-146357034-project] Validating volume size '1' using validate_int {{(pid=110748) _extract_size /opt/stack/cinder/cinder/volume/flows/api/create_volume.py:228}}
Jun 15 10:35:26.412335 dv-cinder-843493-2-smb devstack@c-api.service[110749]: DEBUG cinder.db.sqlalchemy.api [None req-a205a1ff-a9e5-432f-9a43-a52e2702aad1 tempest-GroupSnapshotsTest-1380246343 tempest-GroupSnapshotsTest-1380246343-project] Building query based on filter {{(pid=110749) _process_snaps_filters /opt/stack/cinder/cinder/db/sqlalchemy/api.py:3878}}
Jun 15 10:35:26.430434 dv-cinder-843493-2-smb devstack@c-api.service[110749]: INFO cinder.volume.api [None req-a205a1ff-a9e5-432f-9a43-a52e2702aad1 tempest-GroupSnapshotsTest-1380246343 tempest-GroupSnapshotsTest-1380246343-project] Get all snapshots completed successfully.
Jun 15 10:35:26.433826 dv-cinder-843493-2-smb devstack@c-api.service[110749]: /usr/local/lib/python3.8/dist-packages/oslo_context/context.py:100: DeprecationWarning: Policy enforcement is depending on the value of is_admin. This key is deprecated. Please update your policy file to use the standard policy values.
Jun 15 10:35:26.433826 dv-cinder-843493-2-smb devstack@c-api.service[110749]: warnings.warn('Policy enforcement is depending on the value of '
Jun 15 10:35:26.437535 dv-cinder-843493-2-smb devstack@c-api.service[110749]: INFO cinder.api.openstack.wsgi [None req-a205a1ff-a9e5-432f-9a43-a52e2702aad1 tempest-GroupSnapshotsTest-1380246343 tempest-GroupSnapshotsTest-1380246343-project] http://10.222.0.50/volume/v3/1a22891e645f4dbd899392f751b299ca/snapshots/detail returned with HTTP 200
Jun 15 10:35:26.439857 dv-cinder-843493-2-smb devstack@c-api.service[110749]: [pid: 110749|app: 0|req: 143/305] 10.222.0.50 () {58 vars in 1240 bytes} [Wed Jun 15 10:35:26 2022] GET /volume/v3/1a22891e645f4dbd899392f751b299ca/snapshots/detail => generated 1059 bytes in 49 msecs (HTTP/1.1 200) 7 headers in 286 bytes (1 switches on core 0)
Jun 15 10:35:26.447617 dv-cinder-843493-2-smb devstack@c-api.service[110749]: DEBUG cinder.api.middleware.request_id [None req-417e7323-4c7e-4204-8ee0-16a402ecdaf9 None None] RequestId filter calling following filter/app {{(pid=110749) _context_setter /opt/stack/cinder/cinder/api/middleware/request_id.py:62}}
Jun 15 10:35:26.457039 dv-cinder-843493-2-smb devstack@c-api.service[110749]: INFO cinder.api.openstack.wsgi [None req-417e7323-4c7e-4204-8ee0-16a402ecdaf9 tempest-GroupSnapshotsTest-1380246343 tempest-GroupSnapshotsTest-1380246343-project] GET http://10.222.0.50/volume/v3/1a22891e645f4dbd899392f751b299ca/snapshots/da066dbc-f99d-4f5d-8c9b-5a3669d572a5
Jun 15 10:35:26.458588 dv-cinder-843493-2-smb devstack@c-api.service[110749]: DEBUG cinder.api.openstack.wsgi [None req-417e7323-4c7e-4204-8ee0-16a402ecdaf9 tempest-GroupSnapshotsTest-1380246343 tempest-GroupSnapshotsTest-1380246343-project] Empty body provided in request {{(pid=110749) get_body /opt/stack/cinder/cinder/api/openstack/wsgi.py:715}}
Jun 15 10:35:26.461160 dv-cinder-843493-2-smb devstack@c-api.service[110749]: DEBUG cinder.api.openstack.wsgi [None req-417e7323-4c7e-4204-8ee0-16a402ecdaf9 tempest-GroupSnapshotsTest-1380246343 tempest-GroupSnapshotsTest-1380246343-project] Calling method 'show' {{(pid=110749) _process_stack /opt/stack/cinder/cinder/api/openstack/wsgi.py:868}}
Jun 15 10:35:26.482075 dv-cinder-843493-2-smb devstack@c-api.service[110748]: DEBUG cinder.volume.api [None req-acd35df8-02eb-48b5-843b-175de90574db tempest-VolumeManageAdminTest-146357034 tempest-VolumeManageAdminTest-146357034-project] Task 'cinder.volume.flows.api.create_volume.ExtractVolumeRequestTask;volume:create' (ea2c0432-f3d8-43d2-8146-21077a7f60d4) transitioned into state 'SUCCESS' from state 'RUNNING' with result '{'size': 1, 'snapshot_id': None, 'source_volid': None, 'volume_type': VolumeType(created_at=2022-06-15T10:24:37Z,deleted=False,deleted_at=None,description='Default Volume Type',extra_specs={},id=f41f4e5e-83ce-4835-a8fc-df743b17b266,is_public=True,name='__DEFAULT__',projects=[],qos_specs=,qos_specs_id=None,updated_at=2022-06-15T10:24:37Z), 'volume_type_id': 'f41f4e5e-83ce-4835-a8fc-df743b17b266', 'encryption_key_id': None, 'qos_specs': None, 'consistencygroup_id': None, 'cgsnapshot_id': None, 'group_id': None, 'replication_status': 'disabled', 'refresh_az': False, 'backup_id': None, 'multiattach': False, 'availability_zones': ['nova']}' {{(pid=110748) _task_receiver /usr/local/lib/python3.8/dist-packages/taskflow/listeners/logging.py:178}}
Jun 15 10:35:26.486857 dv-cinder-843493-2-smb devstack@c-api.service[110749]: /usr/local/lib/python3.8/dist-packages/oslo_context/context.py:100: DeprecationWarning: Policy enforcement is depending on the value of is_admin. This key is deprecated. Please update your policy file to use the standard policy values.
Jun 15 10:35:26.486857 dv-cinder-843493-2-smb devstack@c-api.service[110749]: warnings.warn('Policy enforcement is depending on the value of '
Jun 15 10:35:26.488247 dv-cinder-843493-2-smb devstack@c-api.service[110749]: INFO cinder.volume.api [None req-417e7323-4c7e-4204-8ee0-16a402ecdaf9 tempest-GroupSnapshotsTest-1380246343 tempest-GroupSnapshotsTest-1380246343-project] Snapshot retrieved successfully.
Jun 15 10:35:26.491260 dv-cinder-843493-2-smb devstack@c-api.service[110749]: INFO cinder.api.openstack.wsgi [None req-417e7323-4c7e-4204-8ee0-16a402ecdaf9 tempest-GroupSnapshotsTest-1380246343 tempest-GroupSnapshotsTest-1380246343-project] http://10.222.0.50/volume/v3/1a22891e645f4dbd899392f751b299ca/snapshots/da066dbc-f99d-4f5d-8c9b-5a3669d572a5 returned with HTTP 200
Jun 15 10:35:26.494359 dv-cinder-843493-2-smb devstack@c-api.service[110748]: DEBUG cinder.volume.api [None req-acd35df8-02eb-48b5-843b-175de90574db tempest-VolumeManageAdminTest-146357034 tempest-VolumeManageAdminTest-146357034-project] Task 'cinder.volume.flows.api.create_volume.QuotaReserveTask;volume:create' (ee1b944d-d95a-4a80-bda7-8a6694b4b936) transitioned into state 'RUNNING' from state 'PENDING' {{(pid=110748) _task_receiver /usr/local/lib/python3.8/dist-packages/taskflow/listeners/logging.py:190}}
Jun 15 10:35:26.495667 dv-cinder-843493-2-smb devstack@c-api.service[110749]: [pid: 110749|app: 0|req: 144/306] 10.222.0.50 () {58 vars in 1330 bytes} [Wed Jun 15 10:35:26 2022] GET /volume/v3/1a22891e645f4dbd899392f751b299ca/snapshots/da066dbc-f99d-4f5d-8c9b-5a3669d572a5 => generated 534 bytes in 49 msecs (HTTP/1.1 200) 7 headers in 285 bytes (1 switches on core 0)
Jun 15 10:35:26.505709 dv-cinder-843493-2-smb devstack@c-api.service[110749]: DEBUG cinder.api.middleware.request_id [None req-c93e2b63-eb1a-4a48-9912-e763fd7717ac None None] RequestId filter calling following filter/app {{(pid=110749) _context_setter /opt/stack/cinder/cinder/api/middleware/request_id.py:62}}
Jun 15 10:35:26.512849 dv-cinder-843493-2-smb devstack@c-api.service[110749]: INFO cinder.api.openstack.wsgi [None req-c93e2b63-eb1a-4a48-9912-e763fd7717ac None None] GET http://10.222.0.50/volume//
Jun 15 10:35:26.513654 dv-cinder-843493-2-smb devstack@c-api.service[110749]: DEBUG cinder.api.openstack.wsgi [None req-c93e2b63-eb1a-4a48-9912-e763fd7717ac None None] Empty body provided in request {{(pid=110749) get_body /opt/stack/cinder/cinder/api/openstack/wsgi.py:715}}
Jun 15 10:35:26.514196 dv-cinder-843493-2-smb devstack@c-api.service[110749]: DEBUG cinder.api.openstack.wsgi [None req-c93e2b63-eb1a-4a48-9912-e763fd7717ac None None] Calling method 'all' {{(pid=110749) _process_stack /opt/stack/cinder/cinder/api/openstack/wsgi.py:868}}
Jun 15 10:35:26.516615 dv-cinder-843493-2-smb devstack@c-api.service[110749]: INFO cinder.api.openstack.wsgi [None req-c93e2b63-eb1a-4a48-9912-e763fd7717ac None None] http://10.222.0.50/volume// returned with HTTP 300
Jun 15 10:35:26.519670 dv-cinder-843493-2-smb devstack@c-api.service[110749]: [pid: 110749|app: 0|req: 145/307] 10.222.0.50 () {58 vars in 1299 bytes} [Wed Jun 15 10:35:26 2022] GET /volume/ => generated 386 bytes in 19 msecs (HTTP/1.1 300) 7 headers in 299 bytes (1 switches on core 0)
Jun 15 10:35:26.521615 dv-cinder-843493-2-smb devstack@c-api.service[110749]: DEBUG cinder.api.middleware.request_id [None req-10fcf568-1f70-43f5-9144-2b051eb7af8c None None] RequestId filter calling following filter/app {{(pid=110749) _context_setter /opt/stack/cinder/cinder/api/middleware/request_id.py:62}}
Jun 15 10:35:26.530757 dv-cinder-843493-2-smb devstack@c-api.service[110749]: INFO cinder.api.openstack.wsgi [None req-10fcf568-1f70-43f5-9144-2b051eb7af8c tempest-GroupSnapshotsTest-1380246343 tempest-GroupSnapshotsTest-1380246343-project] GET http://10.222.0.50/volume/v3/1a22891e645f4dbd899392f751b299ca/snapshots/d00de875-9500-405c-a9f8-6c188f498036
Jun 15 10:35:26.533429 dv-cinder-843493-2-smb devstack@c-api.service[110749]: DEBUG cinder.api.openstack.wsgi [None req-10fcf568-1f70-43f5-9144-2b051eb7af8c tempest-GroupSnapshotsTest-1380246343 tempest-GroupSnapshotsTest-1380246343-project] Empty body provided in request {{(pid=110749) get_body /opt/stack/cinder/cinder/api/openstack/wsgi.py:715}}
Jun 15 10:35:26.534091 dv-cinder-843493-2-smb devstack@c-api.service[110749]: DEBUG cinder.api.openstack.wsgi [None req-10fcf568-1f70-43f5-9144-2b051eb7af8c tempest-GroupSnapshotsTest-1380246343 tempest-GroupSnapshotsTest-1380246343-project] Calling method 'show' {{(pid=110749) _process_stack /opt/stack/cinder/cinder/api/openstack/wsgi.py:868}}
Jun 15 10:35:26.549933 dv-cinder-843493-2-smb devstack@c-api.service[110749]: /usr/local/lib/python3.8/dist-packages/oslo_context/context.py:100: DeprecationWarning: Policy enforcement is depending on the value of is_admin. This key is deprecated. Please update your policy file to use the standard policy values.
Jun 15 10:35:26.549933 dv-cinder-843493-2-smb devstack@c-api.service[110749]: warnings.warn('Policy enforcement is depending on the value of '
Jun 15 10:35:26.551526 dv-cinder-843493-2-smb devstack@c-api.service[110749]: INFO cinder.volume.api [None req-10fcf568-1f70-43f5-9144-2b051eb7af8c tempest-GroupSnapshotsTest-1380246343 tempest-GroupSnapshotsTest-1380246343-project] Snapshot retrieved successfully.
Jun 15 10:35:26.553612 dv-cinder-843493-2-smb devstack@c-api.service[110749]: INFO cinder.api.openstack.wsgi [None req-10fcf568-1f70-43f5-9144-2b051eb7af8c tempest-GroupSnapshotsTest-1380246343 tempest-GroupSnapshotsTest-1380246343-project] http://10.222.0.50/volume/v3/1a22891e645f4dbd899392f751b299ca/snapshots/d00de875-9500-405c-a9f8-6c188f498036 returned with HTTP 200
Jun 15 10:35:26.554548 dv-cinder-843493-2-smb devstack@c-api.service[110749]: [pid: 110749|app: 0|req: 146/308] 10.222.0.50 () {58 vars in 1330 bytes} [Wed Jun 15 10:35:26 2022] GET /volume/v3/1a22891e645f4dbd899392f751b299ca/snapshots/d00de875-9500-405c-a9f8-6c188f498036 => generated 534 bytes in 34 msecs (HTTP/1.1 200) 7 headers in 285 bytes (1 switches on core 0)
Jun 15 10:35:26.555988 dv-cinder-843493-2-smb devstack@c-api.service[110749]: DEBUG cinder.api.middleware.request_id [req-14c35774-f98a-4c07-ba5f-c32174bbdbd0 req-0882ae62-dcc1-4087-b362-f3b9ed89942a None None] RequestId filter calling following filter/app {{(pid=110749) _context_setter /opt/stack/cinder/cinder/api/middleware/request_id.py:62}}
Jun 15 10:35:26.561335 dv-cinder-843493-2-smb devstack@c-api.service[110749]: INFO cinder.api.openstack.wsgi [req-14c35774-f98a-4c07-ba5f-c32174bbdbd0 req-0882ae62-dcc1-4087-b362-f3b9ed89942a tempest-DeleteServersTestJSON-112023001 tempest-DeleteServersTestJSON-112023001-project] POST http://10.222.0.50/volume/v3/b41db46ea7f5484c84b35a033bc0406e/attachments
Jun 15 10:35:26.562112 dv-cinder-843493-2-smb devstack@c-api.service[110749]: DEBUG cinder.api.openstack.wsgi [req-14c35774-f98a-4c07-ba5f-c32174bbdbd0 req-0882ae62-dcc1-4087-b362-f3b9ed89942a tempest-DeleteServersTestJSON-112023001 tempest-DeleteServersTestJSON-112023001-project] Action: 'create', calling method: version_select, body: {"attachment": {"volume_uuid": "d4a8f42a-b0d3-4325-afb9-fb15a19ba7a7", "connector": null, "instance_uuid": "7c033aed-f54a-4407-9437-7f0f8c3a160e"}} {{(pid=110749) _process_stack /opt/stack/cinder/cinder/api/openstack/wsgi.py:866}}
Jun 15 10:35:26.577849 dv-cinder-843493-2-smb devstack@c-api.service[110749]: /usr/local/lib/python3.8/dist-packages/oslo_context/context.py:100: DeprecationWarning: Policy enforcement is depending on the value of is_admin. This key is deprecated. Please update your policy file to use the standard policy values.
Jun 15 10:35:26.577849 dv-cinder-843493-2-smb devstack@c-api.service[110749]: warnings.warn('Policy enforcement is depending on the value of '
Jun 15 10:35:26.609314 dv-cinder-843493-2-smb devstack@c-api.service[110748]: DEBUG dbcounter [-] [110748] Writing DB stats cinder:SELECT=93,cinder:UPDATE=6,cinder:DELETE=1 {{(pid=110748) stat_writer /usr/local/lib/python3.8/dist-packages/dbcounter.py:114}}
Jun 15 10:35:26.691186 dv-cinder-843493-2-smb devstack@c-api.service[110749]: DEBUG dbcounter [-] [110749] Writing DB stats cinder:SELECT=69,cinder:UPDATE=22,cinder:INSERT=9 {{(pid=110749) stat_writer /usr/local/lib/python3.8/dist-packages/dbcounter.py:114}}
Jun 15 10:35:26.703177 dv-cinder-843493-2-smb devstack@c-api.service[110749]: INFO cinder.api.openstack.wsgi [req-14c35774-f98a-4c07-ba5f-c32174bbdbd0 req-0882ae62-dcc1-4087-b362-f3b9ed89942a tempest-DeleteServersTestJSON-112023001 tempest-DeleteServersTestJSON-112023001-project] http://10.222.0.50/volume/v3/b41db46ea7f5484c84b35a033bc0406e/attachments returned with HTTP 200
Jun 15 10:35:26.703404 dv-cinder-843493-2-smb devstack@c-api.service[110748]: DEBUG cinder.quota [None req-acd35df8-02eb-48b5-843b-175de90574db tempest-VolumeManageAdminTest-146357034 tempest-VolumeManageAdminTest-146357034-project] Created reservations ['5283720c-cee2-406f-bca1-434355822c20', '69b174ce-b15b-40f2-911b-25ce557f6d2e', 'e7f7bd30-48a6-44b0-82a9-da3dff8d7768', 'c7172e84-82a6-4659-b503-16cb6b8bb27f'] {{(pid=110748) reserve /opt/stack/cinder/cinder/quota.py:755}}
Jun 15 10:35:26.706399 dv-cinder-843493-2-smb devstack@c-api.service[110749]: [pid: 110749|app: 0|req: 147/309] 10.222.0.50 () {66 vars in 1574 bytes} [Wed Jun 15 10:35:26 2022] POST /volume/v3/b41db46ea7f5484c84b35a033bc0406e/attachments => generated 273 bytes in 151 msecs (HTTP/1.1 200) 7 headers in 286 bytes (1 switches on core 0)
Jun 15 10:35:26.707203 dv-cinder-843493-2-smb devstack@c-api.service[110748]: DEBUG cinder.volume.api [None req-acd35df8-02eb-48b5-843b-175de90574db tempest-VolumeManageAdminTest-146357034 tempest-VolumeManageAdminTest-146357034-project] Task 'cinder.volume.flows.api.create_volume.QuotaReserveTask;volume:create' (ee1b944d-d95a-4a80-bda7-8a6694b4b936) transitioned into state 'SUCCESS' from state 'RUNNING' with result '{'reservations': ['5283720c-cee2-406f-bca1-434355822c20', '69b174ce-b15b-40f2-911b-25ce557f6d2e', 'e7f7bd30-48a6-44b0-82a9-da3dff8d7768', 'c7172e84-82a6-4659-b503-16cb6b8bb27f']}' {{(pid=110748) _task_receiver /usr/local/lib/python3.8/dist-packages/taskflow/listeners/logging.py:178}}
Jun 15 10:35:26.709274 dv-cinder-843493-2-smb devstack@c-api.service[110749]: DEBUG cinder.api.middleware.request_id [None req-189c6528-24e4-449d-a255-29517ef1283f None None] RequestId filter calling following filter/app {{(pid=110749) _context_setter /opt/stack/cinder/cinder/api/middleware/request_id.py:62}}
