Jun 15 10:35:01.761059 dv-cinder-843493-2-smb devstack@c-api.service[110748]: DEBUG cinder.api.middleware.request_id [None req-89665fab-80dc-4381-930a-1cba2e8f749b None None] RequestId filter calling following filter/app {{(pid=110748) _context_setter /opt/stack/cinder/cinder/api/middleware/request_id.py:62}}
Jun 15 10:35:01.909365 dv-cinder-843493-2-smb devstack@c-api.service[110749]: /usr/local/lib/python3.8/dist-packages/oslo_context/context.py:100: DeprecationWarning: Policy enforcement is depending on the value of is_admin. This key is deprecated. Please update your policy file to use the standard policy values.
Jun 15 10:35:01.909365 dv-cinder-843493-2-smb devstack@c-api.service[110749]: warnings.warn('Policy enforcement is depending on the value of '
Jun 15 10:35:02.007971 dv-cinder-843493-2-smb devstack@c-api.service[110749]: WARNING cinder.quota [None req-ea7f5363-9db3-47e7-9c9b-758b14566435 tempest-GroupSnapshotsV319Test-799169416 tempest-GroupSnapshotsV319Test-799169416-project] Deprecated: Default quota for resource: gigabytes_tempest-GroupSnapshotsV319Test-volume-type-34856947 is set by the default quota flag: quota_gigabytes_tempest-GroupSnapshotsV319Test-volume-type-34856947, it is now deprecated. Please use the default quota class for default quota.
Jun 15 10:35:02.009768 dv-cinder-843493-2-smb devstack@c-api.service[110749]: WARNING cinder.quota [None req-ea7f5363-9db3-47e7-9c9b-758b14566435 tempest-GroupSnapshotsV319Test-799169416 tempest-GroupSnapshotsV319Test-799169416-project] Deprecated: Default quota for resource: snapshots_tempest-GroupSnapshotsV319Test-volume-type-34856947 is set by the default quota flag: quota_snapshots_tempest-GroupSnapshotsV319Test-volume-type-34856947, it is now deprecated. Please use the default quota class for default quota.
Jun 15 10:35:02.123267 dv-cinder-843493-2-smb devstack@c-api.service[110749]: DEBUG cinder.quota [None req-ea7f5363-9db3-47e7-9c9b-758b14566435 tempest-GroupSnapshotsV319Test-799169416 tempest-GroupSnapshotsV319Test-799169416-project] Created reservations ['4530c405-ec1f-4234-a5b1-bdefab246577', '44da6f7a-1c70-4136-a5a1-2b59395520d2', 'b1dd58aa-f469-41d9-b4cc-da037d6388f6', 'afd67133-b540-4414-99df-f092729faf7d'] {{(pid=110749) reserve /opt/stack/cinder/cinder/quota.py:755}}
Jun 15 10:35:02.214210 dv-cinder-843493-2-smb devstack@c-api.service[110748]: INFO cinder.api.openstack.wsgi [None req-89665fab-80dc-4381-930a-1cba2e8f749b tempest-GroupSnapshotsTest-845597004 tempest-GroupSnapshotsTest-845597004-project-admin] POST http://10.222.0.50/volume/v3/3442fc53847a4a1d84db06d626843424/types
Jun 15 10:35:02.215202 dv-cinder-843493-2-smb devstack@c-api.service[110748]: DEBUG cinder.api.openstack.wsgi [None req-89665fab-80dc-4381-930a-1cba2e8f749b tempest-GroupSnapshotsTest-845597004 tempest-GroupSnapshotsTest-845597004-project-admin] Action: 'create', calling method: _create, body: {"volume_type": {"name": "tempest-GroupSnapshotsTest-volume-type-71692096"}} {{(pid=110748) _process_stack /opt/stack/cinder/cinder/api/openstack/wsgi.py:866}}
Jun 15 10:35:02.297059 dv-cinder-843493-2-smb devstack@c-api.service[110748]: INFO cinder.api.openstack.wsgi [None req-89665fab-80dc-4381-930a-1cba2e8f749b tempest-GroupSnapshotsTest-845597004 tempest-GroupSnapshotsTest-845597004-project-admin] http://10.222.0.50/volume/v3/3442fc53847a4a1d84db06d626843424/types returned with HTTP 200
Jun 15 10:35:02.322329 dv-cinder-843493-2-smb devstack@c-api.service[110748]: [pid: 110748|app: 0|req: 52/97] 10.222.0.50 () {60 vars in 1228 bytes} [Wed Jun 15 10:35:01 2022] POST /volume/v3/3442fc53847a4a1d84db06d626843424/types => generated 222 bytes in 562 msecs (HTTP/1.1 200) 7 headers in 285 bytes (1 switches on core 0)
Jun 15 10:35:02.325382 dv-cinder-843493-2-smb devstack@c-api.service[110748]: DEBUG cinder.api.middleware.request_id [None req-47f3730e-82b2-4818-af5d-b945fd303bb0 None None] RequestId filter calling following filter/app {{(pid=110748) _context_setter /opt/stack/cinder/cinder/api/middleware/request_id.py:62}}
Jun 15 10:35:02.333612 dv-cinder-843493-2-smb devstack@c-api.service[110748]: INFO cinder.api.openstack.wsgi [None req-47f3730e-82b2-4818-af5d-b945fd303bb0 tempest-GroupSnapshotsTest-845597004 tempest-GroupSnapshotsTest-845597004-project-admin] POST http://10.222.0.50/volume/v3/3442fc53847a4a1d84db06d626843424/group_types
Jun 15 10:35:02.336666 dv-cinder-843493-2-smb devstack@c-api.service[110749]: INFO cinder.api.openstack.wsgi [None req-ea7f5363-9db3-47e7-9c9b-758b14566435 tempest-GroupSnapshotsV319Test-799169416 tempest-GroupSnapshotsV319Test-799169416-project] http://10.222.0.50/volume/v3/daa23a95964043d7ba90c72f815d000f/group_snapshots returned with HTTP 202
Jun 15 10:35:02.337434 dv-cinder-843493-2-smb devstack@c-api.service[110748]: DEBUG cinder.api.openstack.wsgi [None req-47f3730e-82b2-4818-af5d-b945fd303bb0 tempest-GroupSnapshotsTest-845597004 tempest-GroupSnapshotsTest-845597004-project-admin] Action: 'create', calling method: version_select, body: {"group_type": {"name": "tempest-GroupSnapshotsTest-group-type-1775860613"}} {{(pid=110748) _process_stack /opt/stack/cinder/cinder/api/openstack/wsgi.py:866}}
Jun 15 10:35:02.349387 dv-cinder-843493-2-smb devstack@c-api.service[110749]: [pid: 110749|app: 0|req: 46/98] 10.222.0.50 () {62 vars in 1300 bytes} [Wed Jun 15 10:35:01 2022] POST /volume/v3/daa23a95964043d7ba90c72f815d000f/group_snapshots => generated 190 bytes in 698 msecs (HTTP/1.1 202) 7 headers in 292 bytes (1 switches on core 0)
Jun 15 10:35:02.356067 dv-cinder-843493-2-smb devstack@c-api.service[110749]: DEBUG cinder.api.middleware.request_id [None req-36779c87-4ce5-455c-b1f2-d9f5d5e9a889 None None] RequestId filter calling following filter/app {{(pid=110749) _context_setter /opt/stack/cinder/cinder/api/middleware/request_id.py:62}}
Jun 15 10:35:02.377182 dv-cinder-843493-2-smb devstack@c-api.service[110749]: INFO cinder.api.openstack.wsgi [None req-36779c87-4ce5-455c-b1f2-d9f5d5e9a889 tempest-GroupSnapshotsV319Test-799169416 tempest-GroupSnapshotsV319Test-799169416-project] GET http://10.222.0.50/volume/v3/daa23a95964043d7ba90c72f815d000f/group_snapshots/70364888-1770-4b0b-a9d3-5a19e1f5b468
Jun 15 10:35:02.377707 dv-cinder-843493-2-smb devstack@c-api.service[110749]: DEBUG cinder.api.openstack.wsgi [None req-36779c87-4ce5-455c-b1f2-d9f5d5e9a889 tempest-GroupSnapshotsV319Test-799169416 tempest-GroupSnapshotsV319Test-799169416-project] Empty body provided in request {{(pid=110749) get_body /opt/stack/cinder/cinder/api/openstack/wsgi.py:715}}
Jun 15 10:35:02.378315 dv-cinder-843493-2-smb devstack@c-api.service[110749]: DEBUG cinder.api.openstack.wsgi [None req-36779c87-4ce5-455c-b1f2-d9f5d5e9a889 tempest-GroupSnapshotsV319Test-799169416 tempest-GroupSnapshotsV319Test-799169416-project] Calling method 'version_select' {{(pid=110749) _process_stack /opt/stack/cinder/cinder/api/openstack/wsgi.py:868}}
Jun 15 10:35:02.387649 dv-cinder-843493-2-smb devstack@c-api.service[110749]: DEBUG cinder.api.v3.group_snapshots [None req-36779c87-4ce5-455c-b1f2-d9f5d5e9a889 tempest-GroupSnapshotsV319Test-799169416 tempest-GroupSnapshotsV319Test-799169416-project] show called for member 70364888-1770-4b0b-a9d3-5a19e1f5b468 {{(pid=110749) show /opt/stack/cinder/cinder/api/v3/group_snapshots.py:58}}
Jun 15 10:35:02.409754 dv-cinder-843493-2-smb devstack@c-api.service[110748]: INFO cinder.api.openstack.wsgi [None req-47f3730e-82b2-4818-af5d-b945fd303bb0 tempest-GroupSnapshotsTest-845597004 tempest-GroupSnapshotsTest-845597004-project-admin] http://10.222.0.50/volume/v3/3442fc53847a4a1d84db06d626843424/group_types returned with HTTP 202
Jun 15 10:35:02.427083 dv-cinder-843493-2-smb devstack@c-api.service[110748]: [pid: 110748|app: 0|req: 53/99] 10.222.0.50 () {62 vars in 1287 bytes} [Wed Jun 15 10:35:02 2022] POST /volume/v3/3442fc53847a4a1d84db06d626843424/group_types => generated 181 bytes in 104 msecs (HTTP/1.1 202) 7 headers in 292 bytes (1 switches on core 0)
Jun 15 10:35:02.429607 dv-cinder-843493-2-smb devstack@c-api.service[110749]: /usr/local/lib/python3.8/dist-packages/oslo_context/context.py:100: DeprecationWarning: Policy enforcement is depending on the value of is_admin. This key is deprecated. Please update your policy file to use the standard policy values.
Jun 15 10:35:02.429607 dv-cinder-843493-2-smb devstack@c-api.service[110749]: warnings.warn('Policy enforcement is depending on the value of '
Jun 15 10:35:02.431020 dv-cinder-843493-2-smb devstack@c-api.service[110748]: DEBUG cinder.api.middleware.request_id [None req-87618642-463f-42ff-9972-3836cd2643ec None None] RequestId filter calling following filter/app {{(pid=110748) _context_setter /opt/stack/cinder/cinder/api/middleware/request_id.py:62}}
Jun 15 10:35:02.482532 dv-cinder-843493-2-smb devstack@c-api.service[110749]: INFO cinder.api.openstack.wsgi [None req-36779c87-4ce5-455c-b1f2-d9f5d5e9a889 tempest-GroupSnapshotsV319Test-799169416 tempest-GroupSnapshotsV319Test-799169416-project] http://10.222.0.50/volume/v3/daa23a95964043d7ba90c72f815d000f/group_snapshots/70364888-1770-4b0b-a9d3-5a19e1f5b468 returned with HTTP 200
Jun 15 10:35:02.489993 dv-cinder-843493-2-smb devstack@c-api.service[110749]: [pid: 110749|app: 0|req: 47/100] 10.222.0.50 () {60 vars in 1389 bytes} [Wed Jun 15 10:35:02 2022] GET /volume/v3/daa23a95964043d7ba90c72f815d000f/group_snapshots/70364888-1770-4b0b-a9d3-5a19e1f5b468 => generated 329 bytes in 136 msecs (HTTP/1.1 200) 7 headers in 286 bytes (1 switches on core 0)
Jun 15 10:35:02.805500 dv-cinder-843493-2-smb devstack@c-api.service[110748]: INFO cinder.api.openstack.wsgi [None req-87618642-463f-42ff-9972-3836cd2643ec tempest-GroupSnapshotsTest-1380246343 tempest-GroupSnapshotsTest-1380246343-project] POST http://10.222.0.50/volume/v3/1a22891e645f4dbd899392f751b299ca/groups
Jun 15 10:35:02.806338 dv-cinder-843493-2-smb devstack@c-api.service[110748]: DEBUG cinder.api.openstack.wsgi [None req-87618642-463f-42ff-9972-3836cd2643ec tempest-GroupSnapshotsTest-1380246343 tempest-GroupSnapshotsTest-1380246343-project] Action: 'create', calling method: version_select, body: {"group": {"group_type": "b0d82ccf-80b6-4414-9360-6e0da544dfcd", "volume_types": ["64ff602a-be67-48c9-b14b-6c36027bcf8a"], "name": "tempest-GroupSnapshotsTest-Group-1848334882"}} {{(pid=110748) _process_stack /opt/stack/cinder/cinder/api/openstack/wsgi.py:866}}
Jun 15 10:35:02.807251 dv-cinder-843493-2-smb devstack@c-api.service[110748]: DEBUG cinder.api.v3.groups [None req-87618642-463f-42ff-9972-3836cd2643ec tempest-GroupSnapshotsTest-1380246343 tempest-GroupSnapshotsTest-1380246343-project] Creating new group {'group': {'group_type': 'b0d82ccf-80b6-4414-9360-6e0da544dfcd', 'volume_types': ['64ff602a-be67-48c9-b14b-6c36027bcf8a'], 'name': 'tempest-GroupSnapshotsTest-Group-1848334882'}} {{(pid=110748) create /opt/stack/cinder/cinder/api/v3/groups.py:190}}
Jun 15 10:35:02.828391 dv-cinder-843493-2-smb devstack@c-api.service[110748]: INFO cinder.api.v3.groups [None req-87618642-463f-42ff-9972-3836cd2643ec tempest-GroupSnapshotsTest-1380246343 tempest-GroupSnapshotsTest-1380246343-project] Creating group tempest-GroupSnapshotsTest-Group-1848334882.
Jun 15 10:35:02.942376 dv-cinder-843493-2-smb devstack@c-api.service[110748]: DEBUG cinder.volume.api [None req-87618642-463f-42ff-9972-3836cd2643ec tempest-GroupSnapshotsTest-1380246343 tempest-GroupSnapshotsTest-1380246343-project] Availability zone cache updated, next update will occur around 2022-06-15 11:35:02.941803. {{(pid=110748) list_availability_zones /opt/stack/cinder/cinder/volume/api.py:153}}
Jun 15 10:35:02.942662 dv-cinder-843493-2-smb devstack@c-api.service[110748]: INFO cinder.volume.api [None req-87618642-463f-42ff-9972-3836cd2643ec tempest-GroupSnapshotsTest-1380246343 tempest-GroupSnapshotsTest-1380246343-project] Availability Zones retrieved successfully.
Jun 15 10:35:03.029729 dv-cinder-843493-2-smb devstack@c-api.service[110748]: DEBUG cinder.quota [None req-87618642-463f-42ff-9972-3836cd2643ec tempest-GroupSnapshotsTest-1380246343 tempest-GroupSnapshotsTest-1380246343-project] Created reservations ['1e8bfa49-9e8e-4a7b-8def-085c82341390'] {{(pid=110748) reserve /opt/stack/cinder/cinder/quota.py:755}}
Jun 15 10:35:03.099319 dv-cinder-843493-2-smb devstack@c-api.service[110748]: DEBUG dbcounter [-] [110748] Writing DB stats cinder:SELECT=69,cinder:INSERT=16,cinder:UPDATE=15 {{(pid=110748) stat_writer /usr/local/lib/python3.8/dist-packages/dbcounter.py:114}}
Jun 15 10:35:03.142540 dv-cinder-843493-2-smb devstack@c-api.service[110748]: INFO cinder.api.openstack.wsgi [None req-87618642-463f-42ff-9972-3836cd2643ec tempest-GroupSnapshotsTest-1380246343 tempest-GroupSnapshotsTest-1380246343-project] http://10.222.0.50/volume/v3/1a22891e645f4dbd899392f751b299ca/groups returned with HTTP 202
Jun 15 10:35:03.150553 dv-cinder-843493-2-smb devstack@c-api.service[110749]: DEBUG cinder.api.middleware.request_id [None req-ee40b361-c133-48b3-a61b-289ab639a566 None None] RequestId filter calling following filter/app {{(pid=110749) _context_setter /opt/stack/cinder/cinder/api/middleware/request_id.py:62}}
Jun 15 10:35:03.151953 dv-cinder-843493-2-smb devstack@c-api.service[110748]: [pid: 110748|app: 0|req: 54/101] 10.222.0.50 () {62 vars in 1273 bytes} [Wed Jun 15 10:35:02 2022] POST /volume/v3/1a22891e645f4dbd899392f751b299ca/groups => generated 112 bytes in 724 msecs (HTTP/1.1 202) 7 headers in 292 bytes (1 switches on core 0)
Jun 15 10:35:03.158885 dv-cinder-843493-2-smb devstack@c-api.service[110749]: INFO cinder.api.openstack.wsgi [None req-ee40b361-c133-48b3-a61b-289ab639a566 tempest-GroupSnapshotsTest-1380246343 tempest-GroupSnapshotsTest-1380246343-project] GET http://10.222.0.50/volume/v3/1a22891e645f4dbd899392f751b299ca/groups/3fa0944c-de19-4ab9-895b-8c94f393a861
Jun 15 10:35:03.160075 dv-cinder-843493-2-smb devstack@c-api.service[110749]: DEBUG cinder.api.openstack.wsgi [None req-ee40b361-c133-48b3-a61b-289ab639a566 tempest-GroupSnapshotsTest-1380246343 tempest-GroupSnapshotsTest-1380246343-project] Empty body provided in request {{(pid=110749) get_body /opt/stack/cinder/cinder/api/openstack/wsgi.py:715}}
Jun 15 10:35:03.160574 dv-cinder-843493-2-smb devstack@c-api.service[110749]: DEBUG cinder.api.openstack.wsgi [None req-ee40b361-c133-48b3-a61b-289ab639a566 tempest-GroupSnapshotsTest-1380246343 tempest-GroupSnapshotsTest-1380246343-project] Calling method 'version_select' {{(pid=110749) _process_stack /opt/stack/cinder/cinder/api/openstack/wsgi.py:868}}
Jun 15 10:35:03.161220 dv-cinder-843493-2-smb devstack@c-api.service[110749]: DEBUG cinder.api.v3.groups [None req-ee40b361-c133-48b3-a61b-289ab639a566 tempest-GroupSnapshotsTest-1380246343 tempest-GroupSnapshotsTest-1380246343-project] show called for member 3fa0944c-de19-4ab9-895b-8c94f393a861 {{(pid=110749) show /opt/stack/cinder/cinder/api/v3/groups.py:58}}
Jun 15 10:35:03.180826 dv-cinder-843493-2-smb devstack@c-api.service[110749]: /usr/local/lib/python3.8/dist-packages/oslo_context/context.py:100: DeprecationWarning: Policy enforcement is depending on the value of is_admin. This key is deprecated. Please update your policy file to use the standard policy values.
Jun 15 10:35:03.180826 dv-cinder-843493-2-smb devstack@c-api.service[110749]: warnings.warn('Policy enforcement is depending on the value of '
Jun 15 10:35:03.249036 dv-cinder-843493-2-smb devstack@c-api.service[110749]: INFO cinder.api.openstack.wsgi [None req-ee40b361-c133-48b3-a61b-289ab639a566 tempest-GroupSnapshotsTest-1380246343 tempest-GroupSnapshotsTest-1380246343-project] http://10.222.0.50/volume/v3/1a22891e645f4dbd899392f751b299ca/groups/3fa0944c-de19-4ab9-895b-8c94f393a861 returned with HTTP 200
Jun 15 10:35:03.251355 dv-cinder-843493-2-smb devstack@c-api.service[110749]: [pid: 110749|app: 0|req: 48/102] 10.222.0.50 () {60 vars in 1362 bytes} [Wed Jun 15 10:35:03 2022] GET /volume/v3/1a22891e645f4dbd899392f751b299ca/groups/3fa0944c-de19-4ab9-895b-8c94f393a861 => generated 392 bytes in 102 msecs (HTTP/1.1 200) 7 headers in 286 bytes (1 switches on core 0)
Jun 15 10:35:03.497208 dv-cinder-843493-2-smb devstack@c-api.service[110748]: DEBUG cinder.api.middleware.request_id [None req-0fe0a7ae-8926-48c3-94f7-884d0a077d1c None None] RequestId filter calling following filter/app {{(pid=110748) _context_setter /opt/stack/cinder/cinder/api/middleware/request_id.py:62}}
Jun 15 10:35:03.510343 dv-cinder-843493-2-smb devstack@c-api.service[110748]: INFO cinder.api.openstack.wsgi [None req-0fe0a7ae-8926-48c3-94f7-884d0a077d1c tempest-GroupSnapshotsV319Test-799169416 tempest-GroupSnapshotsV319Test-799169416-project] GET http://10.222.0.50/volume/v3/daa23a95964043d7ba90c72f815d000f/group_snapshots/70364888-1770-4b0b-a9d3-5a19e1f5b468
Jun 15 10:35:03.510861 dv-cinder-843493-2-smb devstack@c-api.service[110748]: DEBUG cinder.api.openstack.wsgi [None req-0fe0a7ae-8926-48c3-94f7-884d0a077d1c tempest-GroupSnapshotsV319Test-799169416 tempest-GroupSnapshotsV319Test-799169416-project] Empty body provided in request {{(pid=110748) get_body /opt/stack/cinder/cinder/api/openstack/wsgi.py:715}}
Jun 15 10:35:03.511517 dv-cinder-843493-2-smb devstack@c-api.service[110748]: DEBUG cinder.api.openstack.wsgi [None req-0fe0a7ae-8926-48c3-94f7-884d0a077d1c tempest-GroupSnapshotsV319Test-799169416 tempest-GroupSnapshotsV319Test-799169416-project] Calling method 'version_select' {{(pid=110748) _process_stack /opt/stack/cinder/cinder/api/openstack/wsgi.py:868}}
Jun 15 10:35:03.512105 dv-cinder-843493-2-smb devstack@c-api.service[110748]: DEBUG cinder.api.v3.group_snapshots [None req-0fe0a7ae-8926-48c3-94f7-884d0a077d1c tempest-GroupSnapshotsV319Test-799169416 tempest-GroupSnapshotsV319Test-799169416-project] show called for member 70364888-1770-4b0b-a9d3-5a19e1f5b468 {{(pid=110748) show /opt/stack/cinder/cinder/api/v3/group_snapshots.py:58}}
Jun 15 10:35:03.536042 dv-cinder-843493-2-smb devstack@c-api.service[110748]: /usr/local/lib/python3.8/dist-packages/oslo_context/context.py:100: DeprecationWarning: Policy enforcement is depending on the value of is_admin. This key is deprecated. Please update your policy file to use the standard policy values.
Jun 15 10:35:03.536042 dv-cinder-843493-2-smb devstack@c-api.service[110748]: warnings.warn('Policy enforcement is depending on the value of '
Jun 15 10:35:03.583457 dv-cinder-843493-2-smb devstack@c-api.service[110748]: INFO cinder.api.openstack.wsgi [None req-0fe0a7ae-8926-48c3-94f7-884d0a077d1c tempest-GroupSnapshotsV319Test-799169416 tempest-GroupSnapshotsV319Test-799169416-project] http://10.222.0.50/volume/v3/daa23a95964043d7ba90c72f815d000f/group_snapshots/70364888-1770-4b0b-a9d3-5a19e1f5b468 returned with HTTP 200
Jun 15 10:35:03.590064 dv-cinder-843493-2-smb devstack@c-api.service[110748]: [pid: 110748|app: 0|req: 55/103] 10.222.0.50 () {60 vars in 1389 bytes} [Wed Jun 15 10:35:03 2022] GET /volume/v3/daa23a95964043d7ba90c72f815d000f/group_snapshots/70364888-1770-4b0b-a9d3-5a19e1f5b468 => generated 330 bytes in 94 msecs (HTTP/1.1 200) 7 headers in 286 bytes (1 switches on core 0)
Jun 15 10:35:03.601963 dv-cinder-843493-2-smb devstack@c-api.service[110749]: DEBUG cinder.api.middleware.request_id [None req-8f1fa8c3-f882-4a47-807c-5815b93358ac None None] RequestId filter calling following filter/app {{(pid=110749) _context_setter /opt/stack/cinder/cinder/api/middleware/request_id.py:62}}
Jun 15 10:35:03.606500 dv-cinder-843493-2-smb devstack@c-api.service[110749]: INFO cinder.api.openstack.wsgi [None req-8f1fa8c3-f882-4a47-807c-5815b93358ac tempest-GroupSnapshotsV319Test-799169416 tempest-GroupSnapshotsV319Test-799169416-project] GET http://10.222.0.50/volume/v3/daa23a95964043d7ba90c72f815d000f/snapshots/detail
Jun 15 10:35:03.606802 dv-cinder-843493-2-smb devstack@c-api.service[110749]: DEBUG cinder.api.openstack.wsgi [None req-8f1fa8c3-f882-4a47-807c-5815b93358ac tempest-GroupSnapshotsV319Test-799169416 tempest-GroupSnapshotsV319Test-799169416-project] Empty body provided in request {{(pid=110749) get_body /opt/stack/cinder/cinder/api/openstack/wsgi.py:715}}
Jun 15 10:35:03.607262 dv-cinder-843493-2-smb devstack@c-api.service[110749]: DEBUG cinder.api.openstack.wsgi [None req-8f1fa8c3-f882-4a47-807c-5815b93358ac tempest-GroupSnapshotsV319Test-799169416 tempest-GroupSnapshotsV319Test-799169416-project] Calling method 'detail' {{(pid=110749) _process_stack /opt/stack/cinder/cinder/api/openstack/wsgi.py:868}}
Jun 15 10:35:03.607909 dv-cinder-843493-2-smb devstack@c-api.service[110749]: DEBUG cinder.api.api_utils [None req-8f1fa8c3-f882-4a47-807c-5815b93358ac tempest-GroupSnapshotsV319Test-799169416 tempest-GroupSnapshotsV319Test-799169416-project] Removing options '' from query. {{(pid=110749) remove_invalid_filter_options /opt/stack/cinder/cinder/api/api_utils.py:73}}
Jun 15 10:35:03.608684 dv-cinder-843493-2-smb devstack@c-api.service[110749]: /usr/local/lib/python3.8/dist-packages/oslo_context/context.py:100: DeprecationWarning: Policy enforcement is depending on the value of is_admin. This key is deprecated. Please update your policy file to use the standard policy values.
Jun 15 10:35:03.608684 dv-cinder-843493-2-smb devstack@c-api.service[110749]: warnings.warn('Policy enforcement is depending on the value of '
Jun 15 10:35:03.612001 dv-cinder-843493-2-smb devstack@c-api.service[110749]: DEBUG cinder.db.sqlalchemy.api [None req-8f1fa8c3-f882-4a47-807c-5815b93358ac tempest-GroupSnapshotsV319Test-799169416 tempest-GroupSnapshotsV319Test-799169416-project] Building query based on filter {{(pid=110749) _process_snaps_filters /opt/stack/cinder/cinder/db/sqlalchemy/api.py:3878}}
Jun 15 10:35:03.643687 dv-cinder-843493-2-smb devstack@c-api.service[110749]: INFO cinder.volume.api [None req-8f1fa8c3-f882-4a47-807c-5815b93358ac tempest-GroupSnapshotsV319Test-799169416 tempest-GroupSnapshotsV319Test-799169416-project] Get all snapshots completed successfully.
Jun 15 10:35:03.644991 dv-cinder-843493-2-smb devstack@c-api.service[110749]: /usr/local/lib/python3.8/dist-packages/oslo_context/context.py:100: DeprecationWarning: Policy enforcement is depending on the value of is_admin. This key is deprecated. Please update your policy file to use the standard policy values.
Jun 15 10:35:03.644991 dv-cinder-843493-2-smb devstack@c-api.service[110749]: warnings.warn('Policy enforcement is depending on the value of '
Jun 15 10:35:03.647592 dv-cinder-843493-2-smb devstack@c-api.service[110749]: INFO cinder.api.openstack.wsgi [None req-8f1fa8c3-f882-4a47-807c-5815b93358ac tempest-GroupSnapshotsV319Test-799169416 tempest-GroupSnapshotsV319Test-799169416-project] http://10.222.0.50/volume/v3/daa23a95964043d7ba90c72f815d000f/snapshots/detail returned with HTTP 200
Jun 15 10:35:03.662430 dv-cinder-843493-2-smb devstack@c-api.service[110748]: DEBUG cinder.api.middleware.request_id [None req-be69b7f0-cce8-453b-883a-a2d8177fbd89 None None] RequestId filter calling following filter/app {{(pid=110748) _context_setter /opt/stack/cinder/cinder/api/middleware/request_id.py:62}}
Jun 15 10:35:03.662715 dv-cinder-843493-2-smb devstack@c-api.service[110749]: [pid: 110749|app: 0|req: 49/104] 10.222.0.50 () {58 vars in 1240 bytes} [Wed Jun 15 10:35:03 2022] GET /volume/v3/daa23a95964043d7ba90c72f815d000f/snapshots/detail => generated 542 bytes in 60 msecs (HTTP/1.1 200) 7 headers in 285 bytes (1 switches on core 0)
Jun 15 10:35:03.669502 dv-cinder-843493-2-smb devstack@c-api.service[110748]: INFO cinder.api.openstack.wsgi [None req-be69b7f0-cce8-453b-883a-a2d8177fbd89 tempest-GroupSnapshotsV319Test-799169416 tempest-GroupSnapshotsV319Test-799169416-project] GET http://10.222.0.50/volume/v3/daa23a95964043d7ba90c72f815d000f/snapshots/1f9f7ca8-8d06-4ecd-af4a-b4a8986c53fd
Jun 15 10:35:03.670339 dv-cinder-843493-2-smb devstack@c-api.service[110748]: DEBUG cinder.api.openstack.wsgi [None req-be69b7f0-cce8-453b-883a-a2d8177fbd89 tempest-GroupSnapshotsV319Test-799169416 tempest-GroupSnapshotsV319Test-799169416-project] Empty body provided in request {{(pid=110748) get_body /opt/stack/cinder/cinder/api/openstack/wsgi.py:715}}
Jun 15 10:35:03.670985 dv-cinder-843493-2-smb devstack@c-api.service[110748]: DEBUG cinder.api.openstack.wsgi [None req-be69b7f0-cce8-453b-883a-a2d8177fbd89 tempest-GroupSnapshotsV319Test-799169416 tempest-GroupSnapshotsV319Test-799169416-project] Calling method 'show' {{(pid=110748) _process_stack /opt/stack/cinder/cinder/api/openstack/wsgi.py:868}}
Jun 15 10:35:03.712502 dv-cinder-843493-2-smb devstack@c-api.service[110748]: /usr/local/lib/python3.8/dist-packages/oslo_context/context.py:100: DeprecationWarning: Policy enforcement is depending on the value of is_admin. This key is deprecated. Please update your policy file to use the standard policy values.
Jun 15 10:35:03.712502 dv-cinder-843493-2-smb devstack@c-api.service[110748]: warnings.warn('Policy enforcement is depending on the value of '
Jun 15 10:35:03.713847 dv-cinder-843493-2-smb devstack@c-api.service[110748]: INFO cinder.volume.api [None req-be69b7f0-cce8-453b-883a-a2d8177fbd89 tempest-GroupSnapshotsV319Test-799169416 tempest-GroupSnapshotsV319Test-799169416-project] Snapshot retrieved successfully.
Jun 15 10:35:03.724013 dv-cinder-843493-2-smb devstack@c-api.service[110748]: INFO cinder.api.openstack.wsgi [None req-be69b7f0-cce8-453b-883a-a2d8177fbd89 tempest-GroupSnapshotsV319Test-799169416 tempest-GroupSnapshotsV319Test-799169416-project] http://10.222.0.50/volume/v3/daa23a95964043d7ba90c72f815d000f/snapshots/1f9f7ca8-8d06-4ecd-af4a-b4a8986c53fd returned with HTTP 200
Jun 15 10:35:03.739189 dv-cinder-843493-2-smb devstack@c-api.service[110749]: DEBUG cinder.api.middleware.request_id [None req-e4ad1578-9efb-4b6b-8871-849a3e06d84c None None] RequestId filter calling following filter/app {{(pid=110749) _context_setter /opt/stack/cinder/cinder/api/middleware/request_id.py:62}}
Jun 15 10:35:03.745449 dv-cinder-843493-2-smb devstack@c-api.service[110749]: INFO cinder.api.openstack.wsgi [None req-e4ad1578-9efb-4b6b-8871-849a3e06d84c tempest-GroupSnapshotsV319Test-1119095797 tempest-GroupSnapshotsV319Test-1119095797-project-admin] POST http://10.222.0.50/volume/v3/11fe18069781484f8d72ede097e6e131/group_snapshots/70364888-1770-4b0b-a9d3-5a19e1f5b468/action
Jun 15 10:35:03.746461 dv-cinder-843493-2-smb devstack@c-api.service[110749]: DEBUG cinder.api.openstack.wsgi [None req-e4ad1578-9efb-4b6b-8871-849a3e06d84c tempest-GroupSnapshotsV319Test-1119095797 tempest-GroupSnapshotsV319Test-1119095797-project-admin] Action body: b'{"reset_status": {"status": "creating"}}' {{(pid=110749) get_method /opt/stack/cinder/cinder/api/openstack/wsgi.py:983}}
Jun 15 10:35:03.746959 dv-cinder-843493-2-smb devstack@c-api.service[110749]: DEBUG cinder.api.openstack.wsgi [None req-e4ad1578-9efb-4b6b-8871-849a3e06d84c tempest-GroupSnapshotsV319Test-1119095797 tempest-GroupSnapshotsV319Test-1119095797-project-admin] Action: 'action', calling method: version_select, body: {"reset_status": {"status": "creating"}} {{(pid=110749) _process_stack /opt/stack/cinder/cinder/api/openstack/wsgi.py:866}}
Jun 15 10:35:03.748006 dv-cinder-843493-2-smb devstack@c-api.service[110749]: DEBUG cinder.api.v3.group_snapshots [None req-e4ad1578-9efb-4b6b-8871-849a3e06d84c tempest-GroupSnapshotsV319Test-1119095797 tempest-GroupSnapshotsV319Test-1119095797-project-admin] Updating group '70364888-1770-4b0b-a9d3-5a19e1f5b468' with 'creating' {{(pid=110749) _reset_status /opt/stack/cinder/cinder/api/v3/group_snapshots.py:194}}
Jun 15 10:35:03.751504 dv-cinder-843493-2-smb devstack@c-api.service[110748]: [pid: 110748|app: 0|req: 56/105] 10.222.0.50 () {58 vars in 1330 bytes} [Wed Jun 15 10:35:03 2022] GET /volume/v3/daa23a95964043d7ba90c72f815d000f/snapshots/1f9f7ca8-8d06-4ecd-af4a-b4a8986c53fd => generated 539 bytes in 90 msecs (HTTP/1.1 200) 7 headers in 285 bytes (1 switches on core 0)
Jun 15 10:35:03.773707 dv-cinder-843493-2-smb devstack@c-api.service[110749]: /usr/local/lib/python3.8/dist-packages/oslo_context/context.py:100: DeprecationWarning: Policy enforcement is depending on the value of is_admin. This key is deprecated. Please update your policy file to use the standard policy values.
Jun 15 10:35:03.773707 dv-cinder-843493-2-smb devstack@c-api.service[110749]: warnings.warn('Policy enforcement is depending on the value of '
Jun 15 10:35:03.804131 dv-cinder-843493-2-smb devstack@c-api.service[110748]: DEBUG cinder.api.middleware.request_id [None req-14a41377-68bd-4511-bccb-cb5644c07c38 None None] RequestId filter calling following filter/app {{(pid=110748) _context_setter /opt/stack/cinder/cinder/api/middleware/request_id.py:62}}
Jun 15 10:35:03.830556 dv-cinder-843493-2-smb devstack@c-api.service[110749]: INFO cinder.api.openstack.wsgi [None req-e4ad1578-9efb-4b6b-8871-849a3e06d84c tempest-GroupSnapshotsV319Test-1119095797 tempest-GroupSnapshotsV319Test-1119095797-project-admin] http://10.222.0.50/volume/v3/11fe18069781484f8d72ede097e6e131/group_snapshots/70364888-1770-4b0b-a9d3-5a19e1f5b468/action returned with HTTP 202
Jun 15 10:35:03.835435 dv-cinder-843493-2-smb devstack@c-api.service[110749]: [pid: 110749|app: 0|req: 50/106] 10.222.0.50 () {62 vars in 1431 bytes} [Wed Jun 15 10:35:03 2022] POST /volume/v3/11fe18069781484f8d72ede097e6e131/group_snapshots/70364888-1770-4b0b-a9d3-5a19e1f5b468/action => generated 0 bytes in 97 msecs (HTTP/1.1 202) 6 headers in 234 bytes (1 switches on core 0)
Jun 15 10:35:03.837126 dv-cinder-843493-2-smb devstack@c-api.service[110749]: DEBUG cinder.api.middleware.request_id [None req-246f297a-09ff-4f65-b38f-9a7550d494ce None None] RequestId filter calling following filter/app {{(pid=110749) _context_setter /opt/stack/cinder/cinder/api/middleware/request_id.py:62}}
Jun 15 10:35:03.841395 dv-cinder-843493-2-smb devstack@c-api.service[110749]: INFO cinder.api.openstack.wsgi [None req-246f297a-09ff-4f65-b38f-9a7550d494ce tempest-GroupSnapshotsV319Test-799169416 tempest-GroupSnapshotsV319Test-799169416-project] GET http://10.222.0.50/volume/v3/daa23a95964043d7ba90c72f815d000f/group_snapshots/70364888-1770-4b0b-a9d3-5a19e1f5b468
Jun 15 10:35:03.842143 dv-cinder-843493-2-smb devstack@c-api.service[110749]: DEBUG cinder.api.openstack.wsgi [None req-246f297a-09ff-4f65-b38f-9a7550d494ce tempest-GroupSnapshotsV319Test-799169416 tempest-GroupSnapshotsV319Test-799169416-project] Empty body provided in request {{(pid=110749) get_body /opt/stack/cinder/cinder/api/openstack/wsgi.py:715}}
Jun 15 10:35:03.842838 dv-cinder-843493-2-smb devstack@c-api.service[110749]: DEBUG cinder.api.openstack.wsgi [None req-246f297a-09ff-4f65-b38f-9a7550d494ce tempest-GroupSnapshotsV319Test-799169416 tempest-GroupSnapshotsV319Test-799169416-project] Calling method 'version_select' {{(pid=110749) _process_stack /opt/stack/cinder/cinder/api/openstack/wsgi.py:868}}
Jun 15 10:35:03.843337 dv-cinder-843493-2-smb devstack@c-api.service[110749]: DEBUG cinder.api.v3.group_snapshots [None req-246f297a-09ff-4f65-b38f-9a7550d494ce tempest-GroupSnapshotsV319Test-799169416 tempest-GroupSnapshotsV319Test-799169416-project] show called for member 70364888-1770-4b0b-a9d3-5a19e1f5b468 {{(pid=110749) show /opt/stack/cinder/cinder/api/v3/group_snapshots.py:58}}
Jun 15 10:35:03.856955 dv-cinder-843493-2-smb devstack@c-api.service[110749]: /usr/local/lib/python3.8/dist-packages/oslo_context/context.py:100: DeprecationWarning: Policy enforcement is depending on the value of is_admin. This key is deprecated. Please update your policy file to use the standard policy values.
Jun 15 10:35:03.856955 dv-cinder-843493-2-smb devstack@c-api.service[110749]: warnings.warn('Policy enforcement is depending on the value of '
Jun 15 10:35:03.879206 dv-cinder-843493-2-smb devstack@c-api.service[110749]: INFO cinder.api.openstack.wsgi [None req-246f297a-09ff-4f65-b38f-9a7550d494ce tempest-GroupSnapshotsV319Test-799169416 tempest-GroupSnapshotsV319Test-799169416-project] http://10.222.0.50/volume/v3/daa23a95964043d7ba90c72f815d000f/group_snapshots/70364888-1770-4b0b-a9d3-5a19e1f5b468 returned with HTTP 200
Jun 15 10:35:03.894342 dv-cinder-843493-2-smb devstack@c-api.service[110749]: [pid: 110749|app: 0|req: 51/107] 10.222.0.50 () {60 vars in 1389 bytes} [Wed Jun 15 10:35:03 2022] GET /volume/v3/daa23a95964043d7ba90c72f815d000f/group_snapshots/70364888-1770-4b0b-a9d3-5a19e1f5b468 => generated 329 bytes in 58 msecs (HTTP/1.1 200) 7 headers in 286 bytes (1 switches on core 0)
Jun 15 10:35:03.896472 dv-cinder-843493-2-smb devstack@c-api.service[110749]: DEBUG cinder.api.middleware.request_id [None req-7a5c4646-5048-4973-ab63-27ce35a0b742 None None] RequestId filter calling following filter/app {{(pid=110749) _context_setter /opt/stack/cinder/cinder/api/middleware/request_id.py:62}}
Jun 15 10:35:03.902225 dv-cinder-843493-2-smb devstack@c-api.service[110749]: INFO cinder.api.openstack.wsgi [None req-7a5c4646-5048-4973-ab63-27ce35a0b742 tempest-GroupSnapshotsV319Test-1119095797 tempest-GroupSnapshotsV319Test-1119095797-project-admin] POST http://10.222.0.50/volume/v3/11fe18069781484f8d72ede097e6e131/group_snapshots/70364888-1770-4b0b-a9d3-5a19e1f5b468/action
Jun 15 10:35:03.903068 dv-cinder-843493-2-smb devstack@c-api.service[110749]: DEBUG cinder.api.openstack.wsgi [None req-7a5c4646-5048-4973-ab63-27ce35a0b742 tempest-GroupSnapshotsV319Test-1119095797 tempest-GroupSnapshotsV319Test-1119095797-project-admin] Action body: b'{"reset_status": {"status": "available"}}' {{(pid=110749) get_method /opt/stack/cinder/cinder/api/openstack/wsgi.py:983}}
Jun 15 10:35:03.903397 dv-cinder-843493-2-smb devstack@c-api.service[110749]: DEBUG cinder.api.openstack.wsgi [None req-7a5c4646-5048-4973-ab63-27ce35a0b742 tempest-GroupSnapshotsV319Test-1119095797 tempest-GroupSnapshotsV319Test-1119095797-project-admin] Action: 'action', calling method: reset_status, body: {"reset_status": {"status": "available"}} {{(pid=110749) _process_stack /opt/stack/cinder/cinder/api/openstack/wsgi.py:866}}
Jun 15 10:35:03.910933 dv-cinder-843493-2-smb devstack@c-api.service[110749]: DEBUG cinder.api.v3.group_snapshots [None req-7a5c4646-5048-4973-ab63-27ce35a0b742 tempest-GroupSnapshotsV319Test-1119095797 tempest-GroupSnapshotsV319Test-1119095797-project-admin] Updating group '70364888-1770-4b0b-a9d3-5a19e1f5b468' with 'available' {{(pid=110749) _reset_status /opt/stack/cinder/cinder/api/v3/group_snapshots.py:194}}
Jun 15 10:35:03.928626 dv-cinder-843493-2-smb devstack@c-api.service[110749]: /usr/local/lib/python3.8/dist-packages/oslo_context/context.py:100: DeprecationWarning: Policy enforcement is depending on the value of is_admin. This key is deprecated. Please update your policy file to use the standard policy values.
Jun 15 10:35:03.928626 dv-cinder-843493-2-smb devstack@c-api.service[110749]: warnings.warn('Policy enforcement is depending on the value of '
Jun 15 10:35:03.950132 dv-cinder-843493-2-smb devstack@c-api.service[110749]: INFO cinder.api.openstack.wsgi [None req-7a5c4646-5048-4973-ab63-27ce35a0b742 tempest-GroupSnapshotsV319Test-1119095797 tempest-GroupSnapshotsV319Test-1119095797-project-admin] http://10.222.0.50/volume/v3/11fe18069781484f8d72ede097e6e131/group_snapshots/70364888-1770-4b0b-a9d3-5a19e1f5b468/action returned with HTTP 202
Jun 15 10:35:03.954927 dv-cinder-843493-2-smb devstack@c-api.service[110749]: [pid: 110749|app: 0|req: 52/108] 10.222.0.50 () {62 vars in 1431 bytes} [Wed Jun 15 10:35:03 2022] POST /volume/v3/11fe18069781484f8d72ede097e6e131/group_snapshots/70364888-1770-4b0b-a9d3-5a19e1f5b468/action => generated 0 bytes in 60 msecs (HTTP/1.1 202) 6 headers in 234 bytes (1 switches on core 0)
Jun 15 10:35:03.956267 dv-cinder-843493-2-smb devstack@c-api.service[110749]: DEBUG cinder.api.middleware.request_id [None req-ab17a22a-99f3-4e45-aa5e-6a537e5c948d None None] RequestId filter calling following filter/app {{(pid=110749) _context_setter /opt/stack/cinder/cinder/api/middleware/request_id.py:62}}
Jun 15 10:35:03.961594 dv-cinder-843493-2-smb devstack@c-api.service[110749]: INFO cinder.api.openstack.wsgi [None req-ab17a22a-99f3-4e45-aa5e-6a537e5c948d tempest-GroupSnapshotsV319Test-799169416 tempest-GroupSnapshotsV319Test-799169416-project] GET http://10.222.0.50/volume/v3/daa23a95964043d7ba90c72f815d000f/group_snapshots/70364888-1770-4b0b-a9d3-5a19e1f5b468
Jun 15 10:35:03.962165 dv-cinder-843493-2-smb devstack@c-api.service[110749]: DEBUG cinder.api.openstack.wsgi [None req-ab17a22a-99f3-4e45-aa5e-6a537e5c948d tempest-GroupSnapshotsV319Test-799169416 tempest-GroupSnapshotsV319Test-799169416-project] Empty body provided in request {{(pid=110749) get_body /opt/stack/cinder/cinder/api/openstack/wsgi.py:715}}
Jun 15 10:35:03.962675 dv-cinder-843493-2-smb devstack@c-api.service[110749]: DEBUG cinder.api.openstack.wsgi [None req-ab17a22a-99f3-4e45-aa5e-6a537e5c948d tempest-GroupSnapshotsV319Test-799169416 tempest-GroupSnapshotsV319Test-799169416-project] Calling method 'version_select' {{(pid=110749) _process_stack /opt/stack/cinder/cinder/api/openstack/wsgi.py:868}}
Jun 15 10:35:03.962960 dv-cinder-843493-2-smb devstack@c-api.service[110749]: DEBUG cinder.api.v3.group_snapshots [None req-ab17a22a-99f3-4e45-aa5e-6a537e5c948d tempest-GroupSnapshotsV319Test-799169416 tempest-GroupSnapshotsV319Test-799169416-project] show called for member 70364888-1770-4b0b-a9d3-5a19e1f5b468 {{(pid=110749) show /opt/stack/cinder/cinder/api/v3/group_snapshots.py:58}}
Jun 15 10:35:03.986807 dv-cinder-843493-2-smb devstack@c-api.service[110749]: /usr/local/lib/python3.8/dist-packages/oslo_context/context.py:100: DeprecationWarning: Policy enforcement is depending on the value of is_admin. This key is deprecated. Please update your policy file to use the standard policy values.
Jun 15 10:35:03.986807 dv-cinder-843493-2-smb devstack@c-api.service[110749]: warnings.warn('Policy enforcement is depending on the value of '
Jun 15 10:35:03.995241 dv-cinder-843493-2-smb devstack@c-api.service[110749]: DEBUG dbcounter [-] [110749] Writing DB stats cinder:SELECT=78,cinder:INSERT=8,cinder:UPDATE=14 {{(pid=110749) stat_writer /usr/local/lib/python3.8/dist-packages/dbcounter.py:114}}
Jun 15 10:35:04.011638 dv-cinder-843493-2-smb devstack@c-api.service[110749]: INFO cinder.api.openstack.wsgi [None req-ab17a22a-99f3-4e45-aa5e-6a537e5c948d tempest-GroupSnapshotsV319Test-799169416 tempest-GroupSnapshotsV319Test-799169416-project] http://10.222.0.50/volume/v3/daa23a95964043d7ba90c72f815d000f/group_snapshots/70364888-1770-4b0b-a9d3-5a19e1f5b468 returned with HTTP 200
Jun 15 10:35:04.012685 dv-cinder-843493-2-smb devstack@c-api.service[110749]: [pid: 110749|app: 0|req: 53/109] 10.222.0.50 () {60 vars in 1389 bytes} [Wed Jun 15 10:35:03 2022] GET /volume/v3/daa23a95964043d7ba90c72f815d000f/group_snapshots/70364888-1770-4b0b-a9d3-5a19e1f5b468 => generated 330 bytes in 57 msecs (HTTP/1.1 200) 7 headers in 286 bytes (1 switches on core 0)
Jun 15 10:35:04.020378 dv-cinder-843493-2-smb devstack@c-api.service[110749]: DEBUG cinder.api.middleware.request_id [None req-7a77b8d6-ea00-4bef-b9d8-eac562a2e01c None None] RequestId filter calling following filter/app {{(pid=110749) _context_setter /opt/stack/cinder/cinder/api/middleware/request_id.py:62}}
Jun 15 10:35:04.029730 dv-cinder-843493-2-smb devstack@c-api.service[110749]: INFO cinder.api.openstack.wsgi [None req-7a77b8d6-ea00-4bef-b9d8-eac562a2e01c tempest-GroupSnapshotsV319Test-1119095797 tempest-GroupSnapshotsV319Test-1119095797-project-admin] POST http://10.222.0.50/volume/v3/11fe18069781484f8d72ede097e6e131/group_snapshots/70364888-1770-4b0b-a9d3-5a19e1f5b468/action
Jun 15 10:35:04.031389 dv-cinder-843493-2-smb devstack@c-api.service[110749]: DEBUG cinder.api.openstack.wsgi [None req-7a77b8d6-ea00-4bef-b9d8-eac562a2e01c tempest-GroupSnapshotsV319Test-1119095797 tempest-GroupSnapshotsV319Test-1119095797-project-admin] Action body: b'{"reset_status": {"status": "error"}}' {{(pid=110749) get_method /opt/stack/cinder/cinder/api/openstack/wsgi.py:983}}
Jun 15 10:35:04.031885 dv-cinder-843493-2-smb devstack@c-api.service[110749]: DEBUG cinder.api.openstack.wsgi [None req-7a77b8d6-ea00-4bef-b9d8-eac562a2e01c tempest-GroupSnapshotsV319Test-1119095797 tempest-GroupSnapshotsV319Test-1119095797-project-admin] Action: 'action', calling method: reset_status, body: {"reset_status": {"status": "error"}} {{(pid=110749) _process_stack /opt/stack/cinder/cinder/api/openstack/wsgi.py:866}}
Jun 15 10:35:04.032797 dv-cinder-843493-2-smb devstack@c-api.service[110749]: DEBUG cinder.api.v3.group_snapshots [None req-7a77b8d6-ea00-4bef-b9d8-eac562a2e01c tempest-GroupSnapshotsV319Test-1119095797 tempest-GroupSnapshotsV319Test-1119095797-project-admin] Updating group '70364888-1770-4b0b-a9d3-5a19e1f5b468' with 'error' {{(pid=110749) _reset_status /opt/stack/cinder/cinder/api/v3/group_snapshots.py:194}}
Jun 15 10:35:04.049494 dv-cinder-843493-2-smb devstack@c-api.service[110749]: /usr/local/lib/python3.8/dist-packages/oslo_context/context.py:100: DeprecationWarning: Policy enforcement is depending on the value of is_admin. This key is deprecated. Please update your policy file to use the standard policy values.
Jun 15 10:35:04.049494 dv-cinder-843493-2-smb devstack@c-api.service[110749]: warnings.warn('Policy enforcement is depending on the value of '
Jun 15 10:35:04.074326 dv-cinder-843493-2-smb devstack@c-api.service[110749]: INFO cinder.api.openstack.wsgi [None req-7a77b8d6-ea00-4bef-b9d8-eac562a2e01c tempest-GroupSnapshotsV319Test-1119095797 tempest-GroupSnapshotsV319Test-1119095797-project-admin] http://10.222.0.50/volume/v3/11fe18069781484f8d72ede097e6e131/group_snapshots/70364888-1770-4b0b-a9d3-5a19e1f5b468/action returned with HTTP 202
Jun 15 10:35:04.079691 dv-cinder-843493-2-smb devstack@c-api.service[110749]: [pid: 110749|app: 0|req: 54/110] 10.222.0.50 () {62 vars in 1431 bytes} [Wed Jun 15 10:35:04 2022] POST /volume/v3/11fe18069781484f8d72ede097e6e131/group_snapshots/70364888-1770-4b0b-a9d3-5a19e1f5b468/action => generated 0 bytes in 61 msecs (HTTP/1.1 202) 6 headers in 234 bytes (1 switches on core 0)
Jun 15 10:35:04.081306 dv-cinder-843493-2-smb devstack@c-api.service[110749]: DEBUG cinder.api.middleware.request_id [None req-0db3761b-e47d-4e2c-8dc0-cb9e731adf2b None None] RequestId filter calling following filter/app {{(pid=110749) _context_setter /opt/stack/cinder/cinder/api/middleware/request_id.py:62}}
Jun 15 10:35:04.091519 dv-cinder-843493-2-smb devstack@c-api.service[110749]: INFO cinder.api.openstack.wsgi [None req-0db3761b-e47d-4e2c-8dc0-cb9e731adf2b tempest-GroupSnapshotsV319Test-799169416 tempest-GroupSnapshotsV319Test-799169416-project] GET http://10.222.0.50/volume/v3/daa23a95964043d7ba90c72f815d000f/group_snapshots/70364888-1770-4b0b-a9d3-5a19e1f5b468
Jun 15 10:35:04.094830 dv-cinder-843493-2-smb devstack@c-api.service[110749]: DEBUG cinder.api.openstack.wsgi [None req-0db3761b-e47d-4e2c-8dc0-cb9e731adf2b tempest-GroupSnapshotsV319Test-799169416 tempest-GroupSnapshotsV319Test-799169416-project] Empty body provided in request {{(pid=110749) get_body /opt/stack/cinder/cinder/api/openstack/wsgi.py:715}}
Jun 15 10:35:04.096140 dv-cinder-843493-2-smb devstack@c-api.service[110749]: DEBUG cinder.api.openstack.wsgi [None req-0db3761b-e47d-4e2c-8dc0-cb9e731adf2b tempest-GroupSnapshotsV319Test-799169416 tempest-GroupSnapshotsV319Test-799169416-project] Calling method 'version_select' {{(pid=110749) _process_stack /opt/stack/cinder/cinder/api/openstack/wsgi.py:868}}
Jun 15 10:35:04.096540 dv-cinder-843493-2-smb devstack@c-api.service[110749]: DEBUG cinder.api.v3.group_snapshots [None req-0db3761b-e47d-4e2c-8dc0-cb9e731adf2b tempest-GroupSnapshotsV319Test-799169416 tempest-GroupSnapshotsV319Test-799169416-project] show called for member 70364888-1770-4b0b-a9d3-5a19e1f5b468 {{(pid=110749) show /opt/stack/cinder/cinder/api/v3/group_snapshots.py:58}}
Jun 15 10:35:04.113814 dv-cinder-843493-2-smb devstack@c-api.service[110749]: /usr/local/lib/python3.8/dist-packages/oslo_context/context.py:100: DeprecationWarning: Policy enforcement is depending on the value of is_admin. This key is deprecated. Please update your policy file to use the standard policy values.
Jun 15 10:35:04.113814 dv-cinder-843493-2-smb devstack@c-api.service[110749]: warnings.warn('Policy enforcement is depending on the value of '
Jun 15 10:35:04.135365 dv-cinder-843493-2-smb devstack@c-api.service[110749]: INFO cinder.api.openstack.wsgi [None req-0db3761b-e47d-4e2c-8dc0-cb9e731adf2b tempest-GroupSnapshotsV319Test-799169416 tempest-GroupSnapshotsV319Test-799169416-project] http://10.222.0.50/volume/v3/daa23a95964043d7ba90c72f815d000f/group_snapshots/70364888-1770-4b0b-a9d3-5a19e1f5b468 returned with HTTP 200
Jun 15 10:35:04.144366 dv-cinder-843493-2-smb devstack@c-api.service[110749]: [pid: 110749|app: 0|req: 55/111] 10.222.0.50 () {60 vars in 1389 bytes} [Wed Jun 15 10:35:04 2022] GET /volume/v3/daa23a95964043d7ba90c72f815d000f/group_snapshots/70364888-1770-4b0b-a9d3-5a19e1f5b468 => generated 326 bytes in 64 msecs (HTTP/1.1 200) 7 headers in 286 bytes (1 switches on core 0)
Jun 15 10:35:04.150046 dv-cinder-843493-2-smb devstack@c-api.service[110749]: DEBUG cinder.api.middleware.request_id [None req-121d5f1b-2d44-460b-9062-b7b25798c59d None None] RequestId filter calling following filter/app {{(pid=110749) _context_setter /opt/stack/cinder/cinder/api/middleware/request_id.py:62}}
Jun 15 10:35:04.157063 dv-cinder-843493-2-smb devstack@c-api.service[110749]: INFO cinder.api.openstack.wsgi [None req-121d5f1b-2d44-460b-9062-b7b25798c59d tempest-GroupSnapshotsV319Test-1119095797 tempest-GroupSnapshotsV319Test-1119095797-project-admin] POST http://10.222.0.50/volume/v3/11fe18069781484f8d72ede097e6e131/group_snapshots/70364888-1770-4b0b-a9d3-5a19e1f5b468/action
Jun 15 10:35:04.161545 dv-cinder-843493-2-smb devstack@c-api.service[110749]: DEBUG cinder.api.openstack.wsgi [None req-121d5f1b-2d44-460b-9062-b7b25798c59d tempest-GroupSnapshotsV319Test-1119095797 tempest-GroupSnapshotsV319Test-1119095797-project-admin] Action body: b'{"reset_status": {"status": "available"}}' {{(pid=110749) get_method /opt/stack/cinder/cinder/api/openstack/wsgi.py:983}}
Jun 15 10:35:04.165424 dv-cinder-843493-2-smb devstack@c-api.service[110749]: DEBUG cinder.api.openstack.wsgi [None req-121d5f1b-2d44-460b-9062-b7b25798c59d tempest-GroupSnapshotsV319Test-1119095797 tempest-GroupSnapshotsV319Test-1119095797-project-admin] Action: 'action', calling method: reset_status, body: {"reset_status": {"status": "available"}} {{(pid=110749) _process_stack /opt/stack/cinder/cinder/api/openstack/wsgi.py:866}}
Jun 15 10:35:04.167418 dv-cinder-843493-2-smb devstack@c-api.service[110749]: DEBUG cinder.api.v3.group_snapshots [None req-121d5f1b-2d44-460b-9062-b7b25798c59d tempest-GroupSnapshotsV319Test-1119095797 tempest-GroupSnapshotsV319Test-1119095797-project-admin] Updating group '70364888-1770-4b0b-a9d3-5a19e1f5b468' with 'available' {{(pid=110749) _reset_status /opt/stack/cinder/cinder/api/v3/group_snapshots.py:194}}
Jun 15 10:35:04.175948 dv-cinder-843493-2-smb devstack@c-api.service[110748]: INFO cinder.api.openstack.wsgi [None req-14a41377-68bd-4511-bccb-cb5644c07c38 tempest-UserMessagesTest-1991692004 tempest-UserMessagesTest-1991692004-project-admin] POST http://10.222.0.50/volume/v3/49d1c5720e2e498fa8b6c0662e10b44e/types
Jun 15 10:35:04.177343 dv-cinder-843493-2-smb devstack@c-api.service[110748]: DEBUG cinder.api.openstack.wsgi [None req-14a41377-68bd-4511-bccb-cb5644c07c38 tempest-UserMessagesTest-1991692004 tempest-UserMessagesTest-1991692004-project-admin] Action: 'create', calling method: _create, body: {"volume_type": {"name": "tempest-UserMessagesTest-volume-type-196056261", "extra_specs": {"storage_protocol": "tempest-storage_protocol-738263398", "vendor_name": "tempest-vendor_name-2144554602"}}} {{(pid=110748) _process_stack /opt/stack/cinder/cinder/api/openstack/wsgi.py:866}}
Jun 15 10:35:04.209756 dv-cinder-843493-2-smb devstack@c-api.service[110749]: /usr/local/lib/python3.8/dist-packages/oslo_context/context.py:100: DeprecationWarning: Policy enforcement is depending on the value of is_admin. This key is deprecated. Please update your policy file to use the standard policy values.
Jun 15 10:35:04.209756 dv-cinder-843493-2-smb devstack@c-api.service[110749]: warnings.warn('Policy enforcement is depending on the value of '
Jun 15 10:35:04.248274 dv-cinder-843493-2-smb devstack@c-api.service[110749]: INFO cinder.api.openstack.wsgi [None req-121d5f1b-2d44-460b-9062-b7b25798c59d tempest-GroupSnapshotsV319Test-1119095797 tempest-GroupSnapshotsV319Test-1119095797-project-admin] http://10.222.0.50/volume/v3/11fe18069781484f8d72ede097e6e131/group_snapshots/70364888-1770-4b0b-a9d3-5a19e1f5b468/action returned with HTTP 202
Jun 15 10:35:04.259343 dv-cinder-843493-2-smb devstack@c-api.service[110749]: [pid: 110749|app: 0|req: 56/112] 10.222.0.50 () {62 vars in 1431 bytes} [Wed Jun 15 10:35:04 2022] POST /volume/v3/11fe18069781484f8d72ede097e6e131/group_snapshots/70364888-1770-4b0b-a9d3-5a19e1f5b468/action => generated 0 bytes in 113 msecs (HTTP/1.1 202) 6 headers in 234 bytes (1 switches on core 0)
Jun 15 10:35:04.262105 dv-cinder-843493-2-smb devstack@c-api.service[110749]: DEBUG cinder.api.middleware.request_id [None req-7f221fc2-bac8-46c2-8ce4-a71c02bf6e09 None None] RequestId filter calling following filter/app {{(pid=110749) _context_setter /opt/stack/cinder/cinder/api/middleware/request_id.py:62}}
Jun 15 10:35:04.268943 dv-cinder-843493-2-smb devstack@c-api.service[110748]: INFO cinder.api.openstack.wsgi [None req-14a41377-68bd-4511-bccb-cb5644c07c38 tempest-UserMessagesTest-1991692004 tempest-UserMessagesTest-1991692004-project-admin] http://10.222.0.50/volume/v3/49d1c5720e2e498fa8b6c0662e10b44e/types returned with HTTP 200
