Jun 15 10:18:29.426267 dv-cinder-843493-2-iscsi devstack@keystone.service[80120]: DEBUG keystone.server.flask.request_processing.middleware.auth_context [None req-2b5993d2-9617-41d9-b04f-3a9ce01c4465 None admin] RBAC: auth_context: {'token': , 'domain_id': None, 'trust_id': None, 'trustor_id': None, 'trustee_id': None, 'domain_name': None, 'group_ids': [], 'user_id': 'fcdb2d8e71bd4fe6b9b1431183facba7', 'user_domain_id': 'default', 'system_scope': 'all', 'project_id': None, 'project_domain_id': None, 'roles': ['admin', 'member', 'reader'], 'is_admin_project': True, 'service_user_id': None, 'service_user_domain_id': None, 'service_project_id': None, 'service_project_domain_id': None, 'service_roles': []} {{(pid=80120) fill_context /opt/stack/keystone/keystone/server/flask/request_processing/middleware/auth_context.py:478}}
Jun 15 10:18:29.428203 dv-cinder-843493-2-iscsi devstack@keystone.service[80120]: DEBUG keystone.server.flask.request_processing.req_logging [None req-2b5993d2-9617-41d9-b04f-3a9ce01c4465 None admin] REQUEST_METHOD: `PUT` {{(pid=80120) log_request_info /opt/stack/keystone/keystone/server/flask/request_processing/req_logging.py:27}}
Jun 15 10:18:29.428490 dv-cinder-843493-2-iscsi devstack@keystone.service[80120]: DEBUG keystone.server.flask.request_processing.req_logging [None req-2b5993d2-9617-41d9-b04f-3a9ce01c4465 None admin] SCRIPT_NAME: `/identity` {{(pid=80120) log_request_info /opt/stack/keystone/keystone/server/flask/request_processing/req_logging.py:28}}
Jun 15 10:18:29.428767 dv-cinder-843493-2-iscsi devstack@keystone.service[80120]: DEBUG keystone.server.flask.request_processing.req_logging [None req-2b5993d2-9617-41d9-b04f-3a9ce01c4465 None admin] PATH_INFO: `/v3/projects/df1f045b58c24b4dba0964eff7d2e540/groups/77182ac3056944e19934f133b3f7b1b3/roles/4d2118569d074a288b37d120110c300d` {{(pid=80120) log_request_info /opt/stack/keystone/keystone/server/flask/request_processing/req_logging.py:29}}
Jun 15 10:18:29.431383 dv-cinder-843493-2-iscsi devstack@keystone.service[80120]: DEBUG keystone.common.rbac_enforcer.enforcer [None req-2b5993d2-9617-41d9-b04f-3a9ce01c4465 None admin] RBAC: Authorizing `identity:create_grant(project_id=df1f045b58c24b4dba0964eff7d2e540, group_id=77182ac3056944e19934f133b3f7b1b3, role_id=4d2118569d074a288b37d120110c300d)` {{(pid=80120) enforce_call /opt/stack/keystone/keystone/common/rbac_enforcer/enforcer.py:449}}
Jun 15 10:18:29.433738 dv-cinder-843493-2-iscsi devstack@keystone.service[80120]: DEBUG keystone.common.rbac_enforcer.enforcer [None req-2b5993d2-9617-41d9-b04f-3a9ce01c4465 None admin] RBAC: Authorization granted {{(pid=80120) enforce_call /opt/stack/keystone/keystone/common/rbac_enforcer/enforcer.py:457}}
Jun 15 10:18:29.437932 dv-cinder-843493-2-iscsi devstack@keystone.service[80120]: DEBUG dbcounter [-] [80120] Writing DB stats keystone:SELECT=98,keystone:INSERT=2 {{(pid=80120) stat_writer /usr/local/lib/python3.8/dist-packages/dbcounter.py:114}}
Jun 15 10:18:29.452279 dv-cinder-843493-2-iscsi devstack@keystone.service[80120]: [pid: 80120|app: 0|req: 207/412] 10.222.0.49 () {58 vars in 1442 bytes} [Wed Jun 15 10:18:29 2022] PUT /identity/v3/projects/df1f045b58c24b4dba0964eff7d2e540/groups/77182ac3056944e19934f133b3f7b1b3/roles/4d2118569d074a288b37d120110c300d => generated 0 bytes in 218 msecs (HTTP/1.1 204) 3 headers in 132 bytes (0 switches on core 0)
Jun 15 10:18:29.458126 dv-cinder-843493-2-iscsi devstack@keystone.service[80120]: DEBUG keystone.server.flask.request_processing.req_logging [None req-0351112a-59d7-474d-8a20-34c140319ef7 None None] REQUEST_METHOD: `POST` {{(pid=80120) log_request_info /opt/stack/keystone/keystone/server/flask/request_processing/req_logging.py:27}}
Jun 15 10:18:29.458126 dv-cinder-843493-2-iscsi devstack@keystone.service[80120]: DEBUG keystone.server.flask.request_processing.req_logging [None req-0351112a-59d7-474d-8a20-34c140319ef7 None None] SCRIPT_NAME: `/identity` {{(pid=80120) log_request_info /opt/stack/keystone/keystone/server/flask/request_processing/req_logging.py:28}}
Jun 15 10:18:29.458126 dv-cinder-843493-2-iscsi devstack@keystone.service[80120]: DEBUG keystone.server.flask.request_processing.req_logging [None req-0351112a-59d7-474d-8a20-34c140319ef7 None None] PATH_INFO: `/v3/auth/tokens` {{(pid=80120) log_request_info /opt/stack/keystone/keystone/server/flask/request_processing/req_logging.py:29}}
Jun 15 10:18:29.481000 dv-cinder-843493-2-iscsi devstack@keystone.service[80120]: DEBUG keystone.auth.core [None req-0351112a-59d7-474d-8a20-34c140319ef7 None None] MFA Rules not processed for user `fcdb2d8e71bd4fe6b9b1431183facba7`. Rule list: `[]` (Enabled: `True`). {{(pid=80120) check_auth_methods_against_rules /opt/stack/keystone/keystone/auth/core.py:438}}
Jun 15 10:18:29.482246 dv-cinder-843493-2-iscsi devstack@keystone.service[80120]: DEBUG keystone.common.fernet_utils [None req-0351112a-59d7-474d-8a20-34c140319ef7 None None] Loaded 2 Fernet keys from /etc/keystone/fernet-keys/, but `[fernet_tokens] max_active_keys = 3`; perhaps there have not been enough key rotations to reach `max_active_keys` yet? {{(pid=80120) load_keys /opt/stack/keystone/keystone/common/fernet_utils.py:286}}
Jun 15 10:18:29.515972 dv-cinder-843493-2-iscsi devstack@keystone.service[80119]: DEBUG keystone.server.flask.request_processing.middleware.auth_context [None req-c430b753-c5f7-450a-a729-24c859dc8fe7 None None] Validating token access rules against request {{(pid=80119) validate_allowed_request /usr/local/lib/python3.8/dist-packages/keystonemiddleware/auth_token/__init__.py:545}}
Jun 15 10:18:29.574040 dv-cinder-843493-2-iscsi devstack@keystone.service[80120]: [pid: 80120|app: 0|req: 208/413] 10.222.0.49 () {58 vars in 1023 bytes} [Wed Jun 15 10:18:29 2022] POST /identity/v3/auth/tokens => generated 799 bytes in 117 msecs (HTTP/1.1 201) 6 headers in 363 bytes (1 switches on core 0)
Jun 15 10:18:29.591949 dv-cinder-843493-2-iscsi devstack@keystone.service[80119]: DEBUG keystone.server.flask.request_processing.middleware.auth_context [None req-9d683a88-f1bb-497c-9848-d8157acf39fe None admin] RBAC: auth_context: {'token': , 'domain_id': None, 'trust_id': None, 'trustor_id': None, 'trustee_id': None, 'domain_name': None, 'group_ids': [], 'user_id': 'fcdb2d8e71bd4fe6b9b1431183facba7', 'user_domain_id': 'default', 'system_scope': 'all', 'project_id': None, 'project_domain_id': None, 'roles': ['admin', 'member', 'reader'], 'is_admin_project': True, 'service_user_id': None, 'service_user_domain_id': None, 'service_project_id': None, 'service_project_domain_id': None, 'service_roles': []} {{(pid=80119) fill_context /opt/stack/keystone/keystone/server/flask/request_processing/middleware/auth_context.py:478}}
Jun 15 10:18:29.592719 dv-cinder-843493-2-iscsi devstack@keystone.service[80119]: DEBUG keystone.server.flask.request_processing.req_logging [None req-9d683a88-f1bb-497c-9848-d8157acf39fe None admin] REQUEST_METHOD: `GET` {{(pid=80119) log_request_info /opt/stack/keystone/keystone/server/flask/request_processing/req_logging.py:27}}
Jun 15 10:18:29.593006 dv-cinder-843493-2-iscsi devstack@keystone.service[80119]: DEBUG keystone.server.flask.request_processing.req_logging [None req-9d683a88-f1bb-497c-9848-d8157acf39fe None admin] SCRIPT_NAME: `/identity` {{(pid=80119) log_request_info /opt/stack/keystone/keystone/server/flask/request_processing/req_logging.py:28}}
Jun 15 10:18:29.593335 dv-cinder-843493-2-iscsi devstack@keystone.service[80119]: DEBUG keystone.server.flask.request_processing.req_logging [None req-9d683a88-f1bb-497c-9848-d8157acf39fe None admin] PATH_INFO: `/v3/roles` {{(pid=80119) log_request_info /opt/stack/keystone/keystone/server/flask/request_processing/req_logging.py:29}}
Jun 15 10:18:29.594118 dv-cinder-843493-2-iscsi devstack@keystone.service[80119]: DEBUG keystone.common.rbac_enforcer.enforcer [None req-9d683a88-f1bb-497c-9848-d8157acf39fe None admin] RBAC: Adding query filter params (name=admin) {{(pid=80119) _extract_filter_values /opt/stack/keystone/keystone/common/rbac_enforcer/enforcer.py:167}}
Jun 15 10:18:29.594433 dv-cinder-843493-2-iscsi devstack@keystone.service[80119]: DEBUG keystone.common.rbac_enforcer.enforcer [None req-9d683a88-f1bb-497c-9848-d8157acf39fe None admin] RBAC: Authorizing `identity:list_roles()` {{(pid=80119) enforce_call /opt/stack/keystone/keystone/common/rbac_enforcer/enforcer.py:449}}
Jun 15 10:18:29.596097 dv-cinder-843493-2-iscsi devstack@keystone.service[80119]: DEBUG keystone.common.rbac_enforcer.enforcer [None req-9d683a88-f1bb-497c-9848-d8157acf39fe None admin] RBAC: Authorization granted {{(pid=80119) enforce_call /opt/stack/keystone/keystone/common/rbac_enforcer/enforcer.py:457}}
Jun 15 10:18:29.611141 dv-cinder-843493-2-iscsi devstack@keystone.service[80119]: [pid: 80119|app: 0|req: 206/414] 10.222.0.49 () {56 vars in 1099 bytes} [Wed Jun 15 10:18:29 2022] GET /identity/v3/roles?name=admin => generated 339 bytes in 231 msecs (HTTP/1.1 200) 5 headers in 177 bytes (1 switches on core 0)
Jun 15 10:18:29.612420 dv-cinder-843493-2-iscsi devstack@keystone.service[80120]: DEBUG keystone.server.flask.request_processing.middleware.auth_context [None req-0351112a-59d7-474d-8a20-34c140319ef7 None None] Authenticating user token {{(pid=80120) process_request /usr/local/lib/python3.8/dist-packages/keystonemiddleware/auth_token/__init__.py:407}}
Jun 15 10:18:29.622484 dv-cinder-843493-2-iscsi devstack@keystone.service[80119]: DEBUG keystone.server.flask.request_processing.middleware.auth_context [None req-9d683a88-f1bb-497c-9848-d8157acf39fe None admin] Authenticating user token {{(pid=80119) process_request /usr/local/lib/python3.8/dist-packages/keystonemiddleware/auth_token/__init__.py:407}}
Jun 15 10:18:29.701455 dv-cinder-843493-2-iscsi devstack@keystone.service[80119]: DEBUG dbcounter [-] [80119] Writing DB stats keystone:SELECT=100 {{(pid=80119) stat_writer /usr/local/lib/python3.8/dist-packages/dbcounter.py:114}}
Jun 15 10:18:29.774327 dv-cinder-843493-2-iscsi devstack@keystone.service[80120]: DEBUG keystone.server.flask.request_processing.middleware.auth_context [None req-0351112a-59d7-474d-8a20-34c140319ef7 None None] Validating token access rules against request {{(pid=80120) validate_allowed_request /usr/local/lib/python3.8/dist-packages/keystonemiddleware/auth_token/__init__.py:545}}
Jun 15 10:18:29.785992 dv-cinder-843493-2-iscsi devstack@keystone.service[80119]: DEBUG keystone.server.flask.request_processing.middleware.auth_context [None req-9d683a88-f1bb-497c-9848-d8157acf39fe None admin] Validating token access rules against request {{(pid=80119) validate_allowed_request /usr/local/lib/python3.8/dist-packages/keystonemiddleware/auth_token/__init__.py:545}}
Jun 15 10:18:29.816939 dv-cinder-843493-2-iscsi devstack@keystone.service[80120]: DEBUG dbcounter [-] [80120] Writing DB stats keystone:SELECT=100 {{(pid=80120) stat_writer /usr/local/lib/python3.8/dist-packages/dbcounter.py:114}}
Jun 15 10:18:29.823127 dv-cinder-843493-2-iscsi devstack@keystone.service[80119]: DEBUG keystone.server.flask.request_processing.middleware.auth_context [None req-ce7c3759-b950-4e52-aa13-b05cf427571e None admin] RBAC: auth_context: {'token': , 'domain_id': None, 'trust_id': None, 'trustor_id': None, 'trustee_id': None, 'domain_name': None, 'group_ids': [], 'user_id': 'fcdb2d8e71bd4fe6b9b1431183facba7', 'user_domain_id': 'default', 'system_scope': 'all', 'project_id': None, 'project_domain_id': None, 'roles': ['admin', 'member', 'reader'], 'is_admin_project': True, 'service_user_id': None, 'service_user_domain_id': None, 'service_project_id': None, 'service_project_domain_id': None, 'service_roles': []} {{(pid=80119) fill_context /opt/stack/keystone/keystone/server/flask/request_processing/middleware/auth_context.py:478}}
Jun 15 10:18:29.823956 dv-cinder-843493-2-iscsi devstack@keystone.service[80119]: DEBUG keystone.server.flask.request_processing.req_logging [None req-ce7c3759-b950-4e52-aa13-b05cf427571e None admin] REQUEST_METHOD: `GET` {{(pid=80119) log_request_info /opt/stack/keystone/keystone/server/flask/request_processing/req_logging.py:27}}
Jun 15 10:18:29.824297 dv-cinder-843493-2-iscsi devstack@keystone.service[80119]: DEBUG keystone.server.flask.request_processing.req_logging [None req-ce7c3759-b950-4e52-aa13-b05cf427571e None admin] SCRIPT_NAME: `/identity` {{(pid=80119) log_request_info /opt/stack/keystone/keystone/server/flask/request_processing/req_logging.py:28}}
Jun 15 10:18:29.824523 dv-cinder-843493-2-iscsi devstack@keystone.service[80119]: DEBUG keystone.server.flask.request_processing.req_logging [None req-ce7c3759-b950-4e52-aa13-b05cf427571e None admin] PATH_INFO: `/v3/roles/member` {{(pid=80119) log_request_info /opt/stack/keystone/keystone/server/flask/request_processing/req_logging.py:29}}
Jun 15 10:18:29.836619 dv-cinder-843493-2-iscsi devstack@keystone.service[80119]: DEBUG keystone.common.rbac_enforcer.enforcer [None req-ce7c3759-b950-4e52-aa13-b05cf427571e None admin] Extracting inferred target data resulted in "NOT FOUND (404)". {{(pid=80119) enforce_call /opt/stack/keystone/keystone/common/rbac_enforcer/enforcer.py:409}}
Jun 15 10:18:29.843224 dv-cinder-843493-2-iscsi devstack@keystone.service[80120]: DEBUG keystone.server.flask.request_processing.middleware.auth_context [None req-c612d0a6-dd59-40d3-af60-372b92b55876 None admin] RBAC: auth_context: {'token': , 'domain_id': None, 'trust_id': None, 'trustor_id': None, 'trustee_id': None, 'domain_name': None, 'group_ids': [], 'user_id': 'fcdb2d8e71bd4fe6b9b1431183facba7', 'user_domain_id': 'default', 'system_scope': 'all', 'project_id': None, 'project_domain_id': None, 'roles': ['admin', 'member', 'reader'], 'is_admin_project': True, 'service_user_id': None, 'service_user_domain_id': None, 'service_project_id': None, 'service_project_domain_id': None, 'service_roles': []} {{(pid=80120) fill_context /opt/stack/keystone/keystone/server/flask/request_processing/middleware/auth_context.py:478}}
Jun 15 10:18:29.844115 dv-cinder-843493-2-iscsi devstack@keystone.service[80120]: DEBUG keystone.server.flask.request_processing.req_logging [None req-c612d0a6-dd59-40d3-af60-372b92b55876 None admin] REQUEST_METHOD: `GET` {{(pid=80120) log_request_info /opt/stack/keystone/keystone/server/flask/request_processing/req_logging.py:27}}
Jun 15 10:18:29.844407 dv-cinder-843493-2-iscsi devstack@keystone.service[80120]: DEBUG keystone.server.flask.request_processing.req_logging [None req-c612d0a6-dd59-40d3-af60-372b92b55876 None admin] SCRIPT_NAME: `/identity` {{(pid=80120) log_request_info /opt/stack/keystone/keystone/server/flask/request_processing/req_logging.py:28}}
Jun 15 10:18:29.844690 dv-cinder-843493-2-iscsi devstack@keystone.service[80120]: DEBUG keystone.server.flask.request_processing.req_logging [None req-c612d0a6-dd59-40d3-af60-372b92b55876 None admin] PATH_INFO: `/v3/groups/ffc16ae2b8b843bc92af79734c11eeba` {{(pid=80120) log_request_info /opt/stack/keystone/keystone/server/flask/request_processing/req_logging.py:29}}
Jun 15 10:18:29.845284 dv-cinder-843493-2-iscsi devstack@keystone.service[80119]: ERROR keystone.server.flask.application [None req-ce7c3759-b950-4e52-aa13-b05cf427571e None admin] Could not find role: member.: keystone.exception.RoleNotFound: Could not find role: member.
Jun 15 10:18:29.845284 dv-cinder-843493-2-iscsi devstack@keystone.service[80119]: ERROR keystone.server.flask.application
Traceback (most recent call last):
Jun 15 10:18:29.845284 dv-cinder-843493-2-iscsi devstack@keystone.service[80119]: ERROR keystone.server.flask.application
File "/usr/local/lib/python3.8/dist-packages/flask/app.py", line 1523, in full_dispatch_request
Jun 15 10:18:29.845284 dv-cinder-843493-2-iscsi devstack@keystone.service[80119]: ERROR keystone.server.flask.application rv = self.dispatch_request()
Jun 15 10:18:29.845284 dv-cinder-843493-2-iscsi devstack@keystone.service[80119]: ERROR keystone.server.flask.application
File "/usr/local/lib/python3.8/dist-packages/flask/app.py", line 1509, in dispatch_request
Jun 15 10:18:29.845284 dv-cinder-843493-2-iscsi devstack@keystone.service[80119]: ERROR keystone.server.flask.application return self.ensure_sync(self.view_functions[rule.endpoint])(**req.view_args)
Jun 15 10:18:29.845284 dv-cinder-843493-2-iscsi devstack@keystone.service[80119]: ERROR keystone.server.flask.application
File "/usr/local/lib/python3.8/dist-packages/flask_restful/__init__.py", line 467, in wrapper
Jun 15 10:18:29.845284 dv-cinder-843493-2-iscsi devstack@keystone.service[80119]: ERROR keystone.server.flask.application resp = resource(*args, **kwargs)
Jun 15 10:18:29.845284 dv-cinder-843493-2-iscsi devstack@keystone.service[80119]: ERROR keystone.server.flask.application
File "/usr/local/lib/python3.8/dist-packages/flask/views.py", line 84, in view
Jun 15 10:18:29.845284 dv-cinder-843493-2-iscsi devstack@keystone.service[80119]: ERROR keystone.server.flask.application return current_app.ensure_sync(self.dispatch_request)(*args, **kwargs)
Jun 15 10:18:29.845284 dv-cinder-843493-2-iscsi devstack@keystone.service[80119]: ERROR keystone.server.flask.application
File "/usr/local/lib/python3.8/dist-packages/flask_restful/__init__.py", line 582, in dispatch_request
Jun 15 10:18:29.845284 dv-cinder-843493-2-iscsi devstack@keystone.service[80119]: ERROR keystone.server.flask.application resp = meth(*args, **kwargs)
Jun 15 10:18:29.845284 dv-cinder-843493-2-iscsi devstack@keystone.service[80119]: ERROR keystone.server.flask.application
File "/opt/stack/keystone/keystone/api/roles.py", line 50, in get
Jun 15 10:18:29.845284 dv-cinder-843493-2-iscsi devstack@keystone.service[80119]: ERROR keystone.server.flask.application return self._get_role(role_id)
Jun 15 10:18:29.845284 dv-cinder-843493-2-iscsi devstack@keystone.service[80119]: ERROR keystone.server.flask.application
File "/opt/stack/keystone/keystone/api/roles.py", line 70, in _get_role
Jun 15 10:18:29.845284 dv-cinder-843493-2-iscsi devstack@keystone.service[80119]: ERROR keystone.server.flask.application ENFORCER.enforce_call(action='identity:get_role')
Jun 15 10:18:29.846191 dv-cinder-843493-2-iscsi devstack@keystone.service[80119]: ERROR keystone.server.flask.application
File "/opt/stack/keystone/keystone/common/rbac_enforcer/enforcer.py", line 402, in enforce_call
Jun 15 10:18:29.846191 dv-cinder-843493-2-iscsi devstack@keystone.service[80119]: ERROR keystone.server.flask.application policy_dict.update(cls._extract_member_target_data(
Jun 15 10:18:29.846191 dv-cinder-843493-2-iscsi devstack@keystone.service[80119]: ERROR keystone.server.flask.application
File "/opt/stack/keystone/keystone/common/rbac_enforcer/enforcer.py", line 234, in _extract_member_target_data
Jun 15 10:18:29.846191 dv-cinder-843493-2-iscsi devstack@keystone.service[80119]: ERROR keystone.server.flask.application member_name: func(flask.request.view_args[key])
Jun 15 10:18:29.846191 dv-cinder-843493-2-iscsi devstack@keystone.service[80119]: ERROR keystone.server.flask.application
File "/opt/stack/keystone/keystone/common/manager.py", line 115, in wrapped
Jun 15 10:18:29.846191 dv-cinder-843493-2-iscsi devstack@keystone.service[80119]: ERROR keystone.server.flask.application __ret_val = __f(*args, **kwargs)
Jun 15 10:18:29.846191 dv-cinder-843493-2-iscsi devstack@keystone.service[80119]: ERROR keystone.server.flask.application
File "/usr/local/lib/python3.8/dist-packages/decorator.py", line 232, in fun
Jun 15 10:18:29.846191 dv-cinder-843493-2-iscsi devstack@keystone.service[80119]: ERROR keystone.server.flask.application return caller(func, *(extras + args), **kw)
Jun 15 10:18:29.846191 dv-cinder-843493-2-iscsi devstack@keystone.service[80119]: ERROR keystone.server.flask.application
File "/usr/local/lib/python3.8/dist-packages/dogpile/cache/region.py", line 1577, in get_or_create_for_user_func
Jun 15 10:18:29.846191 dv-cinder-843493-2-iscsi devstack@keystone.service[80119]: ERROR keystone.server.flask.application return self.get_or_create(
Jun 15 10:18:29.846191 dv-cinder-843493-2-iscsi devstack@keystone.service[80119]: ERROR keystone.server.flask.application
File "/usr/local/lib/python3.8/dist-packages/dogpile/cache/region.py", line 1042, in get_or_create
Jun 15 10:18:29.846191 dv-cinder-843493-2-iscsi devstack@keystone.service[80119]: ERROR keystone.server.flask.application with Lock(
Jun 15 10:18:29.846191 dv-cinder-843493-2-iscsi devstack@keystone.service[80119]: ERROR keystone.server.flask.application
File "/usr/local/lib/python3.8/dist-packages/dogpile/lock.py", line 185, in __enter__
Jun 15 10:18:29.846191 dv-cinder-843493-2-iscsi devstack@keystone.service[80119]: ERROR keystone.server.flask.application return self._enter()
Jun 15 10:18:29.846191 dv-cinder-843493-2-iscsi devstack@keystone.service[80119]: ERROR keystone.server.flask.application
File "/usr/local/lib/python3.8/dist-packages/dogpile/lock.py", line 94, in _enter
Jun 15 10:18:29.846191 dv-cinder-843493-2-iscsi devstack@keystone.service[80119]: ERROR keystone.server.flask.application generated = self._enter_create(value, createdtime)
Jun 15 10:18:29.846989 dv-cinder-843493-2-iscsi devstack@keystone.service[80119]: ERROR keystone.server.flask.application
File "/usr/local/lib/python3.8/dist-packages/dogpile/lock.py", line 178, in _enter_create
Jun 15 10:18:29.846989 dv-cinder-843493-2-iscsi devstack@keystone.service[80119]: ERROR keystone.server.flask.application return self.creator()
Jun 15 10:18:29.846989 dv-cinder-843493-2-iscsi devstack@keystone.service[80119]: ERROR keystone.server.flask.application
File "/usr/local/lib/python3.8/dist-packages/dogpile/cache/region.py", line 995, in gen_value
Jun 15 10:18:29.846989 dv-cinder-843493-2-iscsi devstack@keystone.service[80119]: ERROR keystone.server.flask.application created_value = creator(
Jun 15 10:18:29.846989 dv-cinder-843493-2-iscsi devstack@keystone.service[80119]: ERROR keystone.server.flask.application
File "/opt/stack/keystone/keystone/assignment/core.py", line 1276, in get_role
Jun 15 10:18:29.846989 dv-cinder-843493-2-iscsi devstack@keystone.service[80119]: ERROR keystone.server.flask.application return self.driver.get_role(role_id)
Jun 15 10:18:29.846989 dv-cinder-843493-2-iscsi devstack@keystone.service[80119]: ERROR keystone.server.flask.application
File "/opt/stack/keystone/keystone/assignment/role_backends/sql.py", line 70, in get_role
Jun 15 10:18:29.846989 dv-cinder-843493-2-iscsi devstack@keystone.service[80119]: ERROR keystone.server.flask.application return self._get_role(session, role_id).to_dict()
Jun 15 10:18:29.846989 dv-cinder-843493-2-iscsi devstack@keystone.service[80119]: ERROR keystone.server.flask.application
File "/opt/stack/keystone/keystone/assignment/role_backends/sql.py", line 65, in _get_role
Jun 15 10:18:29.846989 dv-cinder-843493-2-iscsi devstack@keystone.service[80119]: ERROR keystone.server.flask.application raise exception.RoleNotFound(role_id=role_id)
Jun 15 10:18:29.846989 dv-cinder-843493-2-iscsi devstack@keystone.service[80119]: ERROR keystone.server.flask.application keystone.exception.RoleNotFound: Could not find role: member.
Jun 15 10:18:29.846989 dv-cinder-843493-2-iscsi devstack@keystone.service[80119]: ERROR keystone.server.flask.application
Jun 15 10:18:29.848778 dv-cinder-843493-2-iscsi devstack@keystone.service[80120]: DEBUG keystone.common.rbac_enforcer.enforcer [None req-c612d0a6-dd59-40d3-af60-372b92b55876 None admin] RBAC: Authorizing `identity:get_group(group_id=ffc16ae2b8b843bc92af79734c11eeba)` {{(pid=80120) enforce_call /opt/stack/keystone/keystone/common/rbac_enforcer/enforcer.py:449}}
Jun 15 10:18:29.850455 dv-cinder-843493-2-iscsi devstack@keystone.service[80120]: DEBUG keystone.common.rbac_enforcer.enforcer [None req-c612d0a6-dd59-40d3-af60-372b92b55876 None admin] RBAC: Authorization granted {{(pid=80120) enforce_call /opt/stack/keystone/keystone/common/rbac_enforcer/enforcer.py:457}}
Jun 15 10:18:29.851343 dv-cinder-843493-2-iscsi devstack@keystone.service[80119]: [pid: 80119|app: 0|req: 207/415] 10.222.0.49 () {56 vars in 1099 bytes} [Wed Jun 15 10:18:29 2022] GET /identity/v3/roles/member => generated 84 bytes in 230 msecs (HTTP/1.1 404) 5 headers in 183 bytes (1 switches on core 0)
Jun 15 10:18:29.852867 dv-cinder-843493-2-iscsi devstack@keystone.service[80119]: DEBUG keystone.server.flask.request_processing.middleware.auth_context [None req-ce7c3759-b950-4e52-aa13-b05cf427571e None admin] Authenticating user token {{(pid=80119) process_request /usr/local/lib/python3.8/dist-packages/keystonemiddleware/auth_token/__init__.py:407}}
Jun 15 10:18:29.852987 dv-cinder-843493-2-iscsi devstack@keystone.service[80120]: [pid: 80120|app: 0|req: 209/416] 10.222.0.49 () {56 vars in 1180 bytes} [Wed Jun 15 10:18:29 2022] GET /identity/v3/groups/ffc16ae2b8b843bc92af79734c11eeba => generated 229 bytes in 241 msecs (HTTP/1.1 200) 5 headers in 177 bytes (1 switches on core 0)
Jun 15 10:18:29.860020 dv-cinder-843493-2-iscsi devstack@keystone.service[80120]: DEBUG keystone.server.flask.request_processing.middleware.auth_context [None req-c612d0a6-dd59-40d3-af60-372b92b55876 None admin] Authenticating user token {{(pid=80120) process_request /usr/local/lib/python3.8/dist-packages/keystonemiddleware/auth_token/__init__.py:407}}
Jun 15 10:18:29.968761 dv-cinder-843493-2-iscsi devstack@keystone.service[80120]: DEBUG keystone.server.flask.request_processing.middleware.auth_context [None req-c612d0a6-dd59-40d3-af60-372b92b55876 None admin] Validating token access rules against request {{(pid=80120) validate_allowed_request /usr/local/lib/python3.8/dist-packages/keystonemiddleware/auth_token/__init__.py:545}}
Jun 15 10:18:29.991457 dv-cinder-843493-2-iscsi devstack@keystone.service[80119]: DEBUG keystone.server.flask.request_processing.middleware.auth_context [None req-ce7c3759-b950-4e52-aa13-b05cf427571e None admin] Validating token access rules against request {{(pid=80119) validate_allowed_request /usr/local/lib/python3.8/dist-packages/keystonemiddleware/auth_token/__init__.py:545}}
Jun 15 10:18:29.994719 dv-cinder-843493-2-iscsi devstack@keystone.service[80119]: DEBUG dbcounter [-] [80119] Writing DB stats keystone:SELECT=100 {{(pid=80119) stat_writer /usr/local/lib/python3.8/dist-packages/dbcounter.py:114}}
Jun 15 10:18:30.025498 dv-cinder-843493-2-iscsi devstack@keystone.service[80120]: DEBUG keystone.server.flask.request_processing.middleware.auth_context [None req-f063bca1-5dc3-41cb-8028-2ef94f4a0a46 None admin] RBAC: auth_context: {'token': , 'domain_id': None, 'trust_id': None, 'trustor_id': None, 'trustee_id': None, 'domain_name': None, 'group_ids': [], 'user_id': 'fcdb2d8e71bd4fe6b9b1431183facba7', 'user_domain_id': 'default', 'system_scope': 'all', 'project_id': None, 'project_domain_id': None, 'roles': ['admin', 'member', 'reader'], 'is_admin_project': True, 'service_user_id': None, 'service_user_domain_id': None, 'service_project_id': None, 'service_project_domain_id': None, 'service_roles': []} {{(pid=80120) fill_context /opt/stack/keystone/keystone/server/flask/request_processing/middleware/auth_context.py:478}}
Jun 15 10:18:30.026748 dv-cinder-843493-2-iscsi devstack@keystone.service[80120]: DEBUG keystone.server.flask.request_processing.req_logging [None req-f063bca1-5dc3-41cb-8028-2ef94f4a0a46 None admin] REQUEST_METHOD: `GET` {{(pid=80120) log_request_info /opt/stack/keystone/keystone/server/flask/request_processing/req_logging.py:27}}
Jun 15 10:18:30.027040 dv-cinder-843493-2-iscsi devstack@keystone.service[80120]: DEBUG keystone.server.flask.request_processing.req_logging [None req-f063bca1-5dc3-41cb-8028-2ef94f4a0a46 None admin] SCRIPT_NAME: `/identity` {{(pid=80120) log_request_info /opt/stack/keystone/keystone/server/flask/request_processing/req_logging.py:28}}
Jun 15 10:18:30.027348 dv-cinder-843493-2-iscsi devstack@keystone.service[80120]: DEBUG keystone.server.flask.request_processing.req_logging [None req-f063bca1-5dc3-41cb-8028-2ef94f4a0a46 None admin] PATH_INFO: `/v3/projects/c8da8e1de64f469c9cc5f9a5f416060d` {{(pid=80120) log_request_info /opt/stack/keystone/keystone/server/flask/request_processing/req_logging.py:29}}
Jun 15 10:18:30.032701 dv-cinder-843493-2-iscsi devstack@keystone.service[80120]: DEBUG keystone.common.rbac_enforcer.enforcer [None req-f063bca1-5dc3-41cb-8028-2ef94f4a0a46 None admin] RBAC: Authorizing `identity:get_project(project_id=c8da8e1de64f469c9cc5f9a5f416060d)` {{(pid=80120) enforce_call /opt/stack/keystone/keystone/common/rbac_enforcer/enforcer.py:449}}
Jun 15 10:18:30.035710 dv-cinder-843493-2-iscsi devstack@keystone.service[80120]: DEBUG keystone.common.rbac_enforcer.enforcer [None req-f063bca1-5dc3-41cb-8028-2ef94f4a0a46 None admin] RBAC: Authorization granted {{(pid=80120) enforce_call /opt/stack/keystone/keystone/common/rbac_enforcer/enforcer.py:457}}
Jun 15 10:18:30.037474 dv-cinder-843493-2-iscsi devstack@keystone.service[80120]: [pid: 80120|app: 0|req: 210/417] 10.222.0.49 () {56 vars in 1186 bytes} [Wed Jun 15 10:18:29 2022] GET /identity/v3/projects/c8da8e1de64f469c9cc5f9a5f416060d => generated 344 bytes in 178 msecs (HTTP/1.1 200) 5 headers in 177 bytes (1 switches on core 0)
Jun 15 10:18:30.039676 dv-cinder-843493-2-iscsi devstack@keystone.service[80119]: DEBUG keystone.server.flask.request_processing.middleware.auth_context [None req-b9e1288d-c118-4d35-888d-cdf9b2e1d5f9 None admin] RBAC: auth_context: {'token': , 'domain_id': None, 'trust_id': None, 'trustor_id': None, 'trustee_id': None, 'domain_name': None, 'group_ids': [], 'user_id': 'fcdb2d8e71bd4fe6b9b1431183facba7', 'user_domain_id': 'default', 'system_scope': 'all', 'project_id': None, 'project_domain_id': None, 'roles': ['admin', 'member', 'reader'], 'is_admin_project': True, 'service_user_id': None, 'service_user_domain_id': None, 'service_project_id': None, 'service_project_domain_id': None, 'service_roles': []} {{(pid=80119) fill_context /opt/stack/keystone/keystone/server/flask/request_processing/middleware/auth_context.py:478}}
Jun 15 10:18:30.040361 dv-cinder-843493-2-iscsi devstack@keystone.service[80119]: DEBUG keystone.server.flask.request_processing.req_logging [None req-b9e1288d-c118-4d35-888d-cdf9b2e1d5f9 None admin] REQUEST_METHOD: `GET` {{(pid=80119) log_request_info /opt/stack/keystone/keystone/server/flask/request_processing/req_logging.py:27}}
Jun 15 10:18:30.040646 dv-cinder-843493-2-iscsi devstack@keystone.service[80119]: DEBUG keystone.server.flask.request_processing.req_logging [None req-b9e1288d-c118-4d35-888d-cdf9b2e1d5f9 None admin] SCRIPT_NAME: `/identity` {{(pid=80119) log_request_info /opt/stack/keystone/keystone/server/flask/request_processing/req_logging.py:28}}
Jun 15 10:18:30.040925 dv-cinder-843493-2-iscsi devstack@keystone.service[80119]: DEBUG keystone.server.flask.request_processing.req_logging [None req-b9e1288d-c118-4d35-888d-cdf9b2e1d5f9 None admin] PATH_INFO: `/v3/roles` {{(pid=80119) log_request_info /opt/stack/keystone/keystone/server/flask/request_processing/req_logging.py:29}}
Jun 15 10:18:30.041734 dv-cinder-843493-2-iscsi devstack@keystone.service[80119]: DEBUG keystone.common.rbac_enforcer.enforcer [None req-b9e1288d-c118-4d35-888d-cdf9b2e1d5f9 None admin] RBAC: Adding query filter params (name=member) {{(pid=80119) _extract_filter_values /opt/stack/keystone/keystone/common/rbac_enforcer/enforcer.py:167}}
Jun 15 10:18:30.042146 dv-cinder-843493-2-iscsi devstack@keystone.service[80119]: DEBUG keystone.common.rbac_enforcer.enforcer [None req-b9e1288d-c118-4d35-888d-cdf9b2e1d5f9 None admin] RBAC: Authorizing `identity:list_roles()` {{(pid=80119) enforce_call /opt/stack/keystone/keystone/common/rbac_enforcer/enforcer.py:449}}
Jun 15 10:18:30.044123 dv-cinder-843493-2-iscsi devstack@keystone.service[80119]: DEBUG keystone.common.rbac_enforcer.enforcer [None req-b9e1288d-c118-4d35-888d-cdf9b2e1d5f9 None admin] RBAC: Authorization granted {{(pid=80119) enforce_call /opt/stack/keystone/keystone/common/rbac_enforcer/enforcer.py:457}}
Jun 15 10:18:30.046171 dv-cinder-843493-2-iscsi devstack@keystone.service[80120]: DEBUG keystone.server.flask.request_processing.middleware.auth_context [None req-f063bca1-5dc3-41cb-8028-2ef94f4a0a46 None admin] Authenticating user token {{(pid=80120) process_request /usr/local/lib/python3.8/dist-packages/keystonemiddleware/auth_token/__init__.py:407}}
Jun 15 10:18:30.065476 dv-cinder-843493-2-iscsi devstack@keystone.service[80119]: [pid: 80119|app: 0|req: 208/418] 10.222.0.49 () {56 vars in 1101 bytes} [Wed Jun 15 10:18:29 2022] GET /identity/v3/roles?name=member => generated 341 bytes in 213 msecs (HTTP/1.1 200) 5 headers in 177 bytes (2 switches on core 0)
Jun 15 10:18:30.070995 dv-cinder-843493-2-iscsi devstack@keystone.service[80119]: DEBUG keystone.server.flask.request_processing.middleware.auth_context [None req-b9e1288d-c118-4d35-888d-cdf9b2e1d5f9 None admin] Authenticating user token {{(pid=80119) process_request /usr/local/lib/python3.8/dist-packages/keystonemiddleware/auth_token/__init__.py:407}}
Jun 15 10:18:30.167539 dv-cinder-843493-2-iscsi devstack@keystone.service[80120]: DEBUG dbcounter [-] [80120] Writing DB stats keystone:SELECT=100 {{(pid=80120) stat_writer /usr/local/lib/python3.8/dist-packages/dbcounter.py:114}}
Jun 15 10:18:30.234458 dv-cinder-843493-2-iscsi devstack@keystone.service[80119]: DEBUG keystone.server.flask.request_processing.middleware.auth_context [None req-b9e1288d-c118-4d35-888d-cdf9b2e1d5f9 None admin] Validating token access rules against request {{(pid=80119) validate_allowed_request /usr/local/lib/python3.8/dist-packages/keystonemiddleware/auth_token/__init__.py:545}}
Jun 15 10:18:30.253280 dv-cinder-843493-2-iscsi devstack@keystone.service[80120]: DEBUG keystone.server.flask.request_processing.middleware.auth_context [None req-f063bca1-5dc3-41cb-8028-2ef94f4a0a46 None admin] Validating token access rules against request {{(pid=80120) validate_allowed_request /usr/local/lib/python3.8/dist-packages/keystonemiddleware/auth_token/__init__.py:545}}
Jun 15 10:18:30.270331 dv-cinder-843493-2-iscsi devstack@keystone.service[80119]: DEBUG keystone.server.flask.request_processing.middleware.auth_context [None req-0d172f51-9e5d-4cf3-a55d-e1d2d5275cc6 None admin] RBAC: auth_context: {'token': , 'domain_id': None, 'trust_id': None, 'trustor_id': None, 'trustee_id': None, 'domain_name': None, 'group_ids': [], 'user_id': 'fcdb2d8e71bd4fe6b9b1431183facba7', 'user_domain_id': 'default', 'system_scope': 'all', 'project_id': None, 'project_domain_id': None, 'roles': ['admin', 'member', 'reader'], 'is_admin_project': True, 'service_user_id': None, 'service_user_domain_id': None, 'service_project_id': None, 'service_project_domain_id': None, 'service_roles': []} {{(pid=80119) fill_context /opt/stack/keystone/keystone/server/flask/request_processing/middleware/auth_context.py:478}}
Jun 15 10:18:30.271032 dv-cinder-843493-2-iscsi devstack@keystone.service[80119]: DEBUG keystone.server.flask.request_processing.req_logging [None req-0d172f51-9e5d-4cf3-a55d-e1d2d5275cc6 None admin] REQUEST_METHOD: `GET` {{(pid=80119) log_request_info /opt/stack/keystone/keystone/server/flask/request_processing/req_logging.py:27}}
Jun 15 10:18:30.271390 dv-cinder-843493-2-iscsi devstack@keystone.service[80119]: DEBUG keystone.server.flask.request_processing.req_logging [None req-0d172f51-9e5d-4cf3-a55d-e1d2d5275cc6 None admin] SCRIPT_NAME: `/identity` {{(pid=80119) log_request_info /opt/stack/keystone/keystone/server/flask/request_processing/req_logging.py:28}}
Jun 15 10:18:30.271712 dv-cinder-843493-2-iscsi devstack@keystone.service[80119]: DEBUG keystone.server.flask.request_processing.req_logging [None req-0d172f51-9e5d-4cf3-a55d-e1d2d5275cc6 None admin] PATH_INFO: `/v3/auth/tokens` {{(pid=80119) log_request_info /opt/stack/keystone/keystone/server/flask/request_processing/req_logging.py:29}}
Jun 15 10:18:30.299106 dv-cinder-843493-2-iscsi devstack@keystone.service[80120]: DEBUG keystone.server.flask.request_processing.middleware.auth_context [None req-0601e4a2-bad2-4364-956a-71f2b3ace9d4 None admin] RBAC: auth_context: {'token': , 'domain_id': None, 'trust_id': None, 'trustor_id': None, 'trustee_id': None, 'domain_name': None, 'group_ids': [], 'user_id': 'fcdb2d8e71bd4fe6b9b1431183facba7', 'user_domain_id': 'default', 'system_scope': 'all', 'project_id': None, 'project_domain_id': None, 'roles': ['admin', 'member', 'reader'], 'is_admin_project': True, 'service_user_id': None, 'service_user_domain_id': None, 'service_project_id': None, 'service_project_domain_id': None, 'service_roles': []} {{(pid=80120) fill_context /opt/stack/keystone/keystone/server/flask/request_processing/middleware/auth_context.py:478}}
Jun 15 10:18:30.300305 dv-cinder-843493-2-iscsi devstack@keystone.service[80120]: DEBUG keystone.server.flask.request_processing.req_logging [None req-0601e4a2-bad2-4364-956a-71f2b3ace9d4 None admin] REQUEST_METHOD: `PUT` {{(pid=80120) log_request_info /opt/stack/keystone/keystone/server/flask/request_processing/req_logging.py:27}}
Jun 15 10:18:30.300876 dv-cinder-843493-2-iscsi devstack@keystone.service[80120]: DEBUG keystone.server.flask.request_processing.req_logging [None req-0601e4a2-bad2-4364-956a-71f2b3ace9d4 None admin] SCRIPT_NAME: `/identity` {{(pid=80120) log_request_info /opt/stack/keystone/keystone/server/flask/request_processing/req_logging.py:28}}
Jun 15 10:18:30.301605 dv-cinder-843493-2-iscsi devstack@keystone.service[80120]: DEBUG keystone.server.flask.request_processing.req_logging [None req-0601e4a2-bad2-4364-956a-71f2b3ace9d4 None admin] PATH_INFO: `/v3/projects/c8da8e1de64f469c9cc5f9a5f416060d/groups/ffc16ae2b8b843bc92af79734c11eeba/roles/8051174e7a7947d5b991ebd793c2e543` {{(pid=80120) log_request_info /opt/stack/keystone/keystone/server/flask/request_processing/req_logging.py:29}}
Jun 15 10:18:30.303828 dv-cinder-843493-2-iscsi devstack@keystone.service[80120]: DEBUG keystone.common.rbac_enforcer.enforcer [None req-0601e4a2-bad2-4364-956a-71f2b3ace9d4 None admin] RBAC: Authorizing `identity:create_grant(project_id=c8da8e1de64f469c9cc5f9a5f416060d, group_id=ffc16ae2b8b843bc92af79734c11eeba, role_id=8051174e7a7947d5b991ebd793c2e543)` {{(pid=80120) enforce_call /opt/stack/keystone/keystone/common/rbac_enforcer/enforcer.py:449}}
Jun 15 10:18:30.305608 dv-cinder-843493-2-iscsi devstack@keystone.service[80120]: DEBUG keystone.common.rbac_enforcer.enforcer [None req-0601e4a2-bad2-4364-956a-71f2b3ace9d4 None admin] RBAC: Authorization granted {{(pid=80120) enforce_call /opt/stack/keystone/keystone/common/rbac_enforcer/enforcer.py:457}}
Jun 15 10:18:30.315136 dv-cinder-843493-2-iscsi devstack@keystone.service[80119]: DEBUG dbcounter [-] [80119] Writing DB stats keystone:SELECT=100 {{(pid=80119) stat_writer /usr/local/lib/python3.8/dist-packages/dbcounter.py:114}}
Jun 15 10:18:30.325490 dv-cinder-843493-2-iscsi devstack@keystone.service[80120]: [pid: 80120|app: 0|req: 211/419] 10.222.0.49 () {58 vars in 1442 bytes} [Wed Jun 15 10:18:30 2022] PUT /identity/v3/projects/c8da8e1de64f469c9cc5f9a5f416060d/groups/ffc16ae2b8b843bc92af79734c11eeba/roles/8051174e7a7947d5b991ebd793c2e543 => generated 0 bytes in 276 msecs (HTTP/1.1 204) 3 headers in 132 bytes (0 switches on core 0)
Jun 15 10:18:30.327289 dv-cinder-843493-2-iscsi devstack@keystone.service[80120]: DEBUG keystone.server.flask.request_processing.req_logging [None req-f6a15d50-ec6f-4ca7-905f-9ecd79cd0ff9 None None] REQUEST_METHOD: `GET` {{(pid=80120) log_request_info /opt/stack/keystone/keystone/server/flask/request_processing/req_logging.py:27}}
Jun 15 10:18:30.327800 dv-cinder-843493-2-iscsi devstack@keystone.service[80120]: DEBUG keystone.server.flask.request_processing.req_logging [None req-f6a15d50-ec6f-4ca7-905f-9ecd79cd0ff9 None None] SCRIPT_NAME: `/identity` {{(pid=80120) log_request_info /opt/stack/keystone/keystone/server/flask/request_processing/req_logging.py:28}}
Jun 15 10:18:30.328269 dv-cinder-843493-2-iscsi devstack@keystone.service[80120]: DEBUG keystone.server.flask.request_processing.req_logging [None req-f6a15d50-ec6f-4ca7-905f-9ecd79cd0ff9 None None] PATH_INFO: `/` {{(pid=80120) log_request_info /opt/stack/keystone/keystone/server/flask/request_processing/req_logging.py:29}}
Jun 15 10:18:30.335484 dv-cinder-843493-2-iscsi devstack@keystone.service[80120]: [pid: 80120|app: 0|req: 212/420] 10.222.0.49 () {54 vars in 926 bytes} [Wed Jun 15 10:18:30 2022] GET /identity => generated 270 bytes in 9 msecs (HTTP/1.1 300) 6 headers in 234 bytes (1 switches on core 0)
Jun 15 10:18:30.344846 dv-cinder-843493-2-iscsi devstack@keystone.service[80120]: DEBUG keystone.server.flask.request_processing.req_logging [None req-651612ef-b646-408e-b82c-c861bd3b4a72 None None] REQUEST_METHOD: `POST` {{(pid=80120) log_request_info /opt/stack/keystone/keystone/server/flask/request_processing/req_logging.py:27}}
Jun 15 10:18:30.345440 dv-cinder-843493-2-iscsi devstack@keystone.service[80120]: DEBUG keystone.server.flask.request_processing.req_logging [None req-651612ef-b646-408e-b82c-c861bd3b4a72 None None] SCRIPT_NAME: `/identity` {{(pid=80120) log_request_info /opt/stack/keystone/keystone/server/flask/request_processing/req_logging.py:28}}
Jun 15 10:18:30.345950 dv-cinder-843493-2-iscsi devstack@keystone.service[80120]: DEBUG keystone.server.flask.request_processing.req_logging [None req-651612ef-b646-408e-b82c-c861bd3b4a72 None None] PATH_INFO: `/v3/auth/tokens` {{(pid=80120) log_request_info /opt/stack/keystone/keystone/server/flask/request_processing/req_logging.py:29}}
Jun 15 10:18:30.349439 dv-cinder-843493-2-iscsi devstack@keystone.service[80119]: DEBUG keystone.common.rbac_enforcer.enforcer [None req-0d172f51-9e5d-4cf3-a55d-e1d2d5275cc6 None admin] RBAC: Authorizing `identity:validate_token()` {{(pid=80119) enforce_call /opt/stack/keystone/keystone/common/rbac_enforcer/enforcer.py:449}}
Jun 15 10:18:30.351033 dv-cinder-843493-2-iscsi devstack@keystone.service[80119]: DEBUG keystone.common.rbac_enforcer.enforcer [None req-0d172f51-9e5d-4cf3-a55d-e1d2d5275cc6 None admin] RBAC: Authorization granted {{(pid=80119) enforce_call /opt/stack/keystone/keystone/common/rbac_enforcer/enforcer.py:457}}
Jun 15 10:18:30.374983 dv-cinder-843493-2-iscsi devstack@keystone.service[80120]: DEBUG keystone.auth.core [None req-651612ef-b646-408e-b82c-c861bd3b4a72 None None] MFA Rules not processed for user `fcdb2d8e71bd4fe6b9b1431183facba7`. Rule list: `[]` (Enabled: `True`). {{(pid=80120) check_auth_methods_against_rules /opt/stack/keystone/keystone/auth/core.py:438}}
Jun 15 10:18:30.376625 dv-cinder-843493-2-iscsi devstack@keystone.service[80120]: DEBUG keystone.common.fernet_utils [None req-651612ef-b646-408e-b82c-c861bd3b4a72 None None] Loaded 2 Fernet keys from /etc/keystone/fernet-keys/, but `[fernet_tokens] max_active_keys = 3`; perhaps there have not been enough key rotations to reach `max_active_keys` yet? {{(pid=80120) load_keys /opt/stack/keystone/keystone/common/fernet_utils.py:286}}
Jun 15 10:18:30.467943 dv-cinder-843493-2-iscsi devstack@keystone.service[80119]: [pid: 80119|app: 0|req: 209/421] 10.222.0.49 () {58 vars in 1282 bytes} [Wed Jun 15 10:18:30 2022] GET /identity/v3/auth/tokens => generated 799 bytes in 397 msecs (HTTP/1.1 200) 6 headers in 358 bytes (2 switches on core 0)
Jun 15 10:18:30.480238 dv-cinder-843493-2-iscsi devstack@keystone.service[80119]: DEBUG keystone.server.flask.request_processing.middleware.auth_context [None req-0d172f51-9e5d-4cf3-a55d-e1d2d5275cc6 None admin] Authenticating user token {{(pid=80119) process_request /usr/local/lib/python3.8/dist-packages/keystonemiddleware/auth_token/__init__.py:407}}
Jun 15 10:18:30.489597 dv-cinder-843493-2-iscsi devstack@keystone.service[80120]: [pid: 80120|app: 0|req: 213/422] 10.222.0.49 () {58 vars in 1023 bytes} [Wed Jun 15 10:18:30 2022] POST /identity/v3/auth/tokens => generated 799 bytes in 146 msecs (HTTP/1.1 201) 6 headers in 363 bytes (3 switches on core 0)
Jun 15 10:18:30.521453 dv-cinder-843493-2-iscsi devstack@keystone.service[80120]: DEBUG keystone.server.flask.request_processing.middleware.auth_context [None req-651612ef-b646-408e-b82c-c861bd3b4a72 None None] Authenticating user token {{(pid=80120) process_request /usr/local/lib/python3.8/dist-packages/keystonemiddleware/auth_token/__init__.py:407}}
Jun 15 10:18:30.598474 dv-cinder-843493-2-iscsi devstack@keystone.service[80119]: DEBUG dbcounter [-] [80119] Writing DB stats keystone:SELECT=100 {{(pid=80119) stat_writer /usr/local/lib/python3.8/dist-packages/dbcounter.py:114}}
Jun 15 10:18:30.631166 dv-cinder-843493-2-iscsi devstack@keystone.service[80120]: DEBUG dbcounter [-] [80120] Writing DB stats keystone:SELECT=99,keystone:INSERT=1 {{(pid=80120) stat_writer /usr/local/lib/python3.8/dist-packages/dbcounter.py:114}}
Jun 15 10:18:30.655997 dv-cinder-843493-2-iscsi devstack@keystone.service[80119]: DEBUG keystone.server.flask.request_processing.middleware.auth_context [None req-0d172f51-9e5d-4cf3-a55d-e1d2d5275cc6 None admin] Validating token access rules against request {{(pid=80119) validate_allowed_request /usr/local/lib/python3.8/dist-packages/keystonemiddleware/auth_token/__init__.py:545}}
Jun 15 10:18:30.699019 dv-cinder-843493-2-iscsi devstack@keystone.service[80119]: DEBUG keystone.server.flask.request_processing.middleware.auth_context [None req-94ca7ff3-fa3f-46ff-8815-cfa4668b4a6e None admin] RBAC: auth_context: {'token': , 'domain_id': None, 'trust_id': None, 'trustor_id': None, 'trustee_id': None, 'domain_name': None, 'group_ids': [], 'user_id': 'fcdb2d8e71bd4fe6b9b1431183facba7', 'user_domain_id': 'default', 'system_scope': 'all', 'project_id': None, 'project_domain_id': None, 'roles': ['admin', 'member', 'reader'], 'is_admin_project': True, 'service_user_id': None, 'service_user_domain_id': None, 'service_project_id': None, 'service_project_domain_id': None, 'service_roles': []} {{(pid=80119) fill_context /opt/stack/keystone/keystone/server/flask/request_processing/middleware/auth_context.py:478}}
Jun 15 10:18:30.700294 dv-cinder-843493-2-iscsi devstack@keystone.service[80119]: DEBUG keystone.server.flask.request_processing.req_logging [None req-94ca7ff3-fa3f-46ff-8815-cfa4668b4a6e None admin] REQUEST_METHOD: `GET` {{(pid=80119) log_request_info /opt/stack/keystone/keystone/server/flask/request_processing/req_logging.py:27}}
Jun 15 10:18:30.700814 dv-cinder-843493-2-iscsi devstack@keystone.service[80119]: DEBUG keystone.server.flask.request_processing.req_logging [None req-94ca7ff3-fa3f-46ff-8815-cfa4668b4a6e None admin] SCRIPT_NAME: `/identity` {{(pid=80119) log_request_info /opt/stack/keystone/keystone/server/flask/request_processing/req_logging.py:28}}
Jun 15 10:18:30.701321 dv-cinder-843493-2-iscsi devstack@keystone.service[80119]: DEBUG keystone.server.flask.request_processing.req_logging [None req-94ca7ff3-fa3f-46ff-8815-cfa4668b4a6e None admin] PATH_INFO: `/v3/projects/5f3cd857995e418386bb22cdf90c1ae9` {{(pid=80119) log_request_info /opt/stack/keystone/keystone/server/flask/request_processing/req_logging.py:29}}
Jun 15 10:18:30.702760 dv-cinder-843493-2-iscsi devstack@keystone.service[80119]: DEBUG keystone.common.rbac_enforcer.enforcer [None req-94ca7ff3-fa3f-46ff-8815-cfa4668b4a6e None admin] RBAC: Authorizing `identity:get_project(project_id=5f3cd857995e418386bb22cdf90c1ae9)` {{(pid=80119) enforce_call /opt/stack/keystone/keystone/common/rbac_enforcer/enforcer.py:449}}
Jun 15 10:18:30.703053 dv-cinder-843493-2-iscsi devstack@keystone.service[80120]: DEBUG keystone.server.flask.request_processing.middleware.auth_context [None req-651612ef-b646-408e-b82c-c861bd3b4a72 None None] Validating token access rules against request {{(pid=80120) validate_allowed_request /usr/local/lib/python3.8/dist-packages/keystonemiddleware/auth_token/__init__.py:545}}
Jun 15 10:18:30.704719 dv-cinder-843493-2-iscsi devstack@keystone.service[80119]: DEBUG keystone.common.rbac_enforcer.enforcer [None req-94ca7ff3-fa3f-46ff-8815-cfa4668b4a6e None admin] RBAC: Authorization granted {{(pid=80119) enforce_call /opt/stack/keystone/keystone/common/rbac_enforcer/enforcer.py:457}}
Jun 15 10:18:30.711404 dv-cinder-843493-2-iscsi devstack@keystone.service[80119]: [pid: 80119|app: 0|req: 210/423] 10.222.0.49 () {56 vars in 1186 bytes} [Wed Jun 15 10:18:30 2022] GET /identity/v3/projects/5f3cd857995e418386bb22cdf90c1ae9 => generated 298 bytes in 232 msecs (HTTP/1.1 200) 5 headers in 177 bytes (1 switches on core 0)
Jun 15 10:18:30.712835 dv-cinder-843493-2-iscsi devstack@keystone.service[80119]: DEBUG keystone.server.flask.request_processing.middleware.auth_context [None req-94ca7ff3-fa3f-46ff-8815-cfa4668b4a6e None admin] Authenticating user token {{(pid=80119) process_request /usr/local/lib/python3.8/dist-packages/keystonemiddleware/auth_token/__init__.py:407}}
Jun 15 10:18:30.748203 dv-cinder-843493-2-iscsi devstack@keystone.service[80120]: DEBUG keystone.server.flask.request_processing.middleware.auth_context [None req-796ba765-f74e-4092-9f6b-3370a1b1011e None admin] RBAC: auth_context: {'token': , 'domain_id': None, 'trust_id': None, 'trustor_id': None, 'trustee_id': None, 'domain_name': None, 'group_ids': [], 'user_id': 'fcdb2d8e71bd4fe6b9b1431183facba7', 'user_domain_id': 'default', 'system_scope': 'all', 'project_id': None, 'project_domain_id': None, 'roles': ['admin', 'member', 'reader'], 'is_admin_project': True, 'service_user_id': None, 'service_user_domain_id': None, 'service_project_id': None, 'service_project_domain_id': None, 'service_roles': []} {{(pid=80120) fill_context /opt/stack/keystone/keystone/server/flask/request_processing/middleware/auth_context.py:478}}
Jun 15 10:18:30.749159 dv-cinder-843493-2-iscsi devstack@keystone.service[80120]: DEBUG keystone.server.flask.request_processing.req_logging [None req-796ba765-f74e-4092-9f6b-3370a1b1011e None admin] REQUEST_METHOD: `GET` {{(pid=80120) log_request_info /opt/stack/keystone/keystone/server/flask/request_processing/req_logging.py:27}}
