May 27 03:40:16.732738 dv-cinder-843361-2-smb devstack@placement-api.service[105160]: INFO placement.requestlog [req-393b4936-3685-4b41-a0ab-360e29bf3b89 req-69afd314-df49-4e73-bb06-4bf80d28a526 service placement] 10.222.0.72 "GET /placement/allocations/5c962e53-5de4-4f6a-b932-f210052f2278" status: 200 len: 258 microversion: 1.28
May 27 03:40:16.733507 dv-cinder-843361-2-smb devstack@placement-api.service[105160]: [pid: 105160|app: 0|req: 22/46] 10.222.0.72 () {60 vars in 1377 bytes} [Fri May 27 03:40:16 2022] GET /placement/allocations/5c962e53-5de4-4f6a-b932-f210052f2278 => generated 258 bytes in 22 msecs (HTTP/1.1 200) 8 headers in 296 bytes (1 switches on core 0)
May 27 03:40:23.798789 dv-cinder-843361-2-smb devstack@placement-api.service[105159]: DEBUG placement.requestlog [req-7fb2ca4a-3a1a-489f-8b3e-375b1f783167 req-38885ec3-9763-4151-897c-bedb27196e7e None None] Starting request: 10.222.0.71 "GET /placement/allocation_candidates?limit=1000&resources=DISK_GB%3A1%2CMEMORY_MB%3A1024%2CVCPU%3A1&root_required=%21COMPUTE_STATUS_DISABLED" {{(pid=105159) __call__ /opt/stack/placement/placement/requestlog.py:55}}
May 27 03:40:23.896832 dv-cinder-843361-2-smb devstack@placement-api.service[105159]: DEBUG placement.objects.research_context [req-7fb2ca4a-3a1a-489f-8b3e-375b1f783167 req-38885ec3-9763-4151-897c-bedb27196e7e service placement] getting providers with 1 DISK_GB {{(pid=105159) __init__ /opt/stack/placement/placement/objects/research_context.py:136}}
May 27 03:40:23.929608 dv-cinder-843361-2-smb devstack@placement-api.service[105159]: DEBUG placement.objects.research_context [req-7fb2ca4a-3a1a-489f-8b3e-375b1f783167 req-38885ec3-9763-4151-897c-bedb27196e7e service placement] getting providers with 1024 MEMORY_MB {{(pid=105159) __init__ /opt/stack/placement/placement/objects/research_context.py:136}}
May 27 03:40:23.937438 dv-cinder-843361-2-smb devstack@placement-api.service[105159]: DEBUG placement.objects.research_context [req-7fb2ca4a-3a1a-489f-8b3e-375b1f783167 req-38885ec3-9763-4151-897c-bedb27196e7e service placement] getting providers with 1 VCPU {{(pid=105159) __init__ /opt/stack/placement/placement/objects/research_context.py:136}}
May 27 03:40:23.945306 dv-cinder-843361-2-smb devstack@placement-api.service[105159]: DEBUG placement.objects.research_context [req-7fb2ca4a-3a1a-489f-8b3e-375b1f783167 req-38885ec3-9763-4151-897c-bedb27196e7e service placement] found 1 providers with available 1 DISK_GB {{(pid=105159) get_provider_ids_matching /opt/stack/placement/placement/objects/research_context.py:563}}
May 27 03:40:23.945903 dv-cinder-843361-2-smb devstack@placement-api.service[105159]: DEBUG placement.objects.research_context [req-7fb2ca4a-3a1a-489f-8b3e-375b1f783167 req-38885ec3-9763-4151-897c-bedb27196e7e service placement] found 1 providers with available 1024 MEMORY_MB {{(pid=105159) get_provider_ids_matching /opt/stack/placement/placement/objects/research_context.py:563}}
May 27 03:40:23.946555 dv-cinder-843361-2-smb devstack@placement-api.service[105159]: DEBUG placement.objects.research_context [req-7fb2ca4a-3a1a-489f-8b3e-375b1f783167 req-38885ec3-9763-4151-897c-bedb27196e7e service placement] found 1 providers after filtering by previous result {{(pid=105159) get_provider_ids_matching /opt/stack/placement/placement/objects/research_context.py:594}}
May 27 03:40:23.947032 dv-cinder-843361-2-smb devstack@placement-api.service[105159]: DEBUG placement.objects.research_context [req-7fb2ca4a-3a1a-489f-8b3e-375b1f783167 req-38885ec3-9763-4151-897c-bedb27196e7e service placement] found 1 providers with available 1 VCPU {{(pid=105159) get_provider_ids_matching /opt/stack/placement/placement/objects/research_context.py:563}}
May 27 03:40:23.947852 dv-cinder-843361-2-smb devstack@placement-api.service[105159]: DEBUG placement.objects.research_context [req-7fb2ca4a-3a1a-489f-8b3e-375b1f783167 req-38885ec3-9763-4151-897c-bedb27196e7e service placement] found 1 providers after filtering by previous result {{(pid=105159) get_provider_ids_matching /opt/stack/placement/placement/objects/research_context.py:594}}
May 27 03:40:23.965610 dv-cinder-843361-2-smb devstack@placement-api.service[105159]: DEBUG placement.objects.allocation_candidate [req-7fb2ca4a-3a1a-489f-8b3e-375b1f783167 req-38885ec3-9763-4151-897c-bedb27196e7e service placement] RequestGroup(use_same_provider=False, resources={DISK_GB:1, MEMORY_MB:1024, VCPU:1}, traits=(), aggregates=[]) (suffix '') returned 1 matches {{(pid=105159) _get_by_requests /opt/stack/placement/placement/objects/allocation_candidate.py:156}}
May 27 03:40:23.966128 dv-cinder-843361-2-smb devstack@placement-api.service[105159]: DEBUG placement.objects.allocation_candidate [req-7fb2ca4a-3a1a-489f-8b3e-375b1f783167 req-38885ec3-9763-4151-897c-bedb27196e7e service placement] Merging candidates yields 1 allocation requests and 1 provider summaries {{(pid=105159) _merge_candidates /opt/stack/placement/placement/objects/allocation_candidate.py:809}}
May 27 03:40:23.967920 dv-cinder-843361-2-smb devstack@placement-api.service[105159]: INFO placement.requestlog [req-7fb2ca4a-3a1a-489f-8b3e-375b1f783167 req-38885ec3-9763-4151-897c-bedb27196e7e service placement] 10.222.0.71 "GET /placement/allocation_candidates?limit=1000&resources=DISK_GB%3A1%2CMEMORY_MB%3A1024%2CVCPU%3A1&root_required=%21COMPUTE_STATUS_DISABLED" status: 200 len: 767 microversion: 1.36
May 27 03:40:23.968663 dv-cinder-843361-2-smb devstack@placement-api.service[105159]: [pid: 105159|app: 0|req: 25/47] 10.222.0.71 () {60 vars in 1506 bytes} [Fri May 27 03:40:23 2022] GET /placement/allocation_candidates?limit=1000&resources=DISK_GB%3A1%2CMEMORY_MB%3A1024%2CVCPU%3A1&root_required=%21COMPUTE_STATUS_DISABLED => generated 767 bytes in 170 msecs (HTTP/1.1 200) 8 headers in 296 bytes (1 switches on core 0)
May 27 03:40:24.044250 dv-cinder-843361-2-smb devstack@placement-api.service[105160]: DEBUG placement.requestlog [req-7fb2ca4a-3a1a-489f-8b3e-375b1f783167 req-76928e78-ccdb-4176-81c4-00cca939c6cf None None] Starting request: 10.222.0.71 "GET /placement/allocations/867cc700-2db2-4653-a990-c386140f79c7" {{(pid=105160) __call__ /opt/stack/placement/placement/requestlog.py:55}}
May 27 03:40:24.058215 dv-cinder-843361-2-smb devstack@placement-api.service[105160]: INFO placement.requestlog [req-7fb2ca4a-3a1a-489f-8b3e-375b1f783167 req-76928e78-ccdb-4176-81c4-00cca939c6cf service placement] 10.222.0.71 "GET /placement/allocations/867cc700-2db2-4653-a990-c386140f79c7" status: 200 len: 19 microversion: 1.28
May 27 03:40:24.064005 dv-cinder-843361-2-smb devstack@placement-api.service[105160]: [pid: 105160|app: 0|req: 23/48] 10.222.0.71 () {60 vars in 1380 bytes} [Fri May 27 03:40:24 2022] GET /placement/allocations/867cc700-2db2-4653-a990-c386140f79c7 => generated 19 bytes in 20 msecs (HTTP/1.1 200) 8 headers in 295 bytes (1 switches on core 0)
May 27 03:40:24.070750 dv-cinder-843361-2-smb devstack@placement-api.service[105159]: DEBUG placement.requestlog [req-7fb2ca4a-3a1a-489f-8b3e-375b1f783167 req-25ab1a60-cd84-4fd9-9b5d-5fc8b7689476 None None] Starting request: 10.222.0.71 "PUT /placement/allocations/867cc700-2db2-4653-a990-c386140f79c7" {{(pid=105159) __call__ /opt/stack/placement/placement/requestlog.py:55}}
May 27 03:40:24.482191 dv-cinder-843361-2-smb devstack@placement-api.service[105159]: DEBUG placement.handlers.allocation [req-7fb2ca4a-3a1a-489f-8b3e-375b1f783167 req-25ab1a60-cd84-4fd9-9b5d-5fc8b7689476 service placement] Successfully wrote allocations [, , ] {{(pid=105159) _update_consumers_and_create_allocations /opt/stack/placement/placement/handlers/allocation.py:462}}
May 27 03:40:24.586982 dv-cinder-843361-2-smb devstack@placement-api.service[105159]: INFO placement.requestlog [req-7fb2ca4a-3a1a-489f-8b3e-375b1f783167 req-25ab1a60-cd84-4fd9-9b5d-5fc8b7689476 service placement] 10.222.0.71 "PUT /placement/allocations/867cc700-2db2-4653-a990-c386140f79c7" status: 204 len: 0 microversion: 1.36
May 27 03:40:24.588198 dv-cinder-843361-2-smb devstack@placement-api.service[105159]: [pid: 105159|app: 0|req: 26/49] 10.222.0.71 () {64 vars in 1433 bytes} [Fri May 27 03:40:24 2022] PUT /placement/allocations/867cc700-2db2-4653-a990-c386140f79c7 => generated 0 bytes in 517 msecs (HTTP/1.1 204) 5 headers in 199 bytes (1 switches on core 0)
May 27 03:40:25.932095 dv-cinder-843361-2-smb devstack@placement-api.service[105160]: DEBUG placement.requestlog [req-7fb2ca4a-3a1a-489f-8b3e-375b1f783167 req-d7ddfadd-ab28-4015-9d7d-43c65410bca0 None None] Starting request: 10.222.0.72 "GET /placement/allocations/867cc700-2db2-4653-a990-c386140f79c7" {{(pid=105160) __call__ /opt/stack/placement/placement/requestlog.py:55}}
May 27 03:40:25.953454 dv-cinder-843361-2-smb devstack@placement-api.service[105160]: INFO placement.requestlog [req-7fb2ca4a-3a1a-489f-8b3e-375b1f783167 req-d7ddfadd-ab28-4015-9d7d-43c65410bca0 service placement] 10.222.0.72 "GET /placement/allocations/867cc700-2db2-4653-a990-c386140f79c7" status: 200 len: 258 microversion: 1.28
May 27 03:40:25.954969 dv-cinder-843361-2-smb devstack@placement-api.service[105160]: [pid: 105160|app: 0|req: 24/50] 10.222.0.72 () {60 vars in 1377 bytes} [Fri May 27 03:40:25 2022] GET /placement/allocations/867cc700-2db2-4653-a990-c386140f79c7 => generated 258 bytes in 23 msecs (HTTP/1.1 200) 8 headers in 296 bytes (1 switches on core 0)
May 27 03:40:34.488359 dv-cinder-843361-2-smb devstack@placement-api.service[105159]: DEBUG dbcounter [-] [105159] Writing DB stats placement:SELECT=52,placement:INSERT=10,placement:DELETE=4,placement:UPDATE=4 {{(pid=105159) stat_writer /usr/local/lib/python3.8/dist-packages/dbcounter.py:114}}
May 27 03:40:35.948849 dv-cinder-843361-2-smb devstack@placement-api.service[105160]: DEBUG dbcounter [-] [105160] Writing DB stats placement:SELECT=18 {{(pid=105160) stat_writer /usr/local/lib/python3.8/dist-packages/dbcounter.py:114}}
May 27 03:40:54.299353 dv-cinder-843361-2-smb devstack@placement-api.service[105159]: DEBUG placement.requestlog [req-a16eee8a-69ec-49ea-a874-f35a6ddaa2f2 req-0b8b96e0-5dec-4392-8a67-586cd4a1ef1f None None] Starting request: 10.222.0.72 "DELETE /placement/allocations/7cec9927-a0fc-4bb1-b056-c8bc8cc8f754" {{(pid=105159) __call__ /opt/stack/placement/placement/requestlog.py:55}}
May 27 03:40:54.321685 dv-cinder-843361-2-smb devstack@placement-api.service[105160]: DEBUG placement.requestlog [req-08930492-e04a-4657-b18c-b7171232a970 req-111f11e5-763e-412d-84ed-170df93f1696 None None] Starting request: 10.222.0.72 "DELETE /placement/allocations/867cc700-2db2-4653-a990-c386140f79c7" {{(pid=105160) __call__ /opt/stack/placement/placement/requestlog.py:55}}
May 27 03:40:54.518238 dv-cinder-843361-2-smb devstack@placement-api.service[105159]: DEBUG placement.handlers.allocation [req-a16eee8a-69ec-49ea-a874-f35a6ddaa2f2 req-0b8b96e0-5dec-4392-8a67-586cd4a1ef1f service placement] Successfully deleted allocations [, , ] {{(pid=105159) delete_allocations /opt/stack/placement/placement/handlers/allocation.py:627}}
May 27 03:40:54.518703 dv-cinder-843361-2-smb devstack@placement-api.service[105159]: INFO placement.requestlog [req-a16eee8a-69ec-49ea-a874-f35a6ddaa2f2 req-0b8b96e0-5dec-4392-8a67-586cd4a1ef1f service placement] 10.222.0.72 "DELETE /placement/allocations/7cec9927-a0fc-4bb1-b056-c8bc8cc8f754" status: 204 len: 0 microversion: 1.0
May 27 03:40:54.519079 dv-cinder-843361-2-smb devstack@placement-api.service[105159]: [pid: 105159|app: 0|req: 27/51] 10.222.0.72 () {60 vars in 1355 bytes} [Fri May 27 03:40:54 2022] DELETE /placement/allocations/7cec9927-a0fc-4bb1-b056-c8bc8cc8f754 => generated 0 bytes in 220 msecs (HTTP/1.1 204) 5 headers in 198 bytes (2 switches on core 0)
May 27 03:40:54.558974 dv-cinder-843361-2-smb devstack@placement-api.service[105160]: DEBUG placement.handlers.allocation [req-08930492-e04a-4657-b18c-b7171232a970 req-111f11e5-763e-412d-84ed-170df93f1696 service placement] Successfully deleted allocations [, , ] {{(pid=105160) delete_allocations /opt/stack/placement/placement/handlers/allocation.py:627}}
May 27 03:40:54.559723 dv-cinder-843361-2-smb devstack@placement-api.service[105160]: INFO placement.requestlog [req-08930492-e04a-4657-b18c-b7171232a970 req-111f11e5-763e-412d-84ed-170df93f1696 service placement] 10.222.0.72 "DELETE /placement/allocations/867cc700-2db2-4653-a990-c386140f79c7" status: 204 len: 0 microversion: 1.0
May 27 03:40:54.561042 dv-cinder-843361-2-smb devstack@placement-api.service[105160]: [pid: 105160|app: 0|req: 25/52] 10.222.0.72 () {60 vars in 1355 bytes} [Fri May 27 03:40:54 2022] DELETE /placement/allocations/867cc700-2db2-4653-a990-c386140f79c7 => generated 0 bytes in 240 msecs (HTTP/1.1 204) 5 headers in 198 bytes (2 switches on core 0)
May 27 03:40:56.729675 dv-cinder-843361-2-smb devstack@placement-api.service[105159]: DEBUG placement.requestlog [req-292089d4-09ef-4dc4-be70-f10e5a382319 req-a807108e-9153-408b-a5d6-819bc5c59c81 None None] Starting request: 10.222.0.71 "GET /placement/allocation_candidates?limit=1000&resources=DISK_GB%3A1%2CMEMORY_MB%3A1024%2CVCPU%3A1&root_required=%21COMPUTE_STATUS_DISABLED" {{(pid=105159) __call__ /opt/stack/placement/placement/requestlog.py:55}}
May 27 03:40:56.763611 dv-cinder-843361-2-smb devstack@placement-api.service[105159]: DEBUG placement.objects.research_context [req-292089d4-09ef-4dc4-be70-f10e5a382319 req-a807108e-9153-408b-a5d6-819bc5c59c81 service placement] getting providers with 1 DISK_GB {{(pid=105159) __init__ /opt/stack/placement/placement/objects/research_context.py:136}}
May 27 03:40:56.775071 dv-cinder-843361-2-smb devstack@placement-api.service[105159]: DEBUG placement.objects.research_context [req-292089d4-09ef-4dc4-be70-f10e5a382319 req-a807108e-9153-408b-a5d6-819bc5c59c81 service placement] getting providers with 1024 MEMORY_MB {{(pid=105159) __init__ /opt/stack/placement/placement/objects/research_context.py:136}}
May 27 03:40:56.778148 dv-cinder-843361-2-smb devstack@placement-api.service[105159]: DEBUG placement.objects.research_context [req-292089d4-09ef-4dc4-be70-f10e5a382319 req-a807108e-9153-408b-a5d6-819bc5c59c81 service placement] getting providers with 1 VCPU {{(pid=105159) __init__ /opt/stack/placement/placement/objects/research_context.py:136}}
May 27 03:40:56.784089 dv-cinder-843361-2-smb devstack@placement-api.service[105159]: DEBUG placement.objects.research_context [req-292089d4-09ef-4dc4-be70-f10e5a382319 req-a807108e-9153-408b-a5d6-819bc5c59c81 service placement] found 1 providers with available 1 DISK_GB {{(pid=105159) get_provider_ids_matching /opt/stack/placement/placement/objects/research_context.py:563}}
May 27 03:40:56.784368 dv-cinder-843361-2-smb devstack@placement-api.service[105159]: DEBUG placement.objects.research_context [req-292089d4-09ef-4dc4-be70-f10e5a382319 req-a807108e-9153-408b-a5d6-819bc5c59c81 service placement] found 1 providers with available 1024 MEMORY_MB {{(pid=105159) get_provider_ids_matching /opt/stack/placement/placement/objects/research_context.py:563}}
May 27 03:40:56.784638 dv-cinder-843361-2-smb devstack@placement-api.service[105159]: DEBUG placement.objects.research_context [req-292089d4-09ef-4dc4-be70-f10e5a382319 req-a807108e-9153-408b-a5d6-819bc5c59c81 service placement] found 1 providers after filtering by previous result {{(pid=105159) get_provider_ids_matching /opt/stack/placement/placement/objects/research_context.py:594}}
May 27 03:40:56.784898 dv-cinder-843361-2-smb devstack@placement-api.service[105159]: DEBUG placement.objects.research_context [req-292089d4-09ef-4dc4-be70-f10e5a382319 req-a807108e-9153-408b-a5d6-819bc5c59c81 service placement] found 1 providers with available 1 VCPU {{(pid=105159) get_provider_ids_matching /opt/stack/placement/placement/objects/research_context.py:563}}
May 27 03:40:56.785159 dv-cinder-843361-2-smb devstack@placement-api.service[105159]: DEBUG placement.objects.research_context [req-292089d4-09ef-4dc4-be70-f10e5a382319 req-a807108e-9153-408b-a5d6-819bc5c59c81 service placement] found 1 providers after filtering by previous result {{(pid=105159) get_provider_ids_matching /opt/stack/placement/placement/objects/research_context.py:594}}
May 27 03:40:56.796831 dv-cinder-843361-2-smb devstack@placement-api.service[105159]: DEBUG placement.objects.allocation_candidate [req-292089d4-09ef-4dc4-be70-f10e5a382319 req-a807108e-9153-408b-a5d6-819bc5c59c81 service placement] RequestGroup(use_same_provider=False, resources={DISK_GB:1, MEMORY_MB:1024, VCPU:1}, traits=(), aggregates=[]) (suffix '') returned 1 matches {{(pid=105159) _get_by_requests /opt/stack/placement/placement/objects/allocation_candidate.py:156}}
May 27 03:40:56.797228 dv-cinder-843361-2-smb devstack@placement-api.service[105159]: DEBUG placement.objects.allocation_candidate [req-292089d4-09ef-4dc4-be70-f10e5a382319 req-a807108e-9153-408b-a5d6-819bc5c59c81 service placement] Merging candidates yields 1 allocation requests and 1 provider summaries {{(pid=105159) _merge_candidates /opt/stack/placement/placement/objects/allocation_candidate.py:809}}
May 27 03:40:56.798948 dv-cinder-843361-2-smb devstack@placement-api.service[105159]: INFO placement.requestlog [req-292089d4-09ef-4dc4-be70-f10e5a382319 req-a807108e-9153-408b-a5d6-819bc5c59c81 service placement] 10.222.0.71 "GET /placement/allocation_candidates?limit=1000&resources=DISK_GB%3A1%2CMEMORY_MB%3A1024%2CVCPU%3A1&root_required=%21COMPUTE_STATUS_DISABLED" status: 200 len: 767 microversion: 1.36
May 27 03:40:56.799320 dv-cinder-843361-2-smb devstack@placement-api.service[105159]: [pid: 105159|app: 0|req: 28/53] 10.222.0.71 () {60 vars in 1506 bytes} [Fri May 27 03:40:56 2022] GET /placement/allocation_candidates?limit=1000&resources=DISK_GB%3A1%2CMEMORY_MB%3A1024%2CVCPU%3A1&root_required=%21COMPUTE_STATUS_DISABLED => generated 767 bytes in 70 msecs (HTTP/1.1 200) 8 headers in 296 bytes (2 switches on core 0)
May 27 03:40:56.835249 dv-cinder-843361-2-smb devstack@placement-api.service[105160]: DEBUG placement.requestlog [req-292089d4-09ef-4dc4-be70-f10e5a382319 req-c9451c4c-2364-4a28-9c18-fdc8b71a87cd None None] Starting request: 10.222.0.71 "GET /placement/allocations/c3634bb2-2325-4565-96a8-f38e7bb5b911" {{(pid=105160) __call__ /opt/stack/placement/placement/requestlog.py:55}}
May 27 03:40:56.846768 dv-cinder-843361-2-smb devstack@placement-api.service[105160]: INFO placement.requestlog [req-292089d4-09ef-4dc4-be70-f10e5a382319 req-c9451c4c-2364-4a28-9c18-fdc8b71a87cd service placement] 10.222.0.71 "GET /placement/allocations/c3634bb2-2325-4565-96a8-f38e7bb5b911" status: 200 len: 19 microversion: 1.28
May 27 03:40:56.847108 dv-cinder-843361-2-smb devstack@placement-api.service[105160]: [pid: 105160|app: 0|req: 26/54] 10.222.0.71 () {60 vars in 1380 bytes} [Fri May 27 03:40:56 2022] GET /placement/allocations/c3634bb2-2325-4565-96a8-f38e7bb5b911 => generated 19 bytes in 12 msecs (HTTP/1.1 200) 8 headers in 295 bytes (2 switches on core 0)
May 27 03:40:56.853034 dv-cinder-843361-2-smb devstack@placement-api.service[105159]: DEBUG placement.requestlog [req-292089d4-09ef-4dc4-be70-f10e5a382319 req-1ba77d0d-0dac-45e6-a8c9-e492501fd88d None None] Starting request: 10.222.0.71 "PUT /placement/allocations/c3634bb2-2325-4565-96a8-f38e7bb5b911" {{(pid=105159) __call__ /opt/stack/placement/placement/requestlog.py:55}}
May 27 03:40:56.894278 dv-cinder-843361-2-smb devstack@placement-api.service[105160]: DEBUG placement.requestlog [req-c9af9488-dfcf-4c1b-a798-7cae79f32a03 req-ca1b312b-f5e7-4928-9836-d01bb9d9dfd7 None None] Starting request: 10.222.0.71 "GET /placement/allocation_candidates?limit=1000&resources=MEMORY_MB%3A1024%2CVCPU%3A1&root_required=%21COMPUTE_STATUS_DISABLED" {{(pid=105160) __call__ /opt/stack/placement/placement/requestlog.py:55}}
May 27 03:40:56.927525 dv-cinder-843361-2-smb devstack@placement-api.service[105160]: DEBUG placement.objects.research_context [req-c9af9488-dfcf-4c1b-a798-7cae79f32a03 req-ca1b312b-f5e7-4928-9836-d01bb9d9dfd7 service placement] getting providers with 1024 MEMORY_MB {{(pid=105160) __init__ /opt/stack/placement/placement/objects/research_context.py:136}}
May 27 03:40:56.933901 dv-cinder-843361-2-smb devstack@placement-api.service[105160]: DEBUG placement.objects.research_context [req-c9af9488-dfcf-4c1b-a798-7cae79f32a03 req-ca1b312b-f5e7-4928-9836-d01bb9d9dfd7 service placement] getting providers with 1 VCPU {{(pid=105160) __init__ /opt/stack/placement/placement/objects/research_context.py:136}}
May 27 03:40:56.940924 dv-cinder-843361-2-smb devstack@placement-api.service[105160]: DEBUG placement.objects.research_context [req-c9af9488-dfcf-4c1b-a798-7cae79f32a03 req-ca1b312b-f5e7-4928-9836-d01bb9d9dfd7 service placement] found 1 providers with available 1024 MEMORY_MB {{(pid=105160) get_provider_ids_matching /opt/stack/placement/placement/objects/research_context.py:563}}
May 27 03:40:56.941289 dv-cinder-843361-2-smb devstack@placement-api.service[105160]: DEBUG placement.objects.research_context [req-c9af9488-dfcf-4c1b-a798-7cae79f32a03 req-ca1b312b-f5e7-4928-9836-d01bb9d9dfd7 service placement] found 1 providers with available 1 VCPU {{(pid=105160) get_provider_ids_matching /opt/stack/placement/placement/objects/research_context.py:563}}
May 27 03:40:56.941734 dv-cinder-843361-2-smb devstack@placement-api.service[105160]: DEBUG placement.objects.research_context [req-c9af9488-dfcf-4c1b-a798-7cae79f32a03 req-ca1b312b-f5e7-4928-9836-d01bb9d9dfd7 service placement] found 1 providers after filtering by previous result {{(pid=105160) get_provider_ids_matching /opt/stack/placement/placement/objects/research_context.py:594}}
May 27 03:40:56.960039 dv-cinder-843361-2-smb devstack@placement-api.service[105160]: DEBUG placement.objects.allocation_candidate [req-c9af9488-dfcf-4c1b-a798-7cae79f32a03 req-ca1b312b-f5e7-4928-9836-d01bb9d9dfd7 service placement] RequestGroup(use_same_provider=False, resources={MEMORY_MB:1024, VCPU:1}, traits=(), aggregates=[]) (suffix '') returned 1 matches {{(pid=105160) _get_by_requests /opt/stack/placement/placement/objects/allocation_candidate.py:156}}
May 27 03:40:56.960507 dv-cinder-843361-2-smb devstack@placement-api.service[105160]: DEBUG placement.objects.allocation_candidate [req-c9af9488-dfcf-4c1b-a798-7cae79f32a03 req-ca1b312b-f5e7-4928-9836-d01bb9d9dfd7 service placement] Merging candidates yields 1 allocation requests and 1 provider summaries {{(pid=105160) _merge_candidates /opt/stack/placement/placement/objects/allocation_candidate.py:809}}
May 27 03:40:56.962068 dv-cinder-843361-2-smb devstack@placement-api.service[105160]: INFO placement.requestlog [req-c9af9488-dfcf-4c1b-a798-7cae79f32a03 req-ca1b312b-f5e7-4928-9836-d01bb9d9dfd7 service placement] 10.222.0.71 "GET /placement/allocation_candidates?limit=1000&resources=MEMORY_MB%3A1024%2CVCPU%3A1&root_required=%21COMPUTE_STATUS_DISABLED" status: 200 len: 753 microversion: 1.36
May 27 03:40:56.962572 dv-cinder-843361-2-smb devstack@placement-api.service[105160]: [pid: 105160|app: 0|req: 27/55] 10.222.0.71 () {60 vars in 1478 bytes} [Fri May 27 03:40:56 2022] GET /placement/allocation_candidates?limit=1000&resources=MEMORY_MB%3A1024%2CVCPU%3A1&root_required=%21COMPUTE_STATUS_DISABLED => generated 753 bytes in 69 msecs (HTTP/1.1 200) 8 headers in 296 bytes (2 switches on core 0)
May 27 03:40:56.994937 dv-cinder-843361-2-smb devstack@placement-api.service[105159]: DEBUG placement.handlers.allocation [req-292089d4-09ef-4dc4-be70-f10e5a382319 req-1ba77d0d-0dac-45e6-a8c9-e492501fd88d service placement] Successfully wrote allocations [, , ] {{(pid=105159) _update_consumers_and_create_allocations /opt/stack/placement/placement/handlers/allocation.py:462}}
May 27 03:40:57.003993 dv-cinder-843361-2-smb devstack@placement-api.service[105160]: DEBUG placement.requestlog [req-c9af9488-dfcf-4c1b-a798-7cae79f32a03 req-de30477d-eb96-4448-9a7c-7c110707fffb None None] Starting request: 10.222.0.71 "GET /placement/allocations/24144904-0238-4933-b5ed-1b4c9e7fd28f" {{(pid=105160) __call__ /opt/stack/placement/placement/requestlog.py:55}}
May 27 03:40:57.015980 dv-cinder-843361-2-smb devstack@placement-api.service[105160]: INFO placement.requestlog [req-c9af9488-dfcf-4c1b-a798-7cae79f32a03 req-de30477d-eb96-4448-9a7c-7c110707fffb service placement] 10.222.0.71 "GET /placement/allocations/24144904-0238-4933-b5ed-1b4c9e7fd28f" status: 200 len: 19 microversion: 1.28
May 27 03:40:57.016248 dv-cinder-843361-2-smb devstack@placement-api.service[105160]: [pid: 105160|app: 0|req: 28/56] 10.222.0.71 () {60 vars in 1380 bytes} [Fri May 27 03:40:57 2022] GET /placement/allocations/24144904-0238-4933-b5ed-1b4c9e7fd28f => generated 19 bytes in 13 msecs (HTTP/1.1 200) 8 headers in 295 bytes (2 switches on core 0)
May 27 03:40:57.022128 dv-cinder-843361-2-smb devstack@placement-api.service[105160]: DEBUG placement.requestlog [req-c9af9488-dfcf-4c1b-a798-7cae79f32a03 req-09eaa882-dc3b-4ec8-ab69-5a367ab2ebca None None] Starting request: 10.222.0.71 "PUT /placement/allocations/24144904-0238-4933-b5ed-1b4c9e7fd28f" {{(pid=105160) __call__ /opt/stack/placement/placement/requestlog.py:55}}
May 27 03:40:57.043573 dv-cinder-843361-2-smb devstack@placement-api.service[105159]: INFO placement.requestlog [req-292089d4-09ef-4dc4-be70-f10e5a382319 req-1ba77d0d-0dac-45e6-a8c9-e492501fd88d service placement] 10.222.0.71 "PUT /placement/allocations/c3634bb2-2325-4565-96a8-f38e7bb5b911" status: 204 len: 0 microversion: 1.36
May 27 03:40:57.044076 dv-cinder-843361-2-smb devstack@placement-api.service[105159]: [pid: 105159|app: 0|req: 29/57] 10.222.0.71 () {64 vars in 1433 bytes} [Fri May 27 03:40:56 2022] PUT /placement/allocations/c3634bb2-2325-4565-96a8-f38e7bb5b911 => generated 0 bytes in 191 msecs (HTTP/1.1 204) 5 headers in 199 bytes (2 switches on core 0)
May 27 03:40:57.306002 dv-cinder-843361-2-smb devstack@placement-api.service[105160]: DEBUG placement.handlers.allocation [req-c9af9488-dfcf-4c1b-a798-7cae79f32a03 req-09eaa882-dc3b-4ec8-ab69-5a367ab2ebca service placement] Successfully wrote allocations [, ] {{(pid=105160) _update_consumers_and_create_allocations /opt/stack/placement/placement/handlers/allocation.py:462}}
May 27 03:40:57.392787 dv-cinder-843361-2-smb devstack@placement-api.service[105160]: INFO placement.requestlog [req-c9af9488-dfcf-4c1b-a798-7cae79f32a03 req-09eaa882-dc3b-4ec8-ab69-5a367ab2ebca service placement] 10.222.0.71 "PUT /placement/allocations/24144904-0238-4933-b5ed-1b4c9e7fd28f" status: 204 len: 0 microversion: 1.36
May 27 03:40:57.393187 dv-cinder-843361-2-smb devstack@placement-api.service[105160]: [pid: 105160|app: 0|req: 29/58] 10.222.0.71 () {64 vars in 1433 bytes} [Fri May 27 03:40:57 2022] PUT /placement/allocations/24144904-0238-4933-b5ed-1b4c9e7fd28f => generated 0 bytes in 371 msecs (HTTP/1.1 204) 5 headers in 199 bytes (2 switches on core 0)
May 27 03:40:57.838882 dv-cinder-843361-2-smb devstack@placement-api.service[105159]: DEBUG placement.requestlog [req-292089d4-09ef-4dc4-be70-f10e5a382319 req-7a469652-5537-4037-b8b9-4523634c8ffc None None] Starting request: 10.222.0.72 "GET /placement/allocations/c3634bb2-2325-4565-96a8-f38e7bb5b911" {{(pid=105159) __call__ /opt/stack/placement/placement/requestlog.py:55}}
May 27 03:40:57.858466 dv-cinder-843361-2-smb devstack@placement-api.service[105159]: INFO placement.requestlog [req-292089d4-09ef-4dc4-be70-f10e5a382319 req-7a469652-5537-4037-b8b9-4523634c8ffc service placement] 10.222.0.72 "GET /placement/allocations/c3634bb2-2325-4565-96a8-f38e7bb5b911" status: 200 len: 259 microversion: 1.28
May 27 03:40:57.859128 dv-cinder-843361-2-smb devstack@placement-api.service[105159]: [pid: 105159|app: 0|req: 30/59] 10.222.0.72 () {60 vars in 1377 bytes} [Fri May 27 03:40:57 2022] GET /placement/allocations/c3634bb2-2325-4565-96a8-f38e7bb5b911 => generated 259 bytes in 20 msecs (HTTP/1.1 200) 8 headers in 296 bytes (2 switches on core 0)
May 27 03:40:58.502327 dv-cinder-843361-2-smb devstack@placement-api.service[105160]: DEBUG placement.requestlog [req-c9af9488-dfcf-4c1b-a798-7cae79f32a03 req-ed678233-4b84-483d-b58b-9556558a56a8 None None] Starting request: 10.222.0.72 "GET /placement/allocations/24144904-0238-4933-b5ed-1b4c9e7fd28f" {{(pid=105160) __call__ /opt/stack/placement/placement/requestlog.py:55}}
May 27 03:40:58.519046 dv-cinder-843361-2-smb devstack@placement-api.service[105160]: INFO placement.requestlog [req-c9af9488-dfcf-4c1b-a798-7cae79f32a03 req-ed678233-4b84-483d-b58b-9556558a56a8 service placement] 10.222.0.72 "GET /placement/allocations/24144904-0238-4933-b5ed-1b4c9e7fd28f" status: 200 len: 245 microversion: 1.28
May 27 03:40:58.519422 dv-cinder-843361-2-smb devstack@placement-api.service[105160]: [pid: 105160|app: 0|req: 30/60] 10.222.0.72 () {60 vars in 1377 bytes} [Fri May 27 03:40:58 2022] GET /placement/allocations/24144904-0238-4933-b5ed-1b4c9e7fd28f => generated 245 bytes in 17 msecs (HTTP/1.1 200) 8 headers in 296 bytes (1 switches on core 0)
May 27 03:41:00.363495 dv-cinder-843361-2-smb devstack@placement-api.service[105159]: DEBUG placement.requestlog [req-0afea439-d2f4-428a-a5e6-69ec1e2588ae req-2a68fcbd-823d-4083-b8cd-d6809f3589fd None None] Starting request: 10.222.0.71 "GET /placement/allocation_candidates?limit=1000&resources=DISK_GB%3A1%2CMEMORY_MB%3A1024%2CVCPU%3A1&root_required=%21COMPUTE_STATUS_DISABLED" {{(pid=105159) __call__ /opt/stack/placement/placement/requestlog.py:55}}
May 27 03:41:00.434217 dv-cinder-843361-2-smb devstack@placement-api.service[105159]: DEBUG placement.objects.research_context [req-0afea439-d2f4-428a-a5e6-69ec1e2588ae req-2a68fcbd-823d-4083-b8cd-d6809f3589fd service placement] getting providers with 1 DISK_GB {{(pid=105159) __init__ /opt/stack/placement/placement/objects/research_context.py:136}}
May 27 03:41:00.457619 dv-cinder-843361-2-smb devstack@placement-api.service[105159]: DEBUG placement.objects.research_context [req-0afea439-d2f4-428a-a5e6-69ec1e2588ae req-2a68fcbd-823d-4083-b8cd-d6809f3589fd service placement] getting providers with 1024 MEMORY_MB {{(pid=105159) __init__ /opt/stack/placement/placement/objects/research_context.py:136}}
May 27 03:41:00.464951 dv-cinder-843361-2-smb devstack@placement-api.service[105159]: DEBUG placement.objects.research_context [req-0afea439-d2f4-428a-a5e6-69ec1e2588ae req-2a68fcbd-823d-4083-b8cd-d6809f3589fd service placement] getting providers with 1 VCPU {{(pid=105159) __init__ /opt/stack/placement/placement/objects/research_context.py:136}}
May 27 03:41:00.474346 dv-cinder-843361-2-smb devstack@placement-api.service[105159]: DEBUG placement.objects.research_context [req-0afea439-d2f4-428a-a5e6-69ec1e2588ae req-2a68fcbd-823d-4083-b8cd-d6809f3589fd service placement] found 1 providers with available 1 DISK_GB {{(pid=105159) get_provider_ids_matching /opt/stack/placement/placement/objects/research_context.py:563}}
May 27 03:41:00.474636 dv-cinder-843361-2-smb devstack@placement-api.service[105159]: DEBUG placement.objects.research_context [req-0afea439-d2f4-428a-a5e6-69ec1e2588ae req-2a68fcbd-823d-4083-b8cd-d6809f3589fd service placement] found 1 providers with available 1024 MEMORY_MB {{(pid=105159) get_provider_ids_matching /opt/stack/placement/placement/objects/research_context.py:563}}
May 27 03:41:00.474919 dv-cinder-843361-2-smb devstack@placement-api.service[105159]: DEBUG placement.objects.research_context [req-0afea439-d2f4-428a-a5e6-69ec1e2588ae req-2a68fcbd-823d-4083-b8cd-d6809f3589fd service placement] found 1 providers after filtering by previous result {{(pid=105159) get_provider_ids_matching /opt/stack/placement/placement/objects/research_context.py:594}}
May 27 03:41:00.475314 dv-cinder-843361-2-smb devstack@placement-api.service[105159]: DEBUG placement.objects.research_context [req-0afea439-d2f4-428a-a5e6-69ec1e2588ae req-2a68fcbd-823d-4083-b8cd-d6809f3589fd service placement] found 1 providers with available 1 VCPU {{(pid=105159) get_provider_ids_matching /opt/stack/placement/placement/objects/research_context.py:563}}
May 27 03:41:00.475614 dv-cinder-843361-2-smb devstack@placement-api.service[105159]: DEBUG placement.objects.research_context [req-0afea439-d2f4-428a-a5e6-69ec1e2588ae req-2a68fcbd-823d-4083-b8cd-d6809f3589fd service placement] found 1 providers after filtering by previous result {{(pid=105159) get_provider_ids_matching /opt/stack/placement/placement/objects/research_context.py:594}}
May 27 03:41:00.488921 dv-cinder-843361-2-smb devstack@placement-api.service[105159]: DEBUG placement.objects.allocation_candidate [req-0afea439-d2f4-428a-a5e6-69ec1e2588ae req-2a68fcbd-823d-4083-b8cd-d6809f3589fd service placement] RequestGroup(use_same_provider=False, resources={DISK_GB:1, MEMORY_MB:1024, VCPU:1}, traits=(), aggregates=[]) (suffix '') returned 1 matches {{(pid=105159) _get_by_requests /opt/stack/placement/placement/objects/allocation_candidate.py:156}}
May 27 03:41:00.490197 dv-cinder-843361-2-smb devstack@placement-api.service[105159]: DEBUG placement.objects.allocation_candidate [req-0afea439-d2f4-428a-a5e6-69ec1e2588ae req-2a68fcbd-823d-4083-b8cd-d6809f3589fd service placement] Merging candidates yields 1 allocation requests and 1 provider summaries {{(pid=105159) _merge_candidates /opt/stack/placement/placement/objects/allocation_candidate.py:809}}
May 27 03:41:00.492720 dv-cinder-843361-2-smb devstack@placement-api.service[105159]: INFO placement.requestlog [req-0afea439-d2f4-428a-a5e6-69ec1e2588ae req-2a68fcbd-823d-4083-b8cd-d6809f3589fd service placement] 10.222.0.71 "GET /placement/allocation_candidates?limit=1000&resources=DISK_GB%3A1%2CMEMORY_MB%3A1024%2CVCPU%3A1&root_required=%21COMPUTE_STATUS_DISABLED" status: 200 len: 767 microversion: 1.36
May 27 03:41:00.493699 dv-cinder-843361-2-smb devstack@placement-api.service[105159]: [pid: 105159|app: 0|req: 31/61] 10.222.0.71 () {60 vars in 1506 bytes} [Fri May 27 03:41:00 2022] GET /placement/allocation_candidates?limit=1000&resources=DISK_GB%3A1%2CMEMORY_MB%3A1024%2CVCPU%3A1&root_required=%21COMPUTE_STATUS_DISABLED => generated 767 bytes in 130 msecs (HTTP/1.1 200) 8 headers in 296 bytes (1 switches on core 0)
May 27 03:41:00.533787 dv-cinder-843361-2-smb devstack@placement-api.service[105160]: DEBUG placement.requestlog [req-0afea439-d2f4-428a-a5e6-69ec1e2588ae req-edc5ec14-4a5b-4c02-90eb-6bb053da233e None None] Starting request: 10.222.0.71 "GET /placement/allocations/5442e526-9bae-444b-be40-78dda1200ecb" {{(pid=105160) __call__ /opt/stack/placement/placement/requestlog.py:55}}
May 27 03:41:00.545613 dv-cinder-843361-2-smb devstack@placement-api.service[105160]: INFO placement.requestlog [req-0afea439-d2f4-428a-a5e6-69ec1e2588ae req-edc5ec14-4a5b-4c02-90eb-6bb053da233e service placement] 10.222.0.71 "GET /placement/allocations/5442e526-9bae-444b-be40-78dda1200ecb" status: 200 len: 19 microversion: 1.28
May 27 03:41:00.546198 dv-cinder-843361-2-smb devstack@placement-api.service[105160]: [pid: 105160|app: 0|req: 31/62] 10.222.0.71 () {60 vars in 1380 bytes} [Fri May 27 03:41:00 2022] GET /placement/allocations/5442e526-9bae-444b-be40-78dda1200ecb => generated 19 bytes in 13 msecs (HTTP/1.1 200) 8 headers in 295 bytes (1 switches on core 0)
May 27 03:41:00.552479 dv-cinder-843361-2-smb devstack@placement-api.service[105159]: DEBUG placement.requestlog [req-0afea439-d2f4-428a-a5e6-69ec1e2588ae req-677b1995-89c5-4ecb-b5ce-aa6cf22ce11a None None] Starting request: 10.222.0.71 "PUT /placement/allocations/5442e526-9bae-444b-be40-78dda1200ecb" {{(pid=105159) __call__ /opt/stack/placement/placement/requestlog.py:55}}
May 27 03:41:00.720127 dv-cinder-843361-2-smb devstack@placement-api.service[105159]: DEBUG placement.handlers.allocation [req-0afea439-d2f4-428a-a5e6-69ec1e2588ae req-677b1995-89c5-4ecb-b5ce-aa6cf22ce11a service placement] Successfully wrote allocations [, , ] {{(pid=105159) _update_consumers_and_create_allocations /opt/stack/placement/placement/handlers/allocation.py:462}}
May 27 03:41:00.811374 dv-cinder-843361-2-smb devstack@placement-api.service[105159]: INFO placement.requestlog [req-0afea439-d2f4-428a-a5e6-69ec1e2588ae req-677b1995-89c5-4ecb-b5ce-aa6cf22ce11a service placement] 10.222.0.71 "PUT /placement/allocations/5442e526-9bae-444b-be40-78dda1200ecb" status: 204 len: 0 microversion: 1.36
May 27 03:41:00.811684 dv-cinder-843361-2-smb devstack@placement-api.service[105159]: [pid: 105159|app: 0|req: 32/63] 10.222.0.71 () {64 vars in 1433 bytes} [Fri May 27 03:41:00 2022] PUT /placement/allocations/5442e526-9bae-444b-be40-78dda1200ecb => generated 0 bytes in 259 msecs (HTTP/1.1 204) 5 headers in 199 bytes (2 switches on core 0)
May 27 03:41:01.668422 dv-cinder-843361-2-smb devstack@placement-api.service[105160]: DEBUG placement.requestlog [req-0afea439-d2f4-428a-a5e6-69ec1e2588ae req-c49c9234-f47a-4d94-9a25-a71007b3e579 None None] Starting request: 10.222.0.72 "GET /placement/allocations/5442e526-9bae-444b-be40-78dda1200ecb" {{(pid=105160) __call__ /opt/stack/placement/placement/requestlog.py:55}}
May 27 03:41:01.702305 dv-cinder-843361-2-smb devstack@placement-api.service[105160]: INFO placement.requestlog [req-0afea439-d2f4-428a-a5e6-69ec1e2588ae req-c49c9234-f47a-4d94-9a25-a71007b3e579 service placement] 10.222.0.72 "GET /placement/allocations/5442e526-9bae-444b-be40-78dda1200ecb" status: 200 len: 259 microversion: 1.28
May 27 03:41:01.703561 dv-cinder-843361-2-smb devstack@placement-api.service[105160]: [pid: 105160|app: 0|req: 32/64] 10.222.0.72 () {60 vars in 1377 bytes} [Fri May 27 03:41:01 2022] GET /placement/allocations/5442e526-9bae-444b-be40-78dda1200ecb => generated 259 bytes in 35 msecs (HTTP/1.1 200) 8 headers in 296 bytes (1 switches on core 0)
May 27 03:41:09.173878 dv-cinder-843361-2-smb devstack@placement-api.service[105159]: DEBUG placement.requestlog [req-4329d63a-0e04-4f76-bc75-c536e7b9ee07 req-c479fe68-10ae-4d2a-bd3f-1276faa2b5e5 None None] Starting request: 10.222.0.72 "GET /placement/resource_providers/1949632f-6c74-42b9-9b35-db6a0a17811b/allocations" {{(pid=105159) __call__ /opt/stack/placement/placement/requestlog.py:55}}
May 27 03:41:09.449192 dv-cinder-843361-2-smb devstack@placement-api.service[105159]: INFO placement.requestlog [req-4329d63a-0e04-4f76-bc75-c536e7b9ee07 req-c479fe68-10ae-4d2a-bd3f-1276faa2b5e5 service placement] 10.222.0.72 "GET /placement/resource_providers/1949632f-6c74-42b9-9b35-db6a0a17811b/allocations" status: 200 len: 746 microversion: 1.0
May 27 03:41:09.449600 dv-cinder-843361-2-smb devstack@placement-api.service[105159]: [pid: 105159|app: 0|req: 33/65] 10.222.0.72 () {58 vars in 1390 bytes} [Fri May 27 03:41:09 2022] GET /placement/resource_providers/1949632f-6c74-42b9-9b35-db6a0a17811b/allocations => generated 746 bytes in 276 msecs (HTTP/1.1 200) 6 headers in 224 bytes (1 switches on core 0)
May 27 03:41:09.801716 dv-cinder-843361-2-smb devstack@placement-api.service[105160]: DEBUG placement.requestlog [req-4329d63a-0e04-4f76-bc75-c536e7b9ee07 req-4dd14b4d-9ce1-4a4c-9687-2653d770b54a None None] Starting request: 10.222.0.72 "GET /placement/resource_providers?in_tree=1949632f-6c74-42b9-9b35-db6a0a17811b" {{(pid=105160) __call__ /opt/stack/placement/placement/requestlog.py:55}}
May 27 03:41:09.818034 dv-cinder-843361-2-smb devstack@placement-api.service[105160]: INFO placement.requestlog [req-4329d63a-0e04-4f76-bc75-c536e7b9ee07 req-4dd14b4d-9ce1-4a4c-9687-2653d770b54a service placement] 10.222.0.72 "GET /placement/resource_providers?in_tree=1949632f-6c74-42b9-9b35-db6a0a17811b" status: 200 len: 865 microversion: 1.14
May 27 03:41:09.818374 dv-cinder-843361-2-smb devstack@placement-api.service[105160]: [pid: 105160|app: 0|req: 33/66] 10.222.0.72 () {60 vars in 1376 bytes} [Fri May 27 03:41:09 2022] GET /placement/resource_providers?in_tree=1949632f-6c74-42b9-9b35-db6a0a17811b => generated 865 bytes in 17 msecs (HTTP/1.1 200) 6 headers in 225 bytes (1 switches on core 0)
May 27 03:41:09.828205 dv-cinder-843361-2-smb devstack@placement-api.service[105159]: DEBUG placement.requestlog [req-4329d63a-0e04-4f76-bc75-c536e7b9ee07 req-c4e04d78-5f33-4b35-9893-8e62806481e7 None None] Starting request: 10.222.0.72 "GET /placement/resource_providers/1949632f-6c74-42b9-9b35-db6a0a17811b/inventories" {{(pid=105159) __call__ /opt/stack/placement/placement/requestlog.py:55}}
May 27 03:41:09.846890 dv-cinder-843361-2-smb devstack@placement-api.service[105159]: INFO placement.requestlog [req-4329d63a-0e04-4f76-bc75-c536e7b9ee07 req-c4e04d78-5f33-4b35-9893-8e62806481e7 service placement] 10.222.0.72 "GET /placement/resource_providers/1949632f-6c74-42b9-9b35-db6a0a17811b/inventories" status: 200 len: 398 microversion: 1.0
May 27 03:41:09.847211 dv-cinder-843361-2-smb devstack@placement-api.service[105159]: [pid: 105159|app: 0|req: 34/67] 10.222.0.72 () {58 vars in 1390 bytes} [Fri May 27 03:41:09 2022] GET /placement/resource_providers/1949632f-6c74-42b9-9b35-db6a0a17811b/inventories => generated 398 bytes in 19 msecs (HTTP/1.1 200) 6 headers in 224 bytes (1 switches on core 0)
May 27 03:41:09.858052 dv-cinder-843361-2-smb devstack@placement-api.service[105160]: DEBUG placement.requestlog [req-4329d63a-0e04-4f76-bc75-c536e7b9ee07 req-c11c5c3f-e503-4b70-913c-3c2eb08c0c4e None None] Starting request: 10.222.0.72 "GET /placement/resource_providers/1949632f-6c74-42b9-9b35-db6a0a17811b/aggregates" {{(pid=105160) __call__ /opt/stack/placement/placement/requestlog.py:55}}
May 27 03:41:09.872959 dv-cinder-843361-2-smb devstack@placement-api.service[105160]: INFO placement.requestlog [req-4329d63a-0e04-4f76-bc75-c536e7b9ee07 req-c11c5c3f-e503-4b70-913c-3c2eb08c0c4e service placement] 10.222.0.72 "GET /placement/resource_providers/1949632f-6c74-42b9-9b35-db6a0a17811b/aggregates" status: 200 len: 54 microversion: 1.19
May 27 03:41:09.873305 dv-cinder-843361-2-smb devstack@placement-api.service[105160]: [pid: 105160|app: 0|req: 34/68] 10.222.0.72 () {60 vars in 1431 bytes} [Fri May 27 03:41:09 2022] GET /placement/resource_providers/1949632f-6c74-42b9-9b35-db6a0a17811b/aggregates => generated 54 bytes in 15 msecs (HTTP/1.1 200) 8 headers in 295 bytes (1 switches on core 0)
May 27 03:41:09.882192 dv-cinder-843361-2-smb devstack@placement-api.service[105159]: DEBUG placement.requestlog [req-4329d63a-0e04-4f76-bc75-c536e7b9ee07 req-cf9b5e7c-5587-4312-b533-1559dcabfb7f None None] Starting request: 10.222.0.72 "GET /placement/resource_providers/1949632f-6c74-42b9-9b35-db6a0a17811b/traits" {{(pid=105159) __call__ /opt/stack/placement/placement/requestlog.py:55}}
May 27 03:41:09.911198 dv-cinder-843361-2-smb devstack@placement-api.service[105159]: INFO placement.requestlog [req-4329d63a-0e04-4f76-bc75-c536e7b9ee07 req-cf9b5e7c-5587-4312-b533-1559dcabfb7f service placement] 10.222.0.72 "GET /placement/resource_providers/1949632f-6c74-42b9-9b35-db6a0a17811b/traits" status: 200 len: 300 microversion: 1.6
May 27 03:41:09.911524 dv-cinder-843361-2-smb devstack@placement-api.service[105159]: [pid: 105159|app: 0|req: 35/69] 10.222.0.72 () {60 vars in 1418 bytes} [Fri May 27 03:41:09 2022] GET /placement/resource_providers/1949632f-6c74-42b9-9b35-db6a0a17811b/traits => generated 300 bytes in 29 msecs (HTTP/1.1 200) 6 headers in 224 bytes (1 switches on core 0)
May 27 03:41:19.274275 dv-cinder-843361-2-smb devstack@placement-api.service[105160]: DEBUG placement.requestlog [req-461f4ff3-4e1c-4257-a96d-2597378b3999 req-a04848b2-4654-4818-a1c5-910accb0c902 None None] Starting request: 10.222.0.72 "DELETE /placement/allocations/c3634bb2-2325-4565-96a8-f38e7bb5b911" {{(pid=105160) __call__ /opt/stack/placement/placement/requestlog.py:55}}
May 27 03:41:19.284572 dv-cinder-843361-2-smb devstack@placement-api.service[105160]: DEBUG dbcounter [-] [105160] Writing DB stats placement:SELECT=55,placement:DELETE=4,placement:INSERT=5,placement:UPDATE=2 {{(pid=105160) stat_writer /usr/local/lib/python3.8/dist-packages/dbcounter.py:114}}
May 27 03:41:19.517944 dv-cinder-843361-2-smb devstack@placement-api.service[105160]: DEBUG placement.handlers.allocation [req-461f4ff3-4e1c-4257-a96d-2597378b3999 req-a04848b2-4654-4818-a1c5-910accb0c902 service placement] Successfully deleted allocations [, , ] {{(pid=105160) delete_allocations /opt/stack/placement/placement/handlers/allocation.py:627}}
May 27 03:41:19.518539 dv-cinder-843361-2-smb devstack@placement-api.service[105160]: INFO placement.requestlog [req-461f4ff3-4e1c-4257-a96d-2597378b3999 req-a04848b2-4654-4818-a1c5-910accb0c902 service placement] 10.222.0.72 "DELETE /placement/allocations/c3634bb2-2325-4565-96a8-f38e7bb5b911" status: 204 len: 0 microversion: 1.0
May 27 03:41:19.519017 dv-cinder-843361-2-smb devstack@placement-api.service[105160]: [pid: 105160|app: 0|req: 35/70] 10.222.0.72 () {60 vars in 1355 bytes} [Fri May 27 03:41:19 2022] DELETE /placement/allocations/c3634bb2-2325-4565-96a8-f38e7bb5b911 => generated 0 bytes in 245 msecs (HTTP/1.1 204) 5 headers in 198 bytes (1 switches on core 0)
May 27 03:41:19.895931 dv-cinder-843361-2-smb devstack@placement-api.service[105159]: DEBUG dbcounter [-] [105159] Writing DB stats placement:SELECT=78,placement:DELETE=6,placement:INSERT=8,placement:UPDATE=4 {{(pid=105159) stat_writer /usr/local/lib/python3.8/dist-packages/dbcounter.py:114}}
May 27 03:41:29.620970 dv-cinder-843361-2-smb devstack@placement-api.service[105160]: DEBUG dbcounter [-] [105160] Writing DB stats placement:SELECT=6,placement:DELETE=2 {{(pid=105160) stat_writer /usr/local/lib/python3.8/dist-packages/dbcounter.py:114}}
May 27 03:41:42.233291 dv-cinder-843361-2-smb devstack@placement-api.service[105159]: DEBUG placement.requestlog [None req-4d31d6f8-a200-423b-b8f5-8c270d1a3823 None None] Starting request: 10.222.0.71 "GET /placement/resource_providers/9c8de8f0-14f2-4378-ac86-cca160848b79/aggregates" {{(pid=105159) __call__ /opt/stack/placement/placement/requestlog.py:55}}
May 27 03:41:42.244106 dv-cinder-843361-2-smb devstack@placement-api.service[105159]: INFO placement.requestlog [None req-4d31d6f8-a200-423b-b8f5-8c270d1a3823 service placement] 10.222.0.71 "GET /placement/resource_providers/9c8de8f0-14f2-4378-ac86-cca160848b79/aggregates" status: 404 len: 235 microversion: 1.1
May 27 03:41:42.244607 dv-cinder-843361-2-smb devstack@placement-api.service[105159]: [pid: 105159|app: 0|req: 36/71] 10.222.0.71 () {58 vars in 1362 bytes} [Fri May 27 03:41:42 2022] GET /placement/resource_providers/9c8de8f0-14f2-4378-ac86-cca160848b79/aggregates => generated 235 bytes in 12 msecs (HTTP/1.1 404) 5 headers in 202 bytes (1 switches on core 0)
May 27 03:41:42.266583 dv-cinder-843361-2-smb devstack@placement-api.service[105160]: DEBUG placement.requestlog [None req-c12a06d7-4432-4730-b578-aa4f138c2fba None None] Starting request: 10.222.0.71 "DELETE /placement/resource_providers/9c8de8f0-14f2-4378-ac86-cca160848b79" {{(pid=105160) __call__ /opt/stack/placement/placement/requestlog.py:55}}
May 27 03:41:42.276073 dv-cinder-843361-2-smb devstack@placement-api.service[105160]: DEBUG placement.wsgi_wrapper [None req-c12a06d7-4432-4730-b578-aa4f138c2fba service placement] Placement API returning an error response: No resource provider with uuid 9c8de8f0-14f2-4378-ac86-cca160848b79 found for delete {{(pid=105160) call_func /opt/stack/placement/placement/wsgi_wrapper.py:31}}
May 27 03:41:42.276796 dv-cinder-843361-2-smb devstack@placement-api.service[105160]: INFO placement.requestlog [None req-c12a06d7-4432-4730-b578-aa4f138c2fba service placement] 10.222.0.71 "DELETE /placement/resource_providers/9c8de8f0-14f2-4378-ac86-cca160848b79" status: 404 len: 246 microversion: 1.1
May 27 03:41:42.277573 dv-cinder-843361-2-smb devstack@placement-api.service[105160]: [pid: 105160|app: 0|req: 36/72] 10.222.0.71 () {60 vars in 1351 bytes} [Fri May 27 03:41:42 2022] DELETE /placement/resource_providers/9c8de8f0-14f2-4378-ac86-cca160848b79 => generated 246 bytes in 11 msecs (HTTP/1.1 404) 6 headers in 231 bytes (1 switches on core 0)
May 27 03:41:52.242681 dv-cinder-843361-2-smb devstack@placement-api.service[105159]: DEBUG dbcounter [-] [105159] Writing DB stats placement:SELECT=2 {{(pid=105159) stat_writer /usr/local/lib/python3.8/dist-packages/dbcounter.py:114}}
May 27 03:41:52.274479 dv-cinder-843361-2-smb devstack@placement-api.service[105160]: DEBUG dbcounter [-] [105160] Writing DB stats placement:SELECT=2 {{(pid=105160) stat_writer /usr/local/lib/python3.8/dist-packages/dbcounter.py:114}}
May 27 03:41:52.498819 dv-cinder-843361-2-smb devstack@placement-api.service[105159]: DEBUG placement.requestlog [req-2614d161-6cb7-4e78-987b-30e1231e0209 req-b9697576-3800-495d-8f6e-6a034ef37f19 None None] Starting request: 10.222.0.72 "DELETE /placement/allocations/5442e526-9bae-444b-be40-78dda1200ecb" {{(pid=105159) __call__ /opt/stack/placement/placement/requestlog.py:55}}
May 27 03:41:52.719130 dv-cinder-843361-2-smb devstack@placement-api.service[105159]: DEBUG placement.handlers.allocation [req-2614d161-6cb7-4e78-987b-30e1231e0209 req-b9697576-3800-495d-8f6e-6a034ef37f19 service placement] Successfully deleted allocations [, , ] {{(pid=105159) delete_allocations /opt/stack/placement/placement/handlers/allocation.py:627}}
May 27 03:41:52.720458 dv-cinder-843361-2-smb devstack@placement-api.service[105159]: INFO placement.requestlog [req-2614d161-6cb7-4e78-987b-30e1231e0209 req-b9697576-3800-495d-8f6e-6a034ef37f19 service placement] 10.222.0.72 "DELETE /placement/allocations/5442e526-9bae-444b-be40-78dda1200ecb" status: 204 len: 0 microversion: 1.0
May 27 03:41:52.721694 dv-cinder-843361-2-smb devstack@placement-api.service[105159]: [pid: 105159|app: 0|req: 37/73] 10.222.0.72 () {60 vars in 1355 bytes} [Fri May 27 03:41:52 2022] DELETE /placement/allocations/5442e526-9bae-444b-be40-78dda1200ecb => generated 0 bytes in 225 msecs (HTTP/1.1 204) 5 headers in 198 bytes (1 switches on core 0)
May 27 03:42:02.634826 dv-cinder-843361-2-smb devstack@placement-api.service[105159]: DEBUG dbcounter [-] [105159] Writing DB stats placement:SELECT=7,placement:DELETE=2 {{(pid=105159) stat_writer /usr/local/lib/python3.8/dist-packages/dbcounter.py:114}}
