May 27 03:50:20.869690 dv-cinder-843361-2-iscsi neutron-server[111121]: DEBUG dbcounter [-] [111121] Writing DB stats neutron:SELECT=100 {{(pid=111121) stat_writer /usr/local/lib/python3.8/dist-packages/dbcounter.py:114}}
May 27 03:50:20.884644 dv-cinder-843361-2-iscsi neutron-server[111121]: INFO neutron.wsgi [req-86a6d438-b309-4a79-abf7-58cafbec52c5 req-5be8494e-ef84-4a6a-a98b-cc89c135c49a tempest-ServerRescueNegativeTestJSON-855707423 tempest-ServerRescueNegativeTestJSON-855707423-project] 10.222.0.58 "GET /v2.0/security-groups?id=054f819e-9e55-45fb-9f3a-3d54ec33789d&fields=id&fields=name HTTP/1.1" status: 200 len: 286 time: 0.0533209
May 27 03:50:21.510686 dv-cinder-843361-2-iscsi neutron-server[111121]: DEBUG neutron.pecan_wsgi.hooks.policy_enforcement [req-2a1cb8ed-ca0e-492f-b41e-5d46d9108315 req-47871454-0ff8-4ad2-8240-2a8e6d4e54d4 tempest-AttachVolumeTestJSON-1671822743 tempest-AttachVolumeTestJSON-1671822743-project] Attributes excluded by policy engine: ['standard_attr_id', 'binding:profile', 'binding:host_id', 'binding:vif_type', 'binding:vif_details'] {{(pid=111121) _exclude_attributes_by_policy /opt/stack/neutron/neutron/pecan_wsgi/hooks/policy_enforcement.py:259}}
May 27 03:50:21.512125 dv-cinder-843361-2-iscsi neutron-server[111121]: INFO neutron.wsgi [req-2a1cb8ed-ca0e-492f-b41e-5d46d9108315 req-47871454-0ff8-4ad2-8240-2a8e6d4e54d4 tempest-AttachVolumeTestJSON-1671822743 tempest-AttachVolumeTestJSON-1671822743-project] 10.222.0.58 "GET /v2.0/ports?device_id=273fddf3-e318-49d7-93a7-04afba0c9ea5 HTTP/1.1" status: 200 len: 943 time: 0.0480502
May 27 03:50:21.563231 dv-cinder-843361-2-iscsi neutron-server[111121]: INFO neutron.wsgi [req-2a1cb8ed-ca0e-492f-b41e-5d46d9108315 req-71b28be2-fc87-4a25-9ab1-c97e73f78fdf tempest-AttachVolumeTestJSON-1671822743 tempest-AttachVolumeTestJSON-1671822743-project] 10.222.0.58 "GET /v2.0/security-groups?id=efddfcfc-beb0-425e-af4e-6c042dfccd63&fields=id&fields=name HTTP/1.1" status: 200 len: 313 time: 0.0445232
May 27 03:50:21.827107 dv-cinder-843361-2-iscsi neutron-server[111120]: DEBUG neutron.pecan_wsgi.hooks.policy_enforcement [req-d335e56c-1097-42b3-90f5-325dd8fa2fef req-6da58a7c-7b04-4eaf-be52-7650efca2ce6 tempest-AttachVolumeShelveTestJSON-696104658 tempest-AttachVolumeShelveTestJSON-696104658-project] Attributes excluded by policy engine: ['standard_attr_id', 'binding:profile', 'binding:host_id', 'binding:vif_type', 'binding:vif_details'] {{(pid=111120) _exclude_attributes_by_policy /opt/stack/neutron/neutron/pecan_wsgi/hooks/policy_enforcement.py:259}}
May 27 03:50:21.829164 dv-cinder-843361-2-iscsi neutron-server[111120]: INFO neutron.wsgi [req-d335e56c-1097-42b3-90f5-325dd8fa2fef req-6da58a7c-7b04-4eaf-be52-7650efca2ce6 tempest-AttachVolumeShelveTestJSON-696104658 tempest-AttachVolumeShelveTestJSON-696104658-project] 10.222.0.58 "GET /v2.0/ports?device_id=5a66f721-a21b-4126-8e7b-467f7ce411c8 HTTP/1.1" status: 200 len: 943 time: 0.0489233
May 27 03:50:21.876086 dv-cinder-843361-2-iscsi neutron-server[111120]: INFO neutron.wsgi [req-d335e56c-1097-42b3-90f5-325dd8fa2fef req-c46d2a18-ea86-4e7e-8e1b-cca702dda762 tempest-AttachVolumeShelveTestJSON-696104658 tempest-AttachVolumeShelveTestJSON-696104658-project] 10.222.0.58 "GET /v2.0/security-groups?id=aad0ac8c-3a46-483f-8502-68f442fbec1e&fields=id&fields=name HTTP/1.1" status: 200 len: 313 time: 0.0410130
May 27 03:50:22.006168 dv-cinder-843361-2-iscsi neutron-server[111121]: DEBUG neutron.pecan_wsgi.hooks.policy_enforcement [req-9a2dadc5-597f-4563-aafa-7fb9770cc3c1 req-95aa530d-f605-4384-a57d-66237f15da66 tempest-ServerRescueNegativeTestJSON-855707423 tempest-ServerRescueNegativeTestJSON-855707423-project] Attributes excluded by policy engine: ['standard_attr_id', 'binding:profile', 'binding:host_id', 'binding:vif_type', 'binding:vif_details'] {{(pid=111121) _exclude_attributes_by_policy /opt/stack/neutron/neutron/pecan_wsgi/hooks/policy_enforcement.py:259}}
May 27 03:50:22.007725 dv-cinder-843361-2-iscsi neutron-server[111121]: INFO neutron.wsgi [req-9a2dadc5-597f-4563-aafa-7fb9770cc3c1 req-95aa530d-f605-4384-a57d-66237f15da66 tempest-ServerRescueNegativeTestJSON-855707423 tempest-ServerRescueNegativeTestJSON-855707423-project] 10.222.0.58 "GET /v2.0/ports?device_id=b95a0082-dd02-4686-867c-8fb493c8164b HTTP/1.1" status: 200 len: 945 time: 0.0510025
May 27 03:50:22.060473 dv-cinder-843361-2-iscsi neutron-server[111121]: INFO neutron.wsgi [req-9a2dadc5-597f-4563-aafa-7fb9770cc3c1 req-28d0daba-0ccd-41c0-acde-da53fd26ae20 tempest-ServerRescueNegativeTestJSON-855707423 tempest-ServerRescueNegativeTestJSON-855707423-project] 10.222.0.58 "GET /v2.0/security-groups?id=054f819e-9e55-45fb-9f3a-3d54ec33789d&fields=id&fields=name HTTP/1.1" status: 200 len: 286 time: 0.0469146
May 27 03:50:22.405760 dv-cinder-843361-2-iscsi neutron-server[111122]: DEBUG neutron.plugins.ml2.rpc [None req-30c66f48-5ae9-418d-b0b8-2285acd25583 None None] Device 41424024-3be4-4e45-ab50-5aa71afa1707 details requested by agent hyperv_hv-cinder-84336 with host hv-cinder-84336 {{(pid=111122) get_device_details /opt/stack/neutron/neutron/plugins/ml2/rpc.py:102}}
May 27 03:50:22.518111 dv-cinder-843361-2-iscsi neutron-server[111122]: DEBUG neutron.plugins.ml2.db [None req-30c66f48-5ae9-418d-b0b8-2285acd25583 None None] For port 41424024-3be4-4e45-ab50-5aa71afa1707, host hv-cinder-84336, got binding levels [PortBindingLevel(driver='hyperv',host='hv-cinder-84336',level=0,port_id=41424024-3be4-4e45-ab50-5aa71afa1707,segment=NetworkSegment(5c5dc84d-0b8f-40ce-aae0-9d5098ea5e7f),segment_id=5c5dc84d-0b8f-40ce-aae0-9d5098ea5e7f)] {{(pid=111122) get_binding_level_objs /opt/stack/neutron/neutron/plugins/ml2/db.py:74}}
May 27 03:50:22.529958 dv-cinder-843361-2-iscsi neutron-server[111122]: DEBUG neutron.plugins.ml2.rpc [None req-30c66f48-5ae9-418d-b0b8-2285acd25583 None None] Returning: {'device': '41424024-3be4-4e45-ab50-5aa71afa1707', 'network_id': 'eba72c12-5b60-48f3-a29b-e3bbe4163d32', 'port_id': '41424024-3be4-4e45-ab50-5aa71afa1707', 'mac_address': 'fa:16:3e:8b:87:90', 'admin_state_up': True, 'network_type': 'vlan', 'segmentation_id': 615, 'physical_network': 'physnet1', 'mtu': 1500, 'fixed_ips': [{'subnet_id': 'e3b48e48-9d0a-4567-b124-4dbaba78bfb4', 'ip_address': '172.20.0.9'}], 'device_owner': 'compute:nova', 'allowed_address_pairs': [], 'port_security_enabled': True, 'qos_policy_id': None, 'qos_network_policy_id': None, 'profile': {}, 'propagate_uplink_status': False} {{(pid=111122) _get_device_details /opt/stack/neutron/neutron/plugins/ml2/rpc.py:184}}
May 27 03:50:22.565928 dv-cinder-843361-2-iscsi neutron-server[111122]: DEBUG neutron.plugins.ml2.plugin [None req-30c66f48-5ae9-418d-b0b8-2285acd25583 None None] Current status of the port 41424024-3be4-4e45-ab50-5aa71afa1707 is: DOWN; New status is: BUILD {{(pid=111122) _update_individual_port_db_status /opt/stack/neutron/neutron/plugins/ml2/plugin.py:2298}}
May 27 03:50:22.566307 dv-cinder-843361-2-iscsi neutron-server[111122]: DEBUG neutron_lib.callbacks.manager [None req-30c66f48-5ae9-418d-b0b8-2285acd25583 None None] Publish callbacks ['neutron.plugins.ml2.plugin.SecurityGroupDbMixin._ensure_default_security_group_handler-777467'] for port (41424024-3be4-4e45-ab50-5aa71afa1707), before_update {{(pid=111122) _notify_loop /usr/local/lib/python3.8/dist-packages/neutron_lib/callbacks/manager.py:176}}
May 27 03:50:22.585476 dv-cinder-843361-2-iscsi neutron-server[111122]: DEBUG neutron_lib.callbacks.manager [None req-30c66f48-5ae9-418d-b0b8-2285acd25583 None None] Publish callbacks ['neutron.services.segments.db._update_segment_host_mapping_for_agent-8785700912734', 'neutron.plugins.ml2.plugin.Ml2Plugin._retry_binding_revived_agents-904863'] for agent (32faef9d-8a03-4e87-aa2f-2dc34dc0795f), after_update {{(pid=111122) _notify_loop /usr/local/lib/python3.8/dist-packages/neutron_lib/callbacks/manager.py:176}}
May 27 03:50:22.585476 dv-cinder-843361-2-iscsi neutron-server[111122]: DEBUG neutron.notifiers.nova [None req-30c66f48-5ae9-418d-b0b8-2285acd25583 None None] Ignoring state change previous_port_status: DOWN current_port_status: BUILD port_id 41424024-3be4-4e45-ab50-5aa71afa1707 {{(pid=111122) record_port_status_changed /opt/stack/neutron/neutron/notifiers/nova.py:233}}
May 27 03:50:22.601834 dv-cinder-843361-2-iscsi neutron-server[111122]: DEBUG neutron.plugins.ml2.db [None req-30c66f48-5ae9-418d-b0b8-2285acd25583 None None] For port 41424024-3be4-4e45-ab50-5aa71afa1707, host hv-cinder-84336, got binding levels [PortBindingLevel(driver='hyperv',host='hv-cinder-84336',level=0,port_id=41424024-3be4-4e45-ab50-5aa71afa1707,segment=NetworkSegment(5c5dc84d-0b8f-40ce-aae0-9d5098ea5e7f),segment_id=5c5dc84d-0b8f-40ce-aae0-9d5098ea5e7f)] {{(pid=111122) get_binding_level_objs /opt/stack/neutron/neutron/plugins/ml2/db.py:74}}
May 27 03:50:22.679723 dv-cinder-843361-2-iscsi neutron-server[111122]: DEBUG neutron_lib.callbacks.manager [None req-30c66f48-5ae9-418d-b0b8-2285acd25583 None None] Publish callbacks ['neutron.plugins.ml2.plugin.SecurityGroupServerNotifierRpcMixin._notify_sg_on_port_change-777995', 'neutron.plugins.ml2.ovo_rpc._ObjectChangeHandler.handle_event-496043', 'neutron.api.rpc.agentnotifiers.dhcp_rpc_agent_api.DhcpAgentNotifyAPI._native_event_send_dhcp_notification-323475', 'neutron.db.l3_db.L3RpcNotifierMixin._notify_gateway_port_ip_changed-8785700972773', 'neutron.db.l3_dvrscheduler_db._notify_l3_agent_port_update-8785700449621', 'neutron.db.l3_hascheduler_db._notify_l3_agent_ha_port_update-8785700449639'] for port (41424024-3be4-4e45-ab50-5aa71afa1707), after_update {{(pid=111122) _notify_loop /usr/local/lib/python3.8/dist-packages/neutron_lib/callbacks/manager.py:176}}
May 27 03:50:22.683035 dv-cinder-843361-2-iscsi neutron-server[111120]: DEBUG neutron.pecan_wsgi.hooks.policy_enforcement [req-4eac307c-bafe-4e49-a8d7-fc458cc9cf0b req-f465aff4-1cc0-4e4a-8738-efe0976d41a1 tempest-AttachVolumeTestJSON-1671822743 tempest-AttachVolumeTestJSON-1671822743-project] Attributes excluded by policy engine: ['standard_attr_id', 'binding:profile', 'binding:host_id', 'binding:vif_type', 'binding:vif_details'] {{(pid=111120) _exclude_attributes_by_policy /opt/stack/neutron/neutron/pecan_wsgi/hooks/policy_enforcement.py:259}}
May 27 03:50:22.684601 dv-cinder-843361-2-iscsi neutron-server[111120]: INFO neutron.wsgi [req-4eac307c-bafe-4e49-a8d7-fc458cc9cf0b req-f465aff4-1cc0-4e4a-8738-efe0976d41a1 tempest-AttachVolumeTestJSON-1671822743 tempest-AttachVolumeTestJSON-1671822743-project] 10.222.0.58 "GET /v2.0/ports?device_id=273fddf3-e318-49d7-93a7-04afba0c9ea5 HTTP/1.1" status: 200 len: 943 time: 0.0512049
May 27 03:50:22.728510 dv-cinder-843361-2-iscsi neutron-server[111122]: DEBUG neutron.api.rpc.handlers.resources_rpc [None req-30c66f48-5ae9-418d-b0b8-2285acd25583 None None] Pushing event updated for resources: {'Port': ['ID=41424024-3be4-4e45-ab50-5aa71afa1707,revision_number=4']} {{(pid=111122) push /opt/stack/neutron/neutron/api/rpc/handlers/resources_rpc.py:237}}
May 27 03:50:22.732203 dv-cinder-843361-2-iscsi neutron-server[111120]: INFO neutron.wsgi [req-4eac307c-bafe-4e49-a8d7-fc458cc9cf0b req-72113c96-f893-4909-80d4-862f265e5aef tempest-AttachVolumeTestJSON-1671822743 tempest-AttachVolumeTestJSON-1671822743-project] 10.222.0.58 "GET /v2.0/security-groups?id=efddfcfc-beb0-425e-af4e-6c042dfccd63&fields=id&fields=name HTTP/1.1" status: 200 len: 313 time: 0.0409162
May 27 03:50:22.995884 dv-cinder-843361-2-iscsi neutron-server[111121]: DEBUG neutron.pecan_wsgi.hooks.policy_enforcement [req-acefc094-d315-4f86-957c-c48a3cce7e5e req-0e950c4b-aa30-4e8c-a294-8d6f18b0eb4e tempest-AttachVolumeShelveTestJSON-696104658 tempest-AttachVolumeShelveTestJSON-696104658-project] Attributes excluded by policy engine: ['standard_attr_id', 'binding:profile', 'binding:host_id', 'binding:vif_type', 'binding:vif_details'] {{(pid=111121) _exclude_attributes_by_policy /opt/stack/neutron/neutron/pecan_wsgi/hooks/policy_enforcement.py:259}}
May 27 03:50:22.997425 dv-cinder-843361-2-iscsi neutron-server[111121]: INFO neutron.wsgi [req-acefc094-d315-4f86-957c-c48a3cce7e5e req-0e950c4b-aa30-4e8c-a294-8d6f18b0eb4e tempest-AttachVolumeShelveTestJSON-696104658 tempest-AttachVolumeShelveTestJSON-696104658-project] 10.222.0.58 "GET /v2.0/ports?device_id=5a66f721-a21b-4126-8e7b-467f7ce411c8 HTTP/1.1" status: 200 len: 944 time: 0.0498910
May 27 03:50:23.047954 dv-cinder-843361-2-iscsi neutron-server[111121]: INFO neutron.wsgi [req-acefc094-d315-4f86-957c-c48a3cce7e5e req-8a85a320-2407-4eed-be21-6f6d1454ce5e tempest-AttachVolumeShelveTestJSON-696104658 tempest-AttachVolumeShelveTestJSON-696104658-project] 10.222.0.58 "GET /v2.0/security-groups?id=aad0ac8c-3a46-483f-8502-68f442fbec1e&fields=id&fields=name HTTP/1.1" status: 200 len: 313 time: 0.0441818
May 27 03:50:23.306284 dv-cinder-843361-2-iscsi neutron-server[111120]: DEBUG neutron.pecan_wsgi.hooks.policy_enforcement [req-4a77ff44-fe9a-42dc-9b5c-3e5aa32a11a6 req-a3db6a2a-90c1-4eaa-9156-eec2f7124a52 tempest-ServerRescueNegativeTestJSON-855707423 tempest-ServerRescueNegativeTestJSON-855707423-project] Attributes excluded by policy engine: ['standard_attr_id', 'binding:profile', 'binding:host_id', 'binding:vif_type', 'binding:vif_details'] {{(pid=111120) _exclude_attributes_by_policy /opt/stack/neutron/neutron/pecan_wsgi/hooks/policy_enforcement.py:259}}
May 27 03:50:23.307734 dv-cinder-843361-2-iscsi neutron-server[111120]: INFO neutron.wsgi [req-4a77ff44-fe9a-42dc-9b5c-3e5aa32a11a6 req-a3db6a2a-90c1-4eaa-9156-eec2f7124a52 tempest-ServerRescueNegativeTestJSON-855707423 tempest-ServerRescueNegativeTestJSON-855707423-project] 10.222.0.58 "GET /v2.0/ports?device_id=b95a0082-dd02-4686-867c-8fb493c8164b HTTP/1.1" status: 200 len: 945 time: 0.0477619
May 27 03:50:23.353531 dv-cinder-843361-2-iscsi neutron-server[111120]: DEBUG dbcounter [-] [111120] Writing DB stats neutron:INSERT=11,neutron:SELECT=87,neutron:DELETE=1,neutron:UPDATE=1 {{(pid=111120) stat_writer /usr/local/lib/python3.8/dist-packages/dbcounter.py:114}}
May 27 03:50:23.357546 dv-cinder-843361-2-iscsi neutron-server[111120]: INFO neutron.wsgi [req-4a77ff44-fe9a-42dc-9b5c-3e5aa32a11a6 req-fd75506d-861a-46d1-b3e9-3d71710fbd9a tempest-ServerRescueNegativeTestJSON-855707423 tempest-ServerRescueNegativeTestJSON-855707423-project] 10.222.0.58 "GET /v2.0/security-groups?id=054f819e-9e55-45fb-9f3a-3d54ec33789d&fields=id&fields=name HTTP/1.1" status: 200 len: 286 time: 0.0440042
May 27 03:50:23.849949 dv-cinder-843361-2-iscsi neutron-server[111121]: DEBUG neutron.pecan_wsgi.hooks.policy_enforcement [req-082de494-3da6-4d8a-b591-a21d8943d790 req-4e74fc32-ad88-4fdf-8c46-483a7cdea0b0 tempest-AttachVolumeTestJSON-1671822743 tempest-AttachVolumeTestJSON-1671822743-project] Attributes excluded by policy engine: ['standard_attr_id', 'binding:profile', 'binding:host_id', 'binding:vif_type', 'binding:vif_details'] {{(pid=111121) _exclude_attributes_by_policy /opt/stack/neutron/neutron/pecan_wsgi/hooks/policy_enforcement.py:259}}
May 27 03:50:23.851446 dv-cinder-843361-2-iscsi neutron-server[111121]: INFO neutron.wsgi [req-082de494-3da6-4d8a-b591-a21d8943d790 req-4e74fc32-ad88-4fdf-8c46-483a7cdea0b0 tempest-AttachVolumeTestJSON-1671822743 tempest-AttachVolumeTestJSON-1671822743-project] 10.222.0.58 "GET /v2.0/ports?device_id=273fddf3-e318-49d7-93a7-04afba0c9ea5 HTTP/1.1" status: 200 len: 943 time: 0.0512581
May 27 03:50:23.901673 dv-cinder-843361-2-iscsi neutron-server[111121]: INFO neutron.wsgi [req-082de494-3da6-4d8a-b591-a21d8943d790 req-1cbd2148-bf03-4b6d-ab45-bbb517040fa0 tempest-AttachVolumeTestJSON-1671822743 tempest-AttachVolumeTestJSON-1671822743-project] 10.222.0.58 "GET /v2.0/security-groups?id=efddfcfc-beb0-425e-af4e-6c042dfccd63&fields=id&fields=name HTTP/1.1" status: 200 len: 313 time: 0.0447483
May 27 03:50:24.183664 dv-cinder-843361-2-iscsi neutron-server[111120]: DEBUG neutron.pecan_wsgi.hooks.policy_enforcement [req-7256947c-12ec-4933-b409-f891037ec363 req-ef4af602-e890-424e-aca6-aba8ff8bf1d0 tempest-AttachVolumeShelveTestJSON-696104658 tempest-AttachVolumeShelveTestJSON-696104658-project] Attributes excluded by policy engine: ['standard_attr_id', 'binding:profile', 'binding:host_id', 'binding:vif_type', 'binding:vif_details'] {{(pid=111120) _exclude_attributes_by_policy /opt/stack/neutron/neutron/pecan_wsgi/hooks/policy_enforcement.py:259}}
May 27 03:50:24.183664 dv-cinder-843361-2-iscsi neutron-server[111120]: INFO neutron.wsgi [req-7256947c-12ec-4933-b409-f891037ec363 req-ef4af602-e890-424e-aca6-aba8ff8bf1d0 tempest-AttachVolumeShelveTestJSON-696104658 tempest-AttachVolumeShelveTestJSON-696104658-project] 10.222.0.58 "GET /v2.0/ports?device_id=5a66f721-a21b-4126-8e7b-467f7ce411c8 HTTP/1.1" status: 200 len: 944 time: 0.0480411
May 27 03:50:24.227176 dv-cinder-843361-2-iscsi neutron-server[111120]: INFO neutron.wsgi [req-7256947c-12ec-4933-b409-f891037ec363 req-3be47627-b99f-48e1-ace0-a4a791182fe0 tempest-AttachVolumeShelveTestJSON-696104658 tempest-AttachVolumeShelveTestJSON-696104658-project] 10.222.0.58 "GET /v2.0/security-groups?id=aad0ac8c-3a46-483f-8502-68f442fbec1e&fields=id&fields=name HTTP/1.1" status: 200 len: 313 time: 0.0441904
May 27 03:50:24.475764 dv-cinder-843361-2-iscsi neutron-server[111121]: DEBUG neutron.pecan_wsgi.hooks.policy_enforcement [req-01944b4f-0d95-4c73-92a9-7aa55c60223c req-6734fe5e-b9f4-4f0f-8619-b08ec6454588 tempest-ServerRescueNegativeTestJSON-855707423 tempest-ServerRescueNegativeTestJSON-855707423-project] Attributes excluded by policy engine: ['standard_attr_id', 'binding:profile', 'binding:host_id', 'binding:vif_type', 'binding:vif_details'] {{(pid=111121) _exclude_attributes_by_policy /opt/stack/neutron/neutron/pecan_wsgi/hooks/policy_enforcement.py:259}}
May 27 03:50:24.477243 dv-cinder-843361-2-iscsi neutron-server[111121]: INFO neutron.wsgi [req-01944b4f-0d95-4c73-92a9-7aa55c60223c req-6734fe5e-b9f4-4f0f-8619-b08ec6454588 tempest-ServerRescueNegativeTestJSON-855707423 tempest-ServerRescueNegativeTestJSON-855707423-project] 10.222.0.58 "GET /v2.0/ports?device_id=b95a0082-dd02-4686-867c-8fb493c8164b HTTP/1.1" status: 200 len: 945 time: 0.0465786
May 27 03:50:24.524339 dv-cinder-843361-2-iscsi neutron-server[111121]: INFO neutron.wsgi [req-01944b4f-0d95-4c73-92a9-7aa55c60223c req-918d4fb8-f543-48ef-8d1b-14cc85e367ea tempest-ServerRescueNegativeTestJSON-855707423 tempest-ServerRescueNegativeTestJSON-855707423-project] 10.222.0.58 "GET /v2.0/security-groups?id=054f819e-9e55-45fb-9f3a-3d54ec33789d&fields=id&fields=name HTTP/1.1" status: 200 len: 286 time: 0.0415816
May 27 03:50:25.015772 dv-cinder-843361-2-iscsi neutron-server[111120]: DEBUG neutron.pecan_wsgi.hooks.policy_enforcement [req-828c0c1c-e672-41dc-b8ec-f0a614e44c22 req-c1ab9714-2c16-4670-8bc4-a48c7e284558 tempest-AttachVolumeTestJSON-1671822743 tempest-AttachVolumeTestJSON-1671822743-project] Attributes excluded by policy engine: ['standard_attr_id', 'binding:profile', 'binding:host_id', 'binding:vif_type', 'binding:vif_details'] {{(pid=111120) _exclude_attributes_by_policy /opt/stack/neutron/neutron/pecan_wsgi/hooks/policy_enforcement.py:259}}
May 27 03:50:25.018162 dv-cinder-843361-2-iscsi neutron-server[111120]: INFO neutron.wsgi [req-828c0c1c-e672-41dc-b8ec-f0a614e44c22 req-c1ab9714-2c16-4670-8bc4-a48c7e284558 tempest-AttachVolumeTestJSON-1671822743 tempest-AttachVolumeTestJSON-1671822743-project] 10.222.0.58 "GET /v2.0/ports?device_id=273fddf3-e318-49d7-93a7-04afba0c9ea5 HTTP/1.1" status: 200 len: 943 time: 0.0500114
May 27 03:50:25.066700 dv-cinder-843361-2-iscsi neutron-server[111120]: INFO neutron.wsgi [req-828c0c1c-e672-41dc-b8ec-f0a614e44c22 req-0e472e0a-714e-42bd-a2fc-6366ed5325a4 tempest-AttachVolumeTestJSON-1671822743 tempest-AttachVolumeTestJSON-1671822743-project] 10.222.0.58 "GET /v2.0/security-groups?id=efddfcfc-beb0-425e-af4e-6c042dfccd63&fields=id&fields=name HTTP/1.1" status: 200 len: 313 time: 0.0430901
May 27 03:50:25.347271 dv-cinder-843361-2-iscsi neutron-server[111121]: DEBUG neutron.pecan_wsgi.hooks.policy_enforcement [req-d6712a60-6a44-433d-82d0-36b16c2964cb req-433d92bf-fb75-46a3-bcb1-b101a902c62f tempest-AttachVolumeShelveTestJSON-696104658 tempest-AttachVolumeShelveTestJSON-696104658-project] Attributes excluded by policy engine: ['standard_attr_id', 'binding:profile', 'binding:host_id', 'binding:vif_type', 'binding:vif_details'] {{(pid=111121) _exclude_attributes_by_policy /opt/stack/neutron/neutron/pecan_wsgi/hooks/policy_enforcement.py:259}}
May 27 03:50:25.348810 dv-cinder-843361-2-iscsi neutron-server[111121]: INFO neutron.wsgi [req-d6712a60-6a44-433d-82d0-36b16c2964cb req-433d92bf-fb75-46a3-bcb1-b101a902c62f tempest-AttachVolumeShelveTestJSON-696104658 tempest-AttachVolumeShelveTestJSON-696104658-project] 10.222.0.58 "GET /v2.0/ports?device_id=5a66f721-a21b-4126-8e7b-467f7ce411c8 HTTP/1.1" status: 200 len: 944 time: 0.0490131
May 27 03:50:25.400813 dv-cinder-843361-2-iscsi neutron-server[111121]: INFO neutron.wsgi [req-d6712a60-6a44-433d-82d0-36b16c2964cb req-f01c26c7-d3ef-4132-a8d1-636051fe0e18 tempest-AttachVolumeShelveTestJSON-696104658 tempest-AttachVolumeShelveTestJSON-696104658-project] 10.222.0.58 "GET /v2.0/security-groups?id=aad0ac8c-3a46-483f-8502-68f442fbec1e&fields=id&fields=name HTTP/1.1" status: 200 len: 313 time: 0.0463955
May 27 03:50:25.639381 dv-cinder-843361-2-iscsi neutron-server[111120]: DEBUG neutron.pecan_wsgi.hooks.policy_enforcement [req-130dbcae-ab47-4dc6-8688-b9ac37025baf req-6d77fba6-092f-41fb-bf6c-f0ad7e99b215 tempest-ServerRescueNegativeTestJSON-855707423 tempest-ServerRescueNegativeTestJSON-855707423-project] Attributes excluded by policy engine: ['standard_attr_id', 'binding:profile', 'binding:host_id', 'binding:vif_type', 'binding:vif_details'] {{(pid=111120) _exclude_attributes_by_policy /opt/stack/neutron/neutron/pecan_wsgi/hooks/policy_enforcement.py:259}}
May 27 03:50:25.640994 dv-cinder-843361-2-iscsi neutron-server[111120]: INFO neutron.wsgi [req-130dbcae-ab47-4dc6-8688-b9ac37025baf req-6d77fba6-092f-41fb-bf6c-f0ad7e99b215 tempest-ServerRescueNegativeTestJSON-855707423 tempest-ServerRescueNegativeTestJSON-855707423-project] 10.222.0.58 "GET /v2.0/ports?device_id=b95a0082-dd02-4686-867c-8fb493c8164b HTTP/1.1" status: 200 len: 945 time: 0.0480902
May 27 03:50:25.692723 dv-cinder-843361-2-iscsi neutron-server[111120]: INFO neutron.wsgi [req-130dbcae-ab47-4dc6-8688-b9ac37025baf req-13d435a8-a616-4501-9997-1fdbee245820 tempest-ServerRescueNegativeTestJSON-855707423 tempest-ServerRescueNegativeTestJSON-855707423-project] 10.222.0.58 "GET /v2.0/security-groups?id=054f819e-9e55-45fb-9f3a-3d54ec33789d&fields=id&fields=name HTTP/1.1" status: 200 len: 286 time: 0.0446711
May 27 03:50:26.149639 dv-cinder-843361-2-iscsi neutron-server[111122]: DEBUG neutron.plugins.ml2.db [None req-30c66f48-5ae9-418d-b0b8-2285acd25583 None None] get_ports_and_sgs() called for port_ids ['41424024-3be4-4e45-ab50-5aa71afa1707'] {{(pid=111122) get_ports_and_sgs /opt/stack/neutron/neutron/plugins/ml2/db.py:156}}
May 27 03:50:26.195052 dv-cinder-843361-2-iscsi neutron-server[111121]: DEBUG neutron.pecan_wsgi.hooks.policy_enforcement [req-b50114ee-c251-4fbe-bf28-2b2616e32f2d req-a71cda9c-4751-4185-bf28-a30c640ef414 tempest-AttachVolumeTestJSON-1671822743 tempest-AttachVolumeTestJSON-1671822743-project] Attributes excluded by policy engine: ['standard_attr_id', 'binding:profile', 'binding:host_id', 'binding:vif_type', 'binding:vif_details'] {{(pid=111121) _exclude_attributes_by_policy /opt/stack/neutron/neutron/pecan_wsgi/hooks/policy_enforcement.py:259}}
May 27 03:50:26.196788 dv-cinder-843361-2-iscsi neutron-server[111121]: INFO neutron.wsgi [req-b50114ee-c251-4fbe-bf28-2b2616e32f2d req-a71cda9c-4751-4185-bf28-a30c640ef414 tempest-AttachVolumeTestJSON-1671822743 tempest-AttachVolumeTestJSON-1671822743-project] 10.222.0.58 "GET /v2.0/ports?device_id=273fddf3-e318-49d7-93a7-04afba0c9ea5 HTTP/1.1" status: 200 len: 943 time: 0.0514958
May 27 03:50:26.248567 dv-cinder-843361-2-iscsi neutron-server[111121]: INFO neutron.wsgi [req-b50114ee-c251-4fbe-bf28-2b2616e32f2d req-0fd06d7f-6744-4f5b-a719-d661c9c5cc80 tempest-AttachVolumeTestJSON-1671822743 tempest-AttachVolumeTestJSON-1671822743-project] 10.222.0.58 "GET /v2.0/security-groups?id=efddfcfc-beb0-425e-af4e-6c042dfccd63&fields=id&fields=name HTTP/1.1" status: 200 len: 313 time: 0.0449762
May 27 03:50:26.531356 dv-cinder-843361-2-iscsi neutron-server[111120]: DEBUG neutron.pecan_wsgi.hooks.policy_enforcement [req-2b03a20e-d0a7-4d58-9685-e0990d31b12d req-6946e0ec-a36b-4ae5-90aa-f6257fe2eeab tempest-AttachVolumeShelveTestJSON-696104658 tempest-AttachVolumeShelveTestJSON-696104658-project] Attributes excluded by policy engine: ['standard_attr_id', 'binding:profile', 'binding:host_id', 'binding:vif_type', 'binding:vif_details'] {{(pid=111120) _exclude_attributes_by_policy /opt/stack/neutron/neutron/pecan_wsgi/hooks/policy_enforcement.py:259}}
May 27 03:50:26.532902 dv-cinder-843361-2-iscsi neutron-server[111120]: INFO neutron.wsgi [req-2b03a20e-d0a7-4d58-9685-e0990d31b12d req-6946e0ec-a36b-4ae5-90aa-f6257fe2eeab tempest-AttachVolumeShelveTestJSON-696104658 tempest-AttachVolumeShelveTestJSON-696104658-project] 10.222.0.58 "GET /v2.0/ports?device_id=5a66f721-a21b-4126-8e7b-467f7ce411c8 HTTP/1.1" status: 200 len: 944 time: 0.0523148
May 27 03:50:26.583287 dv-cinder-843361-2-iscsi neutron-server[111120]: INFO neutron.wsgi [req-2b03a20e-d0a7-4d58-9685-e0990d31b12d req-53ea2a11-ab83-48d4-823b-36a9be202823 tempest-AttachVolumeShelveTestJSON-696104658 tempest-AttachVolumeShelveTestJSON-696104658-project] 10.222.0.58 "GET /v2.0/security-groups?id=aad0ac8c-3a46-483f-8502-68f442fbec1e&fields=id&fields=name HTTP/1.1" status: 200 len: 313 time: 0.0445538
May 27 03:50:26.806958 dv-cinder-843361-2-iscsi neutron-server[111121]: DEBUG neutron.pecan_wsgi.hooks.policy_enforcement [req-b02fb862-ab55-4077-89a3-58246bade6c0 req-95733f75-a888-4405-827d-136395b30ac5 tempest-ServerRescueNegativeTestJSON-855707423 tempest-ServerRescueNegativeTestJSON-855707423-project] Attributes excluded by policy engine: ['standard_attr_id', 'binding:profile', 'binding:host_id', 'binding:vif_type', 'binding:vif_details'] {{(pid=111121) _exclude_attributes_by_policy /opt/stack/neutron/neutron/pecan_wsgi/hooks/policy_enforcement.py:259}}
May 27 03:50:26.808481 dv-cinder-843361-2-iscsi neutron-server[111121]: INFO neutron.wsgi [req-b02fb862-ab55-4077-89a3-58246bade6c0 req-95733f75-a888-4405-827d-136395b30ac5 tempest-ServerRescueNegativeTestJSON-855707423 tempest-ServerRescueNegativeTestJSON-855707423-project] 10.222.0.58 "GET /v2.0/ports?device_id=b95a0082-dd02-4686-867c-8fb493c8164b HTTP/1.1" status: 200 len: 945 time: 0.0478811
May 27 03:50:26.821728 dv-cinder-843361-2-iscsi neutron-server[111121]: DEBUG dbcounter [-] [111121] Writing DB stats neutron:SELECT=100 {{(pid=111121) stat_writer /usr/local/lib/python3.8/dist-packages/dbcounter.py:114}}
May 27 03:50:26.859781 dv-cinder-843361-2-iscsi neutron-server[111121]: INFO neutron.wsgi [req-b02fb862-ab55-4077-89a3-58246bade6c0 req-65a76c8f-0355-442b-9533-f9a73dd9b2ee tempest-ServerRescueNegativeTestJSON-855707423 tempest-ServerRescueNegativeTestJSON-855707423-project] 10.222.0.58 "GET /v2.0/security-groups?id=054f819e-9e55-45fb-9f3a-3d54ec33789d&fields=id&fields=name HTTP/1.1" status: 200 len: 286 time: 0.0442071
May 27 03:50:27.382483 dv-cinder-843361-2-iscsi neutron-server[111120]: DEBUG neutron.pecan_wsgi.hooks.policy_enforcement [req-098ae466-a316-4dfc-88a7-80f13c09e506 req-6917dcc8-1613-4b51-8e77-7419f2236f37 tempest-AttachVolumeTestJSON-1671822743 tempest-AttachVolumeTestJSON-1671822743-project] Attributes excluded by policy engine: ['standard_attr_id', 'binding:profile', 'binding:host_id', 'binding:vif_type', 'binding:vif_details'] {{(pid=111120) _exclude_attributes_by_policy /opt/stack/neutron/neutron/pecan_wsgi/hooks/policy_enforcement.py:259}}
May 27 03:50:27.388678 dv-cinder-843361-2-iscsi neutron-server[111120]: INFO neutron.wsgi [req-098ae466-a316-4dfc-88a7-80f13c09e506 req-6917dcc8-1613-4b51-8e77-7419f2236f37 tempest-AttachVolumeTestJSON-1671822743 tempest-AttachVolumeTestJSON-1671822743-project] 10.222.0.58 "GET /v2.0/ports?device_id=273fddf3-e318-49d7-93a7-04afba0c9ea5 HTTP/1.1" status: 200 len: 943 time: 0.0500460
May 27 03:50:27.437955 dv-cinder-843361-2-iscsi neutron-server[111120]: INFO neutron.wsgi [req-098ae466-a316-4dfc-88a7-80f13c09e506 req-c1c5bb73-1018-4682-b18e-54534ad07395 tempest-AttachVolumeTestJSON-1671822743 tempest-AttachVolumeTestJSON-1671822743-project] 10.222.0.58 "GET /v2.0/security-groups?id=efddfcfc-beb0-425e-af4e-6c042dfccd63&fields=id&fields=name HTTP/1.1" status: 200 len: 313 time: 0.0478263
May 27 03:50:27.458759 dv-cinder-843361-2-iscsi neutron-server[111122]: DEBUG neutron.plugins.ml2.rpc [None req-30c66f48-5ae9-418d-b0b8-2285acd25583 None None] Device 41424024-3be4-4e45-ab50-5aa71afa1707 up at agent hyperv_hv-cinder-84336 {{(pid=111122) update_device_up /opt/stack/neutron/neutron/plugins/ml2/rpc.py:296}}
May 27 03:50:27.509332 dv-cinder-843361-2-iscsi neutron-server[111122]: DEBUG dbcounter [-] [111122] Writing DB stats neutron:SELECT=96,neutron:DELETE=2,neutron:UPDATE=2 {{(pid=111122) stat_writer /usr/local/lib/python3.8/dist-packages/dbcounter.py:114}}
May 27 03:50:27.510273 dv-cinder-843361-2-iscsi neutron-server[111122]: DEBUG neutron.db.provisioning_blocks [None req-30c66f48-5ae9-418d-b0b8-2285acd25583 None None] Provisioning for port 41424024-3be4-4e45-ab50-5aa71afa1707 completed by entity L2. {{(pid=111122) provisioning_complete /opt/stack/neutron/neutron/db/provisioning_blocks.py:137}}
May 27 03:50:27.616454 dv-cinder-843361-2-iscsi neutron-server[111122]: DEBUG neutron.db.provisioning_blocks [None req-30c66f48-5ae9-418d-b0b8-2285acd25583 None None] Provisioning complete for port 41424024-3be4-4e45-ab50-5aa71afa1707 triggered by entity L2. {{(pid=111122) provisioning_complete /opt/stack/neutron/neutron/db/provisioning_blocks.py:145}}
May 27 03:50:27.619902 dv-cinder-843361-2-iscsi neutron-server[111122]: DEBUG neutron_lib.callbacks.manager [None req-30c66f48-5ae9-418d-b0b8-2285acd25583 None None] Publish callbacks ['neutron.plugins.ml2.plugin.Ml2Plugin._port_provisioned-904901'] for port (41424024-3be4-4e45-ab50-5aa71afa1707), provisioning_complete {{(pid=111122) _notify_loop /usr/local/lib/python3.8/dist-packages/neutron_lib/callbacks/manager.py:176}}
May 27 03:50:27.717189 dv-cinder-843361-2-iscsi neutron-server[111122]: DEBUG neutron.plugins.ml2.plugin [None req-30c66f48-5ae9-418d-b0b8-2285acd25583 None None] Current status of the port 41424024-3be4-4e45-ab50-5aa71afa1707 is: BUILD; New status is: ACTIVE {{(pid=111122) _update_individual_port_db_status /opt/stack/neutron/neutron/plugins/ml2/plugin.py:2298}}
May 27 03:50:27.717608 dv-cinder-843361-2-iscsi neutron-server[111122]: DEBUG neutron_lib.callbacks.manager [None req-30c66f48-5ae9-418d-b0b8-2285acd25583 None None] Publish callbacks ['neutron.plugins.ml2.plugin.SecurityGroupDbMixin._ensure_default_security_group_handler-777467'] for port (41424024-3be4-4e45-ab50-5aa71afa1707), before_update {{(pid=111122) _notify_loop /usr/local/lib/python3.8/dist-packages/neutron_lib/callbacks/manager.py:176}}
May 27 03:50:27.732928 dv-cinder-843361-2-iscsi neutron-server[111121]: DEBUG neutron.pecan_wsgi.hooks.policy_enforcement [req-bc53142b-5062-4a46-b84b-3dfa58d1f909 req-2eb5967a-9399-491b-bcc3-aded863939cc tempest-AttachVolumeShelveTestJSON-696104658 tempest-AttachVolumeShelveTestJSON-696104658-project] Attributes excluded by policy engine: ['standard_attr_id', 'binding:profile', 'binding:host_id', 'binding:vif_type', 'binding:vif_details'] {{(pid=111121) _exclude_attributes_by_policy /opt/stack/neutron/neutron/pecan_wsgi/hooks/policy_enforcement.py:259}}
May 27 03:50:27.734647 dv-cinder-843361-2-iscsi neutron-server[111121]: INFO neutron.wsgi [req-bc53142b-5062-4a46-b84b-3dfa58d1f909 req-2eb5967a-9399-491b-bcc3-aded863939cc tempest-AttachVolumeShelveTestJSON-696104658 tempest-AttachVolumeShelveTestJSON-696104658-project] 10.222.0.58 "GET /v2.0/ports?device_id=5a66f721-a21b-4126-8e7b-467f7ce411c8 HTTP/1.1" status: 200 len: 944 time: 0.0615280
May 27 03:50:27.745486 dv-cinder-843361-2-iscsi neutron-server[111122]: DEBUG neutron.notifiers.nova [-] Sending events: [{'server_uuid': '5a66f721-a21b-4126-8e7b-467f7ce411c8', 'name': 'network-vif-plugged', 'status': 'completed', 'tag': '41424024-3be4-4e45-ab50-5aa71afa1707'}] {{(pid=111122) send_events /opt/stack/neutron/neutron/notifiers/nova.py:271}}
May 27 03:50:27.751812 dv-cinder-843361-2-iscsi neutron-server[111122]: DEBUG novaclient.v2.client [-] REQ: curl -g -i --cacert "/opt/stack/data/ca-bundle.pem" -X POST http://10.222.0.58/compute/v2.1/os-server-external-events -H "Accept: application/json" -H "Content-Type: application/json" -H "User-Agent: python-novaclient" -H "X-Auth-Token: {SHA256}b470193265518c50f8af04b96ebef38cd87f0a147fefb26e4f4f57802a09fd29" -H "X-OpenStack-Nova-API-Version: 2.1" -H "X-OpenStack-Request-ID: req-8e5f5b84-e38f-48e6-b559-4d2abbd58ff7" -d '{"events": [{"server_uuid": "5a66f721-a21b-4126-8e7b-467f7ce411c8", "name": "network-vif-plugged", "status": "completed", "tag": "41424024-3be4-4e45-ab50-5aa71afa1707"}]}' {{(pid=111122) _http_log_request /usr/local/lib/python3.8/dist-packages/keystoneauth1/session.py:519}}
May 27 03:50:27.761643 dv-cinder-843361-2-iscsi neutron-server[111122]: DEBUG neutron.plugins.ml2.db [None req-30c66f48-5ae9-418d-b0b8-2285acd25583 None None] For port 41424024-3be4-4e45-ab50-5aa71afa1707, host hv-cinder-84336, got binding levels [PortBindingLevel(driver='hyperv',host='hv-cinder-84336',level=0,port_id=41424024-3be4-4e45-ab50-5aa71afa1707,segment=NetworkSegment(5c5dc84d-0b8f-40ce-aae0-9d5098ea5e7f),segment_id=5c5dc84d-0b8f-40ce-aae0-9d5098ea5e7f)] {{(pid=111122) get_binding_level_objs /opt/stack/neutron/neutron/plugins/ml2/db.py:74}}
May 27 03:50:27.791614 dv-cinder-843361-2-iscsi neutron-server[111121]: INFO neutron.wsgi [req-bc53142b-5062-4a46-b84b-3dfa58d1f909 req-3aff5cb9-4bc0-46da-9303-101262524342 tempest-AttachVolumeShelveTestJSON-696104658 tempest-AttachVolumeShelveTestJSON-696104658-project] 10.222.0.58 "GET /v2.0/security-groups?id=aad0ac8c-3a46-483f-8502-68f442fbec1e&fields=id&fields=name HTTP/1.1" status: 200 len: 313 time: 0.0492480
May 27 03:50:27.792797 dv-cinder-843361-2-iscsi neutron-server[111122]: DEBUG novaclient.v2.client [-] RESP: [200] Connection: close Content-Length: 183 Content-Type: application/json Date: Fri, 27 May 2022 03:50:27 GMT OpenStack-API-Version: compute 2.1 Server: Apache/2.4.41 (Ubuntu) Vary: OpenStack-API-Version,X-OpenStack-Nova-API-Version X-OpenStack-Nova-API-Version: 2.1 x-compute-request-id: req-9cc8faa7-769a-4f36-a7a9-4cfe1c74d316 x-openstack-request-id: req-9cc8faa7-769a-4f36-a7a9-4cfe1c74d316 {{(pid=111122) _http_log_response /usr/local/lib/python3.8/dist-packages/keystoneauth1/session.py:550}}
May 27 03:50:27.793368 dv-cinder-843361-2-iscsi neutron-server[111122]: DEBUG novaclient.v2.client [-] RESP BODY: {"events": [{"server_uuid": "5a66f721-a21b-4126-8e7b-467f7ce411c8", "name": "network-vif-plugged", "status": "completed", "tag": "41424024-3be4-4e45-ab50-5aa71afa1707", "code": 200}]} {{(pid=111122) _http_log_response /usr/local/lib/python3.8/dist-packages/keystoneauth1/session.py:582}}
May 27 03:50:27.793835 dv-cinder-843361-2-iscsi neutron-server[111122]: DEBUG novaclient.v2.client [-] POST call to compute for http://10.222.0.58/compute/v2.1/os-server-external-events used request id req-9cc8faa7-769a-4f36-a7a9-4cfe1c74d316 {{(pid=111122) request /usr/local/lib/python3.8/dist-packages/keystoneauth1/session.py:954}}
May 27 03:50:27.794420 dv-cinder-843361-2-iscsi neutron-server[111122]: INFO neutron.notifiers.nova [-] Nova event matching ['req-9cc8faa7-769a-4f36-a7a9-4cfe1c74d316'] response: {'server_uuid': '5a66f721-a21b-4126-8e7b-467f7ce411c8', 'name': 'network-vif-plugged', 'status': 'completed', 'tag': '41424024-3be4-4e45-ab50-5aa71afa1707', 'code': 200}
May 27 03:50:27.800120 dv-cinder-843361-2-iscsi neutron-server[111122]: DEBUG neutron_lib.callbacks.manager [None req-30c66f48-5ae9-418d-b0b8-2285acd25583 None None] Publish callbacks ['neutron.plugins.ml2.plugin.SecurityGroupServerNotifierRpcMixin._notify_sg_on_port_change-777995', 'neutron.plugins.ml2.ovo_rpc._ObjectChangeHandler.handle_event-496043', 'neutron.api.rpc.agentnotifiers.dhcp_rpc_agent_api.DhcpAgentNotifyAPI._native_event_send_dhcp_notification-323475', 'neutron.db.l3_db.L3RpcNotifierMixin._notify_gateway_port_ip_changed-8785700972773', 'neutron.db.l3_dvrscheduler_db._notify_l3_agent_port_update-8785700449621', 'neutron.db.l3_hascheduler_db._notify_l3_agent_ha_port_update-8785700449639'] for port (41424024-3be4-4e45-ab50-5aa71afa1707), after_update {{(pid=111122) _notify_loop /usr/local/lib/python3.8/dist-packages/neutron_lib/callbacks/manager.py:176}}
May 27 03:50:27.826097 dv-cinder-843361-2-iscsi neutron-server[111122]: DEBUG dbcounter [-] [111122] Writing DB stats neutron:SELECT=96,neutron:UPDATE=4 {{(pid=111122) stat_writer /usr/local/lib/python3.8/dist-packages/dbcounter.py:114}}
May 27 03:50:27.861050 dv-cinder-843361-2-iscsi neutron-server[111122]: DEBUG neutron.api.rpc.handlers.resources_rpc [None req-30c66f48-5ae9-418d-b0b8-2285acd25583 None None] Pushing event updated for resources: {'Port': ['ID=41424024-3be4-4e45-ab50-5aa71afa1707,revision_number=5']} {{(pid=111122) push /opt/stack/neutron/neutron/api/rpc/handlers/resources_rpc.py:237}}
May 27 03:50:27.869915 dv-cinder-843361-2-iscsi neutron-server[111122]: DEBUG neutron.api.rpc.callbacks.version_manager [None req-30c66f48-5ae9-418d-b0b8-2285acd25583 None None] Version for resource type AddressGroup changed None to 1.2 on consumer Open vSwitch agent@dv-cinder-843361-2-iscsi {{(pid=111122) _set_version /opt/stack/neutron/neutron/api/rpc/callbacks/version_manager.py:113}}
May 27 03:50:27.870251 dv-cinder-843361-2-iscsi neutron-server[111122]: DEBUG neutron.api.rpc.callbacks.version_manager [None req-30c66f48-5ae9-418d-b0b8-2285acd25583 None None] Version for resource type Agent changed None to 1.1 on consumer Open vSwitch agent@dv-cinder-843361-2-iscsi {{(pid=111122) _set_version /opt/stack/neutron/neutron/api/rpc/callbacks/version_manager.py:113}}
May 27 03:50:27.870799 dv-cinder-843361-2-iscsi neutron-server[111122]: DEBUG neutron.api.rpc.callbacks.version_manager [None req-30c66f48-5ae9-418d-b0b8-2285acd25583 None None] Version for resource type ConntrackHelper changed None to 1.0 on consumer Open vSwitch agent@dv-cinder-843361-2-iscsi {{(pid=111122) _set_version /opt/stack/neutron/neutron/api/rpc/callbacks/version_manager.py:113}}
May 27 03:50:27.871149 dv-cinder-843361-2-iscsi neutron-server[111122]: DEBUG neutron.api.rpc.callbacks.version_manager [None req-30c66f48-5ae9-418d-b0b8-2285acd25583 None None] Version for resource type LocalIPAssociation changed None to 1.0 on consumer Open vSwitch agent@dv-cinder-843361-2-iscsi {{(pid=111122) _set_version /opt/stack/neutron/neutron/api/rpc/callbacks/version_manager.py:113}}
May 27 03:50:27.871483 dv-cinder-843361-2-iscsi neutron-server[111122]: DEBUG neutron.api.rpc.callbacks.version_manager [None req-30c66f48-5ae9-418d-b0b8-2285acd25583 None None] Version for resource type Log changed None to 1.0 on consumer Open vSwitch agent@dv-cinder-843361-2-iscsi {{(pid=111122) _set_version /opt/stack/neutron/neutron/api/rpc/callbacks/version_manager.py:113}}
May 27 03:50:27.871802 dv-cinder-843361-2-iscsi neutron-server[111122]: DEBUG neutron.api.rpc.callbacks.version_manager [None req-30c66f48-5ae9-418d-b0b8-2285acd25583 None None] Version for resource type NDPProxy changed None to 1.0 on consumer Open vSwitch agent@dv-cinder-843361-2-iscsi {{(pid=111122) _set_version /opt/stack/neutron/neutron/api/rpc/callbacks/version_manager.py:113}}
May 27 03:50:27.872125 dv-cinder-843361-2-iscsi neutron-server[111122]: DEBUG neutron.api.rpc.callbacks.version_manager [None req-30c66f48-5ae9-418d-b0b8-2285acd25583 None None] Version for resource type Network changed None to 1.1 on consumer Open vSwitch agent@dv-cinder-843361-2-iscsi {{(pid=111122) _set_version /opt/stack/neutron/neutron/api/rpc/callbacks/version_manager.py:113}}
May 27 03:50:27.872439 dv-cinder-843361-2-iscsi neutron-server[111122]: DEBUG neutron.api.rpc.callbacks.version_manager [None req-30c66f48-5ae9-418d-b0b8-2285acd25583 None None] Version for resource type Port changed None to 1.7 on consumer Open vSwitch agent@dv-cinder-843361-2-iscsi {{(pid=111122) _set_version /opt/stack/neutron/neutron/api/rpc/callbacks/version_manager.py:113}}
May 27 03:50:27.872859 dv-cinder-843361-2-iscsi neutron-server[111122]: DEBUG neutron.api.rpc.callbacks.version_manager [None req-30c66f48-5ae9-418d-b0b8-2285acd25583 None None] Version for resource type PortForwarding changed None to 1.3 on consumer Open vSwitch agent@dv-cinder-843361-2-iscsi {{(pid=111122) _set_version /opt/stack/neutron/neutron/api/rpc/callbacks/version_manager.py:113}}
May 27 03:50:27.873095 dv-cinder-843361-2-iscsi neutron-server[111122]: DEBUG neutron.api.rpc.callbacks.version_manager [None req-30c66f48-5ae9-418d-b0b8-2285acd25583 None None] Version for resource type QosPolicy changed None to 1.10 on consumer Open vSwitch agent@dv-cinder-843361-2-iscsi {{(pid=111122) _set_version /opt/stack/neutron/neutron/api/rpc/callbacks/version_manager.py:113}}
May 27 03:50:27.873572 dv-cinder-843361-2-iscsi neutron-server[111122]: DEBUG neutron.api.rpc.callbacks.version_manager [None req-30c66f48-5ae9-418d-b0b8-2285acd25583 None None] Version for resource type SecurityGroup changed None to 1.5 on consumer Open vSwitch agent@dv-cinder-843361-2-iscsi {{(pid=111122) _set_version /opt/stack/neutron/neutron/api/rpc/callbacks/version_manager.py:113}}
May 27 03:50:27.873904 dv-cinder-843361-2-iscsi neutron-server[111122]: DEBUG neutron.api.rpc.callbacks.version_manager [None req-30c66f48-5ae9-418d-b0b8-2285acd25583 None None] Version for resource type SecurityGroupRule changed None to 1.2 on consumer Open vSwitch agent@dv-cinder-843361-2-iscsi {{(pid=111122) _set_version /opt/stack/neutron/neutron/api/rpc/callbacks/version_manager.py:113}}
May 27 03:50:27.874222 dv-cinder-843361-2-iscsi neutron-server[111122]: DEBUG neutron.api.rpc.callbacks.version_manager [None req-30c66f48-5ae9-418d-b0b8-2285acd25583 None None] Version for resource type SubPort changed None to 1.0 on consumer Open vSwitch agent@dv-cinder-843361-2-iscsi {{(pid=111122) _set_version /opt/stack/neutron/neutron/api/rpc/callbacks/version_manager.py:113}}
May 27 03:50:27.875104 dv-cinder-843361-2-iscsi neutron-server[111122]: DEBUG neutron.api.rpc.callbacks.version_manager [None req-30c66f48-5ae9-418d-b0b8-2285acd25583 None None] Version for resource type Subnet changed None to 1.1 on consumer Open vSwitch agent@dv-cinder-843361-2-iscsi {{(pid=111122) _set_version /opt/stack/neutron/neutron/api/rpc/callbacks/version_manager.py:113}}
May 27 03:50:27.875419 dv-cinder-843361-2-iscsi neutron-server[111122]: DEBUG neutron.api.rpc.callbacks.version_manager [None req-30c66f48-5ae9-418d-b0b8-2285acd25583 None None] Version for resource type Trunk changed None to 1.1 on consumer Open vSwitch agent@dv-cinder-843361-2-iscsi {{(pid=111122) _set_version /opt/stack/neutron/neutron/api/rpc/callbacks/version_manager.py:113}}
May 27 03:50:27.993826 dv-cinder-843361-2-iscsi neutron-server[111120]: DEBUG neutron.pecan_wsgi.hooks.policy_enforcement [req-685796dc-07d6-4435-b6fc-401cf0f44c18 req-da78631d-20ac-4725-a5dd-37dded459a5a tempest-ServerRescueNegativeTestJSON-855707423 tempest-ServerRescueNegativeTestJSON-855707423-project] Attributes excluded by policy engine: ['standard_attr_id', 'binding:profile', 'binding:host_id', 'binding:vif_type', 'binding:vif_details'] {{(pid=111120) _exclude_attributes_by_policy /opt/stack/neutron/neutron/pecan_wsgi/hooks/policy_enforcement.py:259}}
May 27 03:50:27.995363 dv-cinder-843361-2-iscsi neutron-server[111120]: INFO neutron.wsgi [req-685796dc-07d6-4435-b6fc-401cf0f44c18 req-da78631d-20ac-4725-a5dd-37dded459a5a tempest-ServerRescueNegativeTestJSON-855707423 tempest-ServerRescueNegativeTestJSON-855707423-project] 10.222.0.58 "GET /v2.0/ports?device_id=b95a0082-dd02-4686-867c-8fb493c8164b HTTP/1.1" status: 200 len: 945 time: 0.0513861
May 27 03:50:28.050188 dv-cinder-843361-2-iscsi neutron-server[111120]: INFO neutron.wsgi [req-685796dc-07d6-4435-b6fc-401cf0f44c18 req-01cc9010-6916-4520-8aff-386942f20793 tempest-ServerRescueNegativeTestJSON-855707423 tempest-ServerRescueNegativeTestJSON-855707423-project] 10.222.0.58 "GET /v2.0/security-groups?id=054f819e-9e55-45fb-9f3a-3d54ec33789d&fields=id&fields=name HTTP/1.1" status: 200 len: 286 time: 0.0484660
May 27 03:50:28.342277 dv-cinder-843361-2-iscsi neutron-server[111120]: INFO neutron.wsgi [req-4c01a237-a73e-4650-ac71-d08bf1af2d18 req-03b64a61-3bb6-4229-8661-ae0367e09542 service neutron] 10.222.0.44 "GET /v2.0/floatingips?fixed_ip_address=172.20.0.8&port_id=a8742307-0b90-491f-af92-acad9a86d975 HTTP/1.1" status: 200 len: 217 time: 0.0375035
May 27 03:50:28.364323 dv-cinder-843361-2-iscsi neutron-server[111121]: INFO neutron.wsgi [req-f47c101f-3d45-4e51-8b98-cf50e71fa9ab req-737df03f-bd98-4ec4-b5dc-78995edd577a service neutron] 10.222.0.44 "GET /v2.0/security-groups?id=054f819e-9e55-45fb-9f3a-3d54ec33789d&fields=id&fields=name HTTP/1.1" status: 200 len: 286 time: 0.0621655
May 27 03:50:28.414175 dv-cinder-843361-2-iscsi neutron-server[111120]: DEBUG neutron.pecan_wsgi.hooks.policy_enforcement [req-4c01a237-a73e-4650-ac71-d08bf1af2d18 req-c6697603-ca3a-4b87-91b2-737894546cde service neutron] Attributes excluded by policy engine: ['standard_attr_id', 'shared'] {{(pid=111120) _exclude_attributes_by_policy /opt/stack/neutron/neutron/pecan_wsgi/hooks/policy_enforcement.py:259}}
May 27 03:50:28.415637 dv-cinder-843361-2-iscsi neutron-server[111120]: INFO neutron.wsgi [req-4c01a237-a73e-4650-ac71-d08bf1af2d18 req-c6697603-ca3a-4b87-91b2-737894546cde service neutron] 10.222.0.44 "GET /v2.0/subnets?id=9fe1efab-f17c-4c1a-b474-0341a2c407f3 HTTP/1.1" status: 200 len: 852 time: 0.0511942
May 27 03:50:28.580674 dv-cinder-843361-2-iscsi neutron-server[111121]: DEBUG dbcounter [-] [111121] Writing DB stats neutron:SELECT=100 {{(pid=111121) stat_writer /usr/local/lib/python3.8/dist-packages/dbcounter.py:114}}
May 27 03:50:28.590047 dv-cinder-843361-2-iscsi neutron-server[111121]: DEBUG neutron.pecan_wsgi.hooks.policy_enforcement [req-f5f166dc-1788-4454-9292-52740f75e0a6 req-136d9ffc-963c-49e6-b1a7-ede3ebab508a tempest-AttachVolumeTestJSON-1671822743 tempest-AttachVolumeTestJSON-1671822743-project] Attributes excluded by policy engine: ['standard_attr_id', 'binding:profile', 'binding:host_id', 'binding:vif_type', 'binding:vif_details'] {{(pid=111121) _exclude_attributes_by_policy /opt/stack/neutron/neutron/pecan_wsgi/hooks/policy_enforcement.py:259}}
May 27 03:50:28.591582 dv-cinder-843361-2-iscsi neutron-server[111121]: INFO neutron.wsgi [req-f5f166dc-1788-4454-9292-52740f75e0a6 req-136d9ffc-963c-49e6-b1a7-ede3ebab508a tempest-AttachVolumeTestJSON-1671822743 tempest-AttachVolumeTestJSON-1671822743-project] 10.222.0.58 "GET /v2.0/ports?device_id=273fddf3-e318-49d7-93a7-04afba0c9ea5 HTTP/1.1" status: 200 len: 943 time: 0.0596826
May 27 03:50:28.641130 dv-cinder-843361-2-iscsi neutron-server[111121]: INFO neutron.wsgi [req-f5f166dc-1788-4454-9292-52740f75e0a6 req-a287aab7-d7e9-4ba4-be25-cf5f1533d92a tempest-AttachVolumeTestJSON-1671822743 tempest-AttachVolumeTestJSON-1671822743-project] 10.222.0.58 "GET /v2.0/security-groups?id=efddfcfc-beb0-425e-af4e-6c042dfccd63&fields=id&fields=name HTTP/1.1" status: 200 len: 313 time: 0.0427394
May 27 03:50:28.743471 dv-cinder-843361-2-iscsi neutron-server[111120]: INFO neutron.wsgi [req-4c01a237-a73e-4650-ac71-d08bf1af2d18 req-4dadcba9-5953-4136-aee6-b343e50748d0 service neutron] 10.222.0.44 "GET /v2.0/ports?network_id=6b10384b-df11-4c6b-b1fe-437c3d19a049&device_owner=network%3Adhcp HTTP/1.1" status: 200 len: 210 time: 0.0295663
May 27 03:50:28.836445 dv-cinder-843361-2-iscsi neutron-server[111121]: DEBUG neutron.pecan_wsgi.hooks.policy_enforcement [req-ede777b3-e80f-4665-b12e-597e21cbf814 req-e46dee22-be48-4aae-821f-005e9e401215 service neutron] Attributes excluded by policy engine: ['standard_attr_id'] {{(pid=111121) _exclude_attributes_by_policy /opt/stack/neutron/neutron/pecan_wsgi/hooks/policy_enforcement.py:259}}
May 27 03:50:28.838371 dv-cinder-843361-2-iscsi neutron-server[111121]: INFO neutron.wsgi [req-ede777b3-e80f-4665-b12e-597e21cbf814 req-e46dee22-be48-4aae-821f-005e9e401215 service neutron] 10.222.0.44 "GET /v2.0/ports?device_id=5a66f721-a21b-4126-8e7b-467f7ce411c8 HTTP/1.1" status: 200 len: 1129 time: 0.0492742
May 27 03:50:28.895177 dv-cinder-843361-2-iscsi neutron-server[111120]: INFO neutron.wsgi [req-4c01a237-a73e-4650-ac71-d08bf1af2d18 req-c53ab631-fd1f-4156-b521-d79350fb0f36 service neutron] 10.222.0.44 "GET /v2.0/networks/6b10384b-df11-4c6b-b1fe-437c3d19a049?fields=segments HTTP/1.1" status: 200 len: 212 time: 0.1078014
May 27 03:50:28.939270 dv-cinder-843361-2-iscsi neutron-server[111120]: DEBUG dbcounter [-] [111120] Writing DB stats neutron:SELECT=100 {{(pid=111120) stat_writer /usr/local/lib/python3.8/dist-packages/dbcounter.py:114}}
May 27 03:50:28.953059 dv-cinder-843361-2-iscsi neutron-server[111120]: DEBUG neutron.pecan_wsgi.hooks.policy_enforcement [req-0d84bc96-4601-4c33-8b89-11a2da5b2d20 req-2b42c6cb-e99a-4201-8d63-e41c9025ed4c tempest-AttachVolumeShelveTestJSON-696104658 tempest-AttachVolumeShelveTestJSON-696104658-project] Attributes excluded by policy engine: ['standard_attr_id', 'binding:profile', 'binding:host_id', 'binding:vif_type', 'binding:vif_details'] {{(pid=111120) _exclude_attributes_by_policy /opt/stack/neutron/neutron/pecan_wsgi/hooks/policy_enforcement.py:259}}
