May 27 03:28:14.076356 dv-cinder-843361-2-iscsi devstack@keystone.service[80700]: DEBUG keystone.server.flask.request_processing.req_logging [None req-9dc45fc3-2af1-4ca9-ab58-259bf595f9f7 None None] PATH_INFO: `/` {{(pid=80700) log_request_info /opt/stack/keystone/keystone/server/flask/request_processing/req_logging.py:29}}
May 27 03:28:14.077923 dv-cinder-843361-2-iscsi devstack@keystone.service[80700]: [pid: 80700|app: 0|req: 52/104] 10.222.0.58 () {54 vars in 926 bytes} [Fri May 27 03:28:14 2022] GET /identity => generated 270 bytes in 3 msecs (HTTP/1.1 300) 6 headers in 234 bytes (2 switches on core 0)
May 27 03:28:14.090296 dv-cinder-843361-2-iscsi devstack@keystone.service[80701]: DEBUG keystone.server.flask.request_processing.middleware.auth_context [None req-1a01f06e-56bf-4b47-a3cb-a135993479d3 None admin] Validating token access rules against request {{(pid=80701) validate_allowed_request /usr/local/lib/python3.8/dist-packages/keystonemiddleware/auth_token/__init__.py:545}}
May 27 03:28:14.095011 dv-cinder-843361-2-iscsi devstack@keystone.service[80700]: DEBUG keystone.server.flask.request_processing.req_logging [None req-30cdbbb9-fcb7-45b9-92a7-4bc260d26478 None None] REQUEST_METHOD: `POST` {{(pid=80700) log_request_info /opt/stack/keystone/keystone/server/flask/request_processing/req_logging.py:27}}
May 27 03:28:14.095307 dv-cinder-843361-2-iscsi devstack@keystone.service[80700]: DEBUG keystone.server.flask.request_processing.req_logging [None req-30cdbbb9-fcb7-45b9-92a7-4bc260d26478 None None] SCRIPT_NAME: `/identity` {{(pid=80700) log_request_info /opt/stack/keystone/keystone/server/flask/request_processing/req_logging.py:28}}
May 27 03:28:14.095598 dv-cinder-843361-2-iscsi devstack@keystone.service[80700]: DEBUG keystone.server.flask.request_processing.req_logging [None req-30cdbbb9-fcb7-45b9-92a7-4bc260d26478 None None] PATH_INFO: `/v3/auth/tokens` {{(pid=80700) log_request_info /opt/stack/keystone/keystone/server/flask/request_processing/req_logging.py:29}}
May 27 03:28:14.129483 dv-cinder-843361-2-iscsi devstack@keystone.service[80700]: DEBUG keystone.auth.core [None req-30cdbbb9-fcb7-45b9-92a7-4bc260d26478 None None] MFA Rules not processed for user `e836482fa8a8442295d2819d77066796`. Rule list: `[]` (Enabled: `True`). {{(pid=80700) check_auth_methods_against_rules /opt/stack/keystone/keystone/auth/core.py:438}}
May 27 03:28:14.130965 dv-cinder-843361-2-iscsi devstack@keystone.service[80700]: DEBUG keystone.common.fernet_utils [None req-30cdbbb9-fcb7-45b9-92a7-4bc260d26478 None None] Loaded 2 Fernet keys from /etc/keystone/fernet-keys/, but `[fernet_tokens] max_active_keys = 3`; perhaps there have not been enough key rotations to reach `max_active_keys` yet? {{(pid=80700) load_keys /opt/stack/keystone/keystone/common/fernet_utils.py:286}}
May 27 03:28:14.180186 dv-cinder-843361-2-iscsi devstack@keystone.service[80701]: DEBUG keystone.server.flask.request_processing.middleware.auth_context [None req-3a5416d2-b1cd-424c-b5c4-ea43fd9610d3 None admin] RBAC: auth_context: {'token': , 'domain_id': None, 'trust_id': None, 'trustor_id': None, 'trustee_id': None, 'domain_name': None, 'group_ids': [], 'user_id': 'e836482fa8a8442295d2819d77066796', 'user_domain_id': 'default', 'system_scope': 'all', 'project_id': None, 'project_domain_id': None, 'roles': ['admin', 'member', 'reader'], 'is_admin_project': True, 'service_user_id': None, 'service_user_domain_id': None, 'service_project_id': None, 'service_project_domain_id': None, 'service_roles': []} {{(pid=80701) fill_context /opt/stack/keystone/keystone/server/flask/request_processing/middleware/auth_context.py:478}}
May 27 03:28:14.181098 dv-cinder-843361-2-iscsi devstack@keystone.service[80701]: DEBUG keystone.server.flask.request_processing.req_logging [None req-3a5416d2-b1cd-424c-b5c4-ea43fd9610d3 None admin] REQUEST_METHOD: `PUT` {{(pid=80701) log_request_info /opt/stack/keystone/keystone/server/flask/request_processing/req_logging.py:27}}
May 27 03:28:14.181391 dv-cinder-843361-2-iscsi devstack@keystone.service[80701]: DEBUG keystone.server.flask.request_processing.req_logging [None req-3a5416d2-b1cd-424c-b5c4-ea43fd9610d3 None admin] SCRIPT_NAME: `/identity` {{(pid=80701) log_request_info /opt/stack/keystone/keystone/server/flask/request_processing/req_logging.py:28}}
May 27 03:28:14.181679 dv-cinder-843361-2-iscsi devstack@keystone.service[80701]: DEBUG keystone.server.flask.request_processing.req_logging [None req-3a5416d2-b1cd-424c-b5c4-ea43fd9610d3 None admin] PATH_INFO: `/v3/projects/059d0856d2f94b658054f1a53c494081/users/386db4044f5c4138b6858880d5c6bc71/roles/93828c8fe28c41ca831b85d55b1a50ea` {{(pid=80701) log_request_info /opt/stack/keystone/keystone/server/flask/request_processing/req_logging.py:29}}
May 27 03:28:14.185928 dv-cinder-843361-2-iscsi devstack@keystone.service[80701]: DEBUG keystone.common.rbac_enforcer.enforcer [None req-3a5416d2-b1cd-424c-b5c4-ea43fd9610d3 None admin] RBAC: Authorizing `identity:create_grant(project_id=059d0856d2f94b658054f1a53c494081, user_id=386db4044f5c4138b6858880d5c6bc71, role_id=93828c8fe28c41ca831b85d55b1a50ea)` {{(pid=80701) enforce_call /opt/stack/keystone/keystone/common/rbac_enforcer/enforcer.py:449}}
May 27 03:28:14.187456 dv-cinder-843361-2-iscsi devstack@keystone.service[80701]: DEBUG keystone.common.rbac_enforcer.enforcer [None req-3a5416d2-b1cd-424c-b5c4-ea43fd9610d3 None admin] RBAC: Authorization granted {{(pid=80701) enforce_call /opt/stack/keystone/keystone/common/rbac_enforcer/enforcer.py:457}}
May 27 03:28:14.262304 dv-cinder-843361-2-iscsi devstack@keystone.service[80700]: [pid: 80700|app: 0|req: 53/105] 10.222.0.58 () {58 vars in 1023 bytes} [Fri May 27 03:28:14 2022] POST /identity/v3/auth/tokens => generated 799 bytes in 168 msecs (HTTP/1.1 201) 6 headers in 363 bytes (2 switches on core 0)
May 27 03:28:14.278410 dv-cinder-843361-2-iscsi devstack@keystone.service[80701]: [pid: 80701|app: 0|req: 53/106] 10.222.0.58 () {58 vars in 1439 bytes} [Fri May 27 03:28:13 2022] PUT /identity/v3/projects/059d0856d2f94b658054f1a53c494081/users/386db4044f5c4138b6858880d5c6bc71/roles/93828c8fe28c41ca831b85d55b1a50ea => generated 0 bytes in 336 msecs (HTTP/1.1 204) 3 headers in 132 bytes (0 switches on core 0)
May 27 03:28:14.312120 dv-cinder-843361-2-iscsi devstack@keystone.service[80700]: DEBUG keystone.server.flask.request_processing.middleware.auth_context [None req-30cdbbb9-fcb7-45b9-92a7-4bc260d26478 None None] Authenticating user token {{(pid=80700) process_request /usr/local/lib/python3.8/dist-packages/keystonemiddleware/auth_token/__init__.py:407}}
May 27 03:28:14.387319 dv-cinder-843361-2-iscsi devstack@keystone.service[80701]: DEBUG keystone.server.flask.request_processing.req_logging [None req-7f162b09-1505-4c67-9f2f-bc39a108819e None None] REQUEST_METHOD: `GET` {{(pid=80701) log_request_info /opt/stack/keystone/keystone/server/flask/request_processing/req_logging.py:27}}
May 27 03:28:14.387690 dv-cinder-843361-2-iscsi devstack@keystone.service[80701]: DEBUG keystone.server.flask.request_processing.req_logging [None req-7f162b09-1505-4c67-9f2f-bc39a108819e None None] SCRIPT_NAME: `/identity` {{(pid=80701) log_request_info /opt/stack/keystone/keystone/server/flask/request_processing/req_logging.py:28}}
May 27 03:28:14.388071 dv-cinder-843361-2-iscsi devstack@keystone.service[80701]: DEBUG keystone.server.flask.request_processing.req_logging [None req-7f162b09-1505-4c67-9f2f-bc39a108819e None None] PATH_INFO: `/` {{(pid=80701) log_request_info /opt/stack/keystone/keystone/server/flask/request_processing/req_logging.py:29}}
May 27 03:28:14.389922 dv-cinder-843361-2-iscsi devstack@keystone.service[80701]: [pid: 80701|app: 0|req: 54/107] 10.222.0.58 () {54 vars in 926 bytes} [Fri May 27 03:28:14 2022] GET /identity => generated 270 bytes in 4 msecs (HTTP/1.1 300) 6 headers in 234 bytes (2 switches on core 0)
May 27 03:28:14.396520 dv-cinder-843361-2-iscsi devstack@keystone.service[80701]: DEBUG keystone.server.flask.request_processing.req_logging [None req-f7a1d96e-71d8-4bc3-afaf-914e9a903719 None None] REQUEST_METHOD: `POST` {{(pid=80701) log_request_info /opt/stack/keystone/keystone/server/flask/request_processing/req_logging.py:27}}
May 27 03:28:14.397474 dv-cinder-843361-2-iscsi devstack@keystone.service[80701]: DEBUG keystone.server.flask.request_processing.req_logging [None req-f7a1d96e-71d8-4bc3-afaf-914e9a903719 None None] SCRIPT_NAME: `/identity` {{(pid=80701) log_request_info /opt/stack/keystone/keystone/server/flask/request_processing/req_logging.py:28}}
May 27 03:28:14.397474 dv-cinder-843361-2-iscsi devstack@keystone.service[80701]: DEBUG keystone.server.flask.request_processing.req_logging [None req-f7a1d96e-71d8-4bc3-afaf-914e9a903719 None None] PATH_INFO: `/v3/auth/tokens` {{(pid=80701) log_request_info /opt/stack/keystone/keystone/server/flask/request_processing/req_logging.py:29}}
May 27 03:28:14.418354 dv-cinder-843361-2-iscsi devstack@keystone.service[80701]: DEBUG keystone.auth.core [None req-f7a1d96e-71d8-4bc3-afaf-914e9a903719 None None] MFA Rules not processed for user `e836482fa8a8442295d2819d77066796`. Rule list: `[]` (Enabled: `True`). {{(pid=80701) check_auth_methods_against_rules /opt/stack/keystone/keystone/auth/core.py:438}}
May 27 03:28:14.419674 dv-cinder-843361-2-iscsi devstack@keystone.service[80701]: DEBUG keystone.common.fernet_utils [None req-f7a1d96e-71d8-4bc3-afaf-914e9a903719 None None] Loaded 2 Fernet keys from /etc/keystone/fernet-keys/, but `[fernet_tokens] max_active_keys = 3`; perhaps there have not been enough key rotations to reach `max_active_keys` yet? {{(pid=80701) load_keys /opt/stack/keystone/keystone/common/fernet_utils.py:286}}
May 27 03:28:14.443173 dv-cinder-843361-2-iscsi devstack@keystone.service[80700]: DEBUG dbcounter [-] [80700] Writing DB stats keystone:SELECT=100 {{(pid=80700) stat_writer /usr/local/lib/python3.8/dist-packages/dbcounter.py:114}}
May 27 03:28:14.508206 dv-cinder-843361-2-iscsi devstack@keystone.service[80701]: [pid: 80701|app: 0|req: 55/108] 10.222.0.58 () {58 vars in 1023 bytes} [Fri May 27 03:28:14 2022] POST /identity/v3/auth/tokens => generated 799 bytes in 113 msecs (HTTP/1.1 201) 6 headers in 363 bytes (1 switches on core 0)
May 27 03:28:14.531010 dv-cinder-843361-2-iscsi devstack@keystone.service[80700]: DEBUG keystone.server.flask.request_processing.middleware.auth_context [None req-30cdbbb9-fcb7-45b9-92a7-4bc260d26478 None None] Validating token access rules against request {{(pid=80700) validate_allowed_request /usr/local/lib/python3.8/dist-packages/keystonemiddleware/auth_token/__init__.py:545}}
May 27 03:28:14.533775 dv-cinder-843361-2-iscsi devstack@keystone.service[80701]: DEBUG keystone.server.flask.request_processing.middleware.auth_context [None req-f7a1d96e-71d8-4bc3-afaf-914e9a903719 None None] Authenticating user token {{(pid=80701) process_request /usr/local/lib/python3.8/dist-packages/keystonemiddleware/auth_token/__init__.py:407}}
May 27 03:28:14.608915 dv-cinder-843361-2-iscsi devstack@keystone.service[80701]: DEBUG dbcounter [-] [80701] Writing DB stats keystone:SELECT=99,keystone:INSERT=1 {{(pid=80701) stat_writer /usr/local/lib/python3.8/dist-packages/dbcounter.py:114}}
May 27 03:28:14.645914 dv-cinder-843361-2-iscsi devstack@keystone.service[80700]: DEBUG keystone.server.flask.request_processing.middleware.auth_context [None req-6cb229b8-16af-4382-958b-18b15401848f None admin] RBAC: auth_context: {'token': , 'domain_id': None, 'trust_id': None, 'trustor_id': None, 'trustee_id': None, 'domain_name': None, 'group_ids': [], 'user_id': 'e836482fa8a8442295d2819d77066796', 'user_domain_id': 'default', 'system_scope': 'all', 'project_id': None, 'project_domain_id': None, 'roles': ['admin', 'member', 'reader'], 'is_admin_project': True, 'service_user_id': None, 'service_user_domain_id': None, 'service_project_id': None, 'service_project_domain_id': None, 'service_roles': []} {{(pid=80700) fill_context /opt/stack/keystone/keystone/server/flask/request_processing/middleware/auth_context.py:478}}
May 27 03:28:14.646811 dv-cinder-843361-2-iscsi devstack@keystone.service[80700]: DEBUG keystone.server.flask.request_processing.req_logging [None req-6cb229b8-16af-4382-958b-18b15401848f None admin] REQUEST_METHOD: `GET` {{(pid=80700) log_request_info /opt/stack/keystone/keystone/server/flask/request_processing/req_logging.py:27}}
May 27 03:28:14.647054 dv-cinder-843361-2-iscsi devstack@keystone.service[80700]: DEBUG keystone.server.flask.request_processing.req_logging [None req-6cb229b8-16af-4382-958b-18b15401848f None admin] SCRIPT_NAME: `/identity` {{(pid=80700) log_request_info /opt/stack/keystone/keystone/server/flask/request_processing/req_logging.py:28}}
May 27 03:28:14.647340 dv-cinder-843361-2-iscsi devstack@keystone.service[80700]: DEBUG keystone.server.flask.request_processing.req_logging [None req-6cb229b8-16af-4382-958b-18b15401848f None admin] PATH_INFO: `/v3/roles/reader` {{(pid=80700) log_request_info /opt/stack/keystone/keystone/server/flask/request_processing/req_logging.py:29}}
May 27 03:28:14.654054 dv-cinder-843361-2-iscsi devstack@keystone.service[80701]: DEBUG keystone.server.flask.request_processing.middleware.auth_context [None req-f7a1d96e-71d8-4bc3-afaf-914e9a903719 None None] Validating token access rules against request {{(pid=80701) validate_allowed_request /usr/local/lib/python3.8/dist-packages/keystonemiddleware/auth_token/__init__.py:545}}
May 27 03:28:14.686824 dv-cinder-843361-2-iscsi devstack@keystone.service[80700]: DEBUG keystone.common.rbac_enforcer.enforcer [None req-6cb229b8-16af-4382-958b-18b15401848f None admin] Extracting inferred target data resulted in "NOT FOUND (404)". {{(pid=80700) enforce_call /opt/stack/keystone/keystone/common/rbac_enforcer/enforcer.py:409}}
May 27 03:28:14.694918 dv-cinder-843361-2-iscsi devstack@keystone.service[80701]: DEBUG keystone.server.flask.request_processing.middleware.auth_context [None req-c5bfc30d-5653-462d-885c-dda86b6d5599 None admin] RBAC: auth_context: {'token': , 'domain_id': None, 'trust_id': None, 'trustor_id': None, 'trustee_id': None, 'domain_name': None, 'group_ids': [], 'user_id': 'e836482fa8a8442295d2819d77066796', 'user_domain_id': 'default', 'system_scope': 'all', 'project_id': None, 'project_domain_id': None, 'roles': ['admin', 'member', 'reader'], 'is_admin_project': True, 'service_user_id': None, 'service_user_domain_id': None, 'service_project_id': None, 'service_project_domain_id': None, 'service_roles': []} {{(pid=80701) fill_context /opt/stack/keystone/keystone/server/flask/request_processing/middleware/auth_context.py:478}}
May 27 03:28:14.695816 dv-cinder-843361-2-iscsi devstack@keystone.service[80701]: DEBUG keystone.server.flask.request_processing.req_logging [None req-c5bfc30d-5653-462d-885c-dda86b6d5599 None admin] REQUEST_METHOD: `GET` {{(pid=80701) log_request_info /opt/stack/keystone/keystone/server/flask/request_processing/req_logging.py:27}}
May 27 03:28:14.696199 dv-cinder-843361-2-iscsi devstack@keystone.service[80701]: DEBUG keystone.server.flask.request_processing.req_logging [None req-c5bfc30d-5653-462d-885c-dda86b6d5599 None admin] SCRIPT_NAME: `/identity` {{(pid=80701) log_request_info /opt/stack/keystone/keystone/server/flask/request_processing/req_logging.py:28}}
May 27 03:28:14.700534 dv-cinder-843361-2-iscsi devstack@keystone.service[80701]: DEBUG keystone.server.flask.request_processing.req_logging [None req-c5bfc30d-5653-462d-885c-dda86b6d5599 None admin] PATH_INFO: `/v3/domains/default` {{(pid=80701) log_request_info /opt/stack/keystone/keystone/server/flask/request_processing/req_logging.py:29}}
May 27 03:28:14.700534 dv-cinder-843361-2-iscsi devstack@keystone.service[80701]: DEBUG keystone.common.rbac_enforcer.enforcer [None req-c5bfc30d-5653-462d-885c-dda86b6d5599 None admin] RBAC: Authorizing `identity:get_domain(domain_id=default)` {{(pid=80701) enforce_call /opt/stack/keystone/keystone/common/rbac_enforcer/enforcer.py:449}}
May 27 03:28:14.700534 dv-cinder-843361-2-iscsi devstack@keystone.service[80701]: DEBUG keystone.common.rbac_enforcer.enforcer [None req-c5bfc30d-5653-462d-885c-dda86b6d5599 None admin] RBAC: Authorization granted {{(pid=80701) enforce_call /opt/stack/keystone/keystone/common/rbac_enforcer/enforcer.py:457}}
May 27 03:28:14.701518 dv-cinder-843361-2-iscsi devstack@keystone.service[80700]: ERROR keystone.server.flask.application [None req-6cb229b8-16af-4382-958b-18b15401848f None admin] Could not find role: reader.: keystone.exception.RoleNotFound: Could not find role: reader.
May 27 03:28:14.701518 dv-cinder-843361-2-iscsi devstack@keystone.service[80700]: ERROR keystone.server.flask.application
Traceback (most recent call last):
May 27 03:28:14.701518 dv-cinder-843361-2-iscsi devstack@keystone.service[80700]: ERROR keystone.server.flask.application
File "/usr/local/lib/python3.8/dist-packages/flask/app.py", line 1523, in full_dispatch_request
May 27 03:28:14.701518 dv-cinder-843361-2-iscsi devstack@keystone.service[80700]: ERROR keystone.server.flask.application rv = self.dispatch_request()
May 27 03:28:14.701518 dv-cinder-843361-2-iscsi devstack@keystone.service[80700]: ERROR keystone.server.flask.application
File "/usr/local/lib/python3.8/dist-packages/flask/app.py", line 1509, in dispatch_request
May 27 03:28:14.701518 dv-cinder-843361-2-iscsi devstack@keystone.service[80700]: ERROR keystone.server.flask.application return self.ensure_sync(self.view_functions[rule.endpoint])(**req.view_args)
May 27 03:28:14.701518 dv-cinder-843361-2-iscsi devstack@keystone.service[80700]: ERROR keystone.server.flask.application
File "/usr/local/lib/python3.8/dist-packages/flask_restful/__init__.py", line 467, in wrapper
May 27 03:28:14.701518 dv-cinder-843361-2-iscsi devstack@keystone.service[80700]: ERROR keystone.server.flask.application resp = resource(*args, **kwargs)
May 27 03:28:14.701518 dv-cinder-843361-2-iscsi devstack@keystone.service[80700]: ERROR keystone.server.flask.application
File "/usr/local/lib/python3.8/dist-packages/flask/views.py", line 84, in view
May 27 03:28:14.701518 dv-cinder-843361-2-iscsi devstack@keystone.service[80700]: ERROR keystone.server.flask.application return current_app.ensure_sync(self.dispatch_request)(*args, **kwargs)
May 27 03:28:14.701518 dv-cinder-843361-2-iscsi devstack@keystone.service[80700]: ERROR keystone.server.flask.application
File "/usr/local/lib/python3.8/dist-packages/flask_restful/__init__.py", line 582, in dispatch_request
May 27 03:28:14.701518 dv-cinder-843361-2-iscsi devstack@keystone.service[80700]: ERROR keystone.server.flask.application resp = meth(*args, **kwargs)
May 27 03:28:14.701518 dv-cinder-843361-2-iscsi devstack@keystone.service[80700]: ERROR keystone.server.flask.application
File "/opt/stack/keystone/keystone/api/roles.py", line 50, in get
May 27 03:28:14.701518 dv-cinder-843361-2-iscsi devstack@keystone.service[80700]: ERROR keystone.server.flask.application return self._get_role(role_id)
May 27 03:28:14.701518 dv-cinder-843361-2-iscsi devstack@keystone.service[80700]: ERROR keystone.server.flask.application
File "/opt/stack/keystone/keystone/api/roles.py", line 70, in _get_role
May 27 03:28:14.701518 dv-cinder-843361-2-iscsi devstack@keystone.service[80700]: ERROR keystone.server.flask.application ENFORCER.enforce_call(action='identity:get_role')
May 27 03:28:14.702466 dv-cinder-843361-2-iscsi devstack@keystone.service[80700]: ERROR keystone.server.flask.application
File "/opt/stack/keystone/keystone/common/rbac_enforcer/enforcer.py", line 402, in enforce_call
May 27 03:28:14.702466 dv-cinder-843361-2-iscsi devstack@keystone.service[80700]: ERROR keystone.server.flask.application policy_dict.update(cls._extract_member_target_data(
May 27 03:28:14.702466 dv-cinder-843361-2-iscsi devstack@keystone.service[80700]: ERROR keystone.server.flask.application
File "/opt/stack/keystone/keystone/common/rbac_enforcer/enforcer.py", line 234, in _extract_member_target_data
May 27 03:28:14.702466 dv-cinder-843361-2-iscsi devstack@keystone.service[80700]: ERROR keystone.server.flask.application member_name: func(flask.request.view_args[key])
May 27 03:28:14.702466 dv-cinder-843361-2-iscsi devstack@keystone.service[80700]: ERROR keystone.server.flask.application
File "/opt/stack/keystone/keystone/common/manager.py", line 115, in wrapped
May 27 03:28:14.702466 dv-cinder-843361-2-iscsi devstack@keystone.service[80700]: ERROR keystone.server.flask.application __ret_val = __f(*args, **kwargs)
May 27 03:28:14.702466 dv-cinder-843361-2-iscsi devstack@keystone.service[80700]: ERROR keystone.server.flask.application
File "/usr/local/lib/python3.8/dist-packages/decorator.py", line 232, in fun
May 27 03:28:14.702466 dv-cinder-843361-2-iscsi devstack@keystone.service[80700]: ERROR keystone.server.flask.application return caller(func, *(extras + args), **kw)
May 27 03:28:14.702466 dv-cinder-843361-2-iscsi devstack@keystone.service[80700]: ERROR keystone.server.flask.application
File "/usr/local/lib/python3.8/dist-packages/dogpile/cache/region.py", line 1577, in get_or_create_for_user_func
May 27 03:28:14.702466 dv-cinder-843361-2-iscsi devstack@keystone.service[80700]: ERROR keystone.server.flask.application return self.get_or_create(
May 27 03:28:14.702466 dv-cinder-843361-2-iscsi devstack@keystone.service[80700]: ERROR keystone.server.flask.application
File "/usr/local/lib/python3.8/dist-packages/dogpile/cache/region.py", line 1042, in get_or_create
May 27 03:28:14.702466 dv-cinder-843361-2-iscsi devstack@keystone.service[80700]: ERROR keystone.server.flask.application with Lock(
May 27 03:28:14.702466 dv-cinder-843361-2-iscsi devstack@keystone.service[80700]: ERROR keystone.server.flask.application
File "/usr/local/lib/python3.8/dist-packages/dogpile/lock.py", line 185, in __enter__
May 27 03:28:14.702466 dv-cinder-843361-2-iscsi devstack@keystone.service[80700]: ERROR keystone.server.flask.application return self._enter()
May 27 03:28:14.702466 dv-cinder-843361-2-iscsi devstack@keystone.service[80700]: ERROR keystone.server.flask.application
File "/usr/local/lib/python3.8/dist-packages/dogpile/lock.py", line 94, in _enter
May 27 03:28:14.702466 dv-cinder-843361-2-iscsi devstack@keystone.service[80700]: ERROR keystone.server.flask.application generated = self._enter_create(value, createdtime)
May 27 03:28:14.703306 dv-cinder-843361-2-iscsi devstack@keystone.service[80700]: ERROR keystone.server.flask.application
File "/usr/local/lib/python3.8/dist-packages/dogpile/lock.py", line 178, in _enter_create
May 27 03:28:14.703306 dv-cinder-843361-2-iscsi devstack@keystone.service[80700]: ERROR keystone.server.flask.application return self.creator()
May 27 03:28:14.703306 dv-cinder-843361-2-iscsi devstack@keystone.service[80700]: ERROR keystone.server.flask.application
File "/usr/local/lib/python3.8/dist-packages/dogpile/cache/region.py", line 995, in gen_value
May 27 03:28:14.703306 dv-cinder-843361-2-iscsi devstack@keystone.service[80700]: ERROR keystone.server.flask.application created_value = creator(
May 27 03:28:14.703306 dv-cinder-843361-2-iscsi devstack@keystone.service[80700]: ERROR keystone.server.flask.application
File "/opt/stack/keystone/keystone/assignment/core.py", line 1276, in get_role
May 27 03:28:14.703306 dv-cinder-843361-2-iscsi devstack@keystone.service[80700]: ERROR keystone.server.flask.application return self.driver.get_role(role_id)
May 27 03:28:14.703306 dv-cinder-843361-2-iscsi devstack@keystone.service[80700]: ERROR keystone.server.flask.application
File "/opt/stack/keystone/keystone/assignment/role_backends/sql.py", line 70, in get_role
May 27 03:28:14.703306 dv-cinder-843361-2-iscsi devstack@keystone.service[80700]: ERROR keystone.server.flask.application return self._get_role(session, role_id).to_dict()
May 27 03:28:14.703306 dv-cinder-843361-2-iscsi devstack@keystone.service[80700]: ERROR keystone.server.flask.application
File "/opt/stack/keystone/keystone/assignment/role_backends/sql.py", line 65, in _get_role
May 27 03:28:14.703306 dv-cinder-843361-2-iscsi devstack@keystone.service[80700]: ERROR keystone.server.flask.application raise exception.RoleNotFound(role_id=role_id)
May 27 03:28:14.703306 dv-cinder-843361-2-iscsi devstack@keystone.service[80700]: ERROR keystone.server.flask.application keystone.exception.RoleNotFound: Could not find role: reader.
May 27 03:28:14.703306 dv-cinder-843361-2-iscsi devstack@keystone.service[80700]: ERROR keystone.server.flask.application
May 27 03:28:14.703878 dv-cinder-843361-2-iscsi devstack@keystone.service[80701]: [pid: 80701|app: 0|req: 56/109] 10.222.0.58 () {56 vars in 1108 bytes} [Fri May 27 03:28:14 2022] GET /identity/v3/domains/default => generated 199 bytes in 168 msecs (HTTP/1.1 200) 5 headers in 177 bytes (1 switches on core 0)
May 27 03:28:14.705450 dv-cinder-843361-2-iscsi devstack@keystone.service[80700]: [pid: 80700|app: 0|req: 54/110] 10.222.0.58 () {56 vars in 1099 bytes} [Fri May 27 03:28:14 2022] GET /identity/v3/roles/reader => generated 84 bytes in 394 msecs (HTTP/1.1 404) 5 headers in 183 bytes (1 switches on core 0)
May 27 03:28:14.710176 dv-cinder-843361-2-iscsi devstack@keystone.service[80701]: DEBUG keystone.server.flask.request_processing.middleware.auth_context [None req-c5bfc30d-5653-462d-885c-dda86b6d5599 None admin] Authenticating user token {{(pid=80701) process_request /usr/local/lib/python3.8/dist-packages/keystonemiddleware/auth_token/__init__.py:407}}
May 27 03:28:14.711857 dv-cinder-843361-2-iscsi devstack@keystone.service[80700]: DEBUG keystone.server.flask.request_processing.middleware.auth_context [None req-6cb229b8-16af-4382-958b-18b15401848f None admin] Authenticating user token {{(pid=80700) process_request /usr/local/lib/python3.8/dist-packages/keystonemiddleware/auth_token/__init__.py:407}}
May 27 03:28:14.818371 dv-cinder-843361-2-iscsi devstack@keystone.service[80701]: DEBUG keystone.server.flask.request_processing.middleware.auth_context [None req-c5bfc30d-5653-462d-885c-dda86b6d5599 None admin] Validating token access rules against request {{(pid=80701) validate_allowed_request /usr/local/lib/python3.8/dist-packages/keystonemiddleware/auth_token/__init__.py:545}}
May 27 03:28:14.852964 dv-cinder-843361-2-iscsi devstack@keystone.service[80701]: DEBUG dbcounter [-] [80701] Writing DB stats keystone:SELECT=100 {{(pid=80701) stat_writer /usr/local/lib/python3.8/dist-packages/dbcounter.py:114}}
May 27 03:28:14.860531 dv-cinder-843361-2-iscsi devstack@keystone.service[80701]: DEBUG keystone.server.flask.request_processing.middleware.auth_context [None req-a73706e5-1a41-42b0-997b-05e6265a2ca8 None admin] RBAC: auth_context: {'token': , 'domain_id': None, 'trust_id': None, 'trustor_id': None, 'trustee_id': None, 'domain_name': None, 'group_ids': [], 'user_id': 'e836482fa8a8442295d2819d77066796', 'user_domain_id': 'default', 'system_scope': 'all', 'project_id': None, 'project_domain_id': None, 'roles': ['admin', 'member', 'reader'], 'is_admin_project': True, 'service_user_id': None, 'service_user_domain_id': None, 'service_project_id': None, 'service_project_domain_id': None, 'service_roles': []} {{(pid=80701) fill_context /opt/stack/keystone/keystone/server/flask/request_processing/middleware/auth_context.py:478}}
May 27 03:28:14.860531 dv-cinder-843361-2-iscsi devstack@keystone.service[80701]: DEBUG keystone.server.flask.request_processing.req_logging [None req-a73706e5-1a41-42b0-997b-05e6265a2ca8 None admin] REQUEST_METHOD: `POST` {{(pid=80701) log_request_info /opt/stack/keystone/keystone/server/flask/request_processing/req_logging.py:27}}
May 27 03:28:14.860531 dv-cinder-843361-2-iscsi devstack@keystone.service[80701]: DEBUG keystone.server.flask.request_processing.req_logging [None req-a73706e5-1a41-42b0-997b-05e6265a2ca8 None admin] SCRIPT_NAME: `/identity` {{(pid=80701) log_request_info /opt/stack/keystone/keystone/server/flask/request_processing/req_logging.py:28}}
May 27 03:28:14.860531 dv-cinder-843361-2-iscsi devstack@keystone.service[80701]: DEBUG keystone.server.flask.request_processing.req_logging [None req-a73706e5-1a41-42b0-997b-05e6265a2ca8 None admin] PATH_INFO: `/v3/projects` {{(pid=80701) log_request_info /opt/stack/keystone/keystone/server/flask/request_processing/req_logging.py:29}}
May 27 03:28:14.861054 dv-cinder-843361-2-iscsi devstack@keystone.service[80701]: DEBUG keystone.common.rbac_enforcer.enforcer [None req-a73706e5-1a41-42b0-997b-05e6265a2ca8 None admin] RBAC: Authorizing `identity:create_project()` {{(pid=80701) enforce_call /opt/stack/keystone/keystone/common/rbac_enforcer/enforcer.py:449}}
May 27 03:28:14.862955 dv-cinder-843361-2-iscsi devstack@keystone.service[80701]: DEBUG keystone.common.rbac_enforcer.enforcer [None req-a73706e5-1a41-42b0-997b-05e6265a2ca8 None admin] RBAC: Authorization granted {{(pid=80701) enforce_call /opt/stack/keystone/keystone/common/rbac_enforcer/enforcer.py:457}}
May 27 03:28:14.907370 dv-cinder-843361-2-iscsi devstack@keystone.service[80700]: DEBUG keystone.server.flask.request_processing.middleware.auth_context [None req-6cb229b8-16af-4382-958b-18b15401848f None admin] Validating token access rules against request {{(pid=80700) validate_allowed_request /usr/local/lib/python3.8/dist-packages/keystonemiddleware/auth_token/__init__.py:545}}
May 27 03:28:14.957254 dv-cinder-843361-2-iscsi devstack@keystone.service[80700]: DEBUG keystone.server.flask.request_processing.middleware.auth_context [None req-1b139a36-4774-428a-802b-53384776d552 None admin] RBAC: auth_context: {'token': , 'domain_id': None, 'trust_id': None, 'trustor_id': None, 'trustee_id': None, 'domain_name': None, 'group_ids': [], 'user_id': 'e836482fa8a8442295d2819d77066796', 'user_domain_id': 'default', 'system_scope': 'all', 'project_id': None, 'project_domain_id': None, 'roles': ['admin', 'member', 'reader'], 'is_admin_project': True, 'service_user_id': None, 'service_user_domain_id': None, 'service_project_id': None, 'service_project_domain_id': None, 'service_roles': []} {{(pid=80700) fill_context /opt/stack/keystone/keystone/server/flask/request_processing/middleware/auth_context.py:478}}
May 27 03:28:14.957896 dv-cinder-843361-2-iscsi devstack@keystone.service[80700]: DEBUG keystone.server.flask.request_processing.req_logging [None req-1b139a36-4774-428a-802b-53384776d552 None admin] REQUEST_METHOD: `GET` {{(pid=80700) log_request_info /opt/stack/keystone/keystone/server/flask/request_processing/req_logging.py:27}}
May 27 03:28:14.958208 dv-cinder-843361-2-iscsi devstack@keystone.service[80700]: DEBUG keystone.server.flask.request_processing.req_logging [None req-1b139a36-4774-428a-802b-53384776d552 None admin] SCRIPT_NAME: `/identity` {{(pid=80700) log_request_info /opt/stack/keystone/keystone/server/flask/request_processing/req_logging.py:28}}
May 27 03:28:14.958486 dv-cinder-843361-2-iscsi devstack@keystone.service[80700]: DEBUG keystone.server.flask.request_processing.req_logging [None req-1b139a36-4774-428a-802b-53384776d552 None admin] PATH_INFO: `/v3/roles` {{(pid=80700) log_request_info /opt/stack/keystone/keystone/server/flask/request_processing/req_logging.py:29}}
May 27 03:28:14.959282 dv-cinder-843361-2-iscsi devstack@keystone.service[80700]: DEBUG keystone.common.rbac_enforcer.enforcer [None req-1b139a36-4774-428a-802b-53384776d552 None admin] RBAC: Adding query filter params (name=reader) {{(pid=80700) _extract_filter_values /opt/stack/keystone/keystone/common/rbac_enforcer/enforcer.py:167}}
May 27 03:28:14.959590 dv-cinder-843361-2-iscsi devstack@keystone.service[80700]: DEBUG keystone.common.rbac_enforcer.enforcer [None req-1b139a36-4774-428a-802b-53384776d552 None admin] RBAC: Authorizing `identity:list_roles()` {{(pid=80700) enforce_call /opt/stack/keystone/keystone/common/rbac_enforcer/enforcer.py:449}}
May 27 03:28:14.961289 dv-cinder-843361-2-iscsi devstack@keystone.service[80700]: DEBUG keystone.common.rbac_enforcer.enforcer [None req-1b139a36-4774-428a-802b-53384776d552 None admin] RBAC: Authorization granted {{(pid=80700) enforce_call /opt/stack/keystone/keystone/common/rbac_enforcer/enforcer.py:457}}
May 27 03:28:14.963145 dv-cinder-843361-2-iscsi devstack@keystone.service[80700]: DEBUG dbcounter [-] [80700] Writing DB stats keystone:SELECT=100 {{(pid=80700) stat_writer /usr/local/lib/python3.8/dist-packages/dbcounter.py:114}}
May 27 03:28:14.981791 dv-cinder-843361-2-iscsi devstack@keystone.service[80701]: [pid: 80701|app: 0|req: 57/111] 10.222.0.58 () {60 vars in 1141 bytes} [Fri May 27 03:28:14 2022] POST /identity/v3/projects => generated 302 bytes in 274 msecs (HTTP/1.1 201) 5 headers in 182 bytes (1 switches on core 0)
May 27 03:28:14.982835 dv-cinder-843361-2-iscsi devstack@keystone.service[80700]: [pid: 80700|app: 0|req: 55/112] 10.222.0.58 () {56 vars in 1101 bytes} [Fri May 27 03:28:14 2022] GET /identity/v3/roles?name=reader => generated 341 bytes in 272 msecs (HTTP/1.1 200) 5 headers in 177 bytes (1 switches on core 0)
May 27 03:28:14.989483 dv-cinder-843361-2-iscsi devstack@keystone.service[80701]: DEBUG keystone.server.flask.request_processing.middleware.auth_context [None req-a73706e5-1a41-42b0-997b-05e6265a2ca8 None admin] Authenticating user token {{(pid=80701) process_request /usr/local/lib/python3.8/dist-packages/keystonemiddleware/auth_token/__init__.py:407}}
May 27 03:28:15.145918 dv-cinder-843361-2-iscsi devstack@keystone.service[80701]: DEBUG keystone.server.flask.request_processing.middleware.auth_context [None req-a73706e5-1a41-42b0-997b-05e6265a2ca8 None admin] Validating token access rules against request {{(pid=80701) validate_allowed_request /usr/local/lib/python3.8/dist-packages/keystonemiddleware/auth_token/__init__.py:545}}
May 27 03:28:15.193303 dv-cinder-843361-2-iscsi devstack@keystone.service[80701]: DEBUG keystone.server.flask.request_processing.middleware.auth_context [None req-4b8243d2-ae81-4b62-b6b9-f9a8d6f70486 None admin] RBAC: auth_context: {'token': , 'domain_id': None, 'trust_id': None, 'trustor_id': None, 'trustee_id': None, 'domain_name': None, 'group_ids': [], 'user_id': 'e836482fa8a8442295d2819d77066796', 'user_domain_id': 'default', 'system_scope': 'all', 'project_id': None, 'project_domain_id': None, 'roles': ['admin', 'member', 'reader'], 'is_admin_project': True, 'service_user_id': None, 'service_user_domain_id': None, 'service_project_id': None, 'service_project_domain_id': None, 'service_roles': []} {{(pid=80701) fill_context /opt/stack/keystone/keystone/server/flask/request_processing/middleware/auth_context.py:478}}
May 27 03:28:15.194236 dv-cinder-843361-2-iscsi devstack@keystone.service[80701]: DEBUG keystone.server.flask.request_processing.req_logging [None req-4b8243d2-ae81-4b62-b6b9-f9a8d6f70486 None admin] REQUEST_METHOD: `GET` {{(pid=80701) log_request_info /opt/stack/keystone/keystone/server/flask/request_processing/req_logging.py:27}}
May 27 03:28:15.194532 dv-cinder-843361-2-iscsi devstack@keystone.service[80701]: DEBUG keystone.server.flask.request_processing.req_logging [None req-4b8243d2-ae81-4b62-b6b9-f9a8d6f70486 None admin] SCRIPT_NAME: `/identity` {{(pid=80701) log_request_info /opt/stack/keystone/keystone/server/flask/request_processing/req_logging.py:28}}
May 27 03:28:15.194815 dv-cinder-843361-2-iscsi devstack@keystone.service[80701]: DEBUG keystone.server.flask.request_processing.req_logging [None req-4b8243d2-ae81-4b62-b6b9-f9a8d6f70486 None admin] PATH_INFO: `/v3/users/dde9c5630eb64351a7888ba1a80aa0ab` {{(pid=80701) log_request_info /opt/stack/keystone/keystone/server/flask/request_processing/req_logging.py:29}}
May 27 03:28:15.220644 dv-cinder-843361-2-iscsi devstack@keystone.service[80701]: DEBUG keystone.common.rbac_enforcer.enforcer [None req-4b8243d2-ae81-4b62-b6b9-f9a8d6f70486 None admin] RBAC: Authorizing `identity:get_user(user_id=dde9c5630eb64351a7888ba1a80aa0ab)` {{(pid=80701) enforce_call /opt/stack/keystone/keystone/common/rbac_enforcer/enforcer.py:449}}
May 27 03:28:15.222090 dv-cinder-843361-2-iscsi devstack@keystone.service[80701]: DEBUG keystone.common.rbac_enforcer.enforcer [None req-4b8243d2-ae81-4b62-b6b9-f9a8d6f70486 None admin] RBAC: Authorization granted {{(pid=80701) enforce_call /opt/stack/keystone/keystone/common/rbac_enforcer/enforcer.py:457}}
May 27 03:28:15.224169 dv-cinder-843361-2-iscsi devstack@keystone.service[80701]: [pid: 80701|app: 0|req: 58/113] 10.222.0.58 () {56 vars in 1177 bytes} [Fri May 27 03:28:14 2022] GET /identity/v3/users/dde9c5630eb64351a7888ba1a80aa0ab => generated 289 bytes in 235 msecs (HTTP/1.1 200) 5 headers in 177 bytes (1 switches on core 0)
May 27 03:28:15.231349 dv-cinder-843361-2-iscsi devstack@keystone.service[80700]: DEBUG keystone.server.flask.request_processing.middleware.auth_context [None req-1b139a36-4774-428a-802b-53384776d552 None admin] Authenticating user token {{(pid=80700) process_request /usr/local/lib/python3.8/dist-packages/keystonemiddleware/auth_token/__init__.py:407}}
May 27 03:28:15.294603 dv-cinder-843361-2-iscsi devstack@keystone.service[80701]: DEBUG keystone.server.flask.request_processing.req_logging [None req-205f196d-d339-464b-9966-1521acd7e866 None None] REQUEST_METHOD: `GET` {{(pid=80701) log_request_info /opt/stack/keystone/keystone/server/flask/request_processing/req_logging.py:27}}
May 27 03:28:15.294929 dv-cinder-843361-2-iscsi devstack@keystone.service[80701]: DEBUG keystone.server.flask.request_processing.req_logging [None req-205f196d-d339-464b-9966-1521acd7e866 None None] SCRIPT_NAME: `/identity` {{(pid=80701) log_request_info /opt/stack/keystone/keystone/server/flask/request_processing/req_logging.py:28}}
May 27 03:28:15.295181 dv-cinder-843361-2-iscsi devstack@keystone.service[80701]: DEBUG keystone.server.flask.request_processing.req_logging [None req-205f196d-d339-464b-9966-1521acd7e866 None None] PATH_INFO: `/` {{(pid=80701) log_request_info /opt/stack/keystone/keystone/server/flask/request_processing/req_logging.py:29}}
May 27 03:28:15.296782 dv-cinder-843361-2-iscsi devstack@keystone.service[80701]: [pid: 80701|app: 0|req: 59/114] 10.222.0.58 () {54 vars in 926 bytes} [Fri May 27 03:28:15 2022] GET /identity => generated 270 bytes in 3 msecs (HTTP/1.1 300) 6 headers in 234 bytes (1 switches on core 0)
May 27 03:28:15.306125 dv-cinder-843361-2-iscsi devstack@keystone.service[80701]: DEBUG keystone.server.flask.request_processing.req_logging [None req-6776deab-6887-4af5-b730-a50dff40711e None None] REQUEST_METHOD: `GET` {{(pid=80701) log_request_info /opt/stack/keystone/keystone/server/flask/request_processing/req_logging.py:27}}
May 27 03:28:15.306425 dv-cinder-843361-2-iscsi devstack@keystone.service[80701]: DEBUG keystone.server.flask.request_processing.req_logging [None req-6776deab-6887-4af5-b730-a50dff40711e None None] SCRIPT_NAME: `/identity` {{(pid=80701) log_request_info /opt/stack/keystone/keystone/server/flask/request_processing/req_logging.py:28}}
May 27 03:28:15.306763 dv-cinder-843361-2-iscsi devstack@keystone.service[80701]: DEBUG keystone.server.flask.request_processing.req_logging [None req-6776deab-6887-4af5-b730-a50dff40711e None None] PATH_INFO: `/` {{(pid=80701) log_request_info /opt/stack/keystone/keystone/server/flask/request_processing/req_logging.py:29}}
May 27 03:28:15.308487 dv-cinder-843361-2-iscsi devstack@keystone.service[80701]: [pid: 80701|app: 0|req: 60/115] 10.222.0.58 () {54 vars in 926 bytes} [Fri May 27 03:28:15 2022] GET /identity => generated 270 bytes in 3 msecs (HTTP/1.1 300) 6 headers in 234 bytes (2 switches on core 0)
May 27 03:28:15.314010 dv-cinder-843361-2-iscsi devstack@keystone.service[80701]: DEBUG keystone.server.flask.request_processing.req_logging [None req-0fe0da2c-d43b-4cf4-baca-a302be06e761 None None] REQUEST_METHOD: `POST` {{(pid=80701) log_request_info /opt/stack/keystone/keystone/server/flask/request_processing/req_logging.py:27}}
May 27 03:28:15.314303 dv-cinder-843361-2-iscsi devstack@keystone.service[80701]: DEBUG keystone.server.flask.request_processing.req_logging [None req-0fe0da2c-d43b-4cf4-baca-a302be06e761 None None] SCRIPT_NAME: `/identity` {{(pid=80701) log_request_info /opt/stack/keystone/keystone/server/flask/request_processing/req_logging.py:28}}
May 27 03:28:15.314591 dv-cinder-843361-2-iscsi devstack@keystone.service[80701]: DEBUG keystone.server.flask.request_processing.req_logging [None req-0fe0da2c-d43b-4cf4-baca-a302be06e761 None None] PATH_INFO: `/v3/auth/tokens` {{(pid=80701) log_request_info /opt/stack/keystone/keystone/server/flask/request_processing/req_logging.py:29}}
May 27 03:28:15.340235 dv-cinder-843361-2-iscsi devstack@keystone.service[80701]: DEBUG keystone.auth.core [None req-0fe0da2c-d43b-4cf4-baca-a302be06e761 None None] MFA Rules not processed for user `e836482fa8a8442295d2819d77066796`. Rule list: `[]` (Enabled: `True`). {{(pid=80701) check_auth_methods_against_rules /opt/stack/keystone/keystone/auth/core.py:438}}
May 27 03:28:15.341539 dv-cinder-843361-2-iscsi devstack@keystone.service[80701]: DEBUG keystone.common.fernet_utils [None req-0fe0da2c-d43b-4cf4-baca-a302be06e761 None None] Loaded 2 Fernet keys from /etc/keystone/fernet-keys/, but `[fernet_tokens] max_active_keys = 3`; perhaps there have not been enough key rotations to reach `max_active_keys` yet? {{(pid=80701) load_keys /opt/stack/keystone/keystone/common/fernet_utils.py:286}}
May 27 03:28:15.393666 dv-cinder-843361-2-iscsi devstack@keystone.service[80700]: DEBUG keystone.server.flask.request_processing.middleware.auth_context [None req-1b139a36-4774-428a-802b-53384776d552 None admin] Validating token access rules against request {{(pid=80700) validate_allowed_request /usr/local/lib/python3.8/dist-packages/keystonemiddleware/auth_token/__init__.py:545}}
May 27 03:28:15.396918 dv-cinder-843361-2-iscsi devstack@keystone.service[80701]: DEBUG dbcounter [-] [80701] Writing DB stats keystone:SELECT=99,keystone:INSERT=1 {{(pid=80701) stat_writer /usr/local/lib/python3.8/dist-packages/dbcounter.py:114}}
May 27 03:28:15.438035 dv-cinder-843361-2-iscsi devstack@keystone.service[80701]: [pid: 80701|app: 0|req: 61/116] 10.222.0.58 () {58 vars in 1023 bytes} [Fri May 27 03:28:15 2022] POST /identity/v3/auth/tokens => generated 799 bytes in 125 msecs (HTTP/1.1 201) 6 headers in 363 bytes (3 switches on core 0)
May 27 03:28:15.439707 dv-cinder-843361-2-iscsi devstack@keystone.service[80701]: DEBUG keystone.server.flask.request_processing.req_logging [None req-f39d4247-845b-4cbc-a491-1b5e19ee235f None None] REQUEST_METHOD: `POST` {{(pid=80701) log_request_info /opt/stack/keystone/keystone/server/flask/request_processing/req_logging.py:27}}
May 27 03:28:15.440216 dv-cinder-843361-2-iscsi devstack@keystone.service[80701]: DEBUG keystone.server.flask.request_processing.req_logging [None req-f39d4247-845b-4cbc-a491-1b5e19ee235f None None] SCRIPT_NAME: `/identity` {{(pid=80701) log_request_info /opt/stack/keystone/keystone/server/flask/request_processing/req_logging.py:28}}
May 27 03:28:15.440854 dv-cinder-843361-2-iscsi devstack@keystone.service[80701]: DEBUG keystone.server.flask.request_processing.req_logging [None req-f39d4247-845b-4cbc-a491-1b5e19ee235f None None] PATH_INFO: `/v3/auth/tokens` {{(pid=80701) log_request_info /opt/stack/keystone/keystone/server/flask/request_processing/req_logging.py:29}}
May 27 03:28:15.449897 dv-cinder-843361-2-iscsi devstack@keystone.service[80700]: DEBUG keystone.server.flask.request_processing.middleware.auth_context [None req-dc573cb4-8b56-47fc-805c-73ac3ee3e8f0 None admin] RBAC: auth_context: {'token': , 'domain_id': None, 'trust_id': None, 'trustor_id': None, 'trustee_id': None, 'domain_name': None, 'group_ids': [], 'user_id': 'e836482fa8a8442295d2819d77066796', 'user_domain_id': 'default', 'system_scope': 'all', 'project_id': None, 'project_domain_id': None, 'roles': ['admin', 'member', 'reader'], 'is_admin_project': True, 'service_user_id': None, 'service_user_domain_id': None, 'service_project_id': None, 'service_project_domain_id': None, 'service_roles': []} {{(pid=80700) fill_context /opt/stack/keystone/keystone/server/flask/request_processing/middleware/auth_context.py:478}}
May 27 03:28:15.451043 dv-cinder-843361-2-iscsi devstack@keystone.service[80700]: DEBUG keystone.server.flask.request_processing.req_logging [None req-dc573cb4-8b56-47fc-805c-73ac3ee3e8f0 None admin] REQUEST_METHOD: `GET` {{(pid=80700) log_request_info /opt/stack/keystone/keystone/server/flask/request_processing/req_logging.py:27}}
May 27 03:28:15.451565 dv-cinder-843361-2-iscsi devstack@keystone.service[80700]: DEBUG keystone.server.flask.request_processing.req_logging [None req-dc573cb4-8b56-47fc-805c-73ac3ee3e8f0 None admin] SCRIPT_NAME: `/identity` {{(pid=80700) log_request_info /opt/stack/keystone/keystone/server/flask/request_processing/req_logging.py:28}}
May 27 03:28:15.452080 dv-cinder-843361-2-iscsi devstack@keystone.service[80700]: DEBUG keystone.server.flask.request_processing.req_logging [None req-dc573cb4-8b56-47fc-805c-73ac3ee3e8f0 None admin] PATH_INFO: `/v3/auth/tokens` {{(pid=80700) log_request_info /opt/stack/keystone/keystone/server/flask/request_processing/req_logging.py:29}}
May 27 03:28:15.460574 dv-cinder-843361-2-iscsi devstack@keystone.service[80701]: DEBUG keystone.auth.core [None req-f39d4247-845b-4cbc-a491-1b5e19ee235f None None] MFA Rules not processed for user `e836482fa8a8442295d2819d77066796`. Rule list: `[]` (Enabled: `True`). {{(pid=80701) check_auth_methods_against_rules /opt/stack/keystone/keystone/auth/core.py:438}}
May 27 03:28:15.462134 dv-cinder-843361-2-iscsi devstack@keystone.service[80701]: DEBUG keystone.common.fernet_utils [None req-f39d4247-845b-4cbc-a491-1b5e19ee235f None None] Loaded 2 Fernet keys from /etc/keystone/fernet-keys/, but `[fernet_tokens] max_active_keys = 3`; perhaps there have not been enough key rotations to reach `max_active_keys` yet? {{(pid=80701) load_keys /opt/stack/keystone/keystone/common/fernet_utils.py:286}}
May 27 03:28:15.548015 dv-cinder-843361-2-iscsi devstack@keystone.service[80701]: [pid: 80701|app: 0|req: 62/117] 10.222.0.58 () {58 vars in 1023 bytes} [Fri May 27 03:28:15 2022] POST /identity/v3/auth/tokens => generated 799 bytes in 109 msecs (HTTP/1.1 201) 6 headers in 363 bytes (1 switches on core 0)
May 27 03:28:15.549683 dv-cinder-843361-2-iscsi devstack@keystone.service[80701]: DEBUG keystone.server.flask.request_processing.req_logging [None req-7a857287-64f3-47c6-8c80-497e169c82ca None None] REQUEST_METHOD: `GET` {{(pid=80701) log_request_info /opt/stack/keystone/keystone/server/flask/request_processing/req_logging.py:27}}
May 27 03:28:15.549987 dv-cinder-843361-2-iscsi devstack@keystone.service[80701]: DEBUG keystone.server.flask.request_processing.req_logging [None req-7a857287-64f3-47c6-8c80-497e169c82ca None None] SCRIPT_NAME: `/identity` {{(pid=80701) log_request_info /opt/stack/keystone/keystone/server/flask/request_processing/req_logging.py:28}}
May 27 03:28:15.550338 dv-cinder-843361-2-iscsi devstack@keystone.service[80701]: DEBUG keystone.server.flask.request_processing.req_logging [None req-7a857287-64f3-47c6-8c80-497e169c82ca None None] PATH_INFO: `/` {{(pid=80701) log_request_info /opt/stack/keystone/keystone/server/flask/request_processing/req_logging.py:29}}
May 27 03:28:15.552052 dv-cinder-843361-2-iscsi devstack@keystone.service[80701]: [pid: 80701|app: 0|req: 63/118] 10.222.0.58 () {54 vars in 926 bytes} [Fri May 27 03:28:15 2022] GET /identity => generated 270 bytes in 3 msecs (HTTP/1.1 300) 6 headers in 234 bytes (1 switches on core 0)
May 27 03:28:15.557080 dv-cinder-843361-2-iscsi devstack@keystone.service[80701]: DEBUG keystone.server.flask.request_processing.middleware.auth_context [None req-7a857287-64f3-47c6-8c80-497e169c82ca None None] Authenticating user token {{(pid=80701) process_request /usr/local/lib/python3.8/dist-packages/keystonemiddleware/auth_token/__init__.py:407}}
May 27 03:28:15.562938 dv-cinder-843361-2-iscsi devstack@keystone.service[80700]: DEBUG dbcounter [-] [80700] Writing DB stats keystone:SELECT=100 {{(pid=80700) stat_writer /usr/local/lib/python3.8/dist-packages/dbcounter.py:114}}
May 27 03:28:15.572270 dv-cinder-843361-2-iscsi devstack@keystone.service[80700]: DEBUG keystone.common.rbac_enforcer.enforcer [None req-dc573cb4-8b56-47fc-805c-73ac3ee3e8f0 None admin] RBAC: Authorizing `identity:validate_token()` {{(pid=80700) enforce_call /opt/stack/keystone/keystone/common/rbac_enforcer/enforcer.py:449}}
May 27 03:28:15.576247 dv-cinder-843361-2-iscsi devstack@keystone.service[80700]: DEBUG keystone.common.rbac_enforcer.enforcer [None req-dc573cb4-8b56-47fc-805c-73ac3ee3e8f0 None admin] RBAC: Authorization granted {{(pid=80700) enforce_call /opt/stack/keystone/keystone/common/rbac_enforcer/enforcer.py:457}}
May 27 03:28:15.688963 dv-cinder-843361-2-iscsi devstack@keystone.service[80701]: DEBUG keystone.server.flask.request_processing.middleware.auth_context [None req-7a857287-64f3-47c6-8c80-497e169c82ca None None] Validating token access rules against request {{(pid=80701) validate_allowed_request /usr/local/lib/python3.8/dist-packages/keystonemiddleware/auth_token/__init__.py:545}}
May 27 03:28:15.691073 dv-cinder-843361-2-iscsi devstack@keystone.service[80701]: DEBUG dbcounter [-] [80701] Writing DB stats keystone:SELECT=100 {{(pid=80701) stat_writer /usr/local/lib/python3.8/dist-packages/dbcounter.py:114}}
May 27 03:28:15.714732 dv-cinder-843361-2-iscsi devstack@keystone.service[80700]: [pid: 80700|app: 0|req: 56/119] 10.222.0.58 () {58 vars in 1282 bytes} [Fri May 27 03:28:15 2022] GET /identity/v3/auth/tokens => generated 799 bytes in 484 msecs (HTTP/1.1 200) 6 headers in 358 bytes (1 switches on core 0)
May 27 03:28:15.716019 dv-cinder-843361-2-iscsi devstack@keystone.service[80700]: DEBUG keystone.server.flask.request_processing.req_logging [None req-2f1b272c-e382-4c16-a292-8a386ad713d1 None None] REQUEST_METHOD: `POST` {{(pid=80700) log_request_info /opt/stack/keystone/keystone/server/flask/request_processing/req_logging.py:27}}
