May 26 03:19:53.824554 dv-cinder-843361-1-iscsi neutron-server[104053]: INFO neutron.wsgi [req-a34729b6-ac7e-4341-af8a-cdf249dec678 req-5d854ae1-1c3b-432d-8c10-a38405a5e3b1 tempest-AttachVolumeShelveTestJSON-347406841 tempest-AttachVolumeShelveTestJSON-347406841-project] 10.222.0.39 "GET /v2.0/security-groups?id=2513730b-69fd-4e15-a410-1bcc75fd4b9d&fields=id&fields=name HTTP/1.1" status: 200 len: 312 time: 0.0409591
May 26 03:19:54.784143 dv-cinder-843361-1-iscsi neutron-server[104053]: DEBUG neutron.pecan_wsgi.hooks.policy_enforcement [req-9a93ce8c-86d1-4d21-9139-a609cbd73e8e req-f3489143-6fb6-4cee-8e81-20a258eaf436 tempest-AttachVolumeTestJSON-449059670 tempest-AttachVolumeTestJSON-449059670-project] Attributes excluded by policy engine: ['standard_attr_id', 'binding:profile', 'binding:host_id', 'binding:vif_type', 'binding:vif_details'] {{(pid=104053) _exclude_attributes_by_policy /opt/stack/neutron/neutron/pecan_wsgi/hooks/policy_enforcement.py:259}}
May 26 03:19:54.785557 dv-cinder-843361-1-iscsi neutron-server[104053]: INFO neutron.wsgi [req-9a93ce8c-86d1-4d21-9139-a609cbd73e8e req-f3489143-6fb6-4cee-8e81-20a258eaf436 tempest-AttachVolumeTestJSON-449059670 tempest-AttachVolumeTestJSON-449059670-project] 10.222.0.39 "GET /v2.0/ports?device_id=886b955e-5ce3-4453-a051-f1a2e7aedecf HTTP/1.1" status: 200 len: 944 time: 0.0462086
May 26 03:19:54.831375 dv-cinder-843361-1-iscsi neutron-server[104053]: INFO neutron.wsgi [req-9a93ce8c-86d1-4d21-9139-a609cbd73e8e req-d016613a-ded9-4a09-806c-29bd69afa310 tempest-AttachVolumeTestJSON-449059670 tempest-AttachVolumeTestJSON-449059670-project] 10.222.0.39 "GET /v2.0/security-groups?id=cf1627c5-176f-4415-999d-c657d072a2d7&fields=id&fields=name HTTP/1.1" status: 200 len: 313 time: 0.0398870
May 26 03:19:54.939513 dv-cinder-843361-1-iscsi neutron-server[104053]: DEBUG neutron.pecan_wsgi.hooks.policy_enforcement [req-f5ca03f8-a62b-4974-b8b8-ca6ea2664572 req-e5c2703c-f223-4101-aa41-f390c46b87ec tempest-AttachVolumeShelveTestJSON-347406841 tempest-AttachVolumeShelveTestJSON-347406841-project] Attributes excluded by policy engine: ['standard_attr_id', 'binding:profile', 'binding:host_id', 'binding:vif_type', 'binding:vif_details'] {{(pid=104053) _exclude_attributes_by_policy /opt/stack/neutron/neutron/pecan_wsgi/hooks/policy_enforcement.py:259}}
May 26 03:19:54.940910 dv-cinder-843361-1-iscsi neutron-server[104053]: INFO neutron.wsgi [req-f5ca03f8-a62b-4974-b8b8-ca6ea2664572 req-e5c2703c-f223-4101-aa41-f390c46b87ec tempest-AttachVolumeShelveTestJSON-347406841 tempest-AttachVolumeShelveTestJSON-347406841-project] 10.222.0.39 "GET /v2.0/ports?device_id=ac2628ba-7c7e-4057-9762-269bd34d66e7 HTTP/1.1" status: 200 len: 944 time: 0.0458026
May 26 03:19:54.981329 dv-cinder-843361-1-iscsi neutron-server[104053]: DEBUG dbcounter [-] [104053] Writing DB stats neutron:SELECT=94,neutron:INSERT=5,neutron:UPDATE=1 {{(pid=104053) stat_writer /usr/local/lib/python3.8/dist-packages/dbcounter.py:114}}
May 26 03:19:54.997569 dv-cinder-843361-1-iscsi neutron-server[104053]: INFO neutron.wsgi [req-f5ca03f8-a62b-4974-b8b8-ca6ea2664572 req-3ec7d3b6-fd4e-49e3-a8a3-9df7b08cc261 tempest-AttachVolumeShelveTestJSON-347406841 tempest-AttachVolumeShelveTestJSON-347406841-project] 10.222.0.39 "GET /v2.0/security-groups?id=2513730b-69fd-4e15-a410-1bcc75fd4b9d&fields=id&fields=name HTTP/1.1" status: 200 len: 312 time: 0.0477488
May 26 03:19:55.828422 dv-cinder-843361-1-iscsi neutron-server[104054]: DEBUG neutron.plugins.ml2.rpc [None req-a11363d0-638b-4b30-afa7-ad7339814a57 None None] Device cecd2259-e79b-4293-aa0f-b671b19ce1cd up at agent hyperv_hv-cinder-84336 {{(pid=104054) update_device_up /opt/stack/neutron/neutron/plugins/ml2/rpc.py:296}}
May 26 03:19:55.884123 dv-cinder-843361-1-iscsi neutron-server[104054]: DEBUG neutron.db.provisioning_blocks [None req-a11363d0-638b-4b30-afa7-ad7339814a57 None None] Provisioning for port cecd2259-e79b-4293-aa0f-b671b19ce1cd completed by entity L2. {{(pid=104054) provisioning_complete /opt/stack/neutron/neutron/db/provisioning_blocks.py:137}}
May 26 03:19:55.898543 dv-cinder-843361-1-iscsi neutron-server[104054]: DEBUG neutron.db.provisioning_blocks [None req-a11363d0-638b-4b30-afa7-ad7339814a57 None None] Provisioning complete for port cecd2259-e79b-4293-aa0f-b671b19ce1cd triggered by entity L2. {{(pid=104054) provisioning_complete /opt/stack/neutron/neutron/db/provisioning_blocks.py:145}}
May 26 03:19:55.898962 dv-cinder-843361-1-iscsi neutron-server[104054]: DEBUG neutron_lib.callbacks.manager [None req-a11363d0-638b-4b30-afa7-ad7339814a57 None None] Publish callbacks ['neutron.plugins.ml2.plugin.Ml2Plugin._port_provisioned-3569246'] for port (cecd2259-e79b-4293-aa0f-b671b19ce1cd), provisioning_complete {{(pid=104054) _notify_loop /usr/local/lib/python3.8/dist-packages/neutron_lib/callbacks/manager.py:176}}
May 26 03:19:55.969943 dv-cinder-843361-1-iscsi neutron-server[104053]: DEBUG neutron.pecan_wsgi.hooks.policy_enforcement [req-b829319b-21a1-4d6c-8b6e-3d98444eeef6 req-f5845d22-ff41-4af5-85a2-c3d69406e53b tempest-AttachVolumeTestJSON-449059670 tempest-AttachVolumeTestJSON-449059670-project] Attributes excluded by policy engine: ['standard_attr_id', 'binding:profile', 'binding:host_id', 'binding:vif_type', 'binding:vif_details'] {{(pid=104053) _exclude_attributes_by_policy /opt/stack/neutron/neutron/pecan_wsgi/hooks/policy_enforcement.py:259}}
May 26 03:19:55.982268 dv-cinder-843361-1-iscsi neutron-server[104053]: INFO neutron.wsgi [req-b829319b-21a1-4d6c-8b6e-3d98444eeef6 req-f5845d22-ff41-4af5-85a2-c3d69406e53b tempest-AttachVolumeTestJSON-449059670 tempest-AttachVolumeTestJSON-449059670-project] 10.222.0.39 "GET /v2.0/ports?device_id=886b955e-5ce3-4453-a051-f1a2e7aedecf HTTP/1.1" status: 200 len: 944 time: 0.0680268
May 26 03:19:56.003537 dv-cinder-843361-1-iscsi neutron-server[104054]: DEBUG neutron.plugins.ml2.plugin [None req-a11363d0-638b-4b30-afa7-ad7339814a57 None None] Current status of the port cecd2259-e79b-4293-aa0f-b671b19ce1cd is: BUILD; New status is: ACTIVE {{(pid=104054) _update_individual_port_db_status /opt/stack/neutron/neutron/plugins/ml2/plugin.py:2296}}
May 26 03:19:56.003861 dv-cinder-843361-1-iscsi neutron-server[104054]: DEBUG neutron_lib.callbacks.manager [None req-a11363d0-638b-4b30-afa7-ad7339814a57 None None] Publish callbacks ['neutron.plugins.ml2.plugin.SecurityGroupDbMixin._ensure_default_security_group_handler-3748811'] for port (cecd2259-e79b-4293-aa0f-b671b19ce1cd), before_update {{(pid=104054) _notify_loop /usr/local/lib/python3.8/dist-packages/neutron_lib/callbacks/manager.py:176}}
May 26 03:19:56.039211 dv-cinder-843361-1-iscsi neutron-server[104054]: DEBUG neutron.notifiers.nova [-] Sending events: [{'server_uuid': '886b955e-5ce3-4453-a051-f1a2e7aedecf', 'name': 'network-vif-plugged', 'status': 'completed', 'tag': 'cecd2259-e79b-4293-aa0f-b671b19ce1cd'}] {{(pid=104054) send_events /opt/stack/neutron/neutron/notifiers/nova.py:271}}
May 26 03:19:56.042705 dv-cinder-843361-1-iscsi neutron-server[104054]: DEBUG novaclient.v2.client [-] REQ: curl -g -i --cacert "/opt/stack/data/ca-bundle.pem" -X POST http://10.222.0.39/compute/v2.1/os-server-external-events -H "Accept: application/json" -H "Content-Type: application/json" -H "User-Agent: python-novaclient" -H "X-Auth-Token: {SHA256}ad0ca2e152547880a2b516aea6561050bbbcd822581b8c6565f12e703f7239f8" -H "X-OpenStack-Nova-API-Version: 2.1" -H "X-OpenStack-Request-ID: req-74316961-5c32-4f6a-b1b6-83e8591e10a8" -d '{"events": [{"server_uuid": "886b955e-5ce3-4453-a051-f1a2e7aedecf", "name": "network-vif-plugged", "status": "completed", "tag": "cecd2259-e79b-4293-aa0f-b671b19ce1cd"}]}' {{(pid=104054) _http_log_request /usr/local/lib/python3.8/dist-packages/keystoneauth1/session.py:519}}
May 26 03:19:56.062259 dv-cinder-843361-1-iscsi neutron-server[104054]: DEBUG neutron.plugins.ml2.db [None req-a11363d0-638b-4b30-afa7-ad7339814a57 None None] For port cecd2259-e79b-4293-aa0f-b671b19ce1cd, host hv-cinder-84336, got binding levels [PortBindingLevel(driver='hyperv',host='hv-cinder-84336',level=0,port_id=cecd2259-e79b-4293-aa0f-b671b19ce1cd,segment=NetworkSegment(db12f9e4-c39a-41b3-a57d-952675a75327),segment_id=db12f9e4-c39a-41b3-a57d-952675a75327)] {{(pid=104054) get_binding_level_objs /opt/stack/neutron/neutron/plugins/ml2/db.py:74}}
May 26 03:19:56.068083 dv-cinder-843361-1-iscsi neutron-server[104054]: DEBUG neutron_lib.callbacks.manager [None req-a11363d0-638b-4b30-afa7-ad7339814a57 None None] Publish callbacks ['neutron.plugins.ml2.plugin.SecurityGroupServerNotifierRpcMixin._notify_sg_on_port_change-3746161', 'neutron.plugins.ml2.ovo_rpc._ObjectChangeHandler.handle_event-946549', 'neutron.api.rpc.agentnotifiers.dhcp_rpc_agent_api.DhcpAgentNotifyAPI._native_event_send_dhcp_notification-922873', 'neutron.db.l3_db.L3RpcNotifierMixin._notify_gateway_port_ip_changed-8786518896842', 'neutron.db.l3_dvrscheduler_db._notify_l3_agent_port_update-8786518504735', 'neutron.db.l3_hascheduler_db._notify_l3_agent_ha_port_update-8786518504753'] for port (cecd2259-e79b-4293-aa0f-b671b19ce1cd), after_update {{(pid=104054) _notify_loop /usr/local/lib/python3.8/dist-packages/neutron_lib/callbacks/manager.py:176}}
May 26 03:19:56.069619 dv-cinder-843361-1-iscsi neutron-server[104054]: DEBUG neutron.plugins.ml2.rpc [None req-a11363d0-638b-4b30-afa7-ad7339814a57 None None] Device 8f3ffc1c-dd96-4c79-8070-6048d639cb48 up at agent hyperv_hv-cinder-84336 {{(pid=104054) update_device_up /opt/stack/neutron/neutron/plugins/ml2/rpc.py:296}}
May 26 03:19:56.109937 dv-cinder-843361-1-iscsi neutron-server[104053]: INFO neutron.wsgi [req-b829319b-21a1-4d6c-8b6e-3d98444eeef6 req-3ee41734-de13-4b81-9464-b49ff3206987 tempest-AttachVolumeTestJSON-449059670 tempest-AttachVolumeTestJSON-449059670-project] 10.222.0.39 "GET /v2.0/security-groups?id=cf1627c5-176f-4415-999d-c657d072a2d7&fields=id&fields=name HTTP/1.1" status: 200 len: 313 time: 0.1201355
May 26 03:19:56.163767 dv-cinder-843361-1-iscsi neutron-server[104054]: DEBUG novaclient.v2.client [-] RESP: [200] Connection: close Content-Length: 183 Content-Type: application/json Date: Thu, 26 May 2022 03:19:56 GMT OpenStack-API-Version: compute 2.1 Server: Apache/2.4.41 (Ubuntu) Vary: OpenStack-API-Version,X-OpenStack-Nova-API-Version X-OpenStack-Nova-API-Version: 2.1 x-compute-request-id: req-2168d44c-baf4-478d-b563-7d0c8b2f9f08 x-openstack-request-id: req-2168d44c-baf4-478d-b563-7d0c8b2f9f08 {{(pid=104054) _http_log_response /usr/local/lib/python3.8/dist-packages/keystoneauth1/session.py:550}}
May 26 03:19:56.164074 dv-cinder-843361-1-iscsi neutron-server[104054]: DEBUG novaclient.v2.client [-] RESP BODY: {"events": [{"server_uuid": "886b955e-5ce3-4453-a051-f1a2e7aedecf", "name": "network-vif-plugged", "status": "completed", "tag": "cecd2259-e79b-4293-aa0f-b671b19ce1cd", "code": 200}]} {{(pid=104054) _http_log_response /usr/local/lib/python3.8/dist-packages/keystoneauth1/session.py:582}}
May 26 03:19:56.164328 dv-cinder-843361-1-iscsi neutron-server[104054]: DEBUG novaclient.v2.client [-] POST call to compute for http://10.222.0.39/compute/v2.1/os-server-external-events used request id req-2168d44c-baf4-478d-b563-7d0c8b2f9f08 {{(pid=104054) request /usr/local/lib/python3.8/dist-packages/keystoneauth1/session.py:954}}
May 26 03:19:56.164707 dv-cinder-843361-1-iscsi neutron-server[104054]: INFO neutron.notifiers.nova [-] Nova event matching ['req-2168d44c-baf4-478d-b563-7d0c8b2f9f08'] response: {'server_uuid': '886b955e-5ce3-4453-a051-f1a2e7aedecf', 'name': 'network-vif-plugged', 'status': 'completed', 'tag': 'cecd2259-e79b-4293-aa0f-b671b19ce1cd', 'code': 200}
May 26 03:19:56.176332 dv-cinder-843361-1-iscsi neutron-server[104052]: DEBUG neutron.wsgi [-] (104052) accepted ('10.222.0.39', 47998) {{(pid=104052) server /usr/local/lib/python3.8/dist-packages/eventlet/wsgi.py:1004}}
May 26 03:19:56.188823 dv-cinder-843361-1-iscsi neutron-server[104054]: DEBUG neutron.db.provisioning_blocks [None req-a11363d0-638b-4b30-afa7-ad7339814a57 None None] Provisioning for port 8f3ffc1c-dd96-4c79-8070-6048d639cb48 completed by entity L2. {{(pid=104054) provisioning_complete /opt/stack/neutron/neutron/db/provisioning_blocks.py:137}}
May 26 03:19:56.209819 dv-cinder-843361-1-iscsi neutron-server[104054]: DEBUG neutron.api.rpc.handlers.resources_rpc [None req-a11363d0-638b-4b30-afa7-ad7339814a57 None None] Pushing event updated for resources: {'Port': ['ID=cecd2259-e79b-4293-aa0f-b671b19ce1cd,revision_number=5']} {{(pid=104054) push /opt/stack/neutron/neutron/api/rpc/handlers/resources_rpc.py:237}}
May 26 03:19:56.214162 dv-cinder-843361-1-iscsi neutron-server[104054]: DEBUG neutron.db.provisioning_blocks [None req-a11363d0-638b-4b30-afa7-ad7339814a57 None None] Provisioning complete for port 8f3ffc1c-dd96-4c79-8070-6048d639cb48 triggered by entity L2. {{(pid=104054) provisioning_complete /opt/stack/neutron/neutron/db/provisioning_blocks.py:145}}
May 26 03:19:56.214594 dv-cinder-843361-1-iscsi neutron-server[104054]: DEBUG neutron_lib.callbacks.manager [None req-a11363d0-638b-4b30-afa7-ad7339814a57 None None] Publish callbacks ['neutron.plugins.ml2.plugin.Ml2Plugin._port_provisioned-3569246'] for port (8f3ffc1c-dd96-4c79-8070-6048d639cb48), provisioning_complete {{(pid=104054) _notify_loop /usr/local/lib/python3.8/dist-packages/neutron_lib/callbacks/manager.py:176}}
May 26 03:19:56.283705 dv-cinder-843361-1-iscsi neutron-server[104053]: DEBUG neutron.pecan_wsgi.hooks.policy_enforcement [req-1982523c-59f0-4d3f-9f12-e41e008bcfae req-5bf36386-9a09-44f5-b149-6a5613fe64b6 tempest-AttachVolumeShelveTestJSON-347406841 tempest-AttachVolumeShelveTestJSON-347406841-project] Attributes excluded by policy engine: ['standard_attr_id', 'binding:profile', 'binding:host_id', 'binding:vif_type', 'binding:vif_details'] {{(pid=104053) _exclude_attributes_by_policy /opt/stack/neutron/neutron/pecan_wsgi/hooks/policy_enforcement.py:259}}
May 26 03:19:56.293896 dv-cinder-843361-1-iscsi neutron-server[104053]: INFO neutron.wsgi [req-1982523c-59f0-4d3f-9f12-e41e008bcfae req-5bf36386-9a09-44f5-b149-6a5613fe64b6 tempest-AttachVolumeShelveTestJSON-347406841 tempest-AttachVolumeShelveTestJSON-347406841-project] 10.222.0.39 "GET /v2.0/ports?device_id=ac2628ba-7c7e-4057-9762-269bd34d66e7 HTTP/1.1" status: 200 len: 944 time: 0.1748550
May 26 03:19:56.357954 dv-cinder-843361-1-iscsi neutron-server[104053]: INFO neutron.wsgi [req-1982523c-59f0-4d3f-9f12-e41e008bcfae req-f4468a5a-e9d0-4afd-9350-8f38b1081ad0 tempest-AttachVolumeShelveTestJSON-347406841 tempest-AttachVolumeShelveTestJSON-347406841-project] 10.222.0.39 "GET /v2.0/security-groups?id=2513730b-69fd-4e15-a410-1bcc75fd4b9d&fields=id&fields=name HTTP/1.1" status: 200 len: 312 time: 0.0627720
May 26 03:19:56.377275 dv-cinder-843361-1-iscsi neutron-server[104054]: DEBUG neutron.plugins.ml2.plugin [None req-a11363d0-638b-4b30-afa7-ad7339814a57 None None] Current status of the port 8f3ffc1c-dd96-4c79-8070-6048d639cb48 is: BUILD; New status is: ACTIVE {{(pid=104054) _update_individual_port_db_status /opt/stack/neutron/neutron/plugins/ml2/plugin.py:2296}}
May 26 03:19:56.377830 dv-cinder-843361-1-iscsi neutron-server[104054]: DEBUG neutron_lib.callbacks.manager [None req-a11363d0-638b-4b30-afa7-ad7339814a57 None None] Publish callbacks ['neutron.plugins.ml2.plugin.SecurityGroupDbMixin._ensure_default_security_group_handler-3748811'] for port (8f3ffc1c-dd96-4c79-8070-6048d639cb48), before_update {{(pid=104054) _notify_loop /usr/local/lib/python3.8/dist-packages/neutron_lib/callbacks/manager.py:176}}
May 26 03:19:56.387806 dv-cinder-843361-1-iscsi neutron-server[104052]: DEBUG neutron_lib.callbacks.manager [None req-e0a7914c-c950-45ae-bc00-34d1d7ed9013 admin admin] Publish callbacks [] for security_group (None), before_create {{(pid=104052) _notify_loop /usr/local/lib/python3.8/dist-packages/neutron_lib/callbacks/manager.py:176}}
May 26 03:19:56.430565 dv-cinder-843361-1-iscsi neutron-server[104054]: DEBUG neutron.plugins.ml2.db [None req-a11363d0-638b-4b30-afa7-ad7339814a57 None None] For port 8f3ffc1c-dd96-4c79-8070-6048d639cb48, host hv-cinder-84336, got binding levels [PortBindingLevel(driver='hyperv',host='hv-cinder-84336',level=0,port_id=8f3ffc1c-dd96-4c79-8070-6048d639cb48,segment=NetworkSegment(f04c6166-fa64-4dce-a3c1-2021ae05f01c),segment_id=f04c6166-fa64-4dce-a3c1-2021ae05f01c)] {{(pid=104054) get_binding_level_objs /opt/stack/neutron/neutron/plugins/ml2/db.py:74}}
May 26 03:19:56.436612 dv-cinder-843361-1-iscsi neutron-server[104054]: DEBUG neutron_lib.callbacks.manager [None req-a11363d0-638b-4b30-afa7-ad7339814a57 None None] Publish callbacks ['neutron.plugins.ml2.plugin.SecurityGroupServerNotifierRpcMixin._notify_sg_on_port_change-3746161', 'neutron.plugins.ml2.ovo_rpc._ObjectChangeHandler.handle_event-946549', 'neutron.api.rpc.agentnotifiers.dhcp_rpc_agent_api.DhcpAgentNotifyAPI._native_event_send_dhcp_notification-922873', 'neutron.db.l3_db.L3RpcNotifierMixin._notify_gateway_port_ip_changed-8786518896842', 'neutron.db.l3_dvrscheduler_db._notify_l3_agent_port_update-8786518504735', 'neutron.db.l3_hascheduler_db._notify_l3_agent_ha_port_update-8786518504753'] for port (8f3ffc1c-dd96-4c79-8070-6048d639cb48), after_update {{(pid=104054) _notify_loop /usr/local/lib/python3.8/dist-packages/neutron_lib/callbacks/manager.py:176}}
May 26 03:19:56.512417 dv-cinder-843361-1-iscsi neutron-server[104054]: DEBUG neutron.api.rpc.handlers.resources_rpc [None req-a11363d0-638b-4b30-afa7-ad7339814a57 None None] Pushing event updated for resources: {'Port': ['ID=8f3ffc1c-dd96-4c79-8070-6048d639cb48,revision_number=5']} {{(pid=104054) push /opt/stack/neutron/neutron/api/rpc/handlers/resources_rpc.py:237}}
May 26 03:19:56.516014 dv-cinder-843361-1-iscsi neutron-server[104052]: DEBUG neutron.pecan_wsgi.hooks.policy_enforcement [req-cafe221c-3c56-4eb4-b101-fc71e13c6627 req-364d10e6-9b59-43db-9d70-c9a2a1cb2aec service neutron] Attributes excluded by policy engine: ['standard_attr_id'] {{(pid=104052) _exclude_attributes_by_policy /opt/stack/neutron/neutron/pecan_wsgi/hooks/policy_enforcement.py:259}}
May 26 03:19:56.518311 dv-cinder-843361-1-iscsi neutron-server[104052]: INFO neutron.wsgi [req-cafe221c-3c56-4eb4-b101-fc71e13c6627 req-364d10e6-9b59-43db-9d70-c9a2a1cb2aec service neutron] 10.222.0.45 "GET /v2.0/ports?device_id=886b955e-5ce3-4453-a051-f1a2e7aedecf HTTP/1.1" status: 200 len: 1129 time: 0.1021147
May 26 03:19:56.621233 dv-cinder-843361-1-iscsi neutron-server[104052]: INFO neutron.wsgi [req-cafe221c-3c56-4eb4-b101-fc71e13c6627 req-41a19f5f-be07-450e-b88c-666210e152b6 service neutron] 10.222.0.45 "GET /v2.0/security-groups?id=cf1627c5-176f-4415-999d-c657d072a2d7&fields=id&fields=name HTTP/1.1" status: 200 len: 313 time: 0.0945776
May 26 03:19:56.625929 dv-cinder-843361-1-iscsi neutron-server[104052]: DEBUG neutron_lib.callbacks.manager [None req-e0a7914c-c950-45ae-bc00-34d1d7ed9013 admin admin] Publish callbacks [] for security_group (87b53004-9c3f-4b31-bb4f-c52454ff56cd), precommit_create {{(pid=104052) _notify_loop /usr/local/lib/python3.8/dist-packages/neutron_lib/callbacks/manager.py:176}}
May 26 03:19:56.630439 dv-cinder-843361-1-iscsi neutron-server[104052]: DEBUG neutron_lib.callbacks.manager [None req-e0a7914c-c950-45ae-bc00-34d1d7ed9013 admin admin] Publish callbacks ['neutron.plugins.ml2.ovo_rpc._ObjectChangeHandler.handle_event-542995'] for security_group (87b53004-9c3f-4b31-bb4f-c52454ff56cd), after_create {{(pid=104052) _notify_loop /usr/local/lib/python3.8/dist-packages/neutron_lib/callbacks/manager.py:176}}
May 26 03:19:56.674853 dv-cinder-843361-1-iscsi neutron-server[104052]: INFO neutron.wsgi [None req-e0a7914c-c950-45ae-bc00-34d1d7ed9013 admin admin] 10.222.0.39 "GET /v2.0/security-groups?tenant_id=315f9bf502054d759f0a2dae89fabe55&name=default HTTP/1.1" status: 200 len: 2996 time: 0.4988041
May 26 03:19:56.675847 dv-cinder-843361-1-iscsi neutron-server[104052]: DEBUG neutron.api.rpc.handlers.resources_rpc [None req-e0a7914c-c950-45ae-bc00-34d1d7ed9013 admin admin] Pushing event updated for resources: {'SecurityGroup': ['ID=87b53004-9c3f-4b31-bb4f-c52454ff56cd,revision_number=1']} {{(pid=104052) push /opt/stack/neutron/neutron/api/rpc/handlers/resources_rpc.py:237}}
May 26 03:19:56.678138 dv-cinder-843361-1-iscsi neutron-server[104053]: DEBUG neutron.wsgi [-] (104053) accepted ('10.222.0.39', 48022) {{(pid=104053) server /usr/local/lib/python3.8/dist-packages/eventlet/wsgi.py:1004}}
May 26 03:19:56.733614 dv-cinder-843361-1-iscsi neutron-server[104053]: DEBUG neutron_lib.callbacks.manager [None req-0769c00c-7ddf-4800-b1af-ad415b605523 admin admin] Publish callbacks [] for security_group (87b53004-9c3f-4b31-bb4f-c52454ff56cd), before_delete {{(pid=104053) _notify_loop /usr/local/lib/python3.8/dist-packages/neutron_lib/callbacks/manager.py:176}}
May 26 03:19:56.746181 dv-cinder-843361-1-iscsi neutron-server[104053]: DEBUG dbcounter [-] [104053] Writing DB stats neutron:SELECT=94,neutron:INSERT=6 {{(pid=104053) stat_writer /usr/local/lib/python3.8/dist-packages/dbcounter.py:114}}
May 26 03:19:56.764870 dv-cinder-843361-1-iscsi neutron-server[104053]: DEBUG neutron_lib.callbacks.manager [None req-0769c00c-7ddf-4800-b1af-ad415b605523 admin admin] Publish callbacks [] for security_group (87b53004-9c3f-4b31-bb4f-c52454ff56cd), precommit_delete {{(pid=104053) _notify_loop /usr/local/lib/python3.8/dist-packages/neutron_lib/callbacks/manager.py:176}}
May 26 03:19:56.821125 dv-cinder-843361-1-iscsi neutron-server[104053]: DEBUG neutron_lib.callbacks.manager [None req-0769c00c-7ddf-4800-b1af-ad415b605523 admin admin] Publish callbacks ['neutron.plugins.ml2.ovo_rpc._ObjectChangeHandler.handle_event-542995'] for security_group (87b53004-9c3f-4b31-bb4f-c52454ff56cd), after_delete {{(pid=104053) _notify_loop /usr/local/lib/python3.8/dist-packages/neutron_lib/callbacks/manager.py:176}}
May 26 03:19:56.823921 dv-cinder-843361-1-iscsi neutron-server[104053]: DEBUG neutron_lib.callbacks.manager [None req-0769c00c-7ddf-4800-b1af-ad415b605523 admin admin] Publish callbacks [] for security_group (None), before_response {{(pid=104053) _notify_loop /usr/local/lib/python3.8/dist-packages/neutron_lib/callbacks/manager.py:176}}
May 26 03:19:56.825060 dv-cinder-843361-1-iscsi neutron-server[104053]: INFO neutron.wsgi [None req-0769c00c-7ddf-4800-b1af-ad415b605523 admin admin] 10.222.0.39 "DELETE /v2.0/security-groups/87b53004-9c3f-4b31-bb4f-c52454ff56cd HTTP/1.1" status: 204 len: 168 time: 0.1459525
May 26 03:19:56.835027 dv-cinder-843361-1-iscsi neutron-server[104053]: DEBUG neutron.api.rpc.handlers.resources_rpc [None req-0769c00c-7ddf-4800-b1af-ad415b605523 admin admin] Pushing event deleted for resources: {'SecurityGroup': ['ID=87b53004-9c3f-4b31-bb4f-c52454ff56cd,revision_number=None']} {{(pid=104053) push /opt/stack/neutron/neutron/api/rpc/handlers/resources_rpc.py:237}}
May 26 03:19:57.114047 dv-cinder-843361-1-iscsi neutron-server[104053]: DEBUG neutron.wsgi [-] (104053) accepted ('10.222.0.39', 48046) {{(pid=104053) server /usr/local/lib/python3.8/dist-packages/eventlet/wsgi.py:1004}}
May 26 03:19:57.127379 dv-cinder-843361-1-iscsi neutron-server[104053]: DEBUG neutron_lib.callbacks.manager [None req-afef0f68-28c6-43f0-806b-1c7716544a38 admin admin] Publish callbacks [] for security_group (None), before_create {{(pid=104053) _notify_loop /usr/local/lib/python3.8/dist-packages/neutron_lib/callbacks/manager.py:176}}
May 26 03:19:57.229701 dv-cinder-843361-1-iscsi neutron-server[104053]: DEBUG neutron.pecan_wsgi.hooks.policy_enforcement [req-3ccc0b62-c1ce-45a6-9463-2886d6502a58 req-c66dee92-2155-4767-a772-7263a371feab tempest-AttachVolumeTestJSON-449059670 tempest-AttachVolumeTestJSON-449059670-project] Attributes excluded by policy engine: ['standard_attr_id', 'binding:profile', 'binding:host_id', 'binding:vif_type', 'binding:vif_details'] {{(pid=104053) _exclude_attributes_by_policy /opt/stack/neutron/neutron/pecan_wsgi/hooks/policy_enforcement.py:259}}
May 26 03:19:57.231190 dv-cinder-843361-1-iscsi neutron-server[104053]: INFO neutron.wsgi [req-3ccc0b62-c1ce-45a6-9463-2886d6502a58 req-c66dee92-2155-4767-a772-7263a371feab tempest-AttachVolumeTestJSON-449059670 tempest-AttachVolumeTestJSON-449059670-project] 10.222.0.39 "GET /v2.0/ports?device_id=886b955e-5ce3-4453-a051-f1a2e7aedecf HTTP/1.1" status: 200 len: 945 time: 0.0612445
May 26 03:19:57.269882 dv-cinder-843361-1-iscsi neutron-server[104053]: DEBUG neutron_lib.callbacks.manager [None req-afef0f68-28c6-43f0-806b-1c7716544a38 admin admin] Publish callbacks [] for security_group (62cbcda1-2206-463a-a86b-367bf790e127), precommit_create {{(pid=104053) _notify_loop /usr/local/lib/python3.8/dist-packages/neutron_lib/callbacks/manager.py:176}}
May 26 03:19:57.276354 dv-cinder-843361-1-iscsi neutron-server[104053]: DEBUG neutron_lib.callbacks.manager [None req-afef0f68-28c6-43f0-806b-1c7716544a38 admin admin] Publish callbacks ['neutron.plugins.ml2.ovo_rpc._ObjectChangeHandler.handle_event-542995'] for security_group (62cbcda1-2206-463a-a86b-367bf790e127), after_create {{(pid=104053) _notify_loop /usr/local/lib/python3.8/dist-packages/neutron_lib/callbacks/manager.py:176}}
May 26 03:19:57.320418 dv-cinder-843361-1-iscsi neutron-server[104053]: INFO neutron.wsgi [None req-afef0f68-28c6-43f0-806b-1c7716544a38 admin admin] 10.222.0.39 "GET /v2.0/security-groups?tenant_id=dc60a823692049178d3fc60433bee1cb&name=default HTTP/1.1" status: 200 len: 2996 time: 0.2052588
May 26 03:19:57.322993 dv-cinder-843361-1-iscsi neutron-server[104052]: DEBUG neutron.wsgi [-] (104052) accepted ('10.222.0.39', 48056) {{(pid=104052) server /usr/local/lib/python3.8/dist-packages/eventlet/wsgi.py:1004}}
May 26 03:19:57.339016 dv-cinder-843361-1-iscsi neutron-server[104053]: INFO neutron.wsgi [req-3ccc0b62-c1ce-45a6-9463-2886d6502a58 req-cfebfc97-616f-468d-9b5f-b75432a96847 tempest-AttachVolumeTestJSON-449059670 tempest-AttachVolumeTestJSON-449059670-project] 10.222.0.39 "GET /v2.0/security-groups?id=cf1627c5-176f-4415-999d-c657d072a2d7&fields=id&fields=name HTTP/1.1" status: 200 len: 313 time: 0.0976861
May 26 03:19:57.346144 dv-cinder-843361-1-iscsi neutron-server[104053]: DEBUG neutron.api.rpc.handlers.resources_rpc [None req-afef0f68-28c6-43f0-806b-1c7716544a38 admin admin] Pushing event updated for resources: {'SecurityGroup': ['ID=62cbcda1-2206-463a-a86b-367bf790e127,revision_number=1']} {{(pid=104053) push /opt/stack/neutron/neutron/api/rpc/handlers/resources_rpc.py:237}}
May 26 03:19:57.392486 dv-cinder-843361-1-iscsi neutron-server[104052]: DEBUG neutron_lib.callbacks.manager [None req-52fb9196-b24b-413a-b566-02a0c821ce86 admin admin] Publish callbacks [] for security_group (62cbcda1-2206-463a-a86b-367bf790e127), before_delete {{(pid=104052) _notify_loop /usr/local/lib/python3.8/dist-packages/neutron_lib/callbacks/manager.py:176}}
May 26 03:19:57.414650 dv-cinder-843361-1-iscsi neutron-server[104052]: DEBUG neutron_lib.callbacks.manager [None req-52fb9196-b24b-413a-b566-02a0c821ce86 admin admin] Publish callbacks [] for security_group (62cbcda1-2206-463a-a86b-367bf790e127), precommit_delete {{(pid=104052) _notify_loop /usr/local/lib/python3.8/dist-packages/neutron_lib/callbacks/manager.py:176}}
May 26 03:19:57.450766 dv-cinder-843361-1-iscsi neutron-server[104052]: DEBUG neutron.wsgi [-] (104052) accepted ('10.222.0.39', 48062) {{(pid=104052) server /usr/local/lib/python3.8/dist-packages/eventlet/wsgi.py:1004}}
May 26 03:19:57.469563 dv-cinder-843361-1-iscsi neutron-server[104052]: DEBUG neutron_lib.callbacks.manager [None req-52fb9196-b24b-413a-b566-02a0c821ce86 admin admin] Publish callbacks ['neutron.plugins.ml2.ovo_rpc._ObjectChangeHandler.handle_event-542995'] for security_group (62cbcda1-2206-463a-a86b-367bf790e127), after_delete {{(pid=104052) _notify_loop /usr/local/lib/python3.8/dist-packages/neutron_lib/callbacks/manager.py:176}}
May 26 03:19:57.472582 dv-cinder-843361-1-iscsi neutron-server[104052]: DEBUG neutron_lib.callbacks.manager [None req-52fb9196-b24b-413a-b566-02a0c821ce86 admin admin] Publish callbacks [] for security_group (None), before_response {{(pid=104052) _notify_loop /usr/local/lib/python3.8/dist-packages/neutron_lib/callbacks/manager.py:176}}
May 26 03:19:57.474464 dv-cinder-843361-1-iscsi neutron-server[104052]: INFO neutron.wsgi [None req-52fb9196-b24b-413a-b566-02a0c821ce86 admin admin] 10.222.0.39 "DELETE /v2.0/security-groups/62cbcda1-2206-463a-a86b-367bf790e127 HTTP/1.1" status: 204 len: 168 time: 0.1494560
May 26 03:19:57.480543 dv-cinder-843361-1-iscsi neutron-server[104053]: DEBUG neutron.pecan_wsgi.hooks.policy_enforcement [req-be04a253-ddb1-4409-a811-8f4d8135a91c req-4d8073cd-b1c6-4fca-aa92-240ba0e0e3f9 tempest-AttachVolumeShelveTestJSON-347406841 tempest-AttachVolumeShelveTestJSON-347406841-project] Attributes excluded by policy engine: ['standard_attr_id', 'binding:profile', 'binding:host_id', 'binding:vif_type', 'binding:vif_details'] {{(pid=104053) _exclude_attributes_by_policy /opt/stack/neutron/neutron/pecan_wsgi/hooks/policy_enforcement.py:259}}
May 26 03:19:57.482192 dv-cinder-843361-1-iscsi neutron-server[104053]: INFO neutron.wsgi [req-be04a253-ddb1-4409-a811-8f4d8135a91c req-4d8073cd-b1c6-4fca-aa92-240ba0e0e3f9 tempest-AttachVolumeShelveTestJSON-347406841 tempest-AttachVolumeShelveTestJSON-347406841-project] 10.222.0.39 "GET /v2.0/ports?device_id=ac2628ba-7c7e-4057-9762-269bd34d66e7 HTTP/1.1" status: 200 len: 945 time: 0.0578806
May 26 03:19:57.495274 dv-cinder-843361-1-iscsi neutron-server[104052]: DEBUG dbcounter [-] [104052] Writing DB stats neutron:SELECT=91,neutron:DELETE=4,neutron:INSERT=5 {{(pid=104052) stat_writer /usr/local/lib/python3.8/dist-packages/dbcounter.py:114}}
May 26 03:19:57.507485 dv-cinder-843361-1-iscsi neutron-server[104052]: DEBUG neutron.api.rpc.handlers.resources_rpc [None req-52fb9196-b24b-413a-b566-02a0c821ce86 admin admin] Pushing event deleted for resources: {'SecurityGroup': ['ID=62cbcda1-2206-463a-a86b-367bf790e127,revision_number=None']} {{(pid=104052) push /opt/stack/neutron/neutron/api/rpc/handlers/resources_rpc.py:237}}
May 26 03:19:57.554047 dv-cinder-843361-1-iscsi neutron-server[104053]: INFO neutron.wsgi [req-be04a253-ddb1-4409-a811-8f4d8135a91c req-75ac428c-7d1d-4441-a8e6-91a8bf56d4a3 tempest-AttachVolumeShelveTestJSON-347406841 tempest-AttachVolumeShelveTestJSON-347406841-project] 10.222.0.39 "GET /v2.0/security-groups?id=2513730b-69fd-4e15-a410-1bcc75fd4b9d&fields=id&fields=name HTTP/1.1" status: 200 len: 312 time: 0.0602806
May 26 03:19:57.594327 dv-cinder-843361-1-iscsi neutron-server[104052]: DEBUG neutron_lib.callbacks.manager [None req-3b56f818-1a11-4cfb-9ca7-4cb90ef89c47 admin admin] Publish callbacks [] for security_group (None), before_create {{(pid=104052) _notify_loop /usr/local/lib/python3.8/dist-packages/neutron_lib/callbacks/manager.py:176}}
May 26 03:19:57.680469 dv-cinder-843361-1-iscsi neutron-server[104052]: DEBUG neutron_lib.callbacks.manager [None req-3b56f818-1a11-4cfb-9ca7-4cb90ef89c47 admin admin] Publish callbacks [] for security_group (aeda9249-5309-40ba-bb1b-775262cbb3e9), precommit_create {{(pid=104052) _notify_loop /usr/local/lib/python3.8/dist-packages/neutron_lib/callbacks/manager.py:176}}
May 26 03:19:57.687605 dv-cinder-843361-1-iscsi neutron-server[104052]: DEBUG neutron_lib.callbacks.manager [None req-3b56f818-1a11-4cfb-9ca7-4cb90ef89c47 admin admin] Publish callbacks ['neutron.plugins.ml2.ovo_rpc._ObjectChangeHandler.handle_event-542995'] for security_group (aeda9249-5309-40ba-bb1b-775262cbb3e9), after_create {{(pid=104052) _notify_loop /usr/local/lib/python3.8/dist-packages/neutron_lib/callbacks/manager.py:176}}
May 26 03:19:57.733082 dv-cinder-843361-1-iscsi neutron-server[104052]: INFO neutron.wsgi [None req-3b56f818-1a11-4cfb-9ca7-4cb90ef89c47 admin admin] 10.222.0.39 "GET /v2.0/security-groups?tenant_id=7ee42c07521343108b37b09f4d60b55b&name=default HTTP/1.1" status: 200 len: 2996 time: 0.2809238
May 26 03:19:57.734094 dv-cinder-843361-1-iscsi neutron-server[104052]: DEBUG neutron.api.rpc.handlers.resources_rpc [None req-3b56f818-1a11-4cfb-9ca7-4cb90ef89c47 admin admin] Pushing event updated for resources: {'SecurityGroup': ['ID=aeda9249-5309-40ba-bb1b-775262cbb3e9,revision_number=1']} {{(pid=104052) push /opt/stack/neutron/neutron/api/rpc/handlers/resources_rpc.py:237}}
May 26 03:19:57.737280 dv-cinder-843361-1-iscsi neutron-server[104052]: DEBUG neutron.wsgi [-] (104052) accepted ('10.222.0.39', 48076) {{(pid=104052) server /usr/local/lib/python3.8/dist-packages/eventlet/wsgi.py:1004}}
May 26 03:19:57.787408 dv-cinder-843361-1-iscsi neutron-server[104052]: DEBUG neutron_lib.callbacks.manager [None req-ab11b5e6-58f5-48df-ae92-8382f3840264 admin admin] Publish callbacks [] for security_group (aeda9249-5309-40ba-bb1b-775262cbb3e9), before_delete {{(pid=104052) _notify_loop /usr/local/lib/python3.8/dist-packages/neutron_lib/callbacks/manager.py:176}}
May 26 03:19:57.810190 dv-cinder-843361-1-iscsi neutron-server[104052]: DEBUG neutron_lib.callbacks.manager [None req-ab11b5e6-58f5-48df-ae92-8382f3840264 admin admin] Publish callbacks [] for security_group (aeda9249-5309-40ba-bb1b-775262cbb3e9), precommit_delete {{(pid=104052) _notify_loop /usr/local/lib/python3.8/dist-packages/neutron_lib/callbacks/manager.py:176}}
May 26 03:19:57.861824 dv-cinder-843361-1-iscsi neutron-server[104052]: DEBUG neutron_lib.callbacks.manager [None req-ab11b5e6-58f5-48df-ae92-8382f3840264 admin admin] Publish callbacks ['neutron.plugins.ml2.ovo_rpc._ObjectChangeHandler.handle_event-542995'] for security_group (aeda9249-5309-40ba-bb1b-775262cbb3e9), after_delete {{(pid=104052) _notify_loop /usr/local/lib/python3.8/dist-packages/neutron_lib/callbacks/manager.py:176}}
May 26 03:19:57.864909 dv-cinder-843361-1-iscsi neutron-server[104052]: DEBUG neutron_lib.callbacks.manager [None req-ab11b5e6-58f5-48df-ae92-8382f3840264 admin admin] Publish callbacks [] for security_group (None), before_response {{(pid=104052) _notify_loop /usr/local/lib/python3.8/dist-packages/neutron_lib/callbacks/manager.py:176}}
May 26 03:19:57.866165 dv-cinder-843361-1-iscsi neutron-server[104052]: INFO neutron.wsgi [None req-ab11b5e6-58f5-48df-ae92-8382f3840264 admin admin] 10.222.0.39 "DELETE /v2.0/security-groups/aeda9249-5309-40ba-bb1b-775262cbb3e9 HTTP/1.1" status: 204 len: 168 time: 0.1279845
May 26 03:19:57.875431 dv-cinder-843361-1-iscsi neutron-server[104052]: DEBUG neutron.api.rpc.handlers.resources_rpc [None req-ab11b5e6-58f5-48df-ae92-8382f3840264 admin admin] Pushing event deleted for resources: {'SecurityGroup': ['ID=aeda9249-5309-40ba-bb1b-775262cbb3e9,revision_number=None']} {{(pid=104052) push /opt/stack/neutron/neutron/api/rpc/handlers/resources_rpc.py:237}}
May 26 03:19:58.166260 dv-cinder-843361-1-iscsi neutron-server[104054]: DEBUG neutron.notifiers.nova [-] Sending events: [{'server_uuid': 'ac2628ba-7c7e-4057-9762-269bd34d66e7', 'name': 'network-vif-plugged', 'status': 'completed', 'tag': '8f3ffc1c-dd96-4c79-8070-6048d639cb48'}] {{(pid=104054) send_events /opt/stack/neutron/neutron/notifiers/nova.py:271}}
May 26 03:19:58.168903 dv-cinder-843361-1-iscsi neutron-server[104054]: DEBUG novaclient.v2.client [-] REQ: curl -g -i --cacert "/opt/stack/data/ca-bundle.pem" -X POST http://10.222.0.39/compute/v2.1/os-server-external-events -H "Accept: application/json" -H "Content-Type: application/json" -H "User-Agent: python-novaclient" -H "X-Auth-Token: {SHA256}ad0ca2e152547880a2b516aea6561050bbbcd822581b8c6565f12e703f7239f8" -H "X-OpenStack-Nova-API-Version: 2.1" -H "X-OpenStack-Request-ID: req-458a9b9f-d288-4f2e-8579-fa3452d655b1" -d '{"events": [{"server_uuid": "ac2628ba-7c7e-4057-9762-269bd34d66e7", "name": "network-vif-plugged", "status": "completed", "tag": "8f3ffc1c-dd96-4c79-8070-6048d639cb48"}]}' {{(pid=104054) _http_log_request /usr/local/lib/python3.8/dist-packages/keystoneauth1/session.py:519}}
May 26 03:19:58.205473 dv-cinder-843361-1-iscsi neutron-server[104054]: DEBUG novaclient.v2.client [-] RESP: [200] Connection: close Content-Length: 183 Content-Type: application/json Date: Thu, 26 May 2022 03:19:58 GMT OpenStack-API-Version: compute 2.1 Server: Apache/2.4.41 (Ubuntu) Vary: OpenStack-API-Version,X-OpenStack-Nova-API-Version X-OpenStack-Nova-API-Version: 2.1 x-compute-request-id: req-daaa520d-6b5e-46e9-8092-759d431ab010 x-openstack-request-id: req-daaa520d-6b5e-46e9-8092-759d431ab010 {{(pid=104054) _http_log_response /usr/local/lib/python3.8/dist-packages/keystoneauth1/session.py:550}}
May 26 03:19:58.205984 dv-cinder-843361-1-iscsi neutron-server[104054]: DEBUG novaclient.v2.client [-] RESP BODY: {"events": [{"server_uuid": "ac2628ba-7c7e-4057-9762-269bd34d66e7", "name": "network-vif-plugged", "status": "completed", "tag": "8f3ffc1c-dd96-4c79-8070-6048d639cb48", "code": 200}]} {{(pid=104054) _http_log_response /usr/local/lib/python3.8/dist-packages/keystoneauth1/session.py:582}}
May 26 03:19:58.206422 dv-cinder-843361-1-iscsi neutron-server[104054]: DEBUG novaclient.v2.client [-] POST call to compute for http://10.222.0.39/compute/v2.1/os-server-external-events used request id req-daaa520d-6b5e-46e9-8092-759d431ab010 {{(pid=104054) request /usr/local/lib/python3.8/dist-packages/keystoneauth1/session.py:954}}
May 26 03:19:58.206866 dv-cinder-843361-1-iscsi neutron-server[104054]: INFO neutron.notifiers.nova [-] Nova event matching ['req-daaa520d-6b5e-46e9-8092-759d431ab010'] response: {'server_uuid': 'ac2628ba-7c7e-4057-9762-269bd34d66e7', 'name': 'network-vif-plugged', 'status': 'completed', 'tag': '8f3ffc1c-dd96-4c79-8070-6048d639cb48', 'code': 200}
May 26 03:19:58.466477 dv-cinder-843361-1-iscsi neutron-server[104053]: DEBUG neutron.pecan_wsgi.hooks.policy_enforcement [req-586dd057-0dca-4d21-9ae7-b39052c31d36 req-e5e582fb-8129-4a16-9a9b-b662fd464bdc tempest-AttachVolumeTestJSON-449059670 tempest-AttachVolumeTestJSON-449059670-project] Attributes excluded by policy engine: ['standard_attr_id', 'binding:profile', 'binding:host_id', 'binding:vif_type', 'binding:vif_details'] {{(pid=104053) _exclude_attributes_by_policy /opt/stack/neutron/neutron/pecan_wsgi/hooks/policy_enforcement.py:259}}
May 26 03:19:58.468651 dv-cinder-843361-1-iscsi neutron-server[104053]: INFO neutron.wsgi [req-586dd057-0dca-4d21-9ae7-b39052c31d36 req-e5e582fb-8129-4a16-9a9b-b662fd464bdc tempest-AttachVolumeTestJSON-449059670 tempest-AttachVolumeTestJSON-449059670-project] 10.222.0.39 "GET /v2.0/ports?device_id=886b955e-5ce3-4453-a051-f1a2e7aedecf HTTP/1.1" status: 200 len: 945 time: 0.0507882
May 26 03:19:58.524572 dv-cinder-843361-1-iscsi neutron-server[104053]: INFO neutron.wsgi [req-586dd057-0dca-4d21-9ae7-b39052c31d36 req-d343fe54-f13a-4a99-b1cc-cd7d6a2f0f8d tempest-AttachVolumeTestJSON-449059670 tempest-AttachVolumeTestJSON-449059670-project] 10.222.0.39 "GET /v2.0/security-groups?id=cf1627c5-176f-4415-999d-c657d072a2d7&fields=id&fields=name HTTP/1.1" status: 200 len: 313 time: 0.0479228
May 26 03:19:58.671706 dv-cinder-843361-1-iscsi neutron-server[104053]: DEBUG dbcounter [-] [104053] Writing DB stats neutron:SELECT=93,neutron:DELETE=2,neutron:INSERT=4,neutron:UPDATE=1 {{(pid=104053) stat_writer /usr/local/lib/python3.8/dist-packages/dbcounter.py:114}}
May 26 03:19:58.684872 dv-cinder-843361-1-iscsi neutron-server[104053]: DEBUG neutron.pecan_wsgi.hooks.policy_enforcement [req-31c99c0c-7f70-4489-813e-8a863fe63e92 req-b173500b-c905-4cb6-9851-5cd88548e1bb tempest-AttachVolumeShelveTestJSON-347406841 tempest-AttachVolumeShelveTestJSON-347406841-project] Attributes excluded by policy engine: ['standard_attr_id', 'binding:profile', 'binding:host_id', 'binding:vif_type', 'binding:vif_details'] {{(pid=104053) _exclude_attributes_by_policy /opt/stack/neutron/neutron/pecan_wsgi/hooks/policy_enforcement.py:259}}
May 26 03:19:58.686370 dv-cinder-843361-1-iscsi neutron-server[104053]: INFO neutron.wsgi [req-31c99c0c-7f70-4489-813e-8a863fe63e92 req-b173500b-c905-4cb6-9851-5cd88548e1bb tempest-AttachVolumeShelveTestJSON-347406841 tempest-AttachVolumeShelveTestJSON-347406841-project] 10.222.0.39 "GET /v2.0/ports?device_id=ac2628ba-7c7e-4057-9762-269bd34d66e7 HTTP/1.1" status: 200 len: 945 time: 0.0510097
May 26 03:19:58.758887 dv-cinder-843361-1-iscsi neutron-server[104053]: INFO neutron.wsgi [req-31c99c0c-7f70-4489-813e-8a863fe63e92 req-102452d1-9924-477d-ab75-25eb012b12b8 tempest-AttachVolumeShelveTestJSON-347406841 tempest-AttachVolumeShelveTestJSON-347406841-project] 10.222.0.39 "GET /v2.0/security-groups?id=2513730b-69fd-4e15-a410-1bcc75fd4b9d&fields=id&fields=name HTTP/1.1" status: 200 len: 312 time: 0.0632377
May 26 03:19:59.680052 dv-cinder-843361-1-iscsi neutron-server[104052]: DEBUG neutron.pecan_wsgi.hooks.policy_enforcement [req-72a87fec-d178-40e3-8f42-bf1df8bedea7 req-3bcf0931-8605-44db-a27a-9579622a509b service neutron] Attributes excluded by policy engine: ['standard_attr_id'] {{(pid=104052) _exclude_attributes_by_policy /opt/stack/neutron/neutron/pecan_wsgi/hooks/policy_enforcement.py:259}}
May 26 03:19:59.680601 dv-cinder-843361-1-iscsi neutron-server[104053]: DEBUG neutron.pecan_wsgi.hooks.policy_enforcement [req-50de78c8-feba-4849-98c7-3832857d6354 req-d174544c-4457-4d96-b8fd-adc611a50ea9 tempest-AttachVolumeTestJSON-449059670 tempest-AttachVolumeTestJSON-449059670-project] Attributes excluded by policy engine: ['standard_attr_id', 'binding:profile', 'binding:host_id', 'binding:vif_type', 'binding:vif_details'] {{(pid=104053) _exclude_attributes_by_policy /opt/stack/neutron/neutron/pecan_wsgi/hooks/policy_enforcement.py:259}}
May 26 03:19:59.681771 dv-cinder-843361-1-iscsi neutron-server[104053]: INFO neutron.wsgi [req-50de78c8-feba-4849-98c7-3832857d6354 req-d174544c-4457-4d96-b8fd-adc611a50ea9 tempest-AttachVolumeTestJSON-449059670 tempest-AttachVolumeTestJSON-449059670-project] 10.222.0.39 "GET /v2.0/ports?device_id=886b955e-5ce3-4453-a051-f1a2e7aedecf HTTP/1.1" status: 200 len: 945 time: 0.0651405
May 26 03:19:59.683058 dv-cinder-843361-1-iscsi neutron-server[104052]: INFO neutron.wsgi [req-72a87fec-d178-40e3-8f42-bf1df8bedea7 req-3bcf0931-8605-44db-a27a-9579622a509b service neutron] 10.222.0.45 "GET /v2.0/ports?device_id=ac2628ba-7c7e-4057-9762-269bd34d66e7 HTTP/1.1" status: 200 len: 1129 time: 0.0692346
May 26 03:19:59.735389 dv-cinder-843361-1-iscsi neutron-server[104053]: INFO neutron.wsgi [req-50de78c8-feba-4849-98c7-3832857d6354 req-435e60d1-1179-42eb-882a-01b892285848 tempest-AttachVolumeTestJSON-449059670 tempest-AttachVolumeTestJSON-449059670-project] 10.222.0.39 "GET /v2.0/security-groups?id=cf1627c5-176f-4415-999d-c657d072a2d7&fields=id&fields=name HTTP/1.1" status: 200 len: 313 time: 0.0475423
May 26 03:19:59.895785 dv-cinder-843361-1-iscsi neutron-server[104053]: DEBUG neutron.pecan_wsgi.hooks.policy_enforcement [req-c9ada5dc-f43e-4237-80b4-1118e11d4d93 req-fcdf467f-fdae-4542-aafc-b58e251629a1 tempest-AttachVolumeShelveTestJSON-347406841 tempest-AttachVolumeShelveTestJSON-347406841-project] Attributes excluded by policy engine: ['standard_attr_id', 'binding:profile', 'binding:host_id', 'binding:vif_type', 'binding:vif_details'] {{(pid=104053) _exclude_attributes_by_policy /opt/stack/neutron/neutron/pecan_wsgi/hooks/policy_enforcement.py:259}}
May 26 03:19:59.904135 dv-cinder-843361-1-iscsi neutron-server[104053]: INFO neutron.wsgi [req-c9ada5dc-f43e-4237-80b4-1118e11d4d93 req-fcdf467f-fdae-4542-aafc-b58e251629a1 tempest-AttachVolumeShelveTestJSON-347406841 tempest-AttachVolumeShelveTestJSON-347406841-project] 10.222.0.39 "GET /v2.0/ports?device_id=ac2628ba-7c7e-4057-9762-269bd34d66e7 HTTP/1.1" status: 200 len: 945 time: 0.0675874
May 26 03:19:59.983887 dv-cinder-843361-1-iscsi neutron-server[104053]: INFO neutron.wsgi [req-c9ada5dc-f43e-4237-80b4-1118e11d4d93 req-34c7afa4-985c-4798-ad72-13e7f59115b5 tempest-AttachVolumeShelveTestJSON-347406841 tempest-AttachVolumeShelveTestJSON-347406841-project] 10.222.0.39 "GET /v2.0/security-groups?id=2513730b-69fd-4e15-a410-1bcc75fd4b9d&fields=id&fields=name HTTP/1.1" status: 200 len: 312 time: 0.0766277
May 26 03:19:59.985839 dv-cinder-843361-1-iscsi neutron-server[104052]: DEBUG dbcounter [-] [104052] Writing DB stats neutron:DELETE=5,neutron:SELECT=81,neutron:INSERT=12,neutron:UPDATE=2 {{(pid=104052) stat_writer /usr/local/lib/python3.8/dist-packages/dbcounter.py:114}}
May 26 03:19:59.991003 dv-cinder-843361-1-iscsi neutron-server[104052]: INFO neutron.wsgi [req-72a87fec-d178-40e3-8f42-bf1df8bedea7 req-3420fc94-b29d-48be-9228-3e1f2ad29430 service neutron] 10.222.0.45 "GET /v2.0/security-groups?id=2513730b-69fd-4e15-a410-1bcc75fd4b9d&fields=id&fields=name HTTP/1.1" status: 200 len: 312 time: 0.0651755
May 26 03:20:00.866984 dv-cinder-843361-1-iscsi neutron-server[104055]: DEBUG dbcounter [-] [104055] Writing DB stats neutron:SELECT=1 {{(pid=104055) stat_writer /usr/local/lib/python3.8/dist-packages/dbcounter.py:114}}
May 26 03:20:00.868258 dv-cinder-843361-1-iscsi neutron-server[104055]: DEBUG dbcounter [-] [104055] Writing DB stats neutron:DELETE=1 {{(pid=104055) stat_writer /usr/local/lib/python3.8/dist-packages/dbcounter.py:114}}
May 26 03:20:00.896556 dv-cinder-843361-1-iscsi neutron-server[104053]: DEBUG neutron.pecan_wsgi.hooks.policy_enforcement [req-5ce5943b-c644-4091-bf4d-0964664cfbd4 req-931c67b6-707d-4a83-b9f1-1dd9f4f82629 tempest-AttachVolumeTestJSON-449059670 tempest-AttachVolumeTestJSON-449059670-project] Attributes excluded by policy engine: ['standard_attr_id', 'binding:profile', 'binding:host_id', 'binding:vif_type', 'binding:vif_details'] {{(pid=104053) _exclude_attributes_by_policy /opt/stack/neutron/neutron/pecan_wsgi/hooks/policy_enforcement.py:259}}
May 26 03:20:00.898161 dv-cinder-843361-1-iscsi neutron-server[104053]: INFO neutron.wsgi [req-5ce5943b-c644-4091-bf4d-0964664cfbd4 req-931c67b6-707d-4a83-b9f1-1dd9f4f82629 tempest-AttachVolumeTestJSON-449059670 tempest-AttachVolumeTestJSON-449059670-project] 10.222.0.39 "GET /v2.0/ports?device_id=886b955e-5ce3-4453-a051-f1a2e7aedecf HTTP/1.1" status: 200 len: 945 time: 0.0699799
May 26 03:20:00.953714 dv-cinder-843361-1-iscsi neutron-server[104053]: INFO neutron.wsgi [req-5ce5943b-c644-4091-bf4d-0964664cfbd4 req-21ee9dce-ad54-4873-9693-71b6f7d6db68 tempest-AttachVolumeTestJSON-449059670 tempest-AttachVolumeTestJSON-449059670-project] 10.222.0.39 "GET /v2.0/security-groups?id=cf1627c5-176f-4415-999d-c657d072a2d7&fields=id&fields=name HTTP/1.1" status: 200 len: 313 time: 0.0493295
May 26 03:20:01.152414 dv-cinder-843361-1-iscsi neutron-server[104053]: DEBUG neutron.pecan_wsgi.hooks.policy_enforcement [req-8b83604c-7ab7-4a92-a271-7de47e9666ec req-9c255fac-4451-4290-be72-a23c863efe28 tempest-AttachVolumeTestJSON-449059670 tempest-AttachVolumeTestJSON-449059670-project] Attributes excluded by policy engine: ['standard_attr_id', 'binding:profile', 'binding:host_id', 'binding:vif_type', 'binding:vif_details'] {{(pid=104053) _exclude_attributes_by_policy /opt/stack/neutron/neutron/pecan_wsgi/hooks/policy_enforcement.py:259}}
May 26 03:20:01.153862 dv-cinder-843361-1-iscsi neutron-server[104053]: INFO neutron.wsgi [req-8b83604c-7ab7-4a92-a271-7de47e9666ec req-9c255fac-4451-4290-be72-a23c863efe28 tempest-AttachVolumeTestJSON-449059670 tempest-AttachVolumeTestJSON-449059670-project] 10.222.0.39 "GET /v2.0/ports?device_id=886b955e-5ce3-4453-a051-f1a2e7aedecf HTTP/1.1" status: 200 len: 945 time: 0.0808759
May 26 03:20:01.162147 dv-cinder-843361-1-iscsi neutron-server[104053]: DEBUG neutron.pecan_wsgi.hooks.policy_enforcement [req-5b01c900-3eb5-41fd-a1e8-76ee01377693 req-a4301a91-a874-4a4a-ba04-10272e5275f0 tempest-AttachVolumeShelveTestJSON-347406841 tempest-AttachVolumeShelveTestJSON-347406841-project] Attributes excluded by policy engine: ['standard_attr_id', 'binding:profile', 'binding:host_id', 'binding:vif_type', 'binding:vif_details'] {{(pid=104053) _exclude_attributes_by_policy /opt/stack/neutron/neutron/pecan_wsgi/hooks/policy_enforcement.py:259}}
May 26 03:20:01.163546 dv-cinder-843361-1-iscsi neutron-server[104053]: INFO neutron.wsgi [req-5b01c900-3eb5-41fd-a1e8-76ee01377693 req-a4301a91-a874-4a4a-ba04-10272e5275f0 tempest-AttachVolumeShelveTestJSON-347406841 tempest-AttachVolumeShelveTestJSON-347406841-project] 10.222.0.39 "GET /v2.0/ports?device_id=ac2628ba-7c7e-4057-9762-269bd34d66e7 HTTP/1.1" status: 200 len: 945 time: 0.0784905
May 26 03:20:01.163688 dv-cinder-843361-1-iscsi neutron-server[104052]: DEBUG neutron.wsgi [-] (104052) accepted ('10.222.0.39', 48316) {{(pid=104052) server /usr/local/lib/python3.8/dist-packages/eventlet/wsgi.py:1004}}
May 26 03:20:01.168316 dv-cinder-843361-1-iscsi neutron-server[104052]: DEBUG neutron.api.v2.base [None req-397d346d-9389-4446-b196-ed5dc17c18b9 tempest-AttachVolumeTestJSON-449059670 tempest-AttachVolumeTestJSON-449059670-project] Request body: {'floatingip': {'port_id': 'cecd2259-e79b-4293-aa0f-b671b19ce1cd'}} {{(pid=104052) prepare_request_body /opt/stack/neutron/neutron/api/v2/base.py:730}}
May 26 03:20:01.217872 dv-cinder-843361-1-iscsi neutron-server[104053]: INFO neutron.wsgi [req-5b01c900-3eb5-41fd-a1e8-76ee01377693 req-2de991fd-a799-4dc9-b070-31a4796c0770 tempest-AttachVolumeShelveTestJSON-347406841 tempest-AttachVolumeShelveTestJSON-347406841-project] 10.222.0.39 "GET /v2.0/security-groups?id=2513730b-69fd-4e15-a410-1bcc75fd4b9d&fields=id&fields=name HTTP/1.1" status: 200 len: 312 time: 0.0483124
May 26 03:20:01.255679 dv-cinder-843361-1-iscsi neutron-server[104052]: DEBUG neutron_lib.callbacks.manager [None req-397d346d-9389-4446-b196-ed5dc17c18b9 tempest-AttachVolumeTestJSON-449059670 tempest-AttachVolumeTestJSON-449059670-project] Publish callbacks [] for floatingip (2800b348-f102-4064-9078-f5e8e8e845e7), before_update {{(pid=104052) _notify_loop /usr/local/lib/python3.8/dist-packages/neutron_lib/callbacks/manager.py:176}}
May 26 03:20:01.763915 dv-cinder-843361-1-iscsi neutron-server[104053]: DEBUG neutron.wsgi [-] (104053) accepted ('10.222.0.39', 48344) {{(pid=104053) server /usr/local/lib/python3.8/dist-packages/eventlet/wsgi.py:1004}}
