Jul 20 09:05:02.548158 dv-cinder-843309-5-smb devstack@placement-api.service[104661]: DEBUG placement.wsgi [-] profiler.sentinel_service_name = mymaster {{(pid=104661) log_opt_values /usr/local/lib/python3.8/dist-packages/oslo_config/cfg.py:2609}}
Jul 20 09:05:02.548401 dv-cinder-843309-5-smb devstack@placement-api.service[104661]: DEBUG placement.wsgi [-] profiler.socket_timeout = 0.1 {{(pid=104661) log_opt_values /usr/local/lib/python3.8/dist-packages/oslo_config/cfg.py:2609}}
Jul 20 09:05:02.548636 dv-cinder-843309-5-smb devstack@placement-api.service[104661]: DEBUG placement.wsgi [-] profiler.trace_sqlalchemy = False {{(pid=104661) log_opt_values /usr/local/lib/python3.8/dist-packages/oslo_config/cfg.py:2609}}
Jul 20 09:05:02.548803 dv-cinder-843309-5-smb devstack@placement-api.service[104661]: DEBUG placement.wsgi [-] ******************************************************************************** {{(pid=104661) log_opt_values /usr/local/lib/python3.8/dist-packages/oslo_config/cfg.py:2613}}
Jul 20 09:05:02.558211 dv-cinder-843309-5-smb devstack@placement-api.service[104661]: WARNING keystonemiddleware.auth_token [-] AuthToken middleware is set with keystone_authtoken.service_token_roles_required set to False. This is backwards compatible but deprecated behaviour. Please set this to True.
Jul 20 09:05:02.599953 dv-cinder-843309-5-smb devstack@placement-api.service[104662]: WARNING keystonemiddleware.auth_token [-] Configuring www_authenticate_uri to point to the public identity endpoint is required; clients may not be able to authenticate against an admin endpoint
Jul 20 09:05:02.606875 dv-cinder-843309-5-smb devstack@placement-api.service[104662]: DEBUG oslo_concurrency.lockutils [-] Acquired lock "trait_sync" {{(pid=104662) lock /usr/local/lib/python3.8/dist-packages/oslo_concurrency/lockutils.py:294}}
Jul 20 09:05:02.664556 dv-cinder-843309-5-smb devstack@placement-api.service[104662]: INFO dbcounter [-] Registered counter for database placement
Jul 20 09:05:02.683334 dv-cinder-843309-5-smb devstack@placement-api.service[104661]: WARNING keystonemiddleware.auth_token [-] Configuring www_authenticate_uri to point to the public identity endpoint is required; clients may not be able to authenticate against an admin endpoint
Jul 20 09:05:02.690457 dv-cinder-843309-5-smb devstack@placement-api.service[104661]: DEBUG oslo_concurrency.lockutils [-] Acquired lock "trait_sync" {{(pid=104661) lock /usr/local/lib/python3.8/dist-packages/oslo_concurrency/lockutils.py:294}}
Jul 20 09:05:02.698670 dv-cinder-843309-5-smb devstack@placement-api.service[104662]: DEBUG oslo_db.sqlalchemy.engines [-] MySQL server mode set to STRICT_TRANS_TABLES,STRICT_ALL_TABLES,NO_ZERO_IN_DATE,NO_ZERO_DATE,ERROR_FOR_DIVISION_BY_ZERO,TRADITIONAL,NO_ENGINE_SUBSTITUTION {{(pid=104662) _check_effective_sql_mode /usr/local/lib/python3.8/dist-packages/oslo_db/sqlalchemy/engines.py:314}}
Jul 20 09:05:02.706079 dv-cinder-843309-5-smb devstack@placement-api.service[104662]: DEBUG dbcounter [-] [104662] Writer thread running {{(pid=104662) stat_writer /usr/local/lib/python3.8/dist-packages/dbcounter.py:99}}
Jul 20 09:05:02.740268 dv-cinder-843309-5-smb devstack@placement-api.service[104662]: DEBUG placement.objects.trait [-] Synced traits from os_traits into API DB: {'HW_NIC_ACCEL_IPSEC', 'HW_GPU_API_OPENCL_V2_1', 'HW_ARCH_PARISC64', 'HW_GPU_API_OPENCL_V1_1', 'HW_GPU_API_OPENGL_V2_0', 'HW_ARCH_PPC', 'HW_GPU_API_DIRECT3D_V9_0C', 'STORAGE_DISK_SSD', 'COMPUTE_STORAGE_BUS_SCSI', 'HW_CPU_X86_BMI', 'HW_GPU_API_OPENGL_V4_2', 'HW_GPU_CUDA_COMPUTE_CAPABILITY_V1_3', 'HW_NIC_ACCEL_SSL', 'HW_ARCH_SH4', 'HW_CPU_X86_INTEL_VMX', 'HW_GPU_CUDA_SDK_V6_5', 'HW_GPU_RESOLUTION_W1360H768', 'HW_GPU_API_DIRECT3D_V8_1', 'COMPUTE_EPHEMERAL_ENCRYPTION_PLAIN', 'HW_ARCH_S390X', 'HW_NIC_OFFLOAD_RXVLAN', 'HW_CPU_X86_INTEL_SSBD', 'HW_GPU_API_OPENGL_V4_3', 'COMPUTE_SECURITY_UEFI_SECURE_BOOT', 'HW_NIC_DCB_QCN', 'HW_ARCH_XTENSAEB', 'HW_NIC_OFFLOAD_TXVLAN', 'HW_NIC_DCB_PFC', 'HW_CPU_HYPERTHREADING', 'HW_GPU_API_DIRECT3D_V12_0', 'HW_ARCH_MIPSEL', 'HW_ARCH_OPENRISC', 'COMPUTE_ACCELERATORS', 'COMPUTE_SAME_HOST_COLD_MIGRATE', 'HW_GPU_MAX_DISPLAY_HEADS_6', 'HW_GPU_CUDA_COMPUTE_CAPABILITY_V7_1', 'HW_CPU_X86_AVX512VPCLMULQDQ', 'HW_GPU_RESOLUTION_W1440H900', 'HW_ARCH_MIPS64', 'COMPUTE_STORAGE_BUS_XEN', 'HW_CPU_PPC64LE_POWER8', 'HW_CPU_AARCH64_SHA512', 'HW_GPU_CUDA_COMPUTE_CAPABILITY_V1_0', 'COMPUTE_STORAGE_BUS_SATA', 'COMPUTE_NET_VIF_MODEL_NE2K_PCI', 'COMPUTE_VOLUME_MULTI_ATTACH', 'HW_GPU_API_DIRECT3D_V10_1', 'COMPUTE_EPHEMERAL_ENCRYPTION_LUKS', 'HW_GPU_RESOLUTION_W3840H2160', 'HW_GPU_MAX_DISPLAY_HEADS_8', 'COMPUTE_NET_VIF_MODEL_SRIOV', 'HW_GPU_CUDA_COMPUTE_CAPABILITY_V7_2', 'HW_ARCH_PARISC', 'HW_CPU_X86_AMD_SEV', 'HW_GPU_API_VULKAN', 'HW_NIC_OFFLOAD_TX', 'HW_CPU_X86_SVM', 'HW_ARCH_I686', 'COMPUTE_NET_VIF_MODEL_SPAPR_VLAN', 'HW_GPU_API_OPENGL_V2_1', 'HW_GPU_RESOLUTION_W640H480', 'HW_GPU_API_DIRECT3D_V11_1', 'COMPUTE_IMAGE_TYPE_ISO', 'HW_NIC_OFFLOAD_GENEVE', 'COMPUTE_NET_VIF_MODEL_VMXNET', 'HW_GPU_RESOLUTION_W1280H1024', 'HW_ARCH_SH4EB', 'HW_ARCH_MIPS', 'COMPUTE_STORAGE_BUS_UML', 'HW_NIC_OFFLOAD_SCS', 'HW_GPU_RESOLUTION_W1680H1050', 'HW_CPU_AARCH64_ATOMICS', 'HW_ARCH_PPC64LE', 'COMPUTE_ARCH_MIPSEL', 'HW_ARCH_UNICORE32', 'COMPUTE_GRAPHICS_MODEL_CIRRUS', 'HW_GPU_API_OPENGL_V4_1', 'HW_CPU_X86_STIBP', 'COMPUTE_ARCH_X86_64', 'HW_CPU_X86_AVX512DQ', 'COMPUTE_GRAPHICS_MODEL_GOP', 'HW_GPU_CUDA_COMPUTE_CAPABILITY_V6_1', 'HW_GPU_API_DIRECT3D_V9_0B', 'HW_GPU_API_OPENGL_V1_4', 'HW_CPU_X86_AVX512VBMI', 'COMPUTE_STORAGE_BUS_IDE', 'COMPUTE_GRAPHICS_MODEL_VIRTIO', 'HW_GPU_CUDA_SDK_V9_1', 'HW_ARCH_ALPHA', 'HW_GPU_API_DIRECTX_V11', 'HW_NIC_VMDQ', 'COMPUTE_ARCH_RISCV64', 'HW_CPU_X86_AVX512VNNI', 'HW_GPU_RESOLUTION_W1366H768', 'HW_NIC_OFFLOAD_UFO', 'HW_GPU_API_DXVA', 'HW_GPU_RESOLUTION_W1024H768', 'HW_NIC_OFFLOAD_GRE', 'HW_CPU_AARCH64_SHA2', 'HW_CPU_X86_FMA3', 'HW_CPU_X86_AESNI', 'HW_CPU_X86_SSSE3', 'COMPUTE_IMAGE_TYPE_VHD', 'HW_CPU_X86_AMD_IBPB', 'HW_NIC_PROGRAMMABLE_PIPELINE', 'HW_NIC_OFFLOAD_FDF', 'HW_NIC_OFFLOAD_UCS', 'HW_GPU_CUDA_SDK_V9_2', 'HW_NIC_OFFLOAD_L2CRC', 'COMPUTE_GRAPHICS_MODEL_XEN', 'HW_NIC_OFFLOAD_QINQ', 'HW_NIC_OFFLOAD_TXUDP', 'COMPUTE_STORAGE_BUS_LXC', 'HW_CPU_X86_AVX512BITALG', 'HW_GPU_MAX_DISPLAY_HEADS_1', 'HW_CPU_X86_SSE3', 'HW_CPU_AARCH64_PMULL', 'COMPUTE_IMAGE_TYPE_AMI', 'HW_CPU_X86_AVX512VBMI2', 'HW_CPU_X86_XOP', 'HW_CPU_X86_SHA', 'HW_GPU_API_OPENGL_V1_1', 'HW_CPU_X86_BMI2', 'HW_NIC_OFFLOAD_SG', 'COMPUTE_STATUS_DISABLED', 'HW_ARCH_MIPS64EL', 'HW_GPU_API_OPENCL_V2_2', 'HW_ARCH_ARMV6', 'HW_CPU_X86_SSE41', 'HW_CPU_X86_AVX512GFNI', 'HW_NIC_ACCEL_RSA', 'HW_CPU_AARCH64_FPHP', 'HW_CPU_X86_MMX', 'HW_CPU_X86_AVX512VL', 'COMPUTE_ARCH_AARCH64', 'HW_ARCH_AARCH64', 'HW_NIC_OFFLOAD_RDMA', 'HW_GPU_RESOLUTION_W1280H800', 'COMPUTE_IMAGE_TYPE_VMDK', 'COMPUTE_GRAPHICS_MODEL_BOCHS', 'HW_GPU_RESOLUTION_W1920H1200', 'COMPUTE_DEVICE_TAGGING', 'HW_GPU_CUDA_COMPUTE_CAPABILITY_V6_0', 'COMPUTE_VOLUME_ATTACH_WITH_TAG', 'COMPUTE_NET_VIF_MODEL_LAN9118', 'HW_ARCH_ARMV7', 'HW_GPU_RESOLUTION_W1152H864', 'HW_CPU_X86_AVX', 'HW_CPU_X86_SGX', 'HW_GPU_API_DIRECT3D_V8_0', 'COMPUTE_FIRMWARE_UEFI', 'HW_NIC_OFFLOAD_TSO', 'HW_NIC_OFFLOAD_RX', 'HW_CPU_X86_SSE4A', 'HW_GPU_CUDA_COMPUTE_CAPABILITY_V5_2', 'HW_NIC_SRIOV_MULTIQUEUE', 'HW_CPU_X86_3DNOW', 'HW_ARCH_MICROBLAZEEL', 'HW_CPU_AARCH64_SM4', 'HW_ARCH_SPARC64', 'COMPUTE_SECURITY_TPM_1_2', 'HW_CPU_AARCH64_SVE', 'HW_CPU_X86_TBM', 'COMPUTE_NET_VIF_MODEL_PCNET', 'HW_GPU_RESOLUTION_W7680H4320', 'HW_NIC_OFFLOAD_GRO', 'HW_GPU_RESOLUTION_W800H600', 'HW_CPU_X86_INTEL_MD_CLEAR', 'HW_GPU_API_OPENGL_V3_2', 'HW_GPU_MAX_DISPLAY_HEADS_4', 'HW_ARCH_PPCEMB', 'HW_GPU_RESOLUTION_W1600H900', 'HW_GPU_API_OPENGL_V1_5', 'HW_CPU_X86_CLMUL', 'COMPUTE_FIRMWARE_BIOS', 'HW_GPU_API_OPENGL_V4_4', 'HW_GPU_API_OPENGL_V1_3', 'HW_CPU_X86_AVX512BW', 'HW_CPU_AARCH64_LRCPC', 'HW_CPU_AARCH64_SHA3', 'HW_GPU_API_DIRECT3D_V9_0', 'HW_GPU_CUDA_COMPUTE_CAPABILITY_V5_3', 'HW_CPU_AARCH64_CPUID', 'COMPUTE_EPHEMERAL_ENCRYPTION_LUKSV2', 'HW_GPU_RESOLUTION_W320H240', 'COMPUTE_IMAGE_TYPE_QCOW2', 'COMPUTE_NODE', 'COMPUTE_GRAPHICS_MODEL_NONE', 'HW_CPU_X86_SSE', 'HW_ARCH_PPCLE', 'COMPUTE_NET_VIF_MODEL_E1000', 'COMPUTE_MIGRATE_AUTO_CONVERGE', 'COMPUTE_IMAGE_TYPE_VHDX', 'HW_NIC_ACCEL_LZS', 'HW_CPU_AARCH64_SM3', 'HW_CPU_AARCH64_CRC32', 'HW_CPU_AMD_SEV', 'HW_GPU_API_DIRECT3D_V11_2', 'COMPUTE_STORAGE_BUS_VIRTIO', 'HW_NIC_ACCEL_DIFFIEH', 'HW_CPU_AARCH64_FP', 'HW_NIC_OFFLOAD_SWITCHDEV', 'HW_CPU_AARCH64_ASIMDRDM', 'COMPUTE_MIGRATE_POST_COPY', 'HW_GPU_API_DIRECT3D_V6_0', 'COMPUTE_NET_VIF_MODEL_NETFRONT', 'HW_NIC_OFFLOAD_LRO', 'HW_GPU_RESOLUTION_W1280H768', 'HW_CPU_X86_TSX', 'COMPUTE_NET_VIF_MODEL_VIRTIO', 'HW_GPU_API_OPENCL_V2_0', 'HW_CPU_X86_AMD_VIRT_SSBD', 'COMPUTE_GRAPHICS_MODEL_VGA', 'HW_CPU_AARCH64_SHA1', 'HW_GPU_RESOLUTION_W1600H1200', 'HW_CPU_X86_INTEL_PCID', 'COMPUTE_IMAGE_TYPE_RAW', 'HW_GPU_API_DIRECT3D_V9_0L', 'HW_CPU_AARCH64_AES', 'HW_GPU_CUDA_COMPUTE_CAPABILITY_V3_7', 'HW_GPU_CUDA_COMPUTE_CAPABILITY_V5_0', 'HW_CPU_X86_MPX', 'HW_GPU_RESOLUTION_W2560H1600', 'HW_ARCH_X86_64', 'COMPUTE_NET_VIF_MODEL_E1000E', 'COMPUTE_NET_ATTACH_INTERFACE_WITH_TAG', 'HW_GPU_CUDA_COMPUTE_CAPABILITY_V3_5', 'HW_GPU_API_OPENGL_V4_0', 'HW_GPU_API_DIRECT3D_V10_0', 'HW_GPU_API_DIRECT3D_V11_0', 'HW_ARCH_SPARC', 'HW_GPU_RESOLUTION_W1920H1080', 'HW_CPU_X86_AMD_SSBD', 'HW_GPU_CUDA_COMPUTE_CAPABILITY_V2_0', 'HW_NIC_OFFLOAD_GSO', 'MISC_SHARES_VIA_AGGREGATE', 'COMPUTE_NET_ATTACH_INTERFACE', 'HW_NIC_OFFLOAD_LSO', 'COMPUTE_IMAGE_TYPE_ARI', 'HW_CPU_X86_AVX512CD', 'HW_GPU_API_DIRECT3D_V11_3', 'COMPUTE_IMAGE_TYPE_PLOOP', 'HW_CPU_X86_AVX512VPOPCNTDQ', 'HW_CPU_AARCH64_ASIMDHP', 'HW_NIC_SRIOV_QOS_RX', 'HW_CPU_X86_AVX512IFMA', 'COMPUTE_NET_VIF_MODEL_VMXNET3', 'HW_NIC_SRIOV_TRUSTED', 'HW_CPU_X86_F16C', 'HW_CPU_X86_AVX512VAES', 'COMPUTE_VOLUME_ATTACH', 'HW_CPU_X86_FMA4', 'HW_CPU_X86_SSE42', 'HW_GPU_CUDA_SDK_V10_0', 'HW_GPU_API_OPENGL_V1_2', 'HW_CPU_AARCH64_DCPOP', 'HW_GPU_CUDA_COMPUTE_CAPABILITY_V3_0', 'HW_NIC_ACCEL_DEFLATE', 'HW_GPU_API_OPENCL_V1_2', 'HW_ARCH_IA64', 'HW_ARCH_LM32', 'HW_NIC_ACCEL_ECC', 'HW_GPU_RESOLUTION_W2560H1440', 'COMPUTE_STORAGE_BUS_USB', 'HW_CPU_X86_AMD_SVM', 'HW_GPU_API_OPENCL_V1_0', 'HW_NIC_DCB_ETS', 'HW_GPU_RESOLUTION_W1280H720', 'HW_CPU_X86_VMX', 'COMPUTE_TRUSTED_CERTS', 'HW_NIC_OFFLOAD_VXLAN', 'HW_NIC_SRIOV_QOS_TX', 'HW_GPU_CUDA_COMPUTE_CAPABILITY_V1_2', 'STORAGE_DISK_HDD', 'HW_GPU_API_DIRECTX_V12', 'HW_CPU_X86_AVX2', 'HW_GPU_CUDA_COMPUTE_CAPABILITY_V6_2', 'HW_CPU_X86_AMD_NO_SSB', 'HW_GPU_API_DIRECT2D', 'HW_GPU_CUDA_SDK_V9_0', 'HW_GPU_CUDA_SDK_V8_0', 'COMPUTE_SOCKET_PCI_NUMA_AFFINITY', 'COMPUTE_REMOTE_MANAGED_PORTS', 'HW_CPU_AARCH64_EVTSTRM', 'HW_CPU_X86_AVX512ER', 'HW_CPU_PPC64LE_POWER9', 'COMPUTE_GRAPHICS_MODEL_QXL', 'HW_CPU_X86_AVX512F', 'HW_ARCH_M68K', 'HW_NIC_OFFLOAD_RXHASH', 'COMPUTE_EPHEMERAL_ENCRYPTION', 'HW_ARCH_S390', 'HW_GPU_API_OPENGL_V4_5', 'COMPUTE_GRAPHICS_MODEL_VMVGA', 'COMPUTE_NET_VIF_MODEL_RTL8139', 'HW_NIC_ACCEL_TLS', 'HW_CPU_X86_ABM', 'HW_CPU_X86_INTEL_SPEC_CTRL', 'HW_CPU_AARCH64_ASIMDDP', 'COMPUTE_IMAGE_TYPE_VDI', 'HW_CPU_AARCH64_ASIMD', 'HW_NIC_SRIOV', 'HW_GPU_CUDA_COMPUTE_CAPABILITY_V7_0', 'COMPUTE_RESCUE_BFV', 'HW_GPU_API_OPENGL_V3_0', 'COMPUTE_STORAGE_BUS_FDC', 'HW_GPU_API_OPENGL_V3_3', 'HW_ARCH_CRIS', 'HW_GPU_CUDA_COMPUTE_CAPABILITY_V3_2', 'HW_CPU_X86_AVX512PF', 'HW_NIC_OFFLOAD_TCS', 'HW_ARCH_XTENSA', 'COMPUTE_ARCH_PPC64LE', 'HW_GPU_RESOLUTION_W1024H600', 'COMPUTE_SECURITY_TPM_2_0', 'HW_GPU_API_DIRECT3D_V7_0', 'HW_CPU_X86_PDPE1GB', 'HW_CPU_AARCH64_JSCVT', 'HW_GPU_API_OPENGL_V3_1', 'COMPUTE_IMAGE_TYPE_AKI', 'HW_GPU_CUDA_COMPUTE_CAPABILITY_V1_1', 'HW_NUMA_ROOT', 'COMPUTE_ARCH_S390X', 'HW_GPU_CUDA_SDK_V7_5', 'HW_CPU_AARCH64_FCMA', 'HW_NIC_MULTIQUEUE', 'HW_CPU_X86_SSE2', 'HW_GPU_API_DIRECTX_V10', 'HW_GPU_MAX_DISPLAY_HEADS_2', 'HW_ARCH_MICROBLAZE', 'COMPUTE_VOLUME_EXTEND', 'HW_GPU_CUDA_COMPUTE_CAPABILITY_V2_1', 'HW_ARCH_ARMV7B', 'HW_CPU_X86_ASF', 'HW_ARCH_PPC64'} {{(pid=104662) _trait_sync /opt/stack/placement/placement/objects/trait.py:296}}
Jul 20 09:05:02.744276 dv-cinder-843309-5-smb devstack@placement-api.service[104662]: DEBUG oslo_concurrency.lockutils [-] Releasing lock "trait_sync" {{(pid=104662) lock /usr/local/lib/python3.8/dist-packages/oslo_concurrency/lockutils.py:312}}
Jul 20 09:05:02.744612 dv-cinder-843309-5-smb devstack@placement-api.service[104662]: DEBUG oslo_concurrency.lockutils [-] Acquired lock "resource_classes_sync" {{(pid=104662) lock /usr/local/lib/python3.8/dist-packages/oslo_concurrency/lockutils.py:294}}
Jul 20 09:05:02.748658 dv-cinder-843309-5-smb devstack@placement-api.service[104662]: DEBUG placement.objects.resource_class [-] Found existing resource classes in db: [] {{(pid=104662) _resource_classes_sync /opt/stack/placement/placement/objects/resource_class.py:233}}
Jul 20 09:05:02.752108 dv-cinder-843309-5-smb devstack@placement-api.service[104662]: DEBUG placement.objects.resource_class [-] Synced resource_classes from os_resource_classes: [{'name': 'VCPU', 'id': 0}, {'name': 'MEMORY_MB', 'id': 1}, {'name': 'DISK_GB', 'id': 2}, {'name': 'PCI_DEVICE', 'id': 3}, {'name': 'SRIOV_NET_VF', 'id': 4}, {'name': 'NUMA_SOCKET', 'id': 5}, {'name': 'NUMA_CORE', 'id': 6}, {'name': 'NUMA_THREAD', 'id': 7}, {'name': 'NUMA_MEMORY_MB', 'id': 8}, {'name': 'IPV4_ADDRESS', 'id': 9}, {'name': 'VGPU', 'id': 10}, {'name': 'VGPU_DISPLAY_HEAD', 'id': 11}, {'name': 'NET_BW_EGR_KILOBIT_PER_SEC', 'id': 12}, {'name': 'NET_BW_IGR_KILOBIT_PER_SEC', 'id': 13}, {'name': 'PCPU', 'id': 14}, {'name': 'MEM_ENCRYPTION_CONTEXT', 'id': 15}, {'name': 'FPGA', 'id': 16}, {'name': 'PGPU', 'id': 17}, {'name': 'NET_PACKET_RATE_KILOPACKET_PER_SEC', 'id': 18}, {'name': 'NET_PACKET_RATE_EGR_KILOPACKET_PER_SEC', 'id': 19}, {'name': 'NET_PACKET_RATE_IGR_KILOPACKET_PER_SEC', 'id': 20}] {{(pid=104662) _resource_classes_sync /opt/stack/placement/placement/objects/resource_class.py:250}}
Jul 20 09:05:02.755502 dv-cinder-843309-5-smb devstack@placement-api.service[104662]: DEBUG oslo_concurrency.lockutils [-] Releasing lock "resource_classes_sync" {{(pid=104662) lock /usr/local/lib/python3.8/dist-packages/oslo_concurrency/lockutils.py:312}}
Jul 20 09:05:02.755650 dv-cinder-843309-5-smb devstack@placement-api.service[104662]: WSGI app 0 (mountpoint='') ready in 2 seconds on interpreter 0x5579052429c0 pid: 104662 (default app)
Jul 20 09:05:02.757167 dv-cinder-843309-5-smb devstack@placement-api.service[104662]: DEBUG placement.requestlog [None req-81b96576-a172-4cc9-97f2-501207a15d17 None None] Starting request: 10.222.0.67 "GET /placement/" {{(pid=104662) __call__ /opt/stack/placement/placement/requestlog.py:55}}
Jul 20 09:05:02.763183 dv-cinder-843309-5-smb devstack@placement-api.service[104661]: INFO dbcounter [-] Registered counter for database placement
Jul 20 09:05:02.772184 dv-cinder-843309-5-smb devstack@placement-api.service[104662]: INFO placement.requestlog [None req-81b96576-a172-4cc9-97f2-501207a15d17 None None] 10.222.0.67 "GET /placement/" status: 200 len: 136 microversion: 1.0
Jul 20 09:05:02.772775 dv-cinder-843309-5-smb devstack@placement-api.service[104662]: [pid: 104662|app: 0|req: 1/1] 10.222.0.67 () {50 vars in 776 bytes} [Wed Jul 20 09:05:02 2022] GET /placement => generated 136 bytes in 16 msecs (HTTP/1.1 200) 6 headers in 224 bytes (1 switches on core 0)
Jul 20 09:05:02.796437 dv-cinder-843309-5-smb devstack@placement-api.service[104661]: DEBUG oslo_db.sqlalchemy.engines [-] MySQL server mode set to STRICT_TRANS_TABLES,STRICT_ALL_TABLES,NO_ZERO_IN_DATE,NO_ZERO_DATE,ERROR_FOR_DIVISION_BY_ZERO,TRADITIONAL,NO_ENGINE_SUBSTITUTION {{(pid=104661) _check_effective_sql_mode /usr/local/lib/python3.8/dist-packages/oslo_db/sqlalchemy/engines.py:314}}
Jul 20 09:05:02.803191 dv-cinder-843309-5-smb devstack@placement-api.service[104661]: DEBUG dbcounter [-] [104661] Writer thread running {{(pid=104661) stat_writer /usr/local/lib/python3.8/dist-packages/dbcounter.py:99}}
Jul 20 09:05:02.815150 dv-cinder-843309-5-smb devstack@placement-api.service[104661]: DEBUG oslo_concurrency.lockutils [-] Releasing lock "trait_sync" {{(pid=104661) lock /usr/local/lib/python3.8/dist-packages/oslo_concurrency/lockutils.py:312}}
Jul 20 09:05:02.815469 dv-cinder-843309-5-smb devstack@placement-api.service[104661]: DEBUG oslo_concurrency.lockutils [-] Acquired lock "resource_classes_sync" {{(pid=104661) lock /usr/local/lib/python3.8/dist-packages/oslo_concurrency/lockutils.py:294}}
Jul 20 09:05:02.818434 dv-cinder-843309-5-smb devstack@placement-api.service[104661]: DEBUG placement.objects.resource_class [-] Found existing resource classes in db: ['DISK_GB', 'FPGA', 'IPV4_ADDRESS', 'MEMORY_MB', 'MEM_ENCRYPTION_CONTEXT', 'NET_BW_EGR_KILOBIT_PER_SEC', 'NET_BW_IGR_KILOBIT_PER_SEC', 'NET_PACKET_RATE_EGR_KILOPACKET_PER_SEC', 'NET_PACKET_RATE_IGR_KILOPACKET_PER_SEC', 'NET_PACKET_RATE_KILOPACKET_PER_SEC', 'NUMA_CORE', 'NUMA_MEMORY_MB', 'NUMA_SOCKET', 'NUMA_THREAD', 'PCI_DEVICE', 'PCPU', 'PGPU', 'SRIOV_NET_VF', 'VCPU', 'VGPU', 'VGPU_DISPLAY_HEAD'] {{(pid=104661) _resource_classes_sync /opt/stack/placement/placement/objects/resource_class.py:233}}
Jul 20 09:05:02.819232 dv-cinder-843309-5-smb devstack@placement-api.service[104661]: DEBUG oslo_concurrency.lockutils [-] Releasing lock "resource_classes_sync" {{(pid=104661) lock /usr/local/lib/python3.8/dist-packages/oslo_concurrency/lockutils.py:312}}
Jul 20 09:05:02.819383 dv-cinder-843309-5-smb devstack@placement-api.service[104661]: WSGI app 0 (mountpoint='') ready in 2 seconds on interpreter 0x5579052429c0 pid: 104661 (default app)
Jul 20 09:05:12.751461 dv-cinder-843309-5-smb devstack@placement-api.service[104662]: DEBUG dbcounter [-] [104662] Writing DB stats placement:SELECT=5,placement:INSERT=2,placement:SET=1 {{(pid=104662) stat_writer /usr/local/lib/python3.8/dist-packages/dbcounter.py:114}}
Jul 20 09:05:12.817674 dv-cinder-843309-5-smb devstack@placement-api.service[104661]: DEBUG dbcounter [-] [104661] Writing DB stats placement:SELECT=5 {{(pid=104661) stat_writer /usr/local/lib/python3.8/dist-packages/dbcounter.py:114}}
Jul 20 09:05:58.587625 dv-cinder-843309-5-smb devstack@placement-api.service[104662]: DEBUG placement.requestlog [None req-63028f53-0376-46de-a262-37414efd1d5d None None] Starting request: 10.222.0.67 "GET /placement/" {{(pid=104662) __call__ /opt/stack/placement/placement/requestlog.py:55}}
Jul 20 09:05:58.588633 dv-cinder-843309-5-smb devstack@placement-api.service[104662]: INFO placement.requestlog [None req-63028f53-0376-46de-a262-37414efd1d5d None None] 10.222.0.67 "GET /placement/" status: 200 len: 136 microversion: 1.0
Jul 20 09:05:58.588949 dv-cinder-843309-5-smb devstack@placement-api.service[104662]: [pid: 104662|app: 0|req: 2/2] 10.222.0.67 () {54 vars in 916 bytes} [Wed Jul 20 09:05:58 2022] GET /placement => generated 136 bytes in 2 msecs (HTTP/1.1 200) 6 headers in 224 bytes (1 switches on core 0)
Jul 20 09:06:03.189819 dv-cinder-843309-5-smb devstack@placement-api.service[104661]: DEBUG placement.requestlog [None req-3a3ac667-2e2a-4d8d-98e4-c3c397a185b7 None None] Starting request: 10.222.0.67 "GET /placement/" {{(pid=104661) __call__ /opt/stack/placement/placement/requestlog.py:55}}
Jul 20 09:06:03.205327 dv-cinder-843309-5-smb devstack@placement-api.service[104661]: INFO placement.requestlog [None req-3a3ac667-2e2a-4d8d-98e4-c3c397a185b7 None None] 10.222.0.67 "GET /placement/" status: 200 len: 136 microversion: 1.0
Jul 20 09:06:03.205669 dv-cinder-843309-5-smb devstack@placement-api.service[104661]: [pid: 104661|app: 0|req: 1/3] 10.222.0.67 () {54 vars in 916 bytes} [Wed Jul 20 09:06:03 2022] GET /placement => generated 136 bytes in 17 msecs (HTTP/1.1 200) 6 headers in 224 bytes (1 switches on core 0)
Jul 20 09:06:04.509893 dv-cinder-843309-5-smb devstack@placement-api.service[104662]: DEBUG placement.requestlog [None req-227d291d-ebe0-436c-9972-afd471b79345 None None] Starting request: 10.222.0.67 "GET /placement/" {{(pid=104662) __call__ /opt/stack/placement/placement/requestlog.py:55}}
Jul 20 09:06:04.510920 dv-cinder-843309-5-smb devstack@placement-api.service[104662]: INFO placement.requestlog [None req-227d291d-ebe0-436c-9972-afd471b79345 None None] 10.222.0.67 "GET /placement/" status: 200 len: 136 microversion: 1.0
Jul 20 09:06:04.511243 dv-cinder-843309-5-smb devstack@placement-api.service[104662]: [pid: 104662|app: 0|req: 3/4] 10.222.0.67 () {54 vars in 916 bytes} [Wed Jul 20 09:06:04 2022] GET /placement => generated 136 bytes in 2 msecs (HTTP/1.1 200) 6 headers in 224 bytes (1 switches on core 0)
Jul 20 09:07:02.972023 dv-cinder-843309-5-smb devstack@placement-api.service[104661]: DEBUG placement.requestlog [None req-f723e30e-7f43-4139-bb0f-cbae991f12de None None] Starting request: 10.222.0.67 "GET /placement//" {{(pid=104661) __call__ /opt/stack/placement/placement/requestlog.py:55}}
Jul 20 09:07:02.973484 dv-cinder-843309-5-smb devstack@placement-api.service[104661]: INFO placement.requestlog [None req-f723e30e-7f43-4139-bb0f-cbae991f12de None None] 10.222.0.67 "GET /placement//" status: 200 len: 136 microversion: 1.0
Jul 20 09:07:02.973847 dv-cinder-843309-5-smb devstack@placement-api.service[104661]: [pid: 104661|app: 0|req: 2/5] 10.222.0.67 () {56 vars in 1106 bytes} [Wed Jul 20 09:07:02 2022] GET /placement/ => generated 136 bytes in 2 msecs (HTTP/1.1 200) 6 headers in 224 bytes (1 switches on core 0)
Jul 20 09:11:47.485736 dv-cinder-843309-5-smb devstack@placement-api.service[104662]: DEBUG placement.requestlog [None req-0506cc29-c3e0-4ed1-acbb-83acdd6e51b8 None None] Starting request: 10.222.0.83 "GET /placement/" {{(pid=104662) __call__ /opt/stack/placement/placement/requestlog.py:55}}
Jul 20 09:11:47.486770 dv-cinder-843309-5-smb devstack@placement-api.service[104662]: INFO placement.requestlog [None req-0506cc29-c3e0-4ed1-acbb-83acdd6e51b8 None None] 10.222.0.83 "GET /placement/" status: 200 len: 136 microversion: 1.0
Jul 20 09:11:47.487162 dv-cinder-843309-5-smb devstack@placement-api.service[104662]: [pid: 104662|app: 0|req: 4/6] 10.222.0.83 () {54 vars in 913 bytes} [Wed Jul 20 09:11:47 2022] GET /placement => generated 136 bytes in 2 msecs (HTTP/1.1 200) 6 headers in 224 bytes (1 switches on core 0)
Jul 20 09:11:56.254164 dv-cinder-843309-5-smb devstack@placement-api.service[104661]: DEBUG placement.requestlog [req-e9deada2-0790-485d-8809-b337f43996e0 req-aca8ca31-2abc-4203-8896-31b461d698c2 None None] Starting request: 10.222.0.83 "GET /placement/resource_providers?in_tree=e50b9710-8633-40ee-b33c-7d38a9360894" {{(pid=104661) __call__ /opt/stack/placement/placement/requestlog.py:55}}
Jul 20 09:11:56.658672 dv-cinder-843309-5-smb devstack@placement-api.service[104661]: INFO placement.requestlog [req-e9deada2-0790-485d-8809-b337f43996e0 req-aca8ca31-2abc-4203-8896-31b461d698c2 service placement] 10.222.0.83 "GET /placement/resource_providers?in_tree=e50b9710-8633-40ee-b33c-7d38a9360894" status: 200 len: 26 microversion: 1.14
Jul 20 09:11:56.659007 dv-cinder-843309-5-smb devstack@placement-api.service[104661]: [pid: 104661|app: 0|req: 3/7] 10.222.0.83 () {60 vars in 1376 bytes} [Wed Jul 20 09:11:56 2022] GET /placement/resource_providers?in_tree=e50b9710-8633-40ee-b33c-7d38a9360894 => generated 26 bytes in 405 msecs (HTTP/1.1 200) 6 headers in 224 bytes (1 switches on core 0)
Jul 20 09:11:56.667023 dv-cinder-843309-5-smb devstack@placement-api.service[104662]: DEBUG placement.requestlog [req-e9deada2-0790-485d-8809-b337f43996e0 req-2bc00bbc-7905-4b71-a8d6-5e3af64d17d1 None None] Starting request: 10.222.0.83 "POST /placement/resource_providers" {{(pid=104662) __call__ /opt/stack/placement/placement/requestlog.py:55}}
Jul 20 09:11:56.955346 dv-cinder-843309-5-smb devstack@placement-api.service[104662]: INFO placement.requestlog [req-e9deada2-0790-485d-8809-b337f43996e0 req-2bc00bbc-7905-4b71-a8d6-5e3af64d17d1 service placement] 10.222.0.83 "POST /placement/resource_providers" status: 200 len: 838 microversion: 1.20
Jul 20 09:11:56.956107 dv-cinder-843309-5-smb devstack@placement-api.service[104662]: [pid: 104662|app: 0|req: 5/8] 10.222.0.83 () {64 vars in 1340 bytes} [Wed Jul 20 09:11:56 2022] POST /placement/resource_providers => generated 838 bytes in 289 msecs (HTTP/1.1 200) 9 headers in 392 bytes (1 switches on core 0)
Jul 20 09:11:57.207095 dv-cinder-843309-5-smb devstack@placement-api.service[104661]: DEBUG placement.requestlog [req-e9deada2-0790-485d-8809-b337f43996e0 req-40ef1293-cb2b-4769-b0a1-1d1ee83af8bd None None] Starting request: 10.222.0.83 "PUT /placement/resource_providers/e50b9710-8633-40ee-b33c-7d38a9360894/inventories" {{(pid=104661) __call__ /opt/stack/placement/placement/requestlog.py:55}}
Jul 20 09:11:57.245817 dv-cinder-843309-5-smb devstack@placement-api.service[104661]: INFO placement.requestlog [req-e9deada2-0790-485d-8809-b337f43996e0 req-40ef1293-cb2b-4769-b0a1-1d1ee83af8bd service placement] 10.222.0.83 "PUT /placement/resource_providers/e50b9710-8633-40ee-b33c-7d38a9360894/inventories" status: 200 len: 397 microversion: 1.26
Jul 20 09:11:57.246203 dv-cinder-843309-5-smb devstack@placement-api.service[104661]: [pid: 104661|app: 0|req: 4/9] 10.222.0.83 () {64 vars in 1487 bytes} [Wed Jul 20 09:11:57 2022] PUT /placement/resource_providers/e50b9710-8633-40ee-b33c-7d38a9360894/inventories => generated 397 bytes in 40 msecs (HTTP/1.1 200) 8 headers in 296 bytes (1 switches on core 0)
Jul 20 09:11:57.272824 dv-cinder-843309-5-smb devstack@placement-api.service[104662]: DEBUG placement.requestlog [req-e9deada2-0790-485d-8809-b337f43996e0 req-506732df-9348-4ca6-97c3-d9f5ea30dbec None None] Starting request: 10.222.0.83 "GET /placement/traits?name=in:COMPUTE_TRUSTED_CERTS,COMPUTE_NODE,COMPUTE_NET_ATTACH_INTERFACE_WITH_TAG,COMPUTE_NET_ATTACH_INTERFACE,COMPUTE_VOLUME_ATTACH_WITH_TAG,COMPUTE_VOLUME_EXTEND,COMPUTE_IMAGE_TYPE_VHDX,COMPUTE_DEVICE_TAGGING,COMPUTE_IMAGE_TYPE_VHD" {{(pid=104662) __call__ /opt/stack/placement/placement/requestlog.py:55}}
Jul 20 09:11:57.286495 dv-cinder-843309-5-smb devstack@placement-api.service[104662]: INFO placement.requestlog [req-e9deada2-0790-485d-8809-b337f43996e0 req-506732df-9348-4ca6-97c3-d9f5ea30dbec service placement] 10.222.0.83 "GET /placement/traits?name=in:COMPUTE_TRUSTED_CERTS,COMPUTE_NODE,COMPUTE_NET_ATTACH_INTERFACE_WITH_TAG,COMPUTE_NET_ATTACH_INTERFACE,COMPUTE_VOLUME_ATTACH_WITH_TAG,COMPUTE_VOLUME_EXTEND,COMPUTE_IMAGE_TYPE_VHDX,COMPUTE_DEVICE_TAGGING,COMPUTE_IMAGE_TYPE_VHD" status: 200 len: 264 microversion: 1.6
Jul 20 09:11:57.286878 dv-cinder-843309-5-smb devstack@placement-api.service[104662]: [pid: 104662|app: 0|req: 6/10] 10.222.0.83 () {60 vars in 1715 bytes} [Wed Jul 20 09:11:57 2022] GET /placement/traits?name=in:COMPUTE_TRUSTED_CERTS,COMPUTE_NODE,COMPUTE_NET_ATTACH_INTERFACE_WITH_TAG,COMPUTE_NET_ATTACH_INTERFACE,COMPUTE_VOLUME_ATTACH_WITH_TAG,COMPUTE_VOLUME_EXTEND,COMPUTE_IMAGE_TYPE_VHDX,COMPUTE_DEVICE_TAGGING,COMPUTE_IMAGE_TYPE_VHD => generated 264 bytes in 14 msecs (HTTP/1.1 200) 6 headers in 224 bytes (1 switches on core 0)
Jul 20 09:11:57.294944 dv-cinder-843309-5-smb devstack@placement-api.service[104661]: DEBUG placement.requestlog [req-e9deada2-0790-485d-8809-b337f43996e0 req-bdb7113a-6ada-486c-8004-f1432b1127a9 None None] Starting request: 10.222.0.83 "PUT /placement/resource_providers/e50b9710-8633-40ee-b33c-7d38a9360894/traits" {{(pid=104661) __call__ /opt/stack/placement/placement/requestlog.py:55}}
Jul 20 09:11:57.352694 dv-cinder-843309-5-smb devstack@placement-api.service[104661]: INFO placement.requestlog [req-e9deada2-0790-485d-8809-b337f43996e0 req-bdb7113a-6ada-486c-8004-f1432b1127a9 service placement] 10.222.0.83 "PUT /placement/resource_providers/e50b9710-8633-40ee-b33c-7d38a9360894/traits" status: 200 len: 299 microversion: 1.6
Jul 20 09:11:57.353249 dv-cinder-843309-5-smb devstack@placement-api.service[104661]: [pid: 104661|app: 0|req: 5/11] 10.222.0.83 () {64 vars in 1471 bytes} [Wed Jul 20 09:11:57 2022] PUT /placement/resource_providers/e50b9710-8633-40ee-b33c-7d38a9360894/traits => generated 299 bytes in 59 msecs (HTTP/1.1 200) 6 headers in 224 bytes (1 switches on core 0)
Jul 20 09:12:07.283338 dv-cinder-843309-5-smb devstack@placement-api.service[104662]: DEBUG dbcounter [-] [104662] Writing DB stats placement:SELECT=3,placement:INSERT=1,placement:UPDATE=1 {{(pid=104662) stat_writer /usr/local/lib/python3.8/dist-packages/dbcounter.py:114}}
Jul 20 09:12:07.347766 dv-cinder-843309-5-smb devstack@placement-api.service[104661]: DEBUG dbcounter [-] [104661] Writing DB stats placement:SELECT=13,placement:INSERT=12,placement:UPDATE=2 {{(pid=104661) stat_writer /usr/local/lib/python3.8/dist-packages/dbcounter.py:114}}
Jul 20 09:12:49.032137 dv-cinder-843309-5-smb devstack@placement-api.service[104662]: DEBUG placement.requestlog [req-b34cc46f-ad88-4d4f-ae76-35f4390c2724 req-8a5b075f-2188-48d4-a880-dac558305f8c None None] Starting request: 10.222.0.83 "GET /placement/resource_providers/e50b9710-8633-40ee-b33c-7d38a9360894/allocations" {{(pid=104662) __call__ /opt/stack/placement/placement/requestlog.py:55}}
Jul 20 09:12:49.066991 dv-cinder-843309-5-smb devstack@placement-api.service[104662]: INFO placement.requestlog [req-b34cc46f-ad88-4d4f-ae76-35f4390c2724 req-8a5b075f-2188-48d4-a880-dac558305f8c service placement] 10.222.0.83 "GET /placement/resource_providers/e50b9710-8633-40ee-b33c-7d38a9360894/allocations" status: 200 len: 54 microversion: 1.0
Jul 20 09:12:49.067498 dv-cinder-843309-5-smb devstack@placement-api.service[104662]: [pid: 104662|app: 0|req: 7/12] 10.222.0.83 () {58 vars in 1390 bytes} [Wed Jul 20 09:12:49 2022] GET /placement/resource_providers/e50b9710-8633-40ee-b33c-7d38a9360894/allocations => generated 54 bytes in 36 msecs (HTTP/1.1 200) 6 headers in 223 bytes (1 switches on core 0)
Jul 20 09:12:59.062646 dv-cinder-843309-5-smb devstack@placement-api.service[104662]: DEBUG dbcounter [-] [104662] Writing DB stats placement:SELECT=4 {{(pid=104662) stat_writer /usr/local/lib/python3.8/dist-packages/dbcounter.py:114}}
Jul 20 09:13:49.595796 dv-cinder-843309-5-smb devstack@placement-api.service[104661]: DEBUG placement.requestlog [req-c84d6cde-2b03-49e9-9d60-4954993ba3e7 req-cb31dcf1-8997-42b1-ba28-ec70acc5acce None None] Starting request: 10.222.0.83 "GET /placement/resource_providers/e50b9710-8633-40ee-b33c-7d38a9360894/allocations" {{(pid=104661) __call__ /opt/stack/placement/placement/requestlog.py:55}}
Jul 20 09:13:49.644619 dv-cinder-843309-5-smb devstack@placement-api.service[104661]: INFO placement.requestlog [req-c84d6cde-2b03-49e9-9d60-4954993ba3e7 req-cb31dcf1-8997-42b1-ba28-ec70acc5acce service placement] 10.222.0.83 "GET /placement/resource_providers/e50b9710-8633-40ee-b33c-7d38a9360894/allocations" status: 200 len: 54 microversion: 1.0
Jul 20 09:13:49.646579 dv-cinder-843309-5-smb devstack@placement-api.service[104661]: [pid: 104661|app: 0|req: 6/13] 10.222.0.83 () {58 vars in 1390 bytes} [Wed Jul 20 09:13:49 2022] GET /placement/resource_providers/e50b9710-8633-40ee-b33c-7d38a9360894/allocations => generated 54 bytes in 51 msecs (HTTP/1.1 200) 6 headers in 223 bytes (1 switches on core 0)
Jul 20 09:13:59.636029 dv-cinder-843309-5-smb devstack@placement-api.service[104661]: DEBUG dbcounter [-] [104661] Writing DB stats placement:SELECT=4 {{(pid=104661) stat_writer /usr/local/lib/python3.8/dist-packages/dbcounter.py:114}}
Jul 20 09:14:11.186041 dv-cinder-843309-5-smb devstack@placement-api.service[104662]: DEBUG placement.requestlog [req-fb7468a7-40aa-4f72-aa70-bd5c67cfcf18 req-977d53eb-91c8-4768-818b-ca4fb0a391c4 None None] Starting request: 10.222.0.67 "GET /placement/allocation_candidates?limit=1000&resources=DISK_GB%3A1%2CMEMORY_MB%3A1024%2CVCPU%3A1&root_required=%21COMPUTE_STATUS_DISABLED" {{(pid=104662) __call__ /opt/stack/placement/placement/requestlog.py:55}}
Jul 20 09:14:12.846071 dv-cinder-843309-5-smb devstack@placement-api.service[104661]: DEBUG placement.requestlog [req-7b86142f-1fc2-4068-84be-16e857f907d2 req-9c7d7f26-748a-4772-a905-f561d8d7b321 None None] Starting request: 10.222.0.67 "GET /placement/allocation_candidates?limit=1000&resources=DISK_GB%3A1%2CMEMORY_MB%3A1024%2CVCPU%3A1&root_required=%21COMPUTE_STATUS_DISABLED" {{(pid=104661) __call__ /opt/stack/placement/placement/requestlog.py:55}}
Jul 20 09:14:13.074069 dv-cinder-843309-5-smb devstack@placement-api.service[104662]: DEBUG placement.objects.research_context [req-fb7468a7-40aa-4f72-aa70-bd5c67cfcf18 req-977d53eb-91c8-4768-818b-ca4fb0a391c4 service placement] getting providers with 1 DISK_GB {{(pid=104662) __init__ /opt/stack/placement/placement/objects/research_context.py:136}}
Jul 20 09:14:13.107241 dv-cinder-843309-5-smb devstack@placement-api.service[104662]: DEBUG placement.objects.research_context [req-fb7468a7-40aa-4f72-aa70-bd5c67cfcf18 req-977d53eb-91c8-4768-818b-ca4fb0a391c4 service placement] getting providers with 1024 MEMORY_MB {{(pid=104662) __init__ /opt/stack/placement/placement/objects/research_context.py:136}}
Jul 20 09:14:13.138671 dv-cinder-843309-5-smb devstack@placement-api.service[104662]: DEBUG placement.objects.research_context [req-fb7468a7-40aa-4f72-aa70-bd5c67cfcf18 req-977d53eb-91c8-4768-818b-ca4fb0a391c4 service placement] getting providers with 1 VCPU {{(pid=104662) __init__ /opt/stack/placement/placement/objects/research_context.py:136}}
Jul 20 09:14:13.169490 dv-cinder-843309-5-smb devstack@placement-api.service[104662]: DEBUG placement.objects.research_context [req-fb7468a7-40aa-4f72-aa70-bd5c67cfcf18 req-977d53eb-91c8-4768-818b-ca4fb0a391c4 service placement] found 1 providers with available 1 DISK_GB {{(pid=104662) get_provider_ids_matching /opt/stack/placement/placement/objects/research_context.py:563}}
Jul 20 09:14:13.169735 dv-cinder-843309-5-smb devstack@placement-api.service[104662]: DEBUG placement.objects.research_context [req-fb7468a7-40aa-4f72-aa70-bd5c67cfcf18 req-977d53eb-91c8-4768-818b-ca4fb0a391c4 service placement] found 1 providers with available 1024 MEMORY_MB {{(pid=104662) get_provider_ids_matching /opt/stack/placement/placement/objects/research_context.py:563}}
Jul 20 09:14:13.172882 dv-cinder-843309-5-smb devstack@placement-api.service[104662]: DEBUG placement.objects.research_context [req-fb7468a7-40aa-4f72-aa70-bd5c67cfcf18 req-977d53eb-91c8-4768-818b-ca4fb0a391c4 service placement] found 1 providers after filtering by previous result {{(pid=104662) get_provider_ids_matching /opt/stack/placement/placement/objects/research_context.py:594}}
Jul 20 09:14:13.173327 dv-cinder-843309-5-smb devstack@placement-api.service[104662]: DEBUG placement.objects.research_context [req-fb7468a7-40aa-4f72-aa70-bd5c67cfcf18 req-977d53eb-91c8-4768-818b-ca4fb0a391c4 service placement] found 1 providers with available 1 VCPU {{(pid=104662) get_provider_ids_matching /opt/stack/placement/placement/objects/research_context.py:563}}
Jul 20 09:14:13.180368 dv-cinder-843309-5-smb devstack@placement-api.service[104662]: DEBUG placement.objects.research_context [req-fb7468a7-40aa-4f72-aa70-bd5c67cfcf18 req-977d53eb-91c8-4768-818b-ca4fb0a391c4 service placement] found 1 providers after filtering by previous result {{(pid=104662) get_provider_ids_matching /opt/stack/placement/placement/objects/research_context.py:594}}
Jul 20 09:14:13.235470 dv-cinder-843309-5-smb devstack@placement-api.service[104662]: DEBUG placement.objects.allocation_candidate [req-fb7468a7-40aa-4f72-aa70-bd5c67cfcf18 req-977d53eb-91c8-4768-818b-ca4fb0a391c4 service placement] RequestGroup(use_same_provider=False, resources={DISK_GB:1, MEMORY_MB:1024, VCPU:1}, traits=(), aggregates=[]) (suffix '') returned 1 matches {{(pid=104662) _get_by_requests /opt/stack/placement/placement/objects/allocation_candidate.py:156}}
Jul 20 09:14:13.235842 dv-cinder-843309-5-smb devstack@placement-api.service[104662]: DEBUG placement.objects.allocation_candidate [req-fb7468a7-40aa-4f72-aa70-bd5c67cfcf18 req-977d53eb-91c8-4768-818b-ca4fb0a391c4 service placement] Merging candidates yields 1 allocation requests and 1 provider summaries {{(pid=104662) _merge_candidates /opt/stack/placement/placement/objects/allocation_candidate.py:809}}
Jul 20 09:14:13.241793 dv-cinder-843309-5-smb devstack@placement-api.service[104662]: INFO placement.requestlog [req-fb7468a7-40aa-4f72-aa70-bd5c67cfcf18 req-977d53eb-91c8-4768-818b-ca4fb0a391c4 service placement] 10.222.0.67 "GET /placement/allocation_candidates?limit=1000&resources=DISK_GB%3A1%2CMEMORY_MB%3A1024%2CVCPU%3A1&root_required=%21COMPUTE_STATUS_DISABLED" status: 200 len: 764 microversion: 1.36
Jul 20 09:14:13.242503 dv-cinder-843309-5-smb devstack@placement-api.service[104662]: [pid: 104662|app: 0|req: 8/14] 10.222.0.67 () {60 vars in 1506 bytes} [Wed Jul 20 09:14:11 2022] GET /placement/allocation_candidates?limit=1000&resources=DISK_GB%3A1%2CMEMORY_MB%3A1024%2CVCPU%3A1&root_required=%21COMPUTE_STATUS_DISABLED => generated 764 bytes in 2057 msecs (HTTP/1.1 200) 8 headers in 296 bytes (1 switches on core 0)
Jul 20 09:14:13.243139 dv-cinder-843309-5-smb devstack@placement-api.service[104662]: DEBUG placement.requestlog [req-8128d0a3-b841-4c8f-ad73-21eb9e29cb46 req-df11bff3-9cfc-4dd0-a83a-432ea5ccdf52 None None] Starting request: 10.222.0.67 "GET /placement/allocation_candidates?limit=1000&resources=DISK_GB%3A1%2CMEMORY_MB%3A1024%2CVCPU%3A1&root_required=%21COMPUTE_STATUS_DISABLED" {{(pid=104662) __call__ /opt/stack/placement/placement/requestlog.py:55}}
Jul 20 09:14:13.339259 dv-cinder-843309-5-smb devstack@placement-api.service[104662]: DEBUG placement.objects.research_context [req-8128d0a3-b841-4c8f-ad73-21eb9e29cb46 req-df11bff3-9cfc-4dd0-a83a-432ea5ccdf52 service placement] getting providers with 1 DISK_GB {{(pid=104662) __init__ /opt/stack/placement/placement/objects/research_context.py:136}}
Jul 20 09:14:13.353596 dv-cinder-843309-5-smb devstack@placement-api.service[104662]: DEBUG placement.objects.research_context [req-8128d0a3-b841-4c8f-ad73-21eb9e29cb46 req-df11bff3-9cfc-4dd0-a83a-432ea5ccdf52 service placement] getting providers with 1024 MEMORY_MB {{(pid=104662) __init__ /opt/stack/placement/placement/objects/research_context.py:136}}
Jul 20 09:14:13.365008 dv-cinder-843309-5-smb devstack@placement-api.service[104662]: DEBUG placement.objects.research_context [req-8128d0a3-b841-4c8f-ad73-21eb9e29cb46 req-df11bff3-9cfc-4dd0-a83a-432ea5ccdf52 service placement] getting providers with 1 VCPU {{(pid=104662) __init__ /opt/stack/placement/placement/objects/research_context.py:136}}
Jul 20 09:14:13.391030 dv-cinder-843309-5-smb devstack@placement-api.service[104662]: DEBUG placement.objects.research_context [req-8128d0a3-b841-4c8f-ad73-21eb9e29cb46 req-df11bff3-9cfc-4dd0-a83a-432ea5ccdf52 service placement] found 1 providers with available 1 DISK_GB {{(pid=104662) get_provider_ids_matching /opt/stack/placement/placement/objects/research_context.py:563}}
Jul 20 09:14:13.391321 dv-cinder-843309-5-smb devstack@placement-api.service[104662]: DEBUG placement.objects.research_context [req-8128d0a3-b841-4c8f-ad73-21eb9e29cb46 req-df11bff3-9cfc-4dd0-a83a-432ea5ccdf52 service placement] found 1 providers with available 1024 MEMORY_MB {{(pid=104662) get_provider_ids_matching /opt/stack/placement/placement/objects/research_context.py:563}}
Jul 20 09:14:13.392955 dv-cinder-843309-5-smb devstack@placement-api.service[104662]: DEBUG placement.objects.research_context [req-8128d0a3-b841-4c8f-ad73-21eb9e29cb46 req-df11bff3-9cfc-4dd0-a83a-432ea5ccdf52 service placement] found 1 providers after filtering by previous result {{(pid=104662) get_provider_ids_matching /opt/stack/placement/placement/objects/research_context.py:594}}
Jul 20 09:14:13.393101 dv-cinder-843309-5-smb devstack@placement-api.service[104662]: DEBUG placement.objects.research_context [req-8128d0a3-b841-4c8f-ad73-21eb9e29cb46 req-df11bff3-9cfc-4dd0-a83a-432ea5ccdf52 service placement] found 1 providers with available 1 VCPU {{(pid=104662) get_provider_ids_matching /opt/stack/placement/placement/objects/research_context.py:563}}
Jul 20 09:14:13.395104 dv-cinder-843309-5-smb devstack@placement-api.service[104662]: DEBUG placement.objects.research_context [req-8128d0a3-b841-4c8f-ad73-21eb9e29cb46 req-df11bff3-9cfc-4dd0-a83a-432ea5ccdf52 service placement] found 1 providers after filtering by previous result {{(pid=104662) get_provider_ids_matching /opt/stack/placement/placement/objects/research_context.py:594}}
Jul 20 09:14:13.427245 dv-cinder-843309-5-smb devstack@placement-api.service[104662]: DEBUG placement.objects.allocation_candidate [req-8128d0a3-b841-4c8f-ad73-21eb9e29cb46 req-df11bff3-9cfc-4dd0-a83a-432ea5ccdf52 service placement] RequestGroup(use_same_provider=False, resources={DISK_GB:1, MEMORY_MB:1024, VCPU:1}, traits=(), aggregates=[]) (suffix '') returned 1 matches {{(pid=104662) _get_by_requests /opt/stack/placement/placement/objects/allocation_candidate.py:156}}
Jul 20 09:14:13.427603 dv-cinder-843309-5-smb devstack@placement-api.service[104662]: DEBUG placement.objects.allocation_candidate [req-8128d0a3-b841-4c8f-ad73-21eb9e29cb46 req-df11bff3-9cfc-4dd0-a83a-432ea5ccdf52 service placement] Merging candidates yields 1 allocation requests and 1 provider summaries {{(pid=104662) _merge_candidates /opt/stack/placement/placement/objects/allocation_candidate.py:809}}
Jul 20 09:14:13.433504 dv-cinder-843309-5-smb devstack@placement-api.service[104662]: INFO placement.requestlog [req-8128d0a3-b841-4c8f-ad73-21eb9e29cb46 req-df11bff3-9cfc-4dd0-a83a-432ea5ccdf52 service placement] 10.222.0.67 "GET /placement/allocation_candidates?limit=1000&resources=DISK_GB%3A1%2CMEMORY_MB%3A1024%2CVCPU%3A1&root_required=%21COMPUTE_STATUS_DISABLED" status: 200 len: 764 microversion: 1.36
Jul 20 09:14:13.434377 dv-cinder-843309-5-smb devstack@placement-api.service[104662]: [pid: 104662|app: 0|req: 9/15] 10.222.0.67 () {60 vars in 1506 bytes} [Wed Jul 20 09:14:13 2022] GET /placement/allocation_candidates?limit=1000&resources=DISK_GB%3A1%2CMEMORY_MB%3A1024%2CVCPU%3A1&root_required=%21COMPUTE_STATUS_DISABLED => generated 764 bytes in 191 msecs (HTTP/1.1 200) 8 headers in 296 bytes (1 switches on core 0)
Jul 20 09:14:13.724593 dv-cinder-843309-5-smb devstack@placement-api.service[104662]: DEBUG placement.requestlog [req-fb7468a7-40aa-4f72-aa70-bd5c67cfcf18 req-21aeaca9-d667-4b51-916c-4f8c38a75fd7 None None] Starting request: 10.222.0.67 "GET /placement/allocations/b8c89961-69e5-4e14-bb28-dc1bb5d2371d" {{(pid=104662) __call__ /opt/stack/placement/placement/requestlog.py:55}}
Jul 20 09:14:13.741433 dv-cinder-843309-5-smb devstack@placement-api.service[104661]: DEBUG placement.objects.research_context [req-7b86142f-1fc2-4068-84be-16e857f907d2 req-9c7d7f26-748a-4772-a905-f561d8d7b321 service placement] getting providers with 1 DISK_GB {{(pid=104661) __init__ /opt/stack/placement/placement/objects/research_context.py:136}}
Jul 20 09:14:13.763134 dv-cinder-843309-5-smb devstack@placement-api.service[104662]: INFO placement.requestlog [req-fb7468a7-40aa-4f72-aa70-bd5c67cfcf18 req-21aeaca9-d667-4b51-916c-4f8c38a75fd7 service placement] 10.222.0.67 "GET /placement/allocations/b8c89961-69e5-4e14-bb28-dc1bb5d2371d" status: 200 len: 19 microversion: 1.28
Jul 20 09:14:13.763837 dv-cinder-843309-5-smb devstack@placement-api.service[104662]: [pid: 104662|app: 0|req: 10/16] 10.222.0.67 () {60 vars in 1380 bytes} [Wed Jul 20 09:14:13 2022] GET /placement/allocations/b8c89961-69e5-4e14-bb28-dc1bb5d2371d => generated 19 bytes in 40 msecs (HTTP/1.1 200) 8 headers in 295 bytes (2 switches on core 0)
Jul 20 09:14:13.771043 dv-cinder-843309-5-smb devstack@placement-api.service[104661]: DEBUG placement.objects.research_context [req-7b86142f-1fc2-4068-84be-16e857f907d2 req-9c7d7f26-748a-4772-a905-f561d8d7b321 service placement] getting providers with 1024 MEMORY_MB {{(pid=104661) __init__ /opt/stack/placement/placement/objects/research_context.py:136}}
Jul 20 09:14:13.783275 dv-cinder-843309-5-smb devstack@placement-api.service[104661]: DEBUG placement.objects.research_context [req-7b86142f-1fc2-4068-84be-16e857f907d2 req-9c7d7f26-748a-4772-a905-f561d8d7b321 service placement] getting providers with 1 VCPU {{(pid=104661) __init__ /opt/stack/placement/placement/objects/research_context.py:136}}
Jul 20 09:14:13.795174 dv-cinder-843309-5-smb devstack@placement-api.service[104662]: DEBUG placement.requestlog [req-fb7468a7-40aa-4f72-aa70-bd5c67cfcf18 req-b5bd5d41-7619-445a-8f1d-694b54301876 None None] Starting request: 10.222.0.67 "PUT /placement/allocations/b8c89961-69e5-4e14-bb28-dc1bb5d2371d" {{(pid=104662) __call__ /opt/stack/placement/placement/requestlog.py:55}}
Jul 20 09:14:13.825822 dv-cinder-843309-5-smb devstack@placement-api.service[104661]: DEBUG placement.objects.research_context [req-7b86142f-1fc2-4068-84be-16e857f907d2 req-9c7d7f26-748a-4772-a905-f561d8d7b321 service placement] found 1 providers with available 1 DISK_GB {{(pid=104661) get_provider_ids_matching /opt/stack/placement/placement/objects/research_context.py:563}}
Jul 20 09:14:13.831397 dv-cinder-843309-5-smb devstack@placement-api.service[104661]: DEBUG placement.objects.research_context [req-7b86142f-1fc2-4068-84be-16e857f907d2 req-9c7d7f26-748a-4772-a905-f561d8d7b321 service placement] found 1 providers with available 1024 MEMORY_MB {{(pid=104661) get_provider_ids_matching /opt/stack/placement/placement/objects/research_context.py:563}}
Jul 20 09:14:13.832044 dv-cinder-843309-5-smb devstack@placement-api.service[104661]: DEBUG placement.objects.research_context [req-7b86142f-1fc2-4068-84be-16e857f907d2 req-9c7d7f26-748a-4772-a905-f561d8d7b321 service placement] found 1 providers after filtering by previous result {{(pid=104661) get_provider_ids_matching /opt/stack/placement/placement/objects/research_context.py:594}}
Jul 20 09:14:13.832538 dv-cinder-843309-5-smb devstack@placement-api.service[104661]: DEBUG placement.objects.research_context [req-7b86142f-1fc2-4068-84be-16e857f907d2 req-9c7d7f26-748a-4772-a905-f561d8d7b321 service placement] found 1 providers with available 1 VCPU {{(pid=104661) get_provider_ids_matching /opt/stack/placement/placement/objects/research_context.py:563}}
Jul 20 09:14:13.833861 dv-cinder-843309-5-smb devstack@placement-api.service[104661]: DEBUG placement.objects.research_context [req-7b86142f-1fc2-4068-84be-16e857f907d2 req-9c7d7f26-748a-4772-a905-f561d8d7b321 service placement] found 1 providers after filtering by previous result {{(pid=104661) get_provider_ids_matching /opt/stack/placement/placement/objects/research_context.py:594}}
Jul 20 09:14:13.870870 dv-cinder-843309-5-smb devstack@placement-api.service[104661]: DEBUG placement.objects.allocation_candidate [req-7b86142f-1fc2-4068-84be-16e857f907d2 req-9c7d7f26-748a-4772-a905-f561d8d7b321 service placement] RequestGroup(use_same_provider=False, resources={DISK_GB:1, MEMORY_MB:1024, VCPU:1}, traits=(), aggregates=[]) (suffix '') returned 1 matches {{(pid=104661) _get_by_requests /opt/stack/placement/placement/objects/allocation_candidate.py:156}}
Jul 20 09:14:13.872430 dv-cinder-843309-5-smb devstack@placement-api.service[104661]: DEBUG placement.objects.allocation_candidate [req-7b86142f-1fc2-4068-84be-16e857f907d2 req-9c7d7f26-748a-4772-a905-f561d8d7b321 service placement] Merging candidates yields 1 allocation requests and 1 provider summaries {{(pid=104661) _merge_candidates /opt/stack/placement/placement/objects/allocation_candidate.py:809}}
Jul 20 09:14:13.882962 dv-cinder-843309-5-smb devstack@placement-api.service[104661]: INFO placement.requestlog [req-7b86142f-1fc2-4068-84be-16e857f907d2 req-9c7d7f26-748a-4772-a905-f561d8d7b321 service placement] 10.222.0.67 "GET /placement/allocation_candidates?limit=1000&resources=DISK_GB%3A1%2CMEMORY_MB%3A1024%2CVCPU%3A1&root_required=%21COMPUTE_STATUS_DISABLED" status: 200 len: 764 microversion: 1.36
Jul 20 09:14:13.892088 dv-cinder-843309-5-smb devstack@placement-api.service[104661]: [pid: 104661|app: 0|req: 7/17] 10.222.0.67 () {60 vars in 1506 bytes} [Wed Jul 20 09:14:12 2022] GET /placement/allocation_candidates?limit=1000&resources=DISK_GB%3A1%2CMEMORY_MB%3A1024%2CVCPU%3A1&root_required=%21COMPUTE_STATUS_DISABLED => generated 764 bytes in 1046 msecs (HTTP/1.1 200) 8 headers in 296 bytes (2 switches on core 0)
Jul 20 09:14:13.893395 dv-cinder-843309-5-smb devstack@placement-api.service[104661]: DEBUG placement.requestlog [req-8128d0a3-b841-4c8f-ad73-21eb9e29cb46 req-a4a0ed56-5e2c-4fd8-add7-e0c953e722cf None None] Starting request: 10.222.0.67 "GET /placement/allocations/7f0ebba1-0c4b-40e9-8fb1-aa61313415af" {{(pid=104661) __call__ /opt/stack/placement/placement/requestlog.py:55}}
Jul 20 09:14:13.937612 dv-cinder-843309-5-smb devstack@placement-api.service[104661]: INFO placement.requestlog [req-8128d0a3-b841-4c8f-ad73-21eb9e29cb46 req-a4a0ed56-5e2c-4fd8-add7-e0c953e722cf service placement] 10.222.0.67 "GET /placement/allocations/7f0ebba1-0c4b-40e9-8fb1-aa61313415af" status: 200 len: 19 microversion: 1.28
Jul 20 09:14:13.944586 dv-cinder-843309-5-smb devstack@placement-api.service[104661]: [pid: 104661|app: 0|req: 8/18] 10.222.0.67 () {60 vars in 1380 bytes} [Wed Jul 20 09:14:13 2022] GET /placement/allocations/7f0ebba1-0c4b-40e9-8fb1-aa61313415af => generated 19 bytes in 52 msecs (HTTP/1.1 200) 8 headers in 295 bytes (1 switches on core 0)
Jul 20 09:14:13.946476 dv-cinder-843309-5-smb devstack@placement-api.service[104661]: DEBUG placement.requestlog [req-8128d0a3-b841-4c8f-ad73-21eb9e29cb46 req-c68f9242-f038-4141-aa36-9f246222f0e4 None None] Starting request: 10.222.0.67 "PUT /placement/allocations/7f0ebba1-0c4b-40e9-8fb1-aa61313415af" {{(pid=104661) __call__ /opt/stack/placement/placement/requestlog.py:55}}
Jul 20 09:14:14.038419 dv-cinder-843309-5-smb devstack@placement-api.service[104662]: DEBUG placement.handlers.allocation [req-fb7468a7-40aa-4f72-aa70-bd5c67cfcf18 req-b5bd5d41-7619-445a-8f1d-694b54301876 service placement] Successfully wrote allocations [, , ] {{(pid=104662) _update_consumers_and_create_allocations /opt/stack/placement/placement/handlers/allocation.py:462}}
