Jul 20 09:13:15.036743 dv-cinder-843309-5-iscsi neutron-server[104093]: DEBUG neutron_lib.callbacks.manager [None req-bf0c74d8-8abe-43fa-8674-8a5892683a04 admin admin] Subscribe: > segment before_delete 55550000 {{(pid=104093) subscribe /usr/local/lib/python3.8/dist-packages/neutron_lib/callbacks/manager.py:45}}
Jul 20 09:13:15.039011 dv-cinder-843309-5-iscsi neutron-server[104093]: DEBUG neutron_lib.callbacks.manager [None req-bf0c74d8-8abe-43fa-8674-8a5892683a04 admin admin] Subscribe: > subnet precommit_delete_associations 55550000 {{(pid=104093) subscribe /usr/local/lib/python3.8/dist-packages/neutron_lib/callbacks/manager.py:45}}
Jul 20 09:13:15.041242 dv-cinder-843309-5-iscsi neutron-server[104094]: DEBUG neutron.pecan_wsgi.hooks.policy_enforcement [req-7cfbae18-65fc-4e25-8351-133a36ff7b5c req-23cc4793-bfb8-4fc1-a04a-1f2b467e6839 tempest-AttachVolumeShelveTestJSON-695162342 tempest-AttachVolumeShelveTestJSON-695162342-project] Attributes excluded by policy engine: ['standard_attr_id', 'binding:profile', 'binding:host_id', 'binding:vif_type', 'binding:vif_details', 'network'] {{(pid=104094) _exclude_attributes_by_policy /opt/stack/neutron/neutron/pecan_wsgi/hooks/policy_enforcement.py:259}}
Jul 20 09:13:15.041726 dv-cinder-843309-5-iscsi neutron-server[104093]: DEBUG neutron_lib.callbacks.manager [None req-bf0c74d8-8abe-43fa-8674-8a5892683a04 admin admin] Subscribe: > segment_host_mapping after_create 55550000 {{(pid=104093) subscribe /usr/local/lib/python3.8/dist-packages/neutron_lib/callbacks/manager.py:45}}
Jul 20 09:13:15.042003 dv-cinder-843309-5-iscsi neutron-server[104094]: DEBUG neutron_lib.callbacks.manager [req-7cfbae18-65fc-4e25-8351-133a36ff7b5c req-23cc4793-bfb8-4fc1-a04a-1f2b467e6839 tempest-AttachVolumeShelveTestJSON-695162342 tempest-AttachVolumeShelveTestJSON-695162342-project] Publish callbacks ['neutron.notifiers.nova.Notifier._send_nova_notification-347450', 'neutron.api.rpc.agentnotifiers.dhcp_rpc_agent_api.DhcpAgentNotifyAPI._send_dhcp_notification-16716787'] for port (None), before_response {{(pid=104094) _notify_loop /usr/local/lib/python3.8/dist-packages/neutron_lib/callbacks/manager.py:176}}
Jul 20 09:13:15.043926 dv-cinder-843309-5-iscsi neutron-server[104093]: DEBUG neutron_lib.callbacks.manager [None req-bf0c74d8-8abe-43fa-8674-8a5892683a04 admin admin] Subscribe: > port after_create 55550000 {{(pid=104093) subscribe /usr/local/lib/python3.8/dist-packages/neutron_lib/callbacks/manager.py:45}}
Jul 20 09:13:15.044423 dv-cinder-843309-5-iscsi neutron-server[104093]: DEBUG neutron_lib.callbacks.manager [None req-bf0c74d8-8abe-43fa-8674-8a5892683a04 admin admin] Subscribe: > port after_delete 55550000 {{(pid=104093) subscribe /usr/local/lib/python3.8/dist-packages/neutron_lib/callbacks/manager.py:45}}
Jul 20 09:13:15.044870 dv-cinder-843309-5-iscsi neutron-server[104093]: DEBUG neutron_lib.callbacks.manager [None req-bf0c74d8-8abe-43fa-8674-8a5892683a04 admin admin] Subscribe: > port after_update 55550000 {{(pid=104093) subscribe /usr/local/lib/python3.8/dist-packages/neutron_lib/callbacks/manager.py:45}}
Jul 20 09:13:15.045246 dv-cinder-843309-5-iscsi neutron-server[104093]: DEBUG neutron_lib.callbacks.manager [None req-bf0c74d8-8abe-43fa-8674-8a5892683a04 admin admin] Subscribe: > segment after_delete 55550000 {{(pid=104093) subscribe /usr/local/lib/python3.8/dist-packages/neutron_lib/callbacks/manager.py:45}}
Jul 20 09:13:15.045898 dv-cinder-843309-5-iscsi neutron-server[104093]: DEBUG neutron_lib.callbacks.manager [None req-bf0c74d8-8abe-43fa-8674-8a5892683a04 admin admin] Subscribe: > subnet after_create 55550000 {{(pid=104093) subscribe /usr/local/lib/python3.8/dist-packages/neutron_lib/callbacks/manager.py:45}}
Jul 20 09:13:15.046265 dv-cinder-843309-5-iscsi neutron-server[104093]: DEBUG neutron_lib.callbacks.manager [None req-bf0c74d8-8abe-43fa-8674-8a5892683a04 admin admin] Subscribe: > subnet after_delete 55550000 {{(pid=104093) subscribe /usr/local/lib/python3.8/dist-packages/neutron_lib/callbacks/manager.py:45}}
Jul 20 09:13:15.046729 dv-cinder-843309-5-iscsi neutron-server[104093]: DEBUG neutron_lib.callbacks.manager [None req-bf0c74d8-8abe-43fa-8674-8a5892683a04 admin admin] Subscribe: > subnet after_update 55550000 {{(pid=104093) subscribe /usr/local/lib/python3.8/dist-packages/neutron_lib/callbacks/manager.py:45}}
Jul 20 09:13:15.148139 dv-cinder-843309-5-iscsi neutron-server[104093]: DEBUG neutron_lib.callbacks.manager [None req-bf0c74d8-8abe-43fa-8674-8a5892683a04 admin admin] Subscribe: > subnet after_create 55550000 {{(pid=104093) subscribe /usr/local/lib/python3.8/dist-packages/neutron_lib/callbacks/manager.py:45}}
Jul 20 09:13:15.148704 dv-cinder-843309-5-iscsi neutron-server[104093]: DEBUG neutron_lib.callbacks.manager [None req-bf0c74d8-8abe-43fa-8674-8a5892683a04 admin admin] Subscribe: > subnet after_delete 55550000 {{(pid=104093) subscribe /usr/local/lib/python3.8/dist-packages/neutron_lib/callbacks/manager.py:45}}
Jul 20 09:13:15.150369 dv-cinder-843309-5-iscsi neutron-server[104093]: DEBUG neutron_lib.callbacks.manager [None req-bf0c74d8-8abe-43fa-8674-8a5892683a04 admin admin] Subscribe: > subnet before_create 55550000 {{(pid=104093) subscribe /usr/local/lib/python3.8/dist-packages/neutron_lib/callbacks/manager.py:45}}
Jul 20 09:13:15.150369 dv-cinder-843309-5-iscsi neutron-server[104093]: DEBUG neutron_lib.callbacks.manager [None req-bf0c74d8-8abe-43fa-8674-8a5892683a04 admin admin] Subscribe: > subnet before_update 55550000 {{(pid=104093) subscribe /usr/local/lib/python3.8/dist-packages/neutron_lib/callbacks/manager.py:45}}
Jul 20 09:13:15.150852 dv-cinder-843309-5-iscsi neutron-server[104093]: DEBUG neutron.services.segments.db [None req-bf0c74d8-8abe-43fa-8674-8a5892683a04 admin admin] neutron.services.segments.plugin.Plugin method get_segments called with arguments (,) {'filters': {'network_id': ['c18b3b2c-2c8e-42b9-ad0a-fc06594e4dfe']}} {{(pid=104093) wrapper /usr/local/lib/python3.8/dist-packages/oslo_log/helpers.py:65}}
Jul 20 09:13:15.160303 dv-cinder-843309-5-iscsi neutron-server[104093]: DEBUG neutron_lib.callbacks.manager [None req-83190ad9-943e-40ad-be03-6220a0ad8c6f admin admin] Publish callbacks [] for security_group (None), before_create {{(pid=104093) _notify_loop /usr/local/lib/python3.8/dist-packages/neutron_lib/callbacks/manager.py:176}}
Jul 20 09:13:15.176044 dv-cinder-843309-5-iscsi neutron-server[104094]: DEBUG neutron.plugins.ml2.db [req-31d0697c-ff1d-44e1-9a80-af0ba690748e req-97c54d3e-4202-4036-b9e3-459e35801bcf service neutron] For port 81e28f7f-49b2-4bf3-a0f2-30ff46f71e2c, host hv-cinder-84330, cleared binding levels {{(pid=104094) clear_binding_levels /opt/stack/neutron/neutron/plugins/ml2/db.py:87}}
Jul 20 09:13:15.195807 dv-cinder-843309-5-iscsi neutron-server[104093]: DEBUG neutron.services.segments.db [None req-bf0c74d8-8abe-43fa-8674-8a5892683a04 admin admin] neutron.services.segments.plugin.Plugin method delete_segment called with arguments (, '239d6c9f-8c02-4eb7-a999-a7f0d0c47a21') {'for_net_delete': True} {{(pid=104093) wrapper /usr/local/lib/python3.8/dist-packages/oslo_log/helpers.py:65}}
Jul 20 09:13:15.196718 dv-cinder-843309-5-iscsi neutron-server[104093]: DEBUG neutron.services.segments.db [None req-bf0c74d8-8abe-43fa-8674-8a5892683a04 admin admin] neutron.services.segments.plugin.Plugin method get_segment called with arguments (, '239d6c9f-8c02-4eb7-a999-a7f0d0c47a21') {} {{(pid=104093) wrapper /usr/local/lib/python3.8/dist-packages/oslo_log/helpers.py:65}}
Jul 20 09:13:15.225433 dv-cinder-843309-5-iscsi neutron-server[104094]: DEBUG neutron.plugins.ml2.managers [req-c3577534-099e-44a8-8a3b-8c4f23026ba4 req-210fdc81-d460-4cdd-9267-04bfba43a73c service neutron] Attempting to bind port 82fdf704-5224-44e3-afb6-ab44f9ffc40a on host hv-cinder-84330 for vnic_type normal with profile {{(pid=104094) bind_port /opt/stack/neutron/neutron/plugins/ml2/managers.py:810}}
Jul 20 09:13:15.226480 dv-cinder-843309-5-iscsi neutron-server[104094]: DEBUG neutron.plugins.ml2.managers [req-c3577534-099e-44a8-8a3b-8c4f23026ba4 req-210fdc81-d460-4cdd-9267-04bfba43a73c service neutron] Attempting to bind port 82fdf704-5224-44e3-afb6-ab44f9ffc40a by drivers openvswitch,hyperv on host hv-cinder-84330 at level 0 using segments [{'id': '5daa8a9c-b7fd-44af-8455-ec04403d8f49', 'network_type': 'vlan', 'physical_network': 'physnet1', 'segmentation_id': 739, 'network_id': 'b02cc8f4-092e-4f18-bead-06d25f865945'}] {{(pid=104094) _bind_port_level /opt/stack/neutron/neutron/plugins/ml2/managers.py:835}}
Jul 20 09:13:15.227103 dv-cinder-843309-5-iscsi neutron-server[104094]: DEBUG neutron.plugins.ml2.drivers.mech_agent [req-c3577534-099e-44a8-8a3b-8c4f23026ba4 req-210fdc81-d460-4cdd-9267-04bfba43a73c service neutron] Attempting to bind port 82fdf704-5224-44e3-afb6-ab44f9ffc40a on network b02cc8f4-092e-4f18-bead-06d25f865945 {{(pid=104094) bind_port /opt/stack/neutron/neutron/plugins/ml2/drivers/mech_agent.py:91}}
Jul 20 09:13:15.241882 dv-cinder-843309-5-iscsi neutron-server[104094]: DEBUG neutron.plugins.ml2.drivers.mech_agent [req-c3577534-099e-44a8-8a3b-8c4f23026ba4 req-210fdc81-d460-4cdd-9267-04bfba43a73c service neutron] Port 82fdf704-5224-44e3-afb6-ab44f9ffc40a on network b02cc8f4-092e-4f18-bead-06d25f865945 not bound, no agent of type Open vSwitch agent registered on host hv-cinder-84330 {{(pid=104094) bind_port /opt/stack/neutron/neutron/plugins/ml2/drivers/mech_agent.py:103}}
Jul 20 09:13:15.242216 dv-cinder-843309-5-iscsi neutron-server[104094]: DEBUG neutron.plugins.ml2.drivers.mech_agent [req-c3577534-099e-44a8-8a3b-8c4f23026ba4 req-210fdc81-d460-4cdd-9267-04bfba43a73c service neutron] Attempting to bind port 82fdf704-5224-44e3-afb6-ab44f9ffc40a on network b02cc8f4-092e-4f18-bead-06d25f865945 {{(pid=104094) bind_port /opt/stack/neutron/neutron/plugins/ml2/drivers/mech_agent.py:91}}
Jul 20 09:13:15.254205 dv-cinder-843309-5-iscsi neutron-server[104094]: DEBUG neutron.plugins.ml2.db [req-31d0697c-ff1d-44e1-9a80-af0ba690748e req-97c54d3e-4202-4036-b9e3-459e35801bcf service neutron] For port 81e28f7f-49b2-4bf3-a0f2-30ff46f71e2c, host hv-cinder-84330, set binding levels [PortBindingLevel(driver='hyperv',host='hv-cinder-84330',level=0,port_id=81e28f7f-49b2-4bf3-a0f2-30ff46f71e2c,segment=NetworkSegment(530a1253-c597-4e55-b118-83814e36fa0f),segment_id=530a1253-c597-4e55-b118-83814e36fa0f)] {{(pid=104094) set_binding_levels /opt/stack/neutron/neutron/plugins/ml2/db.py:59}}
Jul 20 09:13:15.256810 dv-cinder-843309-5-iscsi neutron-server[104095]: DEBUG neutron.db.provisioning_blocks [None req-a91b1dde-4974-4424-bf09-176ed759688c None None] Provisioning complete for port d9ee2ff0-984d-4cbb-ac06-54bfe850f031 triggered by entity DHCP. {{(pid=104095) provisioning_complete /opt/stack/neutron/neutron/db/provisioning_blocks.py:145}}
Jul 20 09:13:15.257348 dv-cinder-843309-5-iscsi neutron-server[104095]: DEBUG neutron_lib.callbacks.manager [None req-a91b1dde-4974-4424-bf09-176ed759688c None None] Publish callbacks ['neutron.plugins.ml2.plugin.Ml2Plugin._port_provisioned-912286'] for port (d9ee2ff0-984d-4cbb-ac06-54bfe850f031), provisioning_complete {{(pid=104095) _notify_loop /usr/local/lib/python3.8/dist-packages/neutron_lib/callbacks/manager.py:176}}
Jul 20 09:13:15.257599 dv-cinder-843309-5-iscsi neutron-server[104093]: DEBUG neutron.pecan_wsgi.hooks.policy_enforcement [req-4e21526b-2e9f-4937-873f-9a72b7792532 req-cafabcd8-bffc-4cb6-921a-d30171f82df4 service neutron] Attributes excluded by policy engine: ['standard_attr_id', 'shared', 'segment_id'] {{(pid=104093) _exclude_attributes_by_policy /opt/stack/neutron/neutron/pecan_wsgi/hooks/policy_enforcement.py:259}}
Jul 20 09:13:15.259735 dv-cinder-843309-5-iscsi neutron-server[104093]: INFO neutron.wsgi [req-4e21526b-2e9f-4937-873f-9a72b7792532 req-cafabcd8-bffc-4cb6-921a-d30171f82df4 service neutron] 10.222.0.74 "GET /v2.0/subnets?id=0e82c5cf-0b6f-4f64-9fa3-83f568e20b98 HTTP/1.1" status: 200 len: 857 time: 0.7876325
Jul 20 09:13:15.263227 dv-cinder-843309-5-iscsi neutron-server[104094]: DEBUG neutron.plugins.ml2.drivers.mech_agent [req-c3577534-099e-44a8-8a3b-8c4f23026ba4 req-210fdc81-d460-4cdd-9267-04bfba43a73c service neutron] Checking agent: {'id': 'a5adb092-5dae-4f25-86f3-6a0ca7e000e2', 'agent_type': 'HyperV agent', 'binary': 'neutron-hyperv-agent', 'topic': 'N/A', 'host': 'hv-cinder-84330', 'admin_state_up': True, 'created_at': datetime.datetime(2022, 7, 20, 9, 10, 42), 'started_at': datetime.datetime(2022, 7, 20, 9, 10, 42), 'heartbeat_timestamp': datetime.datetime(2022, 7, 20, 9, 13, 12), 'description': None, 'resources_synced': None, 'availability_zone': None, 'alive': True, 'configurations': {'vswitch_mappings': {'physnet1$': 'br-data'}}, 'resource_versions': {}} {{(pid=104094) bind_port /opt/stack/neutron/neutron/plugins/ml2/drivers/mech_agent.py:110}}
Jul 20 09:13:15.263692 dv-cinder-843309-5-iscsi neutron-server[104094]: DEBUG neutron.plugins.ml2.drivers.mech_agent [req-c3577534-099e-44a8-8a3b-8c4f23026ba4 req-210fdc81-d460-4cdd-9267-04bfba43a73c service neutron] Checking segment: {'id': '5daa8a9c-b7fd-44af-8455-ec04403d8f49', 'network_type': 'vlan', 'physical_network': 'physnet1', 'segmentation_id': 739, 'network_id': 'b02cc8f4-092e-4f18-bead-06d25f865945'} for mappings: {'physnet1$': 'br-data'} with network types: ['local', 'flat', 'vlan'] {{(pid=104094) check_segment_for_agent /opt/stack/neutron/neutron/plugins/ml2/drivers/mech_agent.py:373}}
Jul 20 09:13:15.264187 dv-cinder-843309-5-iscsi neutron-server[104094]: DEBUG neutron.plugins.ml2.drivers.mech_agent [req-c3577534-099e-44a8-8a3b-8c4f23026ba4 req-210fdc81-d460-4cdd-9267-04bfba43a73c service neutron] Bound using segment: {'id': '5daa8a9c-b7fd-44af-8455-ec04403d8f49', 'network_type': 'vlan', 'physical_network': 'physnet1', 'segmentation_id': 739, 'network_id': 'b02cc8f4-092e-4f18-bead-06d25f865945'} {{(pid=104094) bind_port /opt/stack/neutron/neutron/plugins/ml2/drivers/mech_agent.py:120}}
Jul 20 09:13:15.264754 dv-cinder-843309-5-iscsi neutron-server[104094]: DEBUG neutron.plugins.ml2.managers [req-c3577534-099e-44a8-8a3b-8c4f23026ba4 req-210fdc81-d460-4cdd-9267-04bfba43a73c service neutron] Bound port: 82fdf704-5224-44e3-afb6-ab44f9ffc40a, host: hv-cinder-84330, vif_type: hyperv, vif_details: {"connectivity": "legacy", "port_filter": false}, binding_levels: [{'bound_driver': 'hyperv', 'bound_segment': {'id': '5daa8a9c-b7fd-44af-8455-ec04403d8f49', 'network_type': 'vlan', 'physical_network': 'physnet1', 'segmentation_id': 739, 'network_id': 'b02cc8f4-092e-4f18-bead-06d25f865945'}}] {{(pid=104094) _bind_port_level /opt/stack/neutron/neutron/plugins/ml2/managers.py:947}}
Jul 20 09:13:15.265220 dv-cinder-843309-5-iscsi neutron-server[104094]: DEBUG neutron_lib.callbacks.manager [req-c3577534-099e-44a8-8a3b-8c4f23026ba4 req-210fdc81-d460-4cdd-9267-04bfba43a73c service neutron] Publish callbacks ['neutron.plugins.ml2.plugin.SecurityGroupDbMixin._ensure_default_security_group_handler-979529'] for port (82fdf704-5224-44e3-afb6-ab44f9ffc40a), before_update {{(pid=104094) _notify_loop /usr/local/lib/python3.8/dist-packages/neutron_lib/callbacks/manager.py:176}}
Jul 20 09:13:15.271059 dv-cinder-843309-5-iscsi neutron-server[104094]: INFO neutron.wsgi [req-7cfbae18-65fc-4e25-8351-133a36ff7b5c req-23cc4793-bfb8-4fc1-a04a-1f2b467e6839 tempest-AttachVolumeShelveTestJSON-695162342 tempest-AttachVolumeShelveTestJSON-695162342-project] 10.222.0.74 "POST /v2.0/ports HTTP/1.1" status: 201 len: 934 time: 3.1987174
Jul 20 09:13:15.300937 dv-cinder-843309-5-iscsi neutron-server[104094]: DEBUG neutron.api.v2.base [req-7cfbae18-65fc-4e25-8351-133a36ff7b5c req-bc992653-7510-4d3e-8238-c3d8444901ba service neutron] Request body: {'port': {'device_id': '7ce2565b-0061-4f06-950a-4941d97bdc2c', 'device_owner': 'compute:nova', 'binding:host_id': 'hv-cinder-84330'}} {{(pid=104094) prepare_request_body /opt/stack/neutron/neutron/api/v2/base.py:730}}
Jul 20 09:13:15.308657 dv-cinder-843309-5-iscsi neutron-server[104093]: DEBUG neutron_lib.callbacks.manager [None req-bf0c74d8-8abe-43fa-8674-8a5892683a04 admin admin] Publish callbacks ['neutron.plugins.ml2.db._prevent_segment_delete_with_port_bound-8743286958403', 'neutron.services.segments.plugin.Plugin._prevent_segment_delete_with_subnet_associated-14602781'] for segment (239d6c9f-8c02-4eb7-a999-a7f0d0c47a21), before_delete {{(pid=104093) _notify_loop /usr/local/lib/python3.8/dist-packages/neutron_lib/callbacks/manager.py:176}}
Jul 20 09:13:15.333822 dv-cinder-843309-5-iscsi neutron-server[104094]: DEBUG neutron_lib.callbacks.manager [req-31d0697c-ff1d-44e1-9a80-af0ba690748e req-97c54d3e-4202-4036-b9e3-459e35801bcf service neutron] Publish callbacks ['neutron.plugins.ml2.plugin.SecurityGroupServerNotifierRpcMixin._notify_sg_on_port_change-979852', 'neutron.plugins.ml2.ovo_rpc._ObjectChangeHandler.handle_event-476454', 'neutron.api.rpc.agentnotifiers.dhcp_rpc_agent_api.DhcpAgentNotifyAPI._native_event_send_dhcp_notification-16716769', 'neutron.db.l3_db.L3RpcNotifierMixin._notify_gateway_port_ip_changed-8743286869508', 'neutron.db.l3_dvrscheduler_db._notify_l3_agent_port_update-8743286487565', 'neutron.db.l3_hascheduler_db._notify_l3_agent_ha_port_update-8743286487583', 'neutron.services.segments.plugin.NovaSegmentNotifier._notify_port_updated-13933612'] for port (81e28f7f-49b2-4bf3-a0f2-30ff46f71e2c), after_update {{(pid=104094) _notify_loop /usr/local/lib/python3.8/dist-packages/neutron_lib/callbacks/manager.py:176}}
Jul 20 09:13:15.336340 dv-cinder-843309-5-iscsi neutron-server[104095]: DEBUG neutron.plugins.ml2.plugin [None req-a91b1dde-4974-4424-bf09-176ed759688c None None] Port d9ee2ff0-984d-4cbb-ac06-54bfe850f031 cannot update to ACTIVE because it is not bound. {{(pid=104095) _port_provisioned /opt/stack/neutron/neutron/plugins/ml2/plugin.py:348}}
Jul 20 09:13:15.409332 dv-cinder-843309-5-iscsi neutron-server[104094]: DEBUG neutron.db.db_base_plugin_common [req-7fa0c8cb-cadc-468d-9d77-159f0016e42c req-b6cad8b5-10f4-4a60-a223-93180807c78a tempest-AttachVolumeNegativeTest-866873044 tempest-AttachVolumeNegativeTest-866873044-project] Allocated IP 172.20.0.3 (82594896-6626-4a61-89e5-7b2f2a36363e/5c40662d-f82b-4707-adb2-c2d85636d5bd/1c2570cd-92fc-4346-a17c-e398ca95634d) {{(pid=104094) _store_ip_allocation /opt/stack/neutron/neutron/db/db_base_plugin_common.py:131}}
Jul 20 09:13:15.411832 dv-cinder-843309-5-iscsi neutron-server[104094]: DEBUG dbcounter [-] [104094] Writing DB stats neutron:SELECT=96,neutron:INSERT=3,neutron:UPDATE=1 {{(pid=104094) stat_writer /usr/local/lib/python3.8/dist-packages/dbcounter.py:114}}
Jul 20 09:13:15.460863 dv-cinder-843309-5-iscsi neutron-server[104094]: DEBUG neutron.pecan_wsgi.hooks.policy_enforcement [req-31d0697c-ff1d-44e1-9a80-af0ba690748e req-97c54d3e-4202-4036-b9e3-459e35801bcf service neutron] Attributes excluded by policy engine: ['standard_attr_id'] {{(pid=104094) _exclude_attributes_by_policy /opt/stack/neutron/neutron/pecan_wsgi/hooks/policy_enforcement.py:259}}
Jul 20 09:13:15.462538 dv-cinder-843309-5-iscsi neutron-server[104094]: DEBUG neutron_lib.callbacks.manager [req-31d0697c-ff1d-44e1-9a80-af0ba690748e req-97c54d3e-4202-4036-b9e3-459e35801bcf service neutron] Publish callbacks ['neutron.notifiers.nova.Notifier._send_nova_notification-347450', 'neutron.api.rpc.agentnotifiers.dhcp_rpc_agent_api.DhcpAgentNotifyAPI._send_dhcp_notification-16716787'] for port (None), before_response {{(pid=104094) _notify_loop /usr/local/lib/python3.8/dist-packages/neutron_lib/callbacks/manager.py:176}}
Jul 20 09:13:15.463162 dv-cinder-843309-5-iscsi neutron-server[104093]: DEBUG neutron.pecan_wsgi.hooks.policy_enforcement [req-4e21526b-2e9f-4937-873f-9a72b7792532 req-a098ecb8-2e87-4713-82ca-b09c4b50eadf service neutron] Attributes excluded by policy engine: ['standard_attr_id'] {{(pid=104093) _exclude_attributes_by_policy /opt/stack/neutron/neutron/pecan_wsgi/hooks/policy_enforcement.py:259}}
Jul 20 09:13:15.464276 dv-cinder-843309-5-iscsi neutron-server[104094]: INFO neutron.wsgi [req-31d0697c-ff1d-44e1-9a80-af0ba690748e req-97c54d3e-4202-4036-b9e3-459e35801bcf service neutron] 10.222.0.74 "PUT /v2.0/ports/81e28f7f-49b2-4bf3-a0f2-30ff46f71e2c HTTP/1.1" status: 200 len: 1094 time: 7.8537500
Jul 20 09:13:15.465265 dv-cinder-843309-5-iscsi neutron-server[104093]: INFO neutron.wsgi [req-4e21526b-2e9f-4937-873f-9a72b7792532 req-a098ecb8-2e87-4713-82ca-b09c4b50eadf service neutron] 10.222.0.74 "GET /v2.0/ports?network_id=b56ab455-e1e9-413d-bca3-4d8a7c9b346e&device_owner=network%3Adhcp HTTP/1.1" status: 200 len: 1212 time: 0.1782932
Jul 20 09:13:15.465382 dv-cinder-843309-5-iscsi neutron-server[104094]: DEBUG neutron.notifiers.nova [-] Sending events: [{'name': 'network-changed', 'server_uuid': '4b882a32-6794-4188-824a-7d2e1c061e67', 'tag': '81e28f7f-49b2-4bf3-a0f2-30ff46f71e2c'}] {{(pid=104094) send_events /opt/stack/neutron/neutron/notifiers/nova.py:271}}
Jul 20 09:13:15.578269 dv-cinder-843309-5-iscsi neutron-server[104094]: DEBUG dbcounter [-] [104094] Writing DB stats neutron:SELECT=89,neutron:INSERT=4,neutron:DELETE=2,neutron:UPDATE=5 {{(pid=104094) stat_writer /usr/local/lib/python3.8/dist-packages/dbcounter.py:114}}
Jul 20 09:13:15.582150 dv-cinder-843309-5-iscsi neutron-server[104093]: DEBUG neutron.pecan_wsgi.hooks.policy_enforcement [req-b42395cb-0b62-4c2b-a6f7-d9e28d44dd0f req-fc155dfc-e962-47a9-8a2d-df653c76467f tempest-AttachVolumeShelveTestJSON-695162342 tempest-AttachVolumeShelveTestJSON-695162342-project] Attributes excluded by policy engine: ['standard_attr_id', 'binding:profile', 'binding:host_id', 'binding:vif_type', 'binding:vif_details'] {{(pid=104093) _exclude_attributes_by_policy /opt/stack/neutron/neutron/pecan_wsgi/hooks/policy_enforcement.py:259}}
Jul 20 09:13:15.606250 dv-cinder-843309-5-iscsi neutron-server[104093]: INFO neutron.wsgi [req-b42395cb-0b62-4c2b-a6f7-d9e28d44dd0f req-fc155dfc-e962-47a9-8a2d-df653c76467f tempest-AttachVolumeShelveTestJSON-695162342 tempest-AttachVolumeShelveTestJSON-695162342-project] 10.222.0.44 "GET /v2.0/ports?device_id=7ce2565b-0061-4f06-950a-4941d97bdc2c HTTP/1.1" status: 200 len: 932 time: 0.4255552
Jul 20 09:13:15.669837 dv-cinder-843309-5-iscsi neutron-server[104093]: DEBUG neutron_lib.callbacks.manager [None req-bf0c74d8-8abe-43fa-8674-8a5892683a04 admin admin] Publish callbacks ['neutron.plugins.ml2.plugin.Ml2Plugin._handle_segment_change-984727'] for segment (239d6c9f-8c02-4eb7-a999-a7f0d0c47a21), precommit_delete {{(pid=104093) _notify_loop /usr/local/lib/python3.8/dist-packages/neutron_lib/callbacks/manager.py:176}}
Jul 20 09:13:15.739655 dv-cinder-843309-5-iscsi neutron-server[104094]: DEBUG neutron.plugins.ml2.db [req-c3577534-099e-44a8-8a3b-8c4f23026ba4 req-210fdc81-d460-4cdd-9267-04bfba43a73c service neutron] For port 82fdf704-5224-44e3-afb6-ab44f9ffc40a, host hv-cinder-84330, cleared binding levels {{(pid=104094) clear_binding_levels /opt/stack/neutron/neutron/plugins/ml2/db.py:87}}
Jul 20 09:13:15.743856 dv-cinder-843309-5-iscsi neutron-server[104094]: DEBUG neutron.plugins.ml2.db [req-c3577534-099e-44a8-8a3b-8c4f23026ba4 req-210fdc81-d460-4cdd-9267-04bfba43a73c service neutron] For port 82fdf704-5224-44e3-afb6-ab44f9ffc40a, host hv-cinder-84330, set binding levels [PortBindingLevel(driver='hyperv',host='hv-cinder-84330',level=0,port_id=82fdf704-5224-44e3-afb6-ab44f9ffc40a,segment=NetworkSegment(5daa8a9c-b7fd-44af-8455-ec04403d8f49),segment_id=5daa8a9c-b7fd-44af-8455-ec04403d8f49)] {{(pid=104094) set_binding_levels /opt/stack/neutron/neutron/plugins/ml2/db.py:59}}
Jul 20 09:13:15.752355 dv-cinder-843309-5-iscsi neutron-server[104094]: DEBUG neutron.api.rpc.handlers.resources_rpc [None req-97c54d3e-4202-4036-b9e3-459e35801bcf service neutron] Pushing event updated for resources: {'Port': ['ID=81e28f7f-49b2-4bf3-a0f2-30ff46f71e2c,revision_number=3']} {{(pid=104094) push /opt/stack/neutron/neutron/api/rpc/handlers/resources_rpc.py:237}}
Jul 20 09:13:15.771685 dv-cinder-843309-5-iscsi neutron-server[104093]: INFO neutron.wsgi [req-481fc1df-cef4-47fd-add7-e0ef8a8456e6 req-9a70c12c-1c3b-425c-a3ed-7e84b9c7ef49 tempest-DeleteServersTestJSON-1099932757 tempest-DeleteServersTestJSON-1099932757-project] 10.222.0.44 "GET /v2.0/security-groups?id=b6adb265-c4bf-409b-bf8d-6fe5fa621c97&fields=id&fields=name HTTP/1.1" status: 200 len: 286 time: 0.9147949
Jul 20 09:13:15.773112 dv-cinder-843309-5-iscsi neutron-server[104093]: DEBUG neutron.plugins.ml2.drivers.type_vlan [None req-bf0c74d8-8abe-43fa-8674-8a5892683a04 admin admin] Releasing vlan 736 on physical network physnet1 to pool {{(pid=104093) release_segment /opt/stack/neutron/neutron/plugins/ml2/drivers/type_vlan.py:304}}
Jul 20 09:13:15.773516 dv-cinder-843309-5-iscsi neutron-server[104093]: DEBUG neutron_lib.callbacks.manager [None req-bf0c74d8-8abe-43fa-8674-8a5892683a04 admin admin] Publish callbacks ['neutron.plugins.ml2.plugin.Ml2Plugin._handle_segment_change-984727', 'neutron.services.segments.plugin.NovaSegmentNotifier._notify_segment_deleted-13541978'] for segment (239d6c9f-8c02-4eb7-a999-a7f0d0c47a21), after_delete {{(pid=104093) _notify_loop /usr/local/lib/python3.8/dist-packages/neutron_lib/callbacks/manager.py:176}}
Jul 20 09:13:16.047407 dv-cinder-843309-5-iscsi neutron-server[104094]: DEBUG neutron_lib.callbacks.manager [req-c3577534-099e-44a8-8a3b-8c4f23026ba4 req-210fdc81-d460-4cdd-9267-04bfba43a73c service neutron] Publish callbacks ['neutron.plugins.ml2.plugin.SecurityGroupServerNotifierRpcMixin._notify_sg_on_port_change-979852', 'neutron.plugins.ml2.ovo_rpc._ObjectChangeHandler.handle_event-476454', 'neutron.api.rpc.agentnotifiers.dhcp_rpc_agent_api.DhcpAgentNotifyAPI._native_event_send_dhcp_notification-16716769', 'neutron.db.l3_db.L3RpcNotifierMixin._notify_gateway_port_ip_changed-8743286869508', 'neutron.db.l3_dvrscheduler_db._notify_l3_agent_port_update-8743286487565', 'neutron.db.l3_hascheduler_db._notify_l3_agent_ha_port_update-8743286487583', 'neutron.services.segments.plugin.NovaSegmentNotifier._notify_port_updated-13933612'] for port (82fdf704-5224-44e3-afb6-ab44f9ffc40a), after_update {{(pid=104094) _notify_loop /usr/local/lib/python3.8/dist-packages/neutron_lib/callbacks/manager.py:176}}
Jul 20 09:13:16.172898 dv-cinder-843309-5-iscsi neutron-server[104094]: DEBUG novaclient.v2.client [-] REQ: curl -g -i --cacert "/opt/stack/data/ca-bundle.pem" -X POST http://10.222.0.44/compute/v2.1/os-server-external-events -H "Accept: application/json" -H "Content-Type: application/json" -H "User-Agent: python-novaclient" -H "X-Auth-Token: {SHA256}f502a5b86229d561ee78a3800e1a54efb250f2da9f7591616f6e1b42ac046f1e" -H "X-OpenStack-Nova-API-Version: 2.1" -H "X-OpenStack-Request-ID: req-bfbefe82-cae8-47a2-ac2c-15075b250b28" -d '{"events": [{"name": "network-changed", "server_uuid": "4b882a32-6794-4188-824a-7d2e1c061e67", "tag": "81e28f7f-49b2-4bf3-a0f2-30ff46f71e2c"}]}' {{(pid=104094) _http_log_request /usr/local/lib/python3.8/dist-packages/keystoneauth1/session.py:519}}
Jul 20 09:13:16.178524 dv-cinder-843309-5-iscsi neutron-server[104094]: DEBUG neutron.pecan_wsgi.hooks.policy_enforcement [req-31d0697c-ff1d-44e1-9a80-af0ba690748e req-4cf88b7d-f6cc-413f-8378-b100eaa02880 service neutron] Attributes excluded by policy engine: ['standard_attr_id'] {{(pid=104094) _exclude_attributes_by_policy /opt/stack/neutron/neutron/pecan_wsgi/hooks/policy_enforcement.py:259}}
Jul 20 09:13:16.181485 dv-cinder-843309-5-iscsi neutron-server[104094]: INFO neutron.wsgi [req-31d0697c-ff1d-44e1-9a80-af0ba690748e req-4cf88b7d-f6cc-413f-8378-b100eaa02880 service neutron] 10.222.0.74 "GET /v2.0/ports?tenant_id=19ee1fe6a5044166ba49d2a44e353f52&device_id=4b882a32-6794-4188-824a-7d2e1c061e67 HTTP/1.1" status: 200 len: 1128 time: 0.6100435
Jul 20 09:13:16.182194 dv-cinder-843309-5-iscsi neutron-server[104094]: DEBUG neutron_lib.callbacks.manager [req-7cfbae18-65fc-4e25-8351-133a36ff7b5c req-bc992653-7510-4d3e-8238-c3d8444901ba service neutron] Publish callbacks ['neutron.plugins.ml2.plugin.SecurityGroupDbMixin._ensure_default_security_group_handler-979529'] for port (d9ee2ff0-984d-4cbb-ac06-54bfe850f031), before_update {{(pid=104094) _notify_loop /usr/local/lib/python3.8/dist-packages/neutron_lib/callbacks/manager.py:176}}
Jul 20 09:13:16.188636 dv-cinder-843309-5-iscsi neutron-server[104094]: DEBUG neutron.pecan_wsgi.hooks.policy_enforcement [req-c3577534-099e-44a8-8a3b-8c4f23026ba4 req-210fdc81-d460-4cdd-9267-04bfba43a73c service neutron] Attributes excluded by policy engine: ['standard_attr_id'] {{(pid=104094) _exclude_attributes_by_policy /opt/stack/neutron/neutron/pecan_wsgi/hooks/policy_enforcement.py:259}}
Jul 20 09:13:16.190649 dv-cinder-843309-5-iscsi neutron-server[104094]: DEBUG neutron_lib.callbacks.manager [req-c3577534-099e-44a8-8a3b-8c4f23026ba4 req-210fdc81-d460-4cdd-9267-04bfba43a73c service neutron] Publish callbacks ['neutron.notifiers.nova.Notifier._send_nova_notification-347450', 'neutron.api.rpc.agentnotifiers.dhcp_rpc_agent_api.DhcpAgentNotifyAPI._send_dhcp_notification-16716787'] for port (None), before_response {{(pid=104094) _notify_loop /usr/local/lib/python3.8/dist-packages/neutron_lib/callbacks/manager.py:176}}
Jul 20 09:13:16.195438 dv-cinder-843309-5-iscsi neutron-server[104094]: INFO neutron.wsgi [req-c3577534-099e-44a8-8a3b-8c4f23026ba4 req-210fdc81-d460-4cdd-9267-04bfba43a73c service neutron] 10.222.0.74 "PUT /v2.0/ports/82fdf704-5224-44e3-afb6-ab44f9ffc40a HTTP/1.1" status: 200 len: 1094 time: 8.5860162
Jul 20 09:13:16.201537 dv-cinder-843309-5-iscsi neutron-server[104093]: DEBUG dbcounter [-] [104093] Writing DB stats neutron:SELECT=90,neutron:INSERT=3,neutron:DELETE=5,neutron:UPDATE=2 {{(pid=104093) stat_writer /usr/local/lib/python3.8/dist-packages/dbcounter.py:114}}
Jul 20 09:13:16.216462 dv-cinder-843309-5-iscsi neutron-server[104093]: INFO neutron.wsgi [req-4e21526b-2e9f-4937-873f-9a72b7792532 req-0cff3140-7ac1-4999-ad57-87c241c99f47 service neutron] 10.222.0.74 "GET /v2.0/networks/b56ab455-e1e9-413d-bca3-4d8a7c9b346e?fields=segments HTTP/1.1" status: 200 len: 212 time: 0.6882706
Jul 20 09:13:16.219710 dv-cinder-843309-5-iscsi neutron-server[104093]: DEBUG neutron_lib.callbacks.manager [None req-bf0c74d8-8abe-43fa-8674-8a5892683a04 admin admin] Publish callbacks ['neutron.plugins.ml2.plugin.Ml2Plugin._network_delete_after_delete_handler-905276', 'neutron.plugins.ml2.ovo_rpc._ObjectChangeHandler.handle_event-16713704', 'neutron.api.rpc.agentnotifiers.dhcp_rpc_agent_api.DhcpAgentNotifyAPI._native_event_send_dhcp_notification-16716769', 'neutron.services.l3_router.l3_router_plugin.DVRResourceOperationHandler.delete_fip_namespaces_for_ext_net-16381516'] for network (c18b3b2c-2c8e-42b9-ad0a-fc06594e4dfe), after_delete {{(pid=104093) _notify_loop /usr/local/lib/python3.8/dist-packages/neutron_lib/callbacks/manager.py:176}}
Jul 20 09:13:16.238280 dv-cinder-843309-5-iscsi neutron-server[104093]: DEBUG neutron_lib.callbacks.manager [None req-bf0c74d8-8abe-43fa-8674-8a5892683a04 admin admin] Publish callbacks ['neutron.api.rpc.agentnotifiers.dhcp_rpc_agent_api.DhcpAgentNotifyAPI._send_dhcp_notification-16716787'] for network (None), before_response {{(pid=104093) _notify_loop /usr/local/lib/python3.8/dist-packages/neutron_lib/callbacks/manager.py:176}}
Jul 20 09:13:16.251423 dv-cinder-843309-5-iscsi neutron-server[104093]: INFO neutron.wsgi [None req-bf0c74d8-8abe-43fa-8674-8a5892683a04 admin admin] 10.222.0.44 "DELETE /v2.0/networks/c18b3b2c-2c8e-42b9-ad0a-fc06594e4dfe HTTP/1.1" status: 204 len: 168 time: 3.7881207
Jul 20 09:13:16.254364 dv-cinder-843309-5-iscsi neutron-server[104093]: DEBUG novaclient.v2.client [-] RESP: [200] Connection: close Content-Length: 179 Content-Type: application/json Date: Wed, 20 Jul 2022 09:13:14 GMT OpenStack-API-Version: compute 2.1 Server: Apache/2.4.41 (Ubuntu) Vary: OpenStack-API-Version,X-OpenStack-Nova-API-Version X-OpenStack-Nova-API-Version: 2.1 x-compute-request-id: req-fab88199-016b-4d0a-baba-d30d3988eeef x-openstack-request-id: req-fab88199-016b-4d0a-baba-d30d3988eeef {{(pid=104093) _http_log_response /usr/local/lib/python3.8/dist-packages/keystoneauth1/session.py:550}}
Jul 20 09:13:16.257445 dv-cinder-843309-5-iscsi neutron-server[104093]: DEBUG novaclient.v2.client [-] RESP BODY: {"events": [{"name": "network-changed", "server_uuid": "9e44b07d-866d-4c46-b8d0-1330d3387ebe", "tag": "ae0466e4-d8c3-4cec-9a2b-af74121afd36", "status": "completed", "code": 200}]} {{(pid=104093) _http_log_response /usr/local/lib/python3.8/dist-packages/keystoneauth1/session.py:582}}
Jul 20 09:13:16.258532 dv-cinder-843309-5-iscsi neutron-server[104093]: DEBUG novaclient.v2.client [-] POST call to compute for http://10.222.0.44/compute/v2.1/os-server-external-events used request id req-fab88199-016b-4d0a-baba-d30d3988eeef {{(pid=104093) request /usr/local/lib/python3.8/dist-packages/keystoneauth1/session.py:954}}
Jul 20 09:13:16.260584 dv-cinder-843309-5-iscsi neutron-server[104093]: INFO neutron.notifiers.nova [-] Nova event matching ['req-fab88199-016b-4d0a-baba-d30d3988eeef'] response: {'name': 'network-changed', 'server_uuid': '9e44b07d-866d-4c46-b8d0-1330d3387ebe', 'tag': 'ae0466e4-d8c3-4cec-9a2b-af74121afd36', 'status': 'completed', 'code': 200}
Jul 20 09:13:16.507621 dv-cinder-843309-5-iscsi neutron-server[104093]: INFO neutron.wsgi [req-b42395cb-0b62-4c2b-a6f7-d9e28d44dd0f req-fa9a5464-dca0-45e1-b8f8-c2d04f7ec0a8 tempest-AttachVolumeShelveTestJSON-695162342 tempest-AttachVolumeShelveTestJSON-695162342-project] 10.222.0.44 "GET /v2.0/security-groups?id=aaac485e-ce4c-40bc-9a65-0f48eb3f1a85&fields=id&fields=name HTTP/1.1" status: 200 len: 312 time: 0.8987589
Jul 20 09:13:16.517094 dv-cinder-843309-5-iscsi neutron-server[104093]: INFO neutron.services.segments.plugin [-] Segment 239d6c9f-8c02-4eb7-a999-a7f0d0c47a21 resource provider aggregate not found
Jul 20 09:13:16.628432 dv-cinder-843309-5-iscsi neutron-server[104093]: DEBUG neutron.api.rpc.handlers.resources_rpc [None req-bf0c74d8-8abe-43fa-8674-8a5892683a04 admin admin] Pushing event deleted for resources: {'Network': ['ID=c18b3b2c-2c8e-42b9-ad0a-fc06594e4dfe,revision_number=None']} {{(pid=104093) push /opt/stack/neutron/neutron/api/rpc/handlers/resources_rpc.py:237}}
Jul 20 09:13:16.658023 dv-cinder-843309-5-iscsi neutron-server[104093]: INFO neutron.wsgi [req-239c79a9-835a-4917-a2f7-76f663deff0d req-3c0b789e-8bf4-4b1a-9214-5cdddc961f7e tempest-AttachVolumeNegativeTest-866873044 tempest-AttachVolumeNegativeTest-866873044-project] 10.222.0.44 "GET /v2.0/ports?device_id=ec129daf-9e04-4ed9-bd69-a27ebf04ed38 HTTP/1.1" status: 200 len: 210 time: 0.2201269
Jul 20 09:13:16.672464 dv-cinder-843309-5-iscsi neutron-server[104093]: DEBUG neutron.wsgi [-] (104093) accepted ('10.222.0.44', 33164) {{(pid=104093) server /usr/local/lib/python3.8/dist-packages/eventlet/wsgi.py:1004}}
Jul 20 09:13:16.859322 dv-cinder-843309-5-iscsi neutron-server[104093]: INFO neutron.wsgi [req-4e21526b-2e9f-4937-873f-9a72b7792532 req-d515a4c1-9bb3-47b7-b826-e4bf328a5832 service neutron] 10.222.0.74 "GET /v2.0/networks/b56ab455-e1e9-413d-bca3-4d8a7c9b346e?fields=provider%3Aphysical_network&fields=provider%3Anetwork_type HTTP/1.1" status: 200 len: 281 time: 0.5818231
Jul 20 09:13:16.869055 dv-cinder-843309-5-iscsi neutron-server[104093]: INFO neutron.services.segments.plugin [-] Segment 239d6c9f-8c02-4eb7-a999-a7f0d0c47a21 resource provider not found; error: Placement Client Error (4xx): {"errors": [{"status": 404, "title": "Not Found", "detail": "The resource could not be found.\n\n No resource provider with uuid 239d6c9f-8c02-4eb7-a999-a7f0d0c47a21 found for delete ", "request_id": "req-23b573cf-44b7-47a5-a70b-4c324418de7c"}]}
Jul 20 09:13:16.924801 dv-cinder-843309-5-iscsi neutron-server[104093]: DEBUG neutron.pecan_wsgi.hooks.policy_enforcement [req-e9f46892-73e7-4106-9c63-e92d2840ddea req-9f67d779-a88e-4fb0-bc3f-354bf860d738 tempest-ServerRescueNegativeTestJSON-1359679382 tempest-ServerRescueNegativeTestJSON-1359679382-project] Attributes excluded by policy engine: ['standard_attr_id', 'binding:profile', 'binding:host_id', 'binding:vif_type', 'binding:vif_details'] {{(pid=104093) _exclude_attributes_by_policy /opt/stack/neutron/neutron/pecan_wsgi/hooks/policy_enforcement.py:259}}
Jul 20 09:13:16.926759 dv-cinder-843309-5-iscsi neutron-server[104093]: INFO neutron.wsgi [req-e9f46892-73e7-4106-9c63-e92d2840ddea req-9f67d779-a88e-4fb0-bc3f-354bf860d738 tempest-ServerRescueNegativeTestJSON-1359679382 tempest-ServerRescueNegativeTestJSON-1359679382-project] 10.222.0.44 "GET /v2.0/ports?device_id=9e44b07d-866d-4c46-b8d0-1330d3387ebe HTTP/1.1" status: 200 len: 943 time: 0.2428064
Jul 20 09:13:16.960825 dv-cinder-843309-5-iscsi neutron-server[104093]: INFO neutron.wsgi [None req-d26f05c6-eccd-4a9f-8850-4fe6d93963de admin admin] 10.222.0.44 "GET /v2.0/security-groups?tenant_id=90c3385d787e48f1b24a9413a458ff57&name=default HTTP/1.1" status: 200 len: 2996 time: 0.2785211
Jul 20 09:13:16.970860 dv-cinder-843309-5-iscsi neutron-server[104093]: DEBUG neutron.wsgi [-] (104093) accepted ('10.222.0.44', 33182) {{(pid=104093) server /usr/local/lib/python3.8/dist-packages/eventlet/wsgi.py:1004}}
Jul 20 09:13:17.078000 dv-cinder-843309-5-iscsi neutron-server[104093]: DEBUG neutron_lib.callbacks.manager [None req-83190ad9-943e-40ad-be03-6220a0ad8c6f admin admin] Publish callbacks [] for security_group (813e5b6e-203e-48e0-8697-78508fc59e03), precommit_create {{(pid=104093) _notify_loop /usr/local/lib/python3.8/dist-packages/neutron_lib/callbacks/manager.py:176}}
Jul 20 09:13:17.082708 dv-cinder-843309-5-iscsi neutron-server[104093]: INFO neutron.wsgi [req-e9f46892-73e7-4106-9c63-e92d2840ddea req-f3438c20-b86d-4d21-98a9-fcf5ee079e49 tempest-ServerRescueNegativeTestJSON-1359679382 tempest-ServerRescueNegativeTestJSON-1359679382-project] 10.222.0.44 "GET /v2.0/security-groups?id=334d807a-f7ca-4ff6-8abb-b73d645d91d9&fields=id&fields=name HTTP/1.1" status: 200 len: 286 time: 0.1254861
Jul 20 09:13:17.091255 dv-cinder-843309-5-iscsi neutron-server[104093]: DEBUG neutron_lib.callbacks.manager [None req-83190ad9-943e-40ad-be03-6220a0ad8c6f admin admin] Publish callbacks ['neutron.plugins.ml2.ovo_rpc._ObjectChangeHandler.handle_event-16713561'] for security_group (813e5b6e-203e-48e0-8697-78508fc59e03), after_create {{(pid=104093) _notify_loop /usr/local/lib/python3.8/dist-packages/neutron_lib/callbacks/manager.py:176}}
Jul 20 09:13:17.131586 dv-cinder-843309-5-iscsi neutron-server[104093]: DEBUG neutron_lib.callbacks.manager [None req-0ef60ee4-93a0-4f45-ba81-73ac4016804f admin admin] Publish callbacks [] for security_group (051c38db-7025-4666-bd15-0a9d9b9a68e4), before_delete {{(pid=104093) _notify_loop /usr/local/lib/python3.8/dist-packages/neutron_lib/callbacks/manager.py:176}}
Jul 20 09:13:17.137509 dv-cinder-843309-5-iscsi neutron-server[104094]: DEBUG novaclient.v2.client [-] RESP: [200] Connection: close Content-Length: 179 Content-Type: application/json Date: Wed, 20 Jul 2022 09:13:16 GMT OpenStack-API-Version: compute 2.1 Server: Apache/2.4.41 (Ubuntu) Vary: OpenStack-API-Version,X-OpenStack-Nova-API-Version X-OpenStack-Nova-API-Version: 2.1 x-compute-request-id: req-e85fe6b7-ff35-4679-97d6-a89a69858426 x-openstack-request-id: req-e85fe6b7-ff35-4679-97d6-a89a69858426 {{(pid=104094) _http_log_response /usr/local/lib/python3.8/dist-packages/keystoneauth1/session.py:550}}
Jul 20 09:13:17.138130 dv-cinder-843309-5-iscsi neutron-server[104094]: DEBUG novaclient.v2.client [-] RESP BODY: {"events": [{"name": "network-changed", "server_uuid": "4b882a32-6794-4188-824a-7d2e1c061e67", "tag": "81e28f7f-49b2-4bf3-a0f2-30ff46f71e2c", "status": "completed", "code": 200}]} {{(pid=104094) _http_log_response /usr/local/lib/python3.8/dist-packages/keystoneauth1/session.py:582}}
Jul 20 09:13:17.138130 dv-cinder-843309-5-iscsi neutron-server[104094]: DEBUG novaclient.v2.client [-] POST call to compute for http://10.222.0.44/compute/v2.1/os-server-external-events used request id req-e85fe6b7-ff35-4679-97d6-a89a69858426 {{(pid=104094) request /usr/local/lib/python3.8/dist-packages/keystoneauth1/session.py:954}}
Jul 20 09:13:17.139052 dv-cinder-843309-5-iscsi neutron-server[104094]: INFO neutron.notifiers.nova [-] Nova event matching ['req-e85fe6b7-ff35-4679-97d6-a89a69858426'] response: {'name': 'network-changed', 'server_uuid': '4b882a32-6794-4188-824a-7d2e1c061e67', 'tag': '81e28f7f-49b2-4bf3-a0f2-30ff46f71e2c', 'status': 'completed', 'code': 200}
Jul 20 09:13:17.150245 dv-cinder-843309-5-iscsi neutron-server[104094]: INFO neutron.wsgi [req-31d0697c-ff1d-44e1-9a80-af0ba690748e req-e3268f45-96ba-4a5d-b05b-d94d0231708c service neutron] 10.222.0.74 "GET /v2.0/floatingips?fixed_ip_address=172.20.0.13&port_id=81e28f7f-49b2-4bf3-a0f2-30ff46f71e2c HTTP/1.1" status: 200 len: 217 time: 0.9151096
Jul 20 09:13:17.161402 dv-cinder-843309-5-iscsi neutron-server[104094]: DEBUG neutron.api.rpc.handlers.resources_rpc [None req-210fdc81-d460-4cdd-9267-04bfba43a73c service neutron] Pushing event updated for resources: {'Port': ['ID=82fdf704-5224-44e3-afb6-ab44f9ffc40a,revision_number=3']} {{(pid=104094) push /opt/stack/neutron/neutron/api/rpc/handlers/resources_rpc.py:237}}
Jul 20 09:13:17.168153 dv-cinder-843309-5-iscsi neutron-server[104094]: DEBUG neutron_lib.callbacks.manager [req-7fa0c8cb-cadc-468d-9d77-159f0016e42c req-b6cad8b5-10f4-4a60-a223-93180807c78a tempest-AttachVolumeNegativeTest-866873044 tempest-AttachVolumeNegativeTest-866873044-project] Publish callbacks [] for port (1c2570cd-92fc-4346-a17c-e398ca95634d), precommit_create {{(pid=104094) _notify_loop /usr/local/lib/python3.8/dist-packages/neutron_lib/callbacks/manager.py:176}}
Jul 20 09:13:17.183411 dv-cinder-843309-5-iscsi neutron-server[104093]: DEBUG neutron_lib.callbacks.manager [None req-0ef60ee4-93a0-4f45-ba81-73ac4016804f admin admin] Publish callbacks [] for security_group (051c38db-7025-4666-bd15-0a9d9b9a68e4), precommit_delete {{(pid=104093) _notify_loop /usr/local/lib/python3.8/dist-packages/neutron_lib/callbacks/manager.py:176}}
Jul 20 09:13:17.204971 dv-cinder-843309-5-iscsi neutron-server[104094]: DEBUG neutron.pecan_wsgi.hooks.policy_enforcement [req-c3577534-099e-44a8-8a3b-8c4f23026ba4 req-de39643e-1ddc-4629-82bf-69454d74656e service neutron] Attributes excluded by policy engine: ['standard_attr_id'] {{(pid=104094) _exclude_attributes_by_policy /opt/stack/neutron/neutron/pecan_wsgi/hooks/policy_enforcement.py:259}}
Jul 20 09:13:17.206775 dv-cinder-843309-5-iscsi neutron-server[104094]: INFO neutron.wsgi [req-c3577534-099e-44a8-8a3b-8c4f23026ba4 req-de39643e-1ddc-4629-82bf-69454d74656e service neutron] 10.222.0.74 "GET /v2.0/ports?tenant_id=e286919dacfc4db1a83308683c2a23ba&device_id=06b84992-1120-4e6d-be2e-f66d530b5ed4 HTTP/1.1" status: 200 len: 1128 time: 0.8056600
Jul 20 09:13:17.209471 dv-cinder-843309-5-iscsi neutron-server[104093]: DEBUG neutron.api.rpc.handlers.resources_rpc [None req-83190ad9-943e-40ad-be03-6220a0ad8c6f admin admin] Pushing event updated for resources: {'SecurityGroup': ['ID=813e5b6e-203e-48e0-8697-78508fc59e03,revision_number=1']} {{(pid=104093) push /opt/stack/neutron/neutron/api/rpc/handlers/resources_rpc.py:237}}
Jul 20 09:13:17.261173 dv-cinder-843309-5-iscsi neutron-server[104093]: DEBUG dbcounter [-] [104093] Writing DB stats neutron:SELECT=94,neutron:INSERT=5,neutron:DELETE=1 {{(pid=104093) stat_writer /usr/local/lib/python3.8/dist-packages/dbcounter.py:114}}
Jul 20 09:13:17.264420 dv-cinder-843309-5-iscsi neutron-server[104093]: INFO neutron.wsgi [None req-83190ad9-943e-40ad-be03-6220a0ad8c6f admin admin] 10.222.0.44 "GET /v2.0/security-groups?tenant_id=38111352942d40be8a50621adc1cff4f&name=default HTTP/1.1" status: 200 len: 2996 time: 3.4981217
Jul 20 09:13:17.270701 dv-cinder-843309-5-iscsi neutron-server[104093]: DEBUG neutron.wsgi [-] (104093) accepted ('10.222.0.44', 33198) {{(pid=104093) server /usr/local/lib/python3.8/dist-packages/eventlet/wsgi.py:1004}}
Jul 20 09:13:17.289171 dv-cinder-843309-5-iscsi neutron-server[104093]: DEBUG neutron.pecan_wsgi.hooks.policy_enforcement [req-b783435f-19cb-47bf-a509-1332ac102101 req-7f502b7a-7a42-4064-bda9-0e076e5fdd5f tempest-DeleteServersTestJSON-1099932757 tempest-DeleteServersTestJSON-1099932757-project] Attributes excluded by policy engine: ['standard_attr_id', 'binding:profile', 'binding:host_id', 'binding:vif_type', 'binding:vif_details'] {{(pid=104093) _exclude_attributes_by_policy /opt/stack/neutron/neutron/pecan_wsgi/hooks/policy_enforcement.py:259}}
Jul 20 09:13:17.291277 dv-cinder-843309-5-iscsi neutron-server[104093]: INFO neutron.wsgi [req-b783435f-19cb-47bf-a509-1332ac102101 req-7f502b7a-7a42-4064-bda9-0e076e5fdd5f tempest-DeleteServersTestJSON-1099932757 tempest-DeleteServersTestJSON-1099932757-project] 10.222.0.44 "GET /v2.0/ports?device_id=06b84992-1120-4e6d-be2e-f66d530b5ed4 HTTP/1.1" status: 200 len: 944 time: 0.1233380
Jul 20 09:13:17.362634 dv-cinder-843309-5-iscsi neutron-server[104093]: DEBUG neutron_lib.callbacks.manager [None req-0ef60ee4-93a0-4f45-ba81-73ac4016804f admin admin] Publish callbacks ['neutron.plugins.ml2.ovo_rpc._ObjectChangeHandler.handle_event-16713561'] for security_group (051c38db-7025-4666-bd15-0a9d9b9a68e4), after_delete {{(pid=104093) _notify_loop /usr/local/lib/python3.8/dist-packages/neutron_lib/callbacks/manager.py:176}}
Jul 20 09:13:17.365863 dv-cinder-843309-5-iscsi neutron-server[104093]: DEBUG neutron_lib.callbacks.manager [None req-0ef60ee4-93a0-4f45-ba81-73ac4016804f admin admin] Publish callbacks [] for security_group (None), before_response {{(pid=104093) _notify_loop /usr/local/lib/python3.8/dist-packages/neutron_lib/callbacks/manager.py:176}}
Jul 20 09:13:17.370921 dv-cinder-843309-5-iscsi neutron-server[104093]: INFO neutron.wsgi [None req-0ef60ee4-93a0-4f45-ba81-73ac4016804f admin admin] 10.222.0.44 "DELETE /v2.0/security-groups/051c38db-7025-4666-bd15-0a9d9b9a68e4 HTTP/1.1" status: 204 len: 168 time: 0.3898635
Jul 20 09:13:17.393373 dv-cinder-843309-5-iscsi neutron-server[104093]: DEBUG neutron.api.rpc.handlers.resources_rpc [None req-0ef60ee4-93a0-4f45-ba81-73ac4016804f admin admin] Pushing event deleted for resources: {'SecurityGroup': ['ID=051c38db-7025-4666-bd15-0a9d9b9a68e4,revision_number=None']} {{(pid=104093) push /opt/stack/neutron/neutron/api/rpc/handlers/resources_rpc.py:237}}
Jul 20 09:13:17.393705 dv-cinder-843309-5-iscsi neutron-server[104094]: DEBUG neutron_lib.callbacks.manager [req-7fa0c8cb-cadc-468d-9d77-159f0016e42c req-b6cad8b5-10f4-4a60-a223-93180807c78a tempest-AttachVolumeNegativeTest-866873044 tempest-AttachVolumeNegativeTest-866873044-project] Publish callbacks ['neutron.plugins.ml2.plugin.SecurityGroupServerNotifierRpcMixin._notify_sg_on_port_change-979852', 'neutron.plugins.ml2.ovo_rpc._ObjectChangeHandler.handle_event-476454', 'neutron.api.rpc.agentnotifiers.dhcp_rpc_agent_api.DhcpAgentNotifyAPI._native_event_send_dhcp_notification-16716769', 'neutron.db.l3_dvrscheduler_db._notify_l3_agent_new_port-8743286490103', 'neutron.services.segments.plugin.NovaSegmentNotifier._notify_port_created_or_deleted-13933595'] for port (1c2570cd-92fc-4346-a17c-e398ca95634d), after_create {{(pid=104094) _notify_loop /usr/local/lib/python3.8/dist-packages/neutron_lib/callbacks/manager.py:176}}
Jul 20 09:13:17.394867 dv-cinder-843309-5-iscsi neutron-server[104093]: DEBUG dbcounter [-] [104093] Writing DB stats neutron:INSERT=3,neutron:SELECT=94,neutron:DELETE=3 {{(pid=104093) stat_writer /usr/local/lib/python3.8/dist-packages/dbcounter.py:114}}
Jul 20 09:13:17.435504 dv-cinder-843309-5-iscsi neutron-server[104093]: INFO neutron.wsgi [req-b783435f-19cb-47bf-a509-1332ac102101 req-c01621ad-44e9-4602-903c-27a943ca6f21 tempest-DeleteServersTestJSON-1099932757 tempest-DeleteServersTestJSON-1099932757-project] 10.222.0.44 "GET /v2.0/security-groups?id=b6adb265-c4bf-409b-bf8d-6fe5fa621c97&fields=id&fields=name HTTP/1.1" status: 200 len: 286 time: 0.1308963
Jul 20 09:13:17.449961 dv-cinder-843309-5-iscsi neutron-server[104094]: DEBUG dbcounter [-] [104094] Writing DB stats neutron:SELECT=92,neutron:INSERT=4,neutron:UPDATE=4 {{(pid=104094) stat_writer /usr/local/lib/python3.8/dist-packages/dbcounter.py:114}}
Jul 20 09:13:17.451475 dv-cinder-843309-5-iscsi neutron-server[104093]: DEBUG neutron_lib.callbacks.manager [None req-8258e094-f684-440e-be8e-fae8d95ef849 admin admin] Publish callbacks [] for security_group (813e5b6e-203e-48e0-8697-78508fc59e03), before_delete {{(pid=104093) _notify_loop /usr/local/lib/python3.8/dist-packages/neutron_lib/callbacks/manager.py:176}}
Jul 20 09:13:17.490205 dv-cinder-843309-5-iscsi neutron-server[104093]: DEBUG neutron_lib.callbacks.manager [None req-8258e094-f684-440e-be8e-fae8d95ef849 admin admin] Publish callbacks [] for security_group (813e5b6e-203e-48e0-8697-78508fc59e03), precommit_delete {{(pid=104093) _notify_loop /usr/local/lib/python3.8/dist-packages/neutron_lib/callbacks/manager.py:176}}
Jul 20 09:13:17.502201 dv-cinder-843309-5-iscsi neutron-server[104094]: DEBUG neutron.api.rpc.handlers.resources_rpc [None req-b6cad8b5-10f4-4a60-a223-93180807c78a tempest-AttachVolumeNegativeTest-866873044 tempest-AttachVolumeNegativeTest-866873044-project] Pushing event updated for resources: {'Port': ['ID=1c2570cd-92fc-4346-a17c-e398ca95634d,revision_number=1']} {{(pid=104094) push /opt/stack/neutron/neutron/api/rpc/handlers/resources_rpc.py:237}}
Jul 20 09:13:17.520134 dv-cinder-843309-5-iscsi neutron-server[104094]: DEBUG neutron.scheduler.dhcp_agent_scheduler [req-7fa0c8cb-cadc-468d-9d77-159f0016e42c req-b6cad8b5-10f4-4a60-a223-93180807c78a tempest-AttachVolumeNegativeTest-866873044 tempest-AttachVolumeNegativeTest-866873044-project] Network 82594896-6626-4a61-89e5-7b2f2a36363e is already hosted by enough agents. {{(pid=104094) _get_dhcp_agents_hosting_network /opt/stack/neutron/neutron/scheduler/dhcp_agent_scheduler.py:275}}
