Aug 02 09:58:29.872337 dv-cinder-843277-8-smb devstack@c-api.service[117703]: DEBUG dbcounter [-] [117703] Writing DB stats cinder:SELECT=77,cinder:INSERT=11,cinder:UPDATE=12 {{(pid=117703) stat_writer /usr/local/lib/python3.8/dist-packages/dbcounter.py:114}}
Aug 02 09:58:29.892789 dv-cinder-843277-8-smb devstack@c-api.service[117704]: INFO cinder.api.openstack.wsgi [None req-2d299d65-7c07-4e64-b840-ae82f5be2589 tempest-VolumeTypesNegativeTest-290714807 tempest-VolumeTypesNegativeTest-290714807-project-admin] http://10.222.0.66/volume/v3/f94f01625a74411791339fe08cccedb3/types/7c6b28eb-a802-4a74-b8dc-7b832cfbe9b9/encryption returned with HTTP 404
Aug 02 09:58:29.894332 dv-cinder-843277-8-smb devstack@c-api.service[117704]: [pid: 117704|app: 0|req: 93/194] 10.222.0.66 () {60 vars in 1374 bytes} [Tue Aug 2 09:58:29 2022] POST /volume/v3/f94f01625a74411791339fe08cccedb3/types/7c6b28eb-a802-4a74-b8dc-7b832cfbe9b9/encryption => generated 114 bytes in 178 msecs (HTTP/1.1 404) 7 headers in 292 bytes (2 switches on core 0)
Aug 02 09:58:29.900411 dv-cinder-843277-8-smb devstack@c-api.service[117704]: DEBUG cinder.api.middleware.request_id [None req-0de05dd4-eeee-4c04-b2ff-5020093b070d None None] RequestId filter calling following filter/app {{(pid=117704) _context_setter /opt/stack/cinder/cinder/api/middleware/request_id.py:62}}
Aug 02 09:58:29.905909 dv-cinder-843277-8-smb devstack@c-api.service[117704]: INFO cinder.api.openstack.wsgi [None req-0de05dd4-eeee-4c04-b2ff-5020093b070d tempest-VolumeTypesNegativeTest-290714807 tempest-VolumeTypesNegativeTest-290714807-project-admin] POST http://10.222.0.66/volume/v3/f94f01625a74411791339fe08cccedb3/types
Aug 02 09:58:29.906101 dv-cinder-843277-8-smb devstack@c-api.service[117703]: WARNING cinder.quota [None req-0280dd84-6102-407c-b5f9-a04100961764 tempest-VolumeRetypeWithoutMigrationTest-605122424 tempest-VolumeRetypeWithoutMigrationTest-605122424-project] Deprecated: Default quota for resource: volumes_volume-type-1 is set by the default quota flag: quota_volumes_volume-type-1, it is now deprecated. Please use the default quota class for default quota.
Aug 02 09:58:29.907053 dv-cinder-843277-8-smb devstack@c-api.service[117703]: WARNING cinder.quota [None req-0280dd84-6102-407c-b5f9-a04100961764 tempest-VolumeRetypeWithoutMigrationTest-605122424 tempest-VolumeRetypeWithoutMigrationTest-605122424-project] Deprecated: Default quota for resource: gigabytes_volume-type-1 is set by the default quota flag: quota_gigabytes_volume-type-1, it is now deprecated. Please use the default quota class for default quota.
Aug 02 09:58:29.907261 dv-cinder-843277-8-smb devstack@c-api.service[117704]: DEBUG cinder.api.openstack.wsgi [None req-0de05dd4-eeee-4c04-b2ff-5020093b070d tempest-VolumeTypesNegativeTest-290714807 tempest-VolumeTypesNegativeTest-290714807-project-admin] Action: 'create', calling method: _create, body: {"volume_type": {"name": "tempest-VolumeTypesNegativeTest-volume-type-94561488", "os-volume-type-access:is_public": false}} {{(pid=117704) _process_stack /opt/stack/cinder/cinder/api/openstack/wsgi.py:866}}
Aug 02 09:58:30.065197 dv-cinder-843277-8-smb devstack@c-api.service[117704]: INFO cinder.api.openstack.wsgi [None req-0de05dd4-eeee-4c04-b2ff-5020093b070d tempest-VolumeTypesNegativeTest-290714807 tempest-VolumeTypesNegativeTest-290714807-project-admin] http://10.222.0.66/volume/v3/f94f01625a74411791339fe08cccedb3/types returned with HTTP 200
Aug 02 09:58:30.066092 dv-cinder-843277-8-smb devstack@c-api.service[117704]: [pid: 117704|app: 0|req: 94/195] 10.222.0.66 () {60 vars in 1230 bytes} [Tue Aug 2 09:58:29 2022] POST /volume/v3/f94f01625a74411791339fe08cccedb3/types => generated 229 bytes in 167 msecs (HTTP/1.1 200) 7 headers in 285 bytes (2 switches on core 0)
Aug 02 09:58:30.076954 dv-cinder-843277-8-smb devstack@c-api.service[117704]: DEBUG cinder.api.middleware.request_id [None req-42354a2e-4d08-488b-897f-05dd98b171d2 None None] RequestId filter calling following filter/app {{(pid=117704) _context_setter /opt/stack/cinder/cinder/api/middleware/request_id.py:62}}
Aug 02 09:58:30.177141 dv-cinder-843277-8-smb devstack@c-api.service[117703]: DEBUG cinder.quota [None req-0280dd84-6102-407c-b5f9-a04100961764 tempest-VolumeRetypeWithoutMigrationTest-605122424 tempest-VolumeRetypeWithoutMigrationTest-605122424-project] Created reservations ['3fee25a9-20a4-47d7-9bda-f5fdbe14b90e', '6af0f9da-f673-48c0-bfaa-654231ef0641', '26da43b9-55b1-46b8-b98e-3cea2b008c80', '8d7ba469-7281-43bd-bd7c-93f6eeda19da'] {{(pid=117703) reserve /opt/stack/cinder/cinder/quota.py:755}}
Aug 02 09:58:30.178953 dv-cinder-843277-8-smb devstack@c-api.service[117703]: DEBUG cinder.volume.api [None req-0280dd84-6102-407c-b5f9-a04100961764 tempest-VolumeRetypeWithoutMigrationTest-605122424 tempest-VolumeRetypeWithoutMigrationTest-605122424-project] Task 'cinder.volume.flows.api.create_volume.QuotaReserveTask;volume:create' (0c1635e7-a103-4053-8493-7a149668b578) transitioned into state 'SUCCESS' from state 'RUNNING' with result '{'reservations': ['3fee25a9-20a4-47d7-9bda-f5fdbe14b90e', '6af0f9da-f673-48c0-bfaa-654231ef0641', '26da43b9-55b1-46b8-b98e-3cea2b008c80', '8d7ba469-7281-43bd-bd7c-93f6eeda19da']}' {{(pid=117703) _task_receiver /usr/local/lib/python3.8/dist-packages/taskflow/listeners/logging.py:178}}
Aug 02 09:58:30.187714 dv-cinder-843277-8-smb devstack@c-api.service[117703]: DEBUG cinder.volume.api [None req-0280dd84-6102-407c-b5f9-a04100961764 tempest-VolumeRetypeWithoutMigrationTest-605122424 tempest-VolumeRetypeWithoutMigrationTest-605122424-project] Task 'cinder.volume.flows.api.create_volume.EntryCreateTask;volume:create' (2b0f3de9-f95a-4f4e-ab3b-3061b8cfae0d) transitioned into state 'RUNNING' from state 'PENDING' {{(pid=117703) _task_receiver /usr/local/lib/python3.8/dist-packages/taskflow/listeners/logging.py:190}}
Aug 02 09:58:30.294555 dv-cinder-843277-8-smb devstack@c-api.service[117703]: DEBUG cinder.volume.api [None req-0280dd84-6102-407c-b5f9-a04100961764 tempest-VolumeRetypeWithoutMigrationTest-605122424 tempest-VolumeRetypeWithoutMigrationTest-605122424-project] Task 'cinder.volume.flows.api.create_volume.EntryCreateTask;volume:create' (2b0f3de9-f95a-4f4e-ab3b-3061b8cfae0d) transitioned into state 'SUCCESS' from state 'RUNNING' with result '{'volume_id': '35c5b7ee-55a6-49fa-8be9-c78b185000f6', 'volume_properties': VolumeProperties(attach_status='detached',availability_zone='nova',cgsnapshot_id=None,consistencygroup_id=None,display_description=None,display_name='tempest-VolumeRetypeWithoutMigrationTest-Volume-2101530058',encryption_key_id=None,group_id=None,group_type_id=,metadata={},multiattach=False,project_id='336b491d06a14f8ba15f4dbcdcb7ce30',qos_specs=None,replication_status=,reservations=['3fee25a9-20a4-47d7-9bda-f5fdbe14b90e','6af0f9da-f673-48c0-bfaa-654231ef0641','26da43b9-55b1-46b8-b98e-3cea2b008c80','8d7ba469-7281-43bd-bd7c-93f6eeda19da'],size=1,snapshot_id=None,source_replicaid=,source_volid=None,status='creating',user_id='e390f76c02644fbb8826f3bed4c8d0f2',volume_type_id=ed521a25-6eb5-48bd-bddd-01538c678314), 'volume': Volume(_name_id=None,admin_metadata=,attach_status='detached',availability_zone='nova',bootable=False,cluster=,cluster_name=None,consistencygroup=,consistencygroup_id=None,created_at=2022-08-02T09:58:30Z,deleted=False,deleted_at=None,display_description=None,display_name='tempest-VolumeRetypeWithoutMigrationTest-Volume-2101530058',ec2_id=None,encryption_key_id=None,glance_metadata=,group=,group_id=None,host=None,id=35c5b7ee-55a6-49fa-8be9-c78b185000f6,launched_at=None,metadata={},migration_status=None,multiattach=False,previous_status=None,project_id='336b491d06a14f8ba15f4dbcdcb7ce30',provider_auth=None,provider_geometry=None,provider_id=None,provider_location=None,replication_driver_data=None,replication_extended_status=None,replication_status=None,scheduled_at=None,service_uuid=None,shared_targets=True,size=1,snapshot_id=None,snapshots=,source_volid=None,status='creating',terminated_at=None,updated_at=None,use_quota=True,user_id='e390f76c02644fbb8826f3bed4c8d0f2',volume_attachment=VolumeAttachmentList,volume_type=VolumeType(ed521a25-6eb5-48bd-bddd-01538c678314),volume_type_id=ed521a25-6eb5-48bd-bddd-01538c678314)}' {{(pid=117703) _task_receiver /usr/local/lib/python3.8/dist-packages/taskflow/listeners/logging.py:178}}
Aug 02 09:58:30.296536 dv-cinder-843277-8-smb devstack@c-api.service[117703]: DEBUG cinder.volume.api [None req-0280dd84-6102-407c-b5f9-a04100961764 tempest-VolumeRetypeWithoutMigrationTest-605122424 tempest-VolumeRetypeWithoutMigrationTest-605122424-project] Task 'cinder.volume.flows.api.create_volume.QuotaCommitTask;volume:create' (8f26d3bf-b7a9-45ed-a0ce-f9d005513886) transitioned into state 'RUNNING' from state 'PENDING' {{(pid=117703) _task_receiver /usr/local/lib/python3.8/dist-packages/taskflow/listeners/logging.py:190}}
Aug 02 09:58:30.306036 dv-cinder-843277-8-smb devstack@c-api.service[117704]: INFO cinder.api.openstack.wsgi [None req-42354a2e-4d08-488b-897f-05dd98b171d2 tempest-VolumeTypesNegativeTest-2099986611 tempest-VolumeTypesNegativeTest-2099986611-project] POST http://10.222.0.66/volume/v3/2195ca9993b3406a86c073b98a299a54/volumes
Aug 02 09:58:30.306746 dv-cinder-843277-8-smb devstack@c-api.service[117704]: DEBUG cinder.api.openstack.wsgi [None req-42354a2e-4d08-488b-897f-05dd98b171d2 tempest-VolumeTypesNegativeTest-2099986611 tempest-VolumeTypesNegativeTest-2099986611-project] Action: 'create', calling method: create, body: {"volume": {"volume_type": "9648cbc8-bbe6-430a-994f-5a946131de08", "size": 1, "name": "tempest-VolumeTypesNegativeTest-Volume-1650070168"}} {{(pid=117704) _process_stack /opt/stack/cinder/cinder/api/openstack/wsgi.py:866}}
Aug 02 09:58:30.309435 dv-cinder-843277-8-smb devstack@c-api.service[117704]: DEBUG cinder.api.v3.volumes [None req-42354a2e-4d08-488b-897f-05dd98b171d2 tempest-VolumeTypesNegativeTest-2099986611 tempest-VolumeTypesNegativeTest-2099986611-project] Create volume request body: {'volume': {'volume_type': '9648cbc8-bbe6-430a-994f-5a946131de08', 'size': 1, 'name': 'tempest-VolumeTypesNegativeTest-Volume-1650070168'}} {{(pid=117704) create /opt/stack/cinder/cinder/api/v3/volumes.py:298}}
Aug 02 09:58:30.337489 dv-cinder-843277-8-smb devstack@c-api.service[117704]: INFO cinder.api.openstack.wsgi [None req-42354a2e-4d08-488b-897f-05dd98b171d2 tempest-VolumeTypesNegativeTest-2099986611 tempest-VolumeTypesNegativeTest-2099986611-project] http://10.222.0.66/volume/v3/2195ca9993b3406a86c073b98a299a54/volumes returned with HTTP 404
Aug 02 09:58:30.350907 dv-cinder-843277-8-smb devstack@c-api.service[117704]: [pid: 117704|app: 0|req: 95/196] 10.222.0.66 () {60 vars in 1236 bytes} [Tue Aug 2 09:58:30 2022] POST /volume/v3/2195ca9993b3406a86c073b98a299a54/volumes => generated 114 bytes in 277 msecs (HTTP/1.1 404) 7 headers in 292 bytes (1 switches on core 0)
Aug 02 09:58:30.355536 dv-cinder-843277-8-smb devstack@c-api.service[117704]: DEBUG cinder.api.middleware.request_id [None req-d699c482-e67d-462f-aaab-0f510d0170de None None] RequestId filter calling following filter/app {{(pid=117704) _context_setter /opt/stack/cinder/cinder/api/middleware/request_id.py:62}}
Aug 02 09:58:30.360223 dv-cinder-843277-8-smb devstack@c-api.service[117704]: INFO cinder.api.openstack.wsgi [None req-d699c482-e67d-462f-aaab-0f510d0170de tempest-VolumeTypesNegativeTest-290714807 tempest-VolumeTypesNegativeTest-290714807-project-admin] POST http://10.222.0.66/volume/v3/f94f01625a74411791339fe08cccedb3/types
Aug 02 09:58:30.361206 dv-cinder-843277-8-smb devstack@c-api.service[117704]: DEBUG cinder.api.openstack.wsgi [None req-d699c482-e67d-462f-aaab-0f510d0170de tempest-VolumeTypesNegativeTest-290714807 tempest-VolumeTypesNegativeTest-290714807-project-admin] Action: 'create', calling method: _create, body: {"volume_type": {"name": ""}} {{(pid=117704) _process_stack /opt/stack/cinder/cinder/api/openstack/wsgi.py:866}}
Aug 02 09:58:30.363796 dv-cinder-843277-8-smb devstack@c-api.service[117704]: INFO cinder.api.openstack.wsgi [None req-d699c482-e67d-462f-aaab-0f510d0170de tempest-VolumeTypesNegativeTest-290714807 tempest-VolumeTypesNegativeTest-290714807-project-admin] http://10.222.0.66/volume/v3/f94f01625a74411791339fe08cccedb3/types returned with HTTP 400
Aug 02 09:58:30.369856 dv-cinder-843277-8-smb devstack@c-api.service[117704]: [pid: 117704|app: 0|req: 96/197] 10.222.0.66 () {60 vars in 1229 bytes} [Tue Aug 2 09:58:30 2022] POST /volume/v3/f94f01625a74411791339fe08cccedb3/types => generated 108 bytes in 15 msecs (HTTP/1.1 400) 7 headers in 294 bytes (1 switches on core 0)
Aug 02 09:58:30.371596 dv-cinder-843277-8-smb devstack@c-api.service[117704]: DEBUG cinder.api.middleware.request_id [None req-5375e006-9149-4546-881c-67288cce1b0e None None] RequestId filter calling following filter/app {{(pid=117704) _context_setter /opt/stack/cinder/cinder/api/middleware/request_id.py:62}}
Aug 02 09:58:30.375235 dv-cinder-843277-8-smb devstack@c-api.service[117704]: INFO cinder.api.openstack.wsgi [None req-5375e006-9149-4546-881c-67288cce1b0e tempest-VolumeTypesNegativeTest-290714807 tempest-VolumeTypesNegativeTest-290714807-project-admin] POST http://10.222.0.66/volume/v3/f94f01625a74411791339fe08cccedb3/types
Aug 02 09:58:30.376137 dv-cinder-843277-8-smb devstack@c-api.service[117704]: DEBUG cinder.api.openstack.wsgi [None req-5375e006-9149-4546-881c-67288cce1b0e tempest-VolumeTypesNegativeTest-290714807 tempest-VolumeTypesNegativeTest-290714807-project-admin] Action: 'create', calling method: _create, body: {"volume_type": {"name": "tempest-VolumeTypesNegativeTest-volume-type-273540116"}} {{(pid=117704) _process_stack /opt/stack/cinder/cinder/api/openstack/wsgi.py:866}}
Aug 02 09:58:30.435958 dv-cinder-843277-8-smb devstack@c-api.service[117703]: DEBUG cinder.volume.api [None req-0280dd84-6102-407c-b5f9-a04100961764 tempest-VolumeRetypeWithoutMigrationTest-605122424 tempest-VolumeRetypeWithoutMigrationTest-605122424-project] Task 'cinder.volume.flows.api.create_volume.QuotaCommitTask;volume:create' (8f26d3bf-b7a9-45ed-a0ce-f9d005513886) transitioned into state 'SUCCESS' from state 'RUNNING' with result '{'volume_properties': VolumeProperties(attach_status='detached',availability_zone='nova',cgsnapshot_id=None,consistencygroup_id=None,display_description=None,display_name='tempest-VolumeRetypeWithoutMigrationTest-Volume-2101530058',encryption_key_id=None,group_id=None,group_type_id=,metadata={},multiattach=False,project_id='336b491d06a14f8ba15f4dbcdcb7ce30',qos_specs=None,replication_status=,reservations=['3fee25a9-20a4-47d7-9bda-f5fdbe14b90e','6af0f9da-f673-48c0-bfaa-654231ef0641','26da43b9-55b1-46b8-b98e-3cea2b008c80','8d7ba469-7281-43bd-bd7c-93f6eeda19da'],size=1,snapshot_id=None,source_replicaid=,source_volid=None,status='creating',user_id='e390f76c02644fbb8826f3bed4c8d0f2',volume_type_id=ed521a25-6eb5-48bd-bddd-01538c678314)}' {{(pid=117703) _task_receiver /usr/local/lib/python3.8/dist-packages/taskflow/listeners/logging.py:178}}
Aug 02 09:58:30.438911 dv-cinder-843277-8-smb devstack@c-api.service[117703]: DEBUG cinder.volume.api [None req-0280dd84-6102-407c-b5f9-a04100961764 tempest-VolumeRetypeWithoutMigrationTest-605122424 tempest-VolumeRetypeWithoutMigrationTest-605122424-project] Task 'cinder.volume.flows.api.create_volume.VolumeCastTask;volume:create' (85c35a2b-8d10-4e7e-b378-922b4618ad98) transitioned into state 'RUNNING' from state 'PENDING' {{(pid=117703) _task_receiver /usr/local/lib/python3.8/dist-packages/taskflow/listeners/logging.py:190}}
Aug 02 09:58:30.482116 dv-cinder-843277-8-smb devstack@c-api.service[117704]: INFO cinder.api.openstack.wsgi [None req-5375e006-9149-4546-881c-67288cce1b0e tempest-VolumeTypesNegativeTest-290714807 tempest-VolumeTypesNegativeTest-290714807-project-admin] http://10.222.0.66/volume/v3/f94f01625a74411791339fe08cccedb3/types returned with HTTP 200
Aug 02 09:58:30.482876 dv-cinder-843277-8-smb devstack@c-api.service[117704]: [pid: 117704|app: 0|req: 97/198] 10.222.0.66 () {60 vars in 1229 bytes} [Tue Aug 2 09:58:30 2022] POST /volume/v3/f94f01625a74411791339fe08cccedb3/types => generated 228 bytes in 112 msecs (HTTP/1.1 200) 7 headers in 285 bytes (1 switches on core 0)
Aug 02 09:58:30.491038 dv-cinder-843277-8-smb devstack@c-api.service[117704]: DEBUG cinder.api.middleware.request_id [None req-a1d68544-8a7a-40a0-b466-557d92c0fca8 None None] RequestId filter calling following filter/app {{(pid=117704) _context_setter /opt/stack/cinder/cinder/api/middleware/request_id.py:62}}
Aug 02 09:58:30.494666 dv-cinder-843277-8-smb devstack@c-api.service[117704]: INFO cinder.api.openstack.wsgi [None req-a1d68544-8a7a-40a0-b466-557d92c0fca8 tempest-VolumesImageMetadata-1513403530 tempest-VolumesImageMetadata-1513403530-project] GET http://10.222.0.66/volume/v3/b84de2682abe4050a97813f36a8cf070/volumes/04507f6a-fa7f-4c08-8fb4-a064f81559e6
Aug 02 09:58:30.495103 dv-cinder-843277-8-smb devstack@c-api.service[117704]: DEBUG cinder.api.openstack.wsgi [None req-a1d68544-8a7a-40a0-b466-557d92c0fca8 tempest-VolumesImageMetadata-1513403530 tempest-VolumesImageMetadata-1513403530-project] Empty body provided in request {{(pid=117704) get_body /opt/stack/cinder/cinder/api/openstack/wsgi.py:715}}
Aug 02 09:58:30.501276 dv-cinder-843277-8-smb devstack@c-api.service[117704]: DEBUG cinder.api.openstack.wsgi [None req-a1d68544-8a7a-40a0-b466-557d92c0fca8 tempest-VolumesImageMetadata-1513403530 tempest-VolumesImageMetadata-1513403530-project] Calling method 'show' {{(pid=117704) _process_stack /opt/stack/cinder/cinder/api/openstack/wsgi.py:868}}
Aug 02 09:58:30.522334 dv-cinder-843277-8-smb devstack@c-api.service[117704]: /usr/local/lib/python3.8/dist-packages/oslo_context/context.py:100: DeprecationWarning: Policy enforcement is depending on the value of is_admin. This key is deprecated. Please update your policy file to use the standard policy values.
Aug 02 09:58:30.522334 dv-cinder-843277-8-smb devstack@c-api.service[117704]: warnings.warn('Policy enforcement is depending on the value of '
Aug 02 09:58:30.530427 dv-cinder-843277-8-smb devstack@c-api.service[117704]: INFO cinder.volume.api [None req-a1d68544-8a7a-40a0-b466-557d92c0fca8 tempest-VolumesImageMetadata-1513403530 tempest-VolumesImageMetadata-1513403530-project] Volume info retrieved successfully.
Aug 02 09:58:30.541946 dv-cinder-843277-8-smb devstack@c-api.service[117704]: INFO cinder.api.openstack.wsgi [None req-a1d68544-8a7a-40a0-b466-557d92c0fca8 tempest-VolumesImageMetadata-1513403530 tempest-VolumesImageMetadata-1513403530-project] http://10.222.0.66/volume/v3/b84de2682abe4050a97813f36a8cf070/volumes/04507f6a-fa7f-4c08-8fb4-a064f81559e6 returned with HTTP 200
Aug 02 09:58:30.543068 dv-cinder-843277-8-smb devstack@c-api.service[117704]: [pid: 117704|app: 0|req: 98/199] 10.222.0.66 () {58 vars in 1325 bytes} [Tue Aug 2 09:58:30 2022] GET /volume/v3/b84de2682abe4050a97813f36a8cf070/volumes/04507f6a-fa7f-4c08-8fb4-a064f81559e6 => generated 912 bytes in 60 msecs (HTTP/1.1 200) 7 headers in 285 bytes (1 switches on core 0)
Aug 02 09:58:30.544617 dv-cinder-843277-8-smb devstack@c-api.service[117704]: DEBUG cinder.api.middleware.request_id [None req-475a764a-c914-4d22-b79b-7e2d52a3d914 None None] RequestId filter calling following filter/app {{(pid=117704) _context_setter /opt/stack/cinder/cinder/api/middleware/request_id.py:62}}
Aug 02 09:58:30.550904 dv-cinder-843277-8-smb devstack@c-api.service[117703]: DEBUG cinder.volume.api [None req-0280dd84-6102-407c-b5f9-a04100961764 tempest-VolumeRetypeWithoutMigrationTest-605122424 tempest-VolumeRetypeWithoutMigrationTest-605122424-project] Task 'cinder.volume.flows.api.create_volume.VolumeCastTask;volume:create' (85c35a2b-8d10-4e7e-b378-922b4618ad98) transitioned into state 'SUCCESS' from state 'RUNNING' with result 'None' {{(pid=117703) _task_receiver /usr/local/lib/python3.8/dist-packages/taskflow/listeners/logging.py:178}}
Aug 02 09:58:30.555967 dv-cinder-843277-8-smb devstack@c-api.service[117703]: DEBUG cinder.volume.api [None req-0280dd84-6102-407c-b5f9-a04100961764 tempest-VolumeRetypeWithoutMigrationTest-605122424 tempest-VolumeRetypeWithoutMigrationTest-605122424-project] Flow 'volume_create_api' (c8675e8b-af98-493a-9c7e-67e108079d1d) transitioned into state 'SUCCESS' from state 'RUNNING' {{(pid=117703) _flow_receiver /usr/local/lib/python3.8/dist-packages/taskflow/listeners/logging.py:141}}
Aug 02 09:58:30.556844 dv-cinder-843277-8-smb devstack@c-api.service[117703]: INFO cinder.volume.api [None req-0280dd84-6102-407c-b5f9-a04100961764 tempest-VolumeRetypeWithoutMigrationTest-605122424 tempest-VolumeRetypeWithoutMigrationTest-605122424-project] Create volume request issued successfully.
Aug 02 09:58:30.558175 dv-cinder-843277-8-smb devstack@c-api.service[117703]: INFO cinder.api.openstack.wsgi [None req-0280dd84-6102-407c-b5f9-a04100961764 tempest-VolumeRetypeWithoutMigrationTest-605122424 tempest-VolumeRetypeWithoutMigrationTest-605122424-project] http://10.222.0.66/volume/v3/336b491d06a14f8ba15f4dbcdcb7ce30/volumes returned with HTTP 202
Aug 02 09:58:30.558531 dv-cinder-843277-8-smb devstack@c-api.service[117704]: INFO cinder.api.openstack.wsgi [None req-475a764a-c914-4d22-b79b-7e2d52a3d914 tempest-VolumeTypesNegativeTest-290714807 tempest-VolumeTypesNegativeTest-290714807-project-admin] POST http://10.222.0.66/volume/v3/f94f01625a74411791339fe08cccedb3/types
Aug 02 09:58:30.558894 dv-cinder-843277-8-smb devstack@c-api.service[117703]: [pid: 117703|app: 0|req: 102/200] 10.222.0.66 () {60 vars in 1236 bytes} [Tue Aug 2 09:58:29 2022] POST /volume/v3/336b491d06a14f8ba15f4dbcdcb7ce30/volumes => generated 834 bytes in 1154 msecs (HTTP/1.1 202) 7 headers in 291 bytes (1 switches on core 0)
Aug 02 09:58:30.560850 dv-cinder-843277-8-smb devstack@c-api.service[117704]: DEBUG cinder.api.openstack.wsgi [None req-475a764a-c914-4d22-b79b-7e2d52a3d914 tempest-VolumeTypesNegativeTest-290714807 tempest-VolumeTypesNegativeTest-290714807-project-admin] Action: 'create', calling method: _create, body: {"volume_type": {"name": "tempest-VolumeTypesNegativeTest-volume-type-273540116"}} {{(pid=117704) _process_stack /opt/stack/cinder/cinder/api/openstack/wsgi.py:866}}
Aug 02 09:58:30.575355 dv-cinder-843277-8-smb devstack@c-api.service[117703]: DEBUG cinder.api.middleware.request_id [None req-5ed74fe6-c57d-4b8a-9ffe-b7c976bd847a None None] RequestId filter calling following filter/app {{(pid=117703) _context_setter /opt/stack/cinder/cinder/api/middleware/request_id.py:62}}
Aug 02 09:58:30.578639 dv-cinder-843277-8-smb devstack@c-api.service[117704]: INFO cinder.api.openstack.wsgi [None req-475a764a-c914-4d22-b79b-7e2d52a3d914 tempest-VolumeTypesNegativeTest-290714807 tempest-VolumeTypesNegativeTest-290714807-project-admin] HTTP exception thrown: Volume Type tempest-VolumeTypesNegativeTest-volume-type-273540116 already exists.
Aug 02 09:58:30.579242 dv-cinder-843277-8-smb devstack@c-api.service[117704]: INFO cinder.api.openstack.wsgi [None req-475a764a-c914-4d22-b79b-7e2d52a3d914 tempest-VolumeTypesNegativeTest-290714807 tempest-VolumeTypesNegativeTest-290714807-project-admin] http://10.222.0.66/volume/v3/f94f01625a74411791339fe08cccedb3/types returned with HTTP 409
Aug 02 09:58:30.580654 dv-cinder-843277-8-smb devstack@c-api.service[117704]: [pid: 117704|app: 0|req: 99/201] 10.222.0.66 () {60 vars in 1229 bytes} [Tue Aug 2 09:58:30 2022] POST /volume/v3/f94f01625a74411791339fe08cccedb3/types => generated 133 bytes in 37 msecs (HTTP/1.1 409) 7 headers in 291 bytes (1 switches on core 0)
Aug 02 09:58:30.580846 dv-cinder-843277-8-smb devstack@c-api.service[117703]: INFO cinder.api.openstack.wsgi [None req-5ed74fe6-c57d-4b8a-9ffe-b7c976bd847a tempest-VolumeRetypeWithoutMigrationTest-605122424 tempest-VolumeRetypeWithoutMigrationTest-605122424-project] GET http://10.222.0.66/volume/v3/336b491d06a14f8ba15f4dbcdcb7ce30/volumes/35c5b7ee-55a6-49fa-8be9-c78b185000f6
Aug 02 09:58:30.581537 dv-cinder-843277-8-smb devstack@c-api.service[117703]: DEBUG cinder.api.openstack.wsgi [None req-5ed74fe6-c57d-4b8a-9ffe-b7c976bd847a tempest-VolumeRetypeWithoutMigrationTest-605122424 tempest-VolumeRetypeWithoutMigrationTest-605122424-project] Empty body provided in request {{(pid=117703) get_body /opt/stack/cinder/cinder/api/openstack/wsgi.py:715}}
Aug 02 09:58:30.582308 dv-cinder-843277-8-smb devstack@c-api.service[117703]: DEBUG cinder.api.openstack.wsgi [None req-5ed74fe6-c57d-4b8a-9ffe-b7c976bd847a tempest-VolumeRetypeWithoutMigrationTest-605122424 tempest-VolumeRetypeWithoutMigrationTest-605122424-project] Calling method 'show' {{(pid=117703) _process_stack /opt/stack/cinder/cinder/api/openstack/wsgi.py:868}}
Aug 02 09:58:30.593576 dv-cinder-843277-8-smb devstack@c-api.service[117704]: DEBUG cinder.api.middleware.request_id [None req-d7e679cf-7f44-42a2-9ba1-3eb27cf9d19b None None] RequestId filter calling following filter/app {{(pid=117704) _context_setter /opt/stack/cinder/cinder/api/middleware/request_id.py:62}}
Aug 02 09:58:30.600643 dv-cinder-843277-8-smb devstack@c-api.service[117704]: INFO cinder.api.openstack.wsgi [None req-d7e679cf-7f44-42a2-9ba1-3eb27cf9d19b tempest-VolumeTypesNegativeTest-290714807 tempest-VolumeTypesNegativeTest-290714807-project-admin] DELETE http://10.222.0.66/volume/v3/f94f01625a74411791339fe08cccedb3/types/a0489551-ae62-4722-ae0b-2d3da4164a0d
Aug 02 09:58:30.609424 dv-cinder-843277-8-smb devstack@c-api.service[117704]: DEBUG cinder.api.openstack.wsgi [None req-d7e679cf-7f44-42a2-9ba1-3eb27cf9d19b tempest-VolumeTypesNegativeTest-290714807 tempest-VolumeTypesNegativeTest-290714807-project-admin] Empty body provided in request {{(pid=117704) get_body /opt/stack/cinder/cinder/api/openstack/wsgi.py:715}}
Aug 02 09:58:30.609424 dv-cinder-843277-8-smb devstack@c-api.service[117704]: DEBUG cinder.api.openstack.wsgi [None req-d7e679cf-7f44-42a2-9ba1-3eb27cf9d19b tempest-VolumeTypesNegativeTest-290714807 tempest-VolumeTypesNegativeTest-290714807-project-admin] Calling method '_delete' {{(pid=117704) _process_stack /opt/stack/cinder/cinder/api/openstack/wsgi.py:868}}
Aug 02 09:58:30.610301 dv-cinder-843277-8-smb devstack@c-api.service[117703]: /usr/local/lib/python3.8/dist-packages/oslo_context/context.py:100: DeprecationWarning: Policy enforcement is depending on the value of is_admin. This key is deprecated. Please update your policy file to use the standard policy values.
Aug 02 09:58:30.610301 dv-cinder-843277-8-smb devstack@c-api.service[117703]: warnings.warn('Policy enforcement is depending on the value of '
Aug 02 09:58:30.610860 dv-cinder-843277-8-smb devstack@c-api.service[117704]: INFO cinder.api.openstack.wsgi [None req-d7e679cf-7f44-42a2-9ba1-3eb27cf9d19b tempest-VolumeTypesNegativeTest-290714807 tempest-VolumeTypesNegativeTest-290714807-project-admin] http://10.222.0.66/volume/v3/f94f01625a74411791339fe08cccedb3/types/a0489551-ae62-4722-ae0b-2d3da4164a0d returned with HTTP 404
Aug 02 09:58:30.611850 dv-cinder-843277-8-smb devstack@c-api.service[117704]: [pid: 117704|app: 0|req: 100/202] 10.222.0.66 () {58 vars in 1322 bytes} [Tue Aug 2 09:58:30 2022] DELETE /volume/v3/f94f01625a74411791339fe08cccedb3/types/a0489551-ae62-4722-ae0b-2d3da4164a0d => generated 114 bytes in 22 msecs (HTTP/1.1 404) 7 headers in 292 bytes (1 switches on core 0)
Aug 02 09:58:30.618441 dv-cinder-843277-8-smb devstack@c-api.service[117704]: DEBUG cinder.api.middleware.request_id [None req-e2e2df97-fdf3-4278-a79e-2e6adfe74d3a None None] RequestId filter calling following filter/app {{(pid=117704) _context_setter /opt/stack/cinder/cinder/api/middleware/request_id.py:62}}
Aug 02 09:58:30.619028 dv-cinder-843277-8-smb devstack@c-api.service[117703]: INFO cinder.volume.api [None req-5ed74fe6-c57d-4b8a-9ffe-b7c976bd847a tempest-VolumeRetypeWithoutMigrationTest-605122424 tempest-VolumeRetypeWithoutMigrationTest-605122424-project] Volume info retrieved successfully.
Aug 02 09:58:30.622516 dv-cinder-843277-8-smb devstack@c-api.service[117704]: INFO cinder.api.openstack.wsgi [None req-e2e2df97-fdf3-4278-a79e-2e6adfe74d3a tempest-VolumeTypesNegativeTest-290714807 tempest-VolumeTypesNegativeTest-290714807-project-admin] GET http://10.222.0.66/volume/v3/f94f01625a74411791339fe08cccedb3/types/09a9acf9-ef96-40c4-bf98-571c290ed858
Aug 02 09:58:30.623039 dv-cinder-843277-8-smb devstack@c-api.service[117704]: DEBUG cinder.api.openstack.wsgi [None req-e2e2df97-fdf3-4278-a79e-2e6adfe74d3a tempest-VolumeTypesNegativeTest-290714807 tempest-VolumeTypesNegativeTest-290714807-project-admin] Empty body provided in request {{(pid=117704) get_body /opt/stack/cinder/cinder/api/openstack/wsgi.py:715}}
Aug 02 09:58:30.623565 dv-cinder-843277-8-smb devstack@c-api.service[117704]: DEBUG cinder.api.openstack.wsgi [None req-e2e2df97-fdf3-4278-a79e-2e6adfe74d3a tempest-VolumeTypesNegativeTest-290714807 tempest-VolumeTypesNegativeTest-290714807-project-admin] Calling method 'show' {{(pid=117704) _process_stack /opt/stack/cinder/cinder/api/openstack/wsgi.py:868}}
Aug 02 09:58:30.629698 dv-cinder-843277-8-smb devstack@c-api.service[117704]: INFO cinder.api.openstack.wsgi [None req-e2e2df97-fdf3-4278-a79e-2e6adfe74d3a tempest-VolumeTypesNegativeTest-290714807 tempest-VolumeTypesNegativeTest-290714807-project-admin] http://10.222.0.66/volume/v3/f94f01625a74411791339fe08cccedb3/types/09a9acf9-ef96-40c4-bf98-571c290ed858 returned with HTTP 404
Aug 02 09:58:30.631122 dv-cinder-843277-8-smb devstack@c-api.service[117703]: INFO cinder.api.openstack.wsgi [None req-5ed74fe6-c57d-4b8a-9ffe-b7c976bd847a tempest-VolumeRetypeWithoutMigrationTest-605122424 tempest-VolumeRetypeWithoutMigrationTest-605122424-project] http://10.222.0.66/volume/v3/336b491d06a14f8ba15f4dbcdcb7ce30/volumes/35c5b7ee-55a6-49fa-8be9-c78b185000f6 returned with HTTP 200
Aug 02 09:58:30.631744 dv-cinder-843277-8-smb devstack@c-api.service[117704]: [pid: 117704|app: 0|req: 101/203] 10.222.0.66 () {58 vars in 1319 bytes} [Tue Aug 2 09:58:30 2022] GET /volume/v3/f94f01625a74411791339fe08cccedb3/types/09a9acf9-ef96-40c4-bf98-571c290ed858 => generated 114 bytes in 14 msecs (HTTP/1.1 404) 7 headers in 292 bytes (2 switches on core 0)
Aug 02 09:58:30.632910 dv-cinder-843277-8-smb devstack@c-api.service[117703]: [pid: 117703|app: 0|req: 103/204] 10.222.0.66 () {58 vars in 1325 bytes} [Tue Aug 2 09:58:30 2022] GET /volume/v3/336b491d06a14f8ba15f4dbcdcb7ce30/volumes/35c5b7ee-55a6-49fa-8be9-c78b185000f6 => generated 902 bytes in 60 msecs (HTTP/1.1 200) 7 headers in 285 bytes (2 switches on core 0)
Aug 02 09:58:30.638102 dv-cinder-843277-8-smb devstack@c-api.service[117704]: DEBUG cinder.api.middleware.request_id [None req-35e89140-f288-4818-9be2-b89cd5325cec None None] RequestId filter calling following filter/app {{(pid=117704) _context_setter /opt/stack/cinder/cinder/api/middleware/request_id.py:62}}
Aug 02 09:58:30.642030 dv-cinder-843277-8-smb devstack@c-api.service[117704]: INFO cinder.api.openstack.wsgi [None req-35e89140-f288-4818-9be2-b89cd5325cec tempest-VolumeTypesNegativeTest-290714807 tempest-VolumeTypesNegativeTest-290714807-project-admin] DELETE http://10.222.0.66/volume/v3/f94f01625a74411791339fe08cccedb3/types/76b8b6b0-fc69-45a5-9ea7-15bc6dffa978
Aug 02 09:58:30.642530 dv-cinder-843277-8-smb devstack@c-api.service[117704]: DEBUG cinder.api.openstack.wsgi [None req-35e89140-f288-4818-9be2-b89cd5325cec tempest-VolumeTypesNegativeTest-290714807 tempest-VolumeTypesNegativeTest-290714807-project-admin] Empty body provided in request {{(pid=117704) get_body /opt/stack/cinder/cinder/api/openstack/wsgi.py:715}}
Aug 02 09:58:30.643353 dv-cinder-843277-8-smb devstack@c-api.service[117704]: DEBUG cinder.api.openstack.wsgi [None req-35e89140-f288-4818-9be2-b89cd5325cec tempest-VolumeTypesNegativeTest-290714807 tempest-VolumeTypesNegativeTest-290714807-project-admin] Calling method '_delete' {{(pid=117704) _process_stack /opt/stack/cinder/cinder/api/openstack/wsgi.py:868}}
Aug 02 09:58:30.787630 dv-cinder-843277-8-smb devstack@c-api.service[117704]: INFO cinder.api.openstack.wsgi [None req-35e89140-f288-4818-9be2-b89cd5325cec tempest-VolumeTypesNegativeTest-290714807 tempest-VolumeTypesNegativeTest-290714807-project-admin] http://10.222.0.66/volume/v3/f94f01625a74411791339fe08cccedb3/types/76b8b6b0-fc69-45a5-9ea7-15bc6dffa978 returned with HTTP 202
Aug 02 09:58:30.788806 dv-cinder-843277-8-smb devstack@c-api.service[117704]: [pid: 117704|app: 0|req: 102/205] 10.222.0.66 () {58 vars in 1322 bytes} [Tue Aug 2 09:58:30 2022] DELETE /volume/v3/f94f01625a74411791339fe08cccedb3/types/76b8b6b0-fc69-45a5-9ea7-15bc6dffa978 => generated 0 bytes in 152 msecs (HTTP/1.1 202) 6 headers in 233 bytes (1 switches on core 0)
Aug 02 09:58:30.800888 dv-cinder-843277-8-smb devstack@c-api.service[117703]: DEBUG cinder.api.middleware.request_id [None req-68ff9ab4-4738-45c0-a5a3-6f8ee8017892 None None] RequestId filter calling following filter/app {{(pid=117703) _context_setter /opt/stack/cinder/cinder/api/middleware/request_id.py:62}}
Aug 02 09:58:30.800888 dv-cinder-843277-8-smb devstack@c-api.service[117703]: INFO cinder.api.openstack.wsgi [None req-68ff9ab4-4738-45c0-a5a3-6f8ee8017892 tempest-VolumeTypesNegativeTest-290714807 tempest-VolumeTypesNegativeTest-290714807-project-admin] GET http://10.222.0.66/volume/v3/f94f01625a74411791339fe08cccedb3/types/76b8b6b0-fc69-45a5-9ea7-15bc6dffa978
Aug 02 09:58:30.800888 dv-cinder-843277-8-smb devstack@c-api.service[117703]: DEBUG cinder.api.openstack.wsgi [None req-68ff9ab4-4738-45c0-a5a3-6f8ee8017892 tempest-VolumeTypesNegativeTest-290714807 tempest-VolumeTypesNegativeTest-290714807-project-admin] Empty body provided in request {{(pid=117703) get_body /opt/stack/cinder/cinder/api/openstack/wsgi.py:715}}
Aug 02 09:58:30.800888 dv-cinder-843277-8-smb devstack@c-api.service[117703]: DEBUG cinder.api.openstack.wsgi [None req-68ff9ab4-4738-45c0-a5a3-6f8ee8017892 tempest-VolumeTypesNegativeTest-290714807 tempest-VolumeTypesNegativeTest-290714807-project-admin] Calling method 'show' {{(pid=117703) _process_stack /opt/stack/cinder/cinder/api/openstack/wsgi.py:868}}
Aug 02 09:58:30.805638 dv-cinder-843277-8-smb devstack@c-api.service[117703]: INFO cinder.api.openstack.wsgi [None req-68ff9ab4-4738-45c0-a5a3-6f8ee8017892 tempest-VolumeTypesNegativeTest-290714807 tempest-VolumeTypesNegativeTest-290714807-project-admin] http://10.222.0.66/volume/v3/f94f01625a74411791339fe08cccedb3/types/76b8b6b0-fc69-45a5-9ea7-15bc6dffa978 returned with HTTP 404
Aug 02 09:58:30.807339 dv-cinder-843277-8-smb devstack@c-api.service[117703]: [pid: 117703|app: 0|req: 104/206] 10.222.0.66 () {58 vars in 1319 bytes} [Tue Aug 2 09:58:30 2022] GET /volume/v3/f94f01625a74411791339fe08cccedb3/types/76b8b6b0-fc69-45a5-9ea7-15bc6dffa978 => generated 114 bytes in 15 msecs (HTTP/1.1 404) 7 headers in 292 bytes (1 switches on core 0)
Aug 02 09:58:30.811927 dv-cinder-843277-8-smb devstack@c-api.service[117704]: DEBUG cinder.api.middleware.request_id [None req-a3955590-b71f-4027-aabe-ca4c96621b7d None None] RequestId filter calling following filter/app {{(pid=117704) _context_setter /opt/stack/cinder/cinder/api/middleware/request_id.py:62}}
Aug 02 09:58:30.815899 dv-cinder-843277-8-smb devstack@c-api.service[117704]: INFO cinder.api.openstack.wsgi [None req-a3955590-b71f-4027-aabe-ca4c96621b7d tempest-VolumeTypesNegativeTest-290714807 tempest-VolumeTypesNegativeTest-290714807-project-admin] DELETE http://10.222.0.66/volume/v3/f94f01625a74411791339fe08cccedb3/types/9648cbc8-bbe6-430a-994f-5a946131de08
Aug 02 09:58:30.816254 dv-cinder-843277-8-smb devstack@c-api.service[117704]: DEBUG cinder.api.openstack.wsgi [None req-a3955590-b71f-4027-aabe-ca4c96621b7d tempest-VolumeTypesNegativeTest-290714807 tempest-VolumeTypesNegativeTest-290714807-project-admin] Empty body provided in request {{(pid=117704) get_body /opt/stack/cinder/cinder/api/openstack/wsgi.py:715}}
Aug 02 09:58:30.816738 dv-cinder-843277-8-smb devstack@c-api.service[117704]: DEBUG cinder.api.openstack.wsgi [None req-a3955590-b71f-4027-aabe-ca4c96621b7d tempest-VolumeTypesNegativeTest-290714807 tempest-VolumeTypesNegativeTest-290714807-project-admin] Calling method '_delete' {{(pid=117704) _process_stack /opt/stack/cinder/cinder/api/openstack/wsgi.py:868}}
Aug 02 09:58:30.936686 dv-cinder-843277-8-smb devstack@c-api.service[117704]: INFO cinder.api.openstack.wsgi [None req-a3955590-b71f-4027-aabe-ca4c96621b7d tempest-VolumeTypesNegativeTest-290714807 tempest-VolumeTypesNegativeTest-290714807-project-admin] http://10.222.0.66/volume/v3/f94f01625a74411791339fe08cccedb3/types/9648cbc8-bbe6-430a-994f-5a946131de08 returned with HTTP 202
Aug 02 09:58:30.937515 dv-cinder-843277-8-smb devstack@c-api.service[117704]: [pid: 117704|app: 0|req: 103/207] 10.222.0.66 () {58 vars in 1322 bytes} [Tue Aug 2 09:58:30 2022] DELETE /volume/v3/f94f01625a74411791339fe08cccedb3/types/9648cbc8-bbe6-430a-994f-5a946131de08 => generated 0 bytes in 126 msecs (HTTP/1.1 202) 6 headers in 233 bytes (2 switches on core 0)
Aug 02 09:58:30.942156 dv-cinder-843277-8-smb devstack@c-api.service[117703]: DEBUG cinder.api.middleware.request_id [None req-7beef49e-c7de-4698-970b-d87a33283ddb None None] RequestId filter calling following filter/app {{(pid=117703) _context_setter /opt/stack/cinder/cinder/api/middleware/request_id.py:62}}
Aug 02 09:58:30.947570 dv-cinder-843277-8-smb devstack@c-api.service[117703]: INFO cinder.api.openstack.wsgi [None req-7beef49e-c7de-4698-970b-d87a33283ddb tempest-VolumeTypesNegativeTest-290714807 tempest-VolumeTypesNegativeTest-290714807-project-admin] GET http://10.222.0.66/volume/v3/f94f01625a74411791339fe08cccedb3/types/9648cbc8-bbe6-430a-994f-5a946131de08
Aug 02 09:58:30.947570 dv-cinder-843277-8-smb devstack@c-api.service[117703]: DEBUG cinder.api.openstack.wsgi [None req-7beef49e-c7de-4698-970b-d87a33283ddb tempest-VolumeTypesNegativeTest-290714807 tempest-VolumeTypesNegativeTest-290714807-project-admin] Empty body provided in request {{(pid=117703) get_body /opt/stack/cinder/cinder/api/openstack/wsgi.py:715}}
Aug 02 09:58:30.953682 dv-cinder-843277-8-smb devstack@c-api.service[117703]: DEBUG cinder.api.openstack.wsgi [None req-7beef49e-c7de-4698-970b-d87a33283ddb tempest-VolumeTypesNegativeTest-290714807 tempest-VolumeTypesNegativeTest-290714807-project-admin] Calling method 'show' {{(pid=117703) _process_stack /opt/stack/cinder/cinder/api/openstack/wsgi.py:868}}
Aug 02 09:58:30.957138 dv-cinder-843277-8-smb devstack@c-api.service[117703]: INFO cinder.api.openstack.wsgi [None req-7beef49e-c7de-4698-970b-d87a33283ddb tempest-VolumeTypesNegativeTest-290714807 tempest-VolumeTypesNegativeTest-290714807-project-admin] http://10.222.0.66/volume/v3/f94f01625a74411791339fe08cccedb3/types/9648cbc8-bbe6-430a-994f-5a946131de08 returned with HTTP 404
Aug 02 09:58:30.958525 dv-cinder-843277-8-smb devstack@c-api.service[117703]: [pid: 117703|app: 0|req: 105/208] 10.222.0.66 () {58 vars in 1319 bytes} [Tue Aug 2 09:58:30 2022] GET /volume/v3/f94f01625a74411791339fe08cccedb3/types/9648cbc8-bbe6-430a-994f-5a946131de08 => generated 114 bytes in 18 msecs (HTTP/1.1 404) 7 headers in 292 bytes (1 switches on core 0)
Aug 02 09:58:31.559257 dv-cinder-843277-8-smb devstack@c-api.service[117704]: DEBUG cinder.api.middleware.request_id [None req-a5d06616-fe99-4c9e-bfb1-3fb47970f9f6 None None] RequestId filter calling following filter/app {{(pid=117704) _context_setter /opt/stack/cinder/cinder/api/middleware/request_id.py:62}}
Aug 02 09:58:31.563155 dv-cinder-843277-8-smb devstack@c-api.service[117704]: INFO cinder.api.openstack.wsgi [None req-a5d06616-fe99-4c9e-bfb1-3fb47970f9f6 tempest-VolumesImageMetadata-1513403530 tempest-VolumesImageMetadata-1513403530-project] GET http://10.222.0.66/volume/v3/b84de2682abe4050a97813f36a8cf070/volumes/04507f6a-fa7f-4c08-8fb4-a064f81559e6
Aug 02 09:58:31.563656 dv-cinder-843277-8-smb devstack@c-api.service[117704]: DEBUG cinder.api.openstack.wsgi [None req-a5d06616-fe99-4c9e-bfb1-3fb47970f9f6 tempest-VolumesImageMetadata-1513403530 tempest-VolumesImageMetadata-1513403530-project] Empty body provided in request {{(pid=117704) get_body /opt/stack/cinder/cinder/api/openstack/wsgi.py:715}}
Aug 02 09:58:31.567207 dv-cinder-843277-8-smb devstack@c-api.service[117704]: DEBUG cinder.api.openstack.wsgi [None req-a5d06616-fe99-4c9e-bfb1-3fb47970f9f6 tempest-VolumesImageMetadata-1513403530 tempest-VolumesImageMetadata-1513403530-project] Calling method 'show' {{(pid=117704) _process_stack /opt/stack/cinder/cinder/api/openstack/wsgi.py:868}}
Aug 02 09:58:31.579246 dv-cinder-843277-8-smb devstack@c-api.service[117704]: /usr/local/lib/python3.8/dist-packages/oslo_context/context.py:100: DeprecationWarning: Policy enforcement is depending on the value of is_admin. This key is deprecated. Please update your policy file to use the standard policy values.
Aug 02 09:58:31.579246 dv-cinder-843277-8-smb devstack@c-api.service[117704]: warnings.warn('Policy enforcement is depending on the value of '
Aug 02 09:58:31.586445 dv-cinder-843277-8-smb devstack@c-api.service[117704]: INFO cinder.volume.api [None req-a5d06616-fe99-4c9e-bfb1-3fb47970f9f6 tempest-VolumesImageMetadata-1513403530 tempest-VolumesImageMetadata-1513403530-project] Volume info retrieved successfully.
Aug 02 09:58:31.595963 dv-cinder-843277-8-smb devstack@c-api.service[117704]: INFO cinder.api.openstack.wsgi [None req-a5d06616-fe99-4c9e-bfb1-3fb47970f9f6 tempest-VolumesImageMetadata-1513403530 tempest-VolumesImageMetadata-1513403530-project] http://10.222.0.66/volume/v3/b84de2682abe4050a97813f36a8cf070/volumes/04507f6a-fa7f-4c08-8fb4-a064f81559e6 returned with HTTP 200
Aug 02 09:58:31.596944 dv-cinder-843277-8-smb devstack@c-api.service[117704]: [pid: 117704|app: 0|req: 104/209] 10.222.0.66 () {58 vars in 1325 bytes} [Tue Aug 2 09:58:31 2022] GET /volume/v3/b84de2682abe4050a97813f36a8cf070/volumes/04507f6a-fa7f-4c08-8fb4-a064f81559e6 => generated 912 bytes in 39 msecs (HTTP/1.1 200) 7 headers in 285 bytes (1 switches on core 0)
Aug 02 09:58:31.659483 dv-cinder-843277-8-smb devstack@c-api.service[117703]: DEBUG cinder.api.middleware.request_id [None req-0c804e8c-b7b5-4eec-9d79-4e1d860e47cb None None] RequestId filter calling following filter/app {{(pid=117703) _context_setter /opt/stack/cinder/cinder/api/middleware/request_id.py:62}}
Aug 02 09:58:31.663874 dv-cinder-843277-8-smb devstack@c-api.service[117703]: INFO cinder.api.openstack.wsgi [None req-0c804e8c-b7b5-4eec-9d79-4e1d860e47cb tempest-VolumeRetypeWithoutMigrationTest-605122424 tempest-VolumeRetypeWithoutMigrationTest-605122424-project] GET http://10.222.0.66/volume/v3/336b491d06a14f8ba15f4dbcdcb7ce30/volumes/35c5b7ee-55a6-49fa-8be9-c78b185000f6
Aug 02 09:58:31.664356 dv-cinder-843277-8-smb devstack@c-api.service[117703]: DEBUG cinder.api.openstack.wsgi [None req-0c804e8c-b7b5-4eec-9d79-4e1d860e47cb tempest-VolumeRetypeWithoutMigrationTest-605122424 tempest-VolumeRetypeWithoutMigrationTest-605122424-project] Empty body provided in request {{(pid=117703) get_body /opt/stack/cinder/cinder/api/openstack/wsgi.py:715}}
Aug 02 09:58:31.664857 dv-cinder-843277-8-smb devstack@c-api.service[117703]: DEBUG cinder.api.openstack.wsgi [None req-0c804e8c-b7b5-4eec-9d79-4e1d860e47cb tempest-VolumeRetypeWithoutMigrationTest-605122424 tempest-VolumeRetypeWithoutMigrationTest-605122424-project] Calling method 'show' {{(pid=117703) _process_stack /opt/stack/cinder/cinder/api/openstack/wsgi.py:868}}
Aug 02 09:58:31.679448 dv-cinder-843277-8-smb devstack@c-api.service[117703]: /usr/local/lib/python3.8/dist-packages/oslo_context/context.py:100: DeprecationWarning: Policy enforcement is depending on the value of is_admin. This key is deprecated. Please update your policy file to use the standard policy values.
Aug 02 09:58:31.679448 dv-cinder-843277-8-smb devstack@c-api.service[117703]: warnings.warn('Policy enforcement is depending on the value of '
Aug 02 09:58:31.685950 dv-cinder-843277-8-smb devstack@c-api.service[117703]: INFO cinder.volume.api [None req-0c804e8c-b7b5-4eec-9d79-4e1d860e47cb tempest-VolumeRetypeWithoutMigrationTest-605122424 tempest-VolumeRetypeWithoutMigrationTest-605122424-project] Volume info retrieved successfully.
Aug 02 09:58:31.694916 dv-cinder-843277-8-smb devstack@c-api.service[117703]: INFO cinder.api.openstack.wsgi [None req-0c804e8c-b7b5-4eec-9d79-4e1d860e47cb tempest-VolumeRetypeWithoutMigrationTest-605122424 tempest-VolumeRetypeWithoutMigrationTest-605122424-project] http://10.222.0.66/volume/v3/336b491d06a14f8ba15f4dbcdcb7ce30/volumes/35c5b7ee-55a6-49fa-8be9-c78b185000f6 returned with HTTP 200
Aug 02 09:58:31.695754 dv-cinder-843277-8-smb devstack@c-api.service[117703]: [pid: 117703|app: 0|req: 106/210] 10.222.0.66 () {58 vars in 1325 bytes} [Tue Aug 2 09:58:31 2022] GET /volume/v3/336b491d06a14f8ba15f4dbcdcb7ce30/volumes/35c5b7ee-55a6-49fa-8be9-c78b185000f6 => generated 927 bytes in 37 msecs (HTTP/1.1 200) 7 headers in 285 bytes (1 switches on core 0)
Aug 02 09:58:31.711540 dv-cinder-843277-8-smb devstack@c-api.service[117704]: DEBUG cinder.api.middleware.request_id [None req-65b482a6-dde7-423e-8a4f-3404ce701704 None None] RequestId filter calling following filter/app {{(pid=117704) _context_setter /opt/stack/cinder/cinder/api/middleware/request_id.py:62}}
Aug 02 09:58:31.716216 dv-cinder-843277-8-smb devstack@c-api.service[117704]: INFO cinder.api.openstack.wsgi [None req-65b482a6-dde7-423e-8a4f-3404ce701704 tempest-VolumeRetypeWithoutMigrationTest-754785838 tempest-VolumeRetypeWithoutMigrationTest-754785838-project-admin] GET http://10.222.0.66/volume/v3/1a6818a73afd402f8df7dcfb597d79c7/volumes/35c5b7ee-55a6-49fa-8be9-c78b185000f6
Aug 02 09:58:31.716216 dv-cinder-843277-8-smb devstack@c-api.service[117704]: DEBUG cinder.api.openstack.wsgi [None req-65b482a6-dde7-423e-8a4f-3404ce701704 tempest-VolumeRetypeWithoutMigrationTest-754785838 tempest-VolumeRetypeWithoutMigrationTest-754785838-project-admin] Empty body provided in request {{(pid=117704) get_body /opt/stack/cinder/cinder/api/openstack/wsgi.py:715}}
Aug 02 09:58:31.716216 dv-cinder-843277-8-smb devstack@c-api.service[117704]: DEBUG cinder.api.openstack.wsgi [None req-65b482a6-dde7-423e-8a4f-3404ce701704 tempest-VolumeRetypeWithoutMigrationTest-754785838 tempest-VolumeRetypeWithoutMigrationTest-754785838-project-admin] Calling method 'show' {{(pid=117704) _process_stack /opt/stack/cinder/cinder/api/openstack/wsgi.py:868}}
Aug 02 09:58:31.732727 dv-cinder-843277-8-smb devstack@c-api.service[117704]: /usr/local/lib/python3.8/dist-packages/oslo_context/context.py:100: DeprecationWarning: Policy enforcement is depending on the value of is_admin. This key is deprecated. Please update your policy file to use the standard policy values.
Aug 02 09:58:31.732727 dv-cinder-843277-8-smb devstack@c-api.service[117704]: warnings.warn('Policy enforcement is depending on the value of '
Aug 02 09:58:31.741242 dv-cinder-843277-8-smb devstack@c-api.service[117704]: INFO cinder.volume.api [None req-65b482a6-dde7-423e-8a4f-3404ce701704 tempest-VolumeRetypeWithoutMigrationTest-754785838 tempest-VolumeRetypeWithoutMigrationTest-754785838-project-admin] Volume info retrieved successfully.
Aug 02 09:58:31.750474 dv-cinder-843277-8-smb devstack@c-api.service[117704]: INFO cinder.api.openstack.wsgi [None req-65b482a6-dde7-423e-8a4f-3404ce701704 tempest-VolumeRetypeWithoutMigrationTest-754785838 tempest-VolumeRetypeWithoutMigrationTest-754785838-project-admin] http://10.222.0.66/volume/v3/1a6818a73afd402f8df7dcfb597d79c7/volumes/35c5b7ee-55a6-49fa-8be9-c78b185000f6 returned with HTTP 200
Aug 02 09:58:31.751212 dv-cinder-843277-8-smb devstack@c-api.service[117704]: [pid: 117704|app: 0|req: 105/211] 10.222.0.66 () {58 vars in 1325 bytes} [Tue Aug 2 09:58:31 2022] GET /volume/v3/1a6818a73afd402f8df7dcfb597d79c7/volumes/35c5b7ee-55a6-49fa-8be9-c78b185000f6 => generated 1093 bytes in 41 msecs (HTTP/1.1 200) 7 headers in 286 bytes (1 switches on core 0)
Aug 02 09:58:31.769980 dv-cinder-843277-8-smb devstack@c-api.service[117703]: DEBUG cinder.api.middleware.request_id [None req-3ee7c85d-76d2-4d6a-b44d-e66092a4e6fe None None] RequestId filter calling following filter/app {{(pid=117703) _context_setter /opt/stack/cinder/cinder/api/middleware/request_id.py:62}}
Aug 02 09:58:31.774506 dv-cinder-843277-8-smb devstack@c-api.service[117703]: INFO cinder.api.openstack.wsgi [None req-3ee7c85d-76d2-4d6a-b44d-e66092a4e6fe tempest-VolumeRetypeWithoutMigrationTest-605122424 tempest-VolumeRetypeWithoutMigrationTest-605122424-project] POST http://10.222.0.66/volume/v3/336b491d06a14f8ba15f4dbcdcb7ce30/volumes/35c5b7ee-55a6-49fa-8be9-c78b185000f6/action
Aug 02 09:58:31.779431 dv-cinder-843277-8-smb devstack@c-api.service[117703]: DEBUG cinder.api.openstack.wsgi [None req-3ee7c85d-76d2-4d6a-b44d-e66092a4e6fe tempest-VolumeRetypeWithoutMigrationTest-605122424 tempest-VolumeRetypeWithoutMigrationTest-605122424-project] Action body: b'{"os-retype": {"new_type": "volume-type-2", "migration_policy": "never"}}' {{(pid=117703) get_method /opt/stack/cinder/cinder/api/openstack/wsgi.py:983}}
Aug 02 09:58:31.779431 dv-cinder-843277-8-smb devstack@c-api.service[117703]: DEBUG cinder.api.openstack.wsgi [None req-3ee7c85d-76d2-4d6a-b44d-e66092a4e6fe tempest-VolumeRetypeWithoutMigrationTest-605122424 tempest-VolumeRetypeWithoutMigrationTest-605122424-project] Action: 'action', calling method: _retype, body: {"os-retype": {"new_type": "volume-type-2", "migration_policy": "never"}} {{(pid=117703) _process_stack /opt/stack/cinder/cinder/api/openstack/wsgi.py:866}}
Aug 02 09:58:31.798327 dv-cinder-843277-8-smb devstack@c-api.service[117703]: /usr/local/lib/python3.8/dist-packages/oslo_context/context.py:100: DeprecationWarning: Policy enforcement is depending on the value of is_admin. This key is deprecated. Please update your policy file to use the standard policy values.
Aug 02 09:58:31.798327 dv-cinder-843277-8-smb devstack@c-api.service[117703]: warnings.warn('Policy enforcement is depending on the value of '
