Aug 02 10:00:28.530722 dv-cinder-843277-8-iscsi neutron-server[103940]: INFO neutron.wsgi [req-9d80436b-f937-4153-8440-083f0ce90621 req-f7c6a2d7-f650-45eb-9d57-6cc23250c2da tempest-ServerRescueNegativeTestJSON-1419884056 tempest-ServerRescueNegativeTestJSON-1419884056-project] 10.222.0.64 "GET /networking/v2.0/ports?device_id=01ceccd8-1dec-4aa9-a719-49c5c655ecfc HTTP/1.1" status: 200 len: 943 time: 0.0475633
Aug 02 10:00:28.578151 dv-cinder-843277-8-iscsi neutron-server[103940]: INFO neutron.wsgi [req-9d80436b-f937-4153-8440-083f0ce90621 req-238a447a-9a8a-47e8-8140-fd6169538f72 tempest-ServerRescueNegativeTestJSON-1419884056 tempest-ServerRescueNegativeTestJSON-1419884056-project] 10.222.0.64 "GET /networking/v2.0/security-groups?id=19735938-5504-4310-b5ba-c86ba0bdcf64&fields=id&fields=name HTTP/1.1" status: 200 len: 286 time: 0.0415709
Aug 02 10:00:29.040877 dv-cinder-843277-8-iscsi neutron-server[103940]: DEBUG neutron.pecan_wsgi.hooks.policy_enforcement [req-5a11df13-b4fa-4546-93eb-acfaa9243947 req-8df268fa-caa9-4504-91cd-25e135487e69 tempest-DeleteServersTestJSON-817056280 tempest-DeleteServersTestJSON-817056280-project] Attributes excluded by policy engine: ['standard_attr_id', 'binding:profile', 'binding:host_id', 'binding:vif_type', 'binding:vif_details'] {{(pid=103940) _exclude_attributes_by_policy /opt/stack/neutron/neutron/pecan_wsgi/hooks/policy_enforcement.py:259}}
Aug 02 10:00:29.042417 dv-cinder-843277-8-iscsi neutron-server[103940]: INFO neutron.wsgi [req-5a11df13-b4fa-4546-93eb-acfaa9243947 req-8df268fa-caa9-4504-91cd-25e135487e69 tempest-DeleteServersTestJSON-817056280 tempest-DeleteServersTestJSON-817056280-project] 10.222.0.64 "GET /networking/v2.0/ports?device_id=a157ae00-c4a0-4eb6-87b0-3e24bfffeb7f HTTP/1.1" status: 200 len: 944 time: 0.0510552
Aug 02 10:00:29.092793 dv-cinder-843277-8-iscsi neutron-server[103940]: INFO neutron.wsgi [req-5a11df13-b4fa-4546-93eb-acfaa9243947 req-f29e64e5-ef5e-4d69-a734-bd9eeb294015 tempest-DeleteServersTestJSON-817056280 tempest-DeleteServersTestJSON-817056280-project] 10.222.0.64 "GET /networking/v2.0/security-groups?id=6bddc382-06be-4f43-ad5c-d75a454705ca&fields=id&fields=name HTTP/1.1" status: 200 len: 286 time: 0.0444036
Aug 02 10:00:29.327537 dv-cinder-843277-8-iscsi neutron-server[103940]: INFO neutron.wsgi [req-84d4fb11-56f2-4ec3-a1e2-38b0aedbeb5c req-f1d6f291-0803-45ee-b983-20639bfa9f43 tempest-AttachVolumeShelveTestJSON-1382975464 tempest-AttachVolumeShelveTestJSON-1382975464-project] 10.222.0.64 "GET /networking/v2.0/ports?device_id=a5d4a19e-14f7-4684-81cb-ebf6ea8fdf31 HTTP/1.1" status: 200 len: 210 time: 0.0271323
Aug 02 10:00:29.438409 dv-cinder-843277-8-iscsi neutron-server[103940]: INFO neutron.wsgi [req-9cb983f5-304c-4139-ade0-8682609eaab9 req-bb689a06-e975-46d3-b77b-a7463c488a8f tempest-AttachVolumeNegativeTest-653916877 tempest-AttachVolumeNegativeTest-653916877-project] 10.222.0.64 "GET /networking/v2.0/ports?device_id=235a23c0-6379-49d2-a7e5-be3746bf9770 HTTP/1.1" status: 200 len: 210 time: 0.0271523
Aug 02 10:00:29.552998 dv-cinder-843277-8-iscsi neutron-server[103940]: INFO neutron.wsgi [req-961ad156-b36b-4560-910a-fc86370dfbba req-9f39ab0e-6e53-4a0c-8b51-e5137054bae7 tempest-AttachVolumeTestJSON-1400933190 tempest-AttachVolumeTestJSON-1400933190-project] 10.222.0.64 "GET /networking/v2.0/ports?device_id=99c1545c-e873-498f-b8f5-20559faab309 HTTP/1.1" status: 200 len: 210 time: 0.0301301
Aug 02 10:00:29.694147 dv-cinder-843277-8-iscsi neutron-server[103940]: DEBUG neutron.pecan_wsgi.hooks.policy_enforcement [req-5d4aeb5f-9e07-4277-98d1-73b54f5d1799 req-32d790ea-1f63-48d9-b17d-8ca386683ae7 tempest-ServerRescueNegativeTestJSON-1419884056 tempest-ServerRescueNegativeTestJSON-1419884056-project] Attributes excluded by policy engine: ['standard_attr_id', 'binding:profile', 'binding:host_id', 'binding:vif_type', 'binding:vif_details'] {{(pid=103940) _exclude_attributes_by_policy /opt/stack/neutron/neutron/pecan_wsgi/hooks/policy_enforcement.py:259}}
Aug 02 10:00:29.695591 dv-cinder-843277-8-iscsi neutron-server[103940]: INFO neutron.wsgi [req-5d4aeb5f-9e07-4277-98d1-73b54f5d1799 req-32d790ea-1f63-48d9-b17d-8ca386683ae7 tempest-ServerRescueNegativeTestJSON-1419884056 tempest-ServerRescueNegativeTestJSON-1419884056-project] 10.222.0.64 "GET /networking/v2.0/ports?device_id=01ceccd8-1dec-4aa9-a719-49c5c655ecfc HTTP/1.1" status: 200 len: 943 time: 0.0467784
Aug 02 10:00:29.727694 dv-cinder-843277-8-iscsi neutron-server[103940]: DEBUG dbcounter [-] [103940] Writing DB stats neutron:SELECT=100 {{(pid=103940) stat_writer /usr/local/lib/python3.8/dist-packages/dbcounter.py:114}}
Aug 02 10:00:29.742723 dv-cinder-843277-8-iscsi neutron-server[103940]: INFO neutron.wsgi [req-5d4aeb5f-9e07-4277-98d1-73b54f5d1799 req-167b1cc4-ac90-40e8-9303-64e47fd54553 tempest-ServerRescueNegativeTestJSON-1419884056 tempest-ServerRescueNegativeTestJSON-1419884056-project] 10.222.0.64 "GET /networking/v2.0/security-groups?id=19735938-5504-4310-b5ba-c86ba0bdcf64&fields=id&fields=name HTTP/1.1" status: 200 len: 286 time: 0.0416980
Aug 02 10:00:30.028971 dv-cinder-843277-8-iscsi neutron-server[103942]: DEBUG neutron_lib.callbacks.manager [None req-23fa0cbe-3f54-4d32-a27b-ea04683cb903 None None] Publish callbacks ['neutron.services.segments.db._update_segment_host_mapping_for_agent-8757485528531', 'neutron.plugins.ml2.plugin.Ml2Plugin._retry_binding_revived_agents-1260857'] for agent (31b2cd14-cd90-4823-ab7c-1127fbfe84e4), after_update {{(pid=103942) _notify_loop /usr/local/lib/python3.8/dist-packages/neutron_lib/callbacks/manager.py:176}}
Aug 02 10:00:30.212995 dv-cinder-843277-8-iscsi neutron-server[103940]: DEBUG neutron.pecan_wsgi.hooks.policy_enforcement [req-00e3d5be-ed88-4aa1-be49-97b35add238f req-33d337d6-1f15-46cd-a212-53e5b3cdd986 tempest-DeleteServersTestJSON-817056280 tempest-DeleteServersTestJSON-817056280-project] Attributes excluded by policy engine: ['standard_attr_id', 'binding:profile', 'binding:host_id', 'binding:vif_type', 'binding:vif_details'] {{(pid=103940) _exclude_attributes_by_policy /opt/stack/neutron/neutron/pecan_wsgi/hooks/policy_enforcement.py:259}}
Aug 02 10:00:30.214517 dv-cinder-843277-8-iscsi neutron-server[103940]: INFO neutron.wsgi [req-00e3d5be-ed88-4aa1-be49-97b35add238f req-33d337d6-1f15-46cd-a212-53e5b3cdd986 tempest-DeleteServersTestJSON-817056280 tempest-DeleteServersTestJSON-817056280-project] 10.222.0.64 "GET /networking/v2.0/ports?device_id=a157ae00-c4a0-4eb6-87b0-3e24bfffeb7f HTTP/1.1" status: 200 len: 944 time: 0.0524673
Aug 02 10:00:30.263264 dv-cinder-843277-8-iscsi neutron-server[103940]: INFO neutron.wsgi [req-00e3d5be-ed88-4aa1-be49-97b35add238f req-26142541-2c07-4f55-867f-cd9e4f1ab4b2 tempest-DeleteServersTestJSON-817056280 tempest-DeleteServersTestJSON-817056280-project] 10.222.0.64 "GET /networking/v2.0/security-groups?id=6bddc382-06be-4f43-ad5c-d75a454705ca&fields=id&fields=name HTTP/1.1" status: 200 len: 286 time: 0.0430236
Aug 02 10:00:30.433142 dv-cinder-843277-8-iscsi neutron-server[103940]: INFO neutron.wsgi [req-c7cc660b-66c2-4ad1-83dd-57fc51e6645f req-3d6aff1d-d194-4b6d-970c-21fee1a88ac1 tempest-AttachVolumeShelveTestJSON-1382975464 tempest-AttachVolumeShelveTestJSON-1382975464-project] 10.222.0.64 "GET /networking/v2.0/ports?device_id=a5d4a19e-14f7-4684-81cb-ebf6ea8fdf31 HTTP/1.1" status: 200 len: 210 time: 0.0315537
Aug 02 10:00:30.536463 dv-cinder-843277-8-iscsi neutron-server[103940]: INFO neutron.wsgi [req-1412ea99-10a6-4885-932b-9c4d5e4c0829 req-d357d7e1-2ebd-4974-a59e-e61c15d0a2c0 tempest-AttachVolumeNegativeTest-653916877 tempest-AttachVolumeNegativeTest-653916877-project] 10.222.0.64 "GET /networking/v2.0/ports?device_id=235a23c0-6379-49d2-a7e5-be3746bf9770 HTTP/1.1" status: 200 len: 210 time: 0.0281041
Aug 02 10:00:30.650065 dv-cinder-843277-8-iscsi neutron-server[103940]: INFO neutron.wsgi [req-8ddebd79-7831-4bd8-ad34-4f4c415e7a40 req-2555e554-c7a0-41e9-8a6f-07477d367da1 tempest-AttachVolumeTestJSON-1400933190 tempest-AttachVolumeTestJSON-1400933190-project] 10.222.0.64 "GET /networking/v2.0/ports?device_id=99c1545c-e873-498f-b8f5-20559faab309 HTTP/1.1" status: 200 len: 210 time: 0.0270627
Aug 02 10:00:30.820196 dv-cinder-843277-8-iscsi neutron-server[103940]: DEBUG dbcounter [-] [103940] Writing DB stats neutron:SELECT=100 {{(pid=103940) stat_writer /usr/local/lib/python3.8/dist-packages/dbcounter.py:114}}
Aug 02 10:00:30.856827 dv-cinder-843277-8-iscsi neutron-server[103940]: DEBUG neutron.pecan_wsgi.hooks.policy_enforcement [req-cee391e1-ceb6-4602-be8e-e3c5ca0c562d req-bc6ea155-5797-4051-8400-0cd03091f4a4 tempest-ServerRescueNegativeTestJSON-1419884056 tempest-ServerRescueNegativeTestJSON-1419884056-project] Attributes excluded by policy engine: ['standard_attr_id', 'binding:profile', 'binding:host_id', 'binding:vif_type', 'binding:vif_details'] {{(pid=103940) _exclude_attributes_by_policy /opt/stack/neutron/neutron/pecan_wsgi/hooks/policy_enforcement.py:259}}
Aug 02 10:00:30.858304 dv-cinder-843277-8-iscsi neutron-server[103940]: INFO neutron.wsgi [req-cee391e1-ceb6-4602-be8e-e3c5ca0c562d req-bc6ea155-5797-4051-8400-0cd03091f4a4 tempest-ServerRescueNegativeTestJSON-1419884056 tempest-ServerRescueNegativeTestJSON-1419884056-project] 10.222.0.64 "GET /networking/v2.0/ports?device_id=01ceccd8-1dec-4aa9-a719-49c5c655ecfc HTTP/1.1" status: 200 len: 943 time: 0.0472071
Aug 02 10:00:30.909015 dv-cinder-843277-8-iscsi neutron-server[103940]: INFO neutron.wsgi [req-cee391e1-ceb6-4602-be8e-e3c5ca0c562d req-95604f1d-8e60-442b-b28f-b73d3f1793f4 tempest-ServerRescueNegativeTestJSON-1419884056 tempest-ServerRescueNegativeTestJSON-1419884056-project] 10.222.0.64 "GET /networking/v2.0/security-groups?id=19735938-5504-4310-b5ba-c86ba0bdcf64&fields=id&fields=name HTTP/1.1" status: 200 len: 286 time: 0.0451870
Aug 02 10:00:31.294244 dv-cinder-843277-8-iscsi neutron-server[103942]: DEBUG neutron.plugins.ml2.rpc [None req-d4875889-ccee-4891-b726-14ae67f5d4d0 None None] Device 4b6e34bf-2247-4605-b6be-22ebf32e65b6 details requested by agent hyperv_hv-cinder-84327 with host hv-cinder-84327 {{(pid=103942) get_device_details /opt/stack/neutron/neutron/plugins/ml2/rpc.py:102}}
Aug 02 10:00:31.297567 dv-cinder-843277-8-iscsi neutron-server[103942]: DEBUG dbcounter [-] [103942] Writing DB stats neutron:SELECT=97,neutron:UPDATE=2,neutron:DELETE=1 {{(pid=103942) stat_writer /usr/local/lib/python3.8/dist-packages/dbcounter.py:114}}
Aug 02 10:00:31.386531 dv-cinder-843277-8-iscsi neutron-server[103940]: DEBUG neutron.pecan_wsgi.hooks.policy_enforcement [req-d9f02914-2903-403c-a0db-55956fee2935 req-ff9c14e3-7aa0-4416-b2eb-0582b78e605d tempest-DeleteServersTestJSON-817056280 tempest-DeleteServersTestJSON-817056280-project] Attributes excluded by policy engine: ['standard_attr_id', 'binding:profile', 'binding:host_id', 'binding:vif_type', 'binding:vif_details'] {{(pid=103940) _exclude_attributes_by_policy /opt/stack/neutron/neutron/pecan_wsgi/hooks/policy_enforcement.py:259}}
Aug 02 10:00:31.388018 dv-cinder-843277-8-iscsi neutron-server[103940]: INFO neutron.wsgi [req-d9f02914-2903-403c-a0db-55956fee2935 req-ff9c14e3-7aa0-4416-b2eb-0582b78e605d tempest-DeleteServersTestJSON-817056280 tempest-DeleteServersTestJSON-817056280-project] 10.222.0.64 "GET /networking/v2.0/ports?device_id=a157ae00-c4a0-4eb6-87b0-3e24bfffeb7f HTTP/1.1" status: 200 len: 944 time: 0.0494657
Aug 02 10:00:31.407056 dv-cinder-843277-8-iscsi neutron-server[103942]: DEBUG neutron.plugins.ml2.db [None req-d4875889-ccee-4891-b726-14ae67f5d4d0 None None] For port 4b6e34bf-2247-4605-b6be-22ebf32e65b6, host hv-cinder-84327, got binding levels [PortBindingLevel(driver='hyperv',host='hv-cinder-84327',level=0,port_id=4b6e34bf-2247-4605-b6be-22ebf32e65b6,segment=NetworkSegment(3fc6353c-491b-4060-b15b-59bbbb7dfacf),segment_id=3fc6353c-491b-4060-b15b-59bbbb7dfacf)] {{(pid=103942) get_binding_level_objs /opt/stack/neutron/neutron/plugins/ml2/db.py:74}}
Aug 02 10:00:31.418786 dv-cinder-843277-8-iscsi neutron-server[103942]: DEBUG neutron.plugins.ml2.rpc [None req-d4875889-ccee-4891-b726-14ae67f5d4d0 None None] Returning: {'device': '4b6e34bf-2247-4605-b6be-22ebf32e65b6', 'network_id': '900503c2-f5e9-4e5b-b2c0-f34d2ccf20c3', 'port_id': '4b6e34bf-2247-4605-b6be-22ebf32e65b6', 'mac_address': 'fa:16:3e:a9:c7:45', 'admin_state_up': True, 'network_type': 'vlan', 'segmentation_id': 308, 'physical_network': 'physnet1', 'mtu': 1500, 'fixed_ips': [{'subnet_id': '0daa7993-3575-44a3-bc02-824fe500b1f0', 'ip_address': '172.20.0.9'}], 'device_owner': 'compute:nova', 'allowed_address_pairs': [], 'port_security_enabled': True, 'qos_policy_id': None, 'qos_network_policy_id': None, 'profile': {}, 'propagate_uplink_status': False} {{(pid=103942) _get_device_details /opt/stack/neutron/neutron/plugins/ml2/rpc.py:184}}
Aug 02 10:00:31.437272 dv-cinder-843277-8-iscsi neutron-server[103940]: INFO neutron.wsgi [req-d9f02914-2903-403c-a0db-55956fee2935 req-ca2ee0ab-2374-48de-bba7-ff47f8efeebb tempest-DeleteServersTestJSON-817056280 tempest-DeleteServersTestJSON-817056280-project] 10.222.0.64 "GET /networking/v2.0/security-groups?id=6bddc382-06be-4f43-ad5c-d75a454705ca&fields=id&fields=name HTTP/1.1" status: 200 len: 286 time: 0.0435824
Aug 02 10:00:31.456367 dv-cinder-843277-8-iscsi neutron-server[103942]: DEBUG neutron.plugins.ml2.plugin [None req-d4875889-ccee-4891-b726-14ae67f5d4d0 None None] Current status of the port 4b6e34bf-2247-4605-b6be-22ebf32e65b6 is: DOWN; New status is: BUILD {{(pid=103942) _update_individual_port_db_status /opt/stack/neutron/neutron/plugins/ml2/plugin.py:2292}}
Aug 02 10:00:31.456765 dv-cinder-843277-8-iscsi neutron-server[103942]: DEBUG neutron_lib.callbacks.manager [None req-d4875889-ccee-4891-b726-14ae67f5d4d0 None None] Publish callbacks ['neutron.plugins.ml2.plugin.SecurityGroupDbMixin._ensure_default_security_group_handler-807970'] for port (4b6e34bf-2247-4605-b6be-22ebf32e65b6), before_update {{(pid=103942) _notify_loop /usr/local/lib/python3.8/dist-packages/neutron_lib/callbacks/manager.py:176}}
Aug 02 10:00:31.470751 dv-cinder-843277-8-iscsi neutron-server[103942]: DEBUG neutron.notifiers.nova [None req-d4875889-ccee-4891-b726-14ae67f5d4d0 None None] Ignoring state change previous_port_status: DOWN current_port_status: BUILD port_id 4b6e34bf-2247-4605-b6be-22ebf32e65b6 {{(pid=103942) record_port_status_changed /opt/stack/neutron/neutron/notifiers/nova.py:233}}
Aug 02 10:00:31.492139 dv-cinder-843277-8-iscsi neutron-server[103942]: DEBUG neutron.plugins.ml2.db [None req-d4875889-ccee-4891-b726-14ae67f5d4d0 None None] For port 4b6e34bf-2247-4605-b6be-22ebf32e65b6, host hv-cinder-84327, got binding levels [PortBindingLevel(driver='hyperv',host='hv-cinder-84327',level=0,port_id=4b6e34bf-2247-4605-b6be-22ebf32e65b6,segment=NetworkSegment(3fc6353c-491b-4060-b15b-59bbbb7dfacf),segment_id=3fc6353c-491b-4060-b15b-59bbbb7dfacf)] {{(pid=103942) get_binding_level_objs /opt/stack/neutron/neutron/plugins/ml2/db.py:74}}
Aug 02 10:00:31.495999 dv-cinder-843277-8-iscsi neutron-server[103942]: DEBUG neutron_lib.callbacks.manager [None req-d4875889-ccee-4891-b726-14ae67f5d4d0 None None] Publish callbacks ['neutron.plugins.ml2.plugin.SecurityGroupServerNotifierRpcMixin._notify_sg_on_port_change-808033', 'neutron.plugins.ml2.ovo_rpc._ObjectChangeHandler.handle_event-66098', 'neutron.api.rpc.agentnotifiers.dhcp_rpc_agent_api.DhcpAgentNotifyAPI._native_event_send_dhcp_notification-1581664', 'neutron.db.l3_db.L3RpcNotifierMixin._notify_gateway_port_ip_changed-8757485554643', 'neutron.db.l3_dvrscheduler_db._notify_l3_agent_port_update-8757485058461', 'neutron.db.l3_hascheduler_db._notify_l3_agent_ha_port_update-8757485058479'] for port (4b6e34bf-2247-4605-b6be-22ebf32e65b6), after_update {{(pid=103942) _notify_loop /usr/local/lib/python3.8/dist-packages/neutron_lib/callbacks/manager.py:176}}
Aug 02 10:00:31.538476 dv-cinder-843277-8-iscsi neutron-server[103940]: INFO neutron.wsgi [req-72f2e4b1-ba6c-4e80-8a4f-94bf79256f1d req-3d353c8f-7f13-4cd4-9633-da695e7b24fd tempest-AttachVolumeShelveTestJSON-1382975464 tempest-AttachVolumeShelveTestJSON-1382975464-project] 10.222.0.64 "GET /networking/v2.0/ports?device_id=a5d4a19e-14f7-4684-81cb-ebf6ea8fdf31 HTTP/1.1" status: 200 len: 210 time: 0.0272930
Aug 02 10:00:31.548075 dv-cinder-843277-8-iscsi neutron-server[103942]: DEBUG neutron.api.rpc.handlers.resources_rpc [None req-d4875889-ccee-4891-b726-14ae67f5d4d0 None None] Pushing event updated for resources: {'Port': ['ID=4b6e34bf-2247-4605-b6be-22ebf32e65b6,revision_number=4']} {{(pid=103942) push /opt/stack/neutron/neutron/api/rpc/handlers/resources_rpc.py:237}}
Aug 02 10:00:31.556170 dv-cinder-843277-8-iscsi neutron-server[103942]: DEBUG neutron.api.rpc.callbacks.version_manager [None req-d4875889-ccee-4891-b726-14ae67f5d4d0 None None] Version for resource type AddressGroup changed None to 1.2 on consumer Open vSwitch agent@dv-cinder-843277-8-iscsi {{(pid=103942) _set_version /opt/stack/neutron/neutron/api/rpc/callbacks/version_manager.py:113}}
Aug 02 10:00:31.556546 dv-cinder-843277-8-iscsi neutron-server[103942]: DEBUG neutron.api.rpc.callbacks.version_manager [None req-d4875889-ccee-4891-b726-14ae67f5d4d0 None None] Version for resource type Agent changed None to 1.1 on consumer Open vSwitch agent@dv-cinder-843277-8-iscsi {{(pid=103942) _set_version /opt/stack/neutron/neutron/api/rpc/callbacks/version_manager.py:113}}
Aug 02 10:00:31.556917 dv-cinder-843277-8-iscsi neutron-server[103942]: DEBUG neutron.api.rpc.callbacks.version_manager [None req-d4875889-ccee-4891-b726-14ae67f5d4d0 None None] Version for resource type ConntrackHelper changed None to 1.0 on consumer Open vSwitch agent@dv-cinder-843277-8-iscsi {{(pid=103942) _set_version /opt/stack/neutron/neutron/api/rpc/callbacks/version_manager.py:113}}
Aug 02 10:00:31.557275 dv-cinder-843277-8-iscsi neutron-server[103942]: DEBUG neutron.api.rpc.callbacks.version_manager [None req-d4875889-ccee-4891-b726-14ae67f5d4d0 None None] Version for resource type LocalIPAssociation changed None to 1.0 on consumer Open vSwitch agent@dv-cinder-843277-8-iscsi {{(pid=103942) _set_version /opt/stack/neutron/neutron/api/rpc/callbacks/version_manager.py:113}}
Aug 02 10:00:31.557612 dv-cinder-843277-8-iscsi neutron-server[103942]: DEBUG neutron.api.rpc.callbacks.version_manager [None req-d4875889-ccee-4891-b726-14ae67f5d4d0 None None] Version for resource type Log changed None to 1.0 on consumer Open vSwitch agent@dv-cinder-843277-8-iscsi {{(pid=103942) _set_version /opt/stack/neutron/neutron/api/rpc/callbacks/version_manager.py:113}}
Aug 02 10:00:31.557946 dv-cinder-843277-8-iscsi neutron-server[103942]: DEBUG neutron.api.rpc.callbacks.version_manager [None req-d4875889-ccee-4891-b726-14ae67f5d4d0 None None] Version for resource type NDPProxy changed None to 1.0 on consumer Open vSwitch agent@dv-cinder-843277-8-iscsi {{(pid=103942) _set_version /opt/stack/neutron/neutron/api/rpc/callbacks/version_manager.py:113}}
Aug 02 10:00:31.558275 dv-cinder-843277-8-iscsi neutron-server[103942]: DEBUG neutron.api.rpc.callbacks.version_manager [None req-d4875889-ccee-4891-b726-14ae67f5d4d0 None None] Version for resource type Network changed None to 1.1 on consumer Open vSwitch agent@dv-cinder-843277-8-iscsi {{(pid=103942) _set_version /opt/stack/neutron/neutron/api/rpc/callbacks/version_manager.py:113}}
Aug 02 10:00:31.558600 dv-cinder-843277-8-iscsi neutron-server[103942]: DEBUG neutron.api.rpc.callbacks.version_manager [None req-d4875889-ccee-4891-b726-14ae67f5d4d0 None None] Version for resource type Port changed None to 1.7 on consumer Open vSwitch agent@dv-cinder-843277-8-iscsi {{(pid=103942) _set_version /opt/stack/neutron/neutron/api/rpc/callbacks/version_manager.py:113}}
Aug 02 10:00:31.558928 dv-cinder-843277-8-iscsi neutron-server[103942]: DEBUG neutron.api.rpc.callbacks.version_manager [None req-d4875889-ccee-4891-b726-14ae67f5d4d0 None None] Version for resource type PortForwarding changed None to 1.3 on consumer Open vSwitch agent@dv-cinder-843277-8-iscsi {{(pid=103942) _set_version /opt/stack/neutron/neutron/api/rpc/callbacks/version_manager.py:113}}
Aug 02 10:00:31.559251 dv-cinder-843277-8-iscsi neutron-server[103942]: DEBUG neutron.api.rpc.callbacks.version_manager [None req-d4875889-ccee-4891-b726-14ae67f5d4d0 None None] Version for resource type QosPolicy changed None to 1.10 on consumer Open vSwitch agent@dv-cinder-843277-8-iscsi {{(pid=103942) _set_version /opt/stack/neutron/neutron/api/rpc/callbacks/version_manager.py:113}}
Aug 02 10:00:31.559577 dv-cinder-843277-8-iscsi neutron-server[103942]: DEBUG neutron.api.rpc.callbacks.version_manager [None req-d4875889-ccee-4891-b726-14ae67f5d4d0 None None] Version for resource type SecurityGroup changed None to 1.5 on consumer Open vSwitch agent@dv-cinder-843277-8-iscsi {{(pid=103942) _set_version /opt/stack/neutron/neutron/api/rpc/callbacks/version_manager.py:113}}
Aug 02 10:00:31.559903 dv-cinder-843277-8-iscsi neutron-server[103942]: DEBUG neutron.api.rpc.callbacks.version_manager [None req-d4875889-ccee-4891-b726-14ae67f5d4d0 None None] Version for resource type SecurityGroupRule changed None to 1.2 on consumer Open vSwitch agent@dv-cinder-843277-8-iscsi {{(pid=103942) _set_version /opt/stack/neutron/neutron/api/rpc/callbacks/version_manager.py:113}}
Aug 02 10:00:31.560224 dv-cinder-843277-8-iscsi neutron-server[103942]: DEBUG neutron.api.rpc.callbacks.version_manager [None req-d4875889-ccee-4891-b726-14ae67f5d4d0 None None] Version for resource type SubPort changed None to 1.0 on consumer Open vSwitch agent@dv-cinder-843277-8-iscsi {{(pid=103942) _set_version /opt/stack/neutron/neutron/api/rpc/callbacks/version_manager.py:113}}
Aug 02 10:00:31.560572 dv-cinder-843277-8-iscsi neutron-server[103942]: DEBUG neutron.api.rpc.callbacks.version_manager [None req-d4875889-ccee-4891-b726-14ae67f5d4d0 None None] Version for resource type Subnet changed None to 1.1 on consumer Open vSwitch agent@dv-cinder-843277-8-iscsi {{(pid=103942) _set_version /opt/stack/neutron/neutron/api/rpc/callbacks/version_manager.py:113}}
Aug 02 10:00:31.561040 dv-cinder-843277-8-iscsi neutron-server[103942]: DEBUG neutron.api.rpc.callbacks.version_manager [None req-d4875889-ccee-4891-b726-14ae67f5d4d0 None None] Version for resource type Trunk changed None to 1.1 on consumer Open vSwitch agent@dv-cinder-843277-8-iscsi {{(pid=103942) _set_version /opt/stack/neutron/neutron/api/rpc/callbacks/version_manager.py:113}}
Aug 02 10:00:31.633817 dv-cinder-843277-8-iscsi neutron-server[103940]: INFO neutron.wsgi [req-f499ab59-c06c-416d-b0ac-68d2a924ab5c req-eb148007-6c6f-4ee7-b6d6-6fc041e965f6 tempest-AttachVolumeNegativeTest-653916877 tempest-AttachVolumeNegativeTest-653916877-project] 10.222.0.64 "GET /networking/v2.0/ports?device_id=235a23c0-6379-49d2-a7e5-be3746bf9770 HTTP/1.1" status: 200 len: 210 time: 0.0272586
Aug 02 10:00:31.750303 dv-cinder-843277-8-iscsi neutron-server[103940]: INFO neutron.wsgi [req-a54f6e89-3fcf-480e-95c4-1fc7efe32035 req-d8c3024b-88e2-445c-a132-5818379f84fb tempest-AttachVolumeTestJSON-1400933190 tempest-AttachVolumeTestJSON-1400933190-project] 10.222.0.64 "GET /networking/v2.0/ports?device_id=99c1545c-e873-498f-b8f5-20559faab309 HTTP/1.1" status: 200 len: 210 time: 0.0297835
Aug 02 10:00:32.022114 dv-cinder-843277-8-iscsi neutron-server[103940]: DEBUG neutron.pecan_wsgi.hooks.policy_enforcement [req-fd21d1e2-928c-4bf7-8658-c00a3eec6047 req-417c208d-750d-4d53-97f2-c17d471545c4 tempest-ServerRescueNegativeTestJSON-1419884056 tempest-ServerRescueNegativeTestJSON-1419884056-project] Attributes excluded by policy engine: ['standard_attr_id', 'binding:profile', 'binding:host_id', 'binding:vif_type', 'binding:vif_details'] {{(pid=103940) _exclude_attributes_by_policy /opt/stack/neutron/neutron/pecan_wsgi/hooks/policy_enforcement.py:259}}
Aug 02 10:00:32.023553 dv-cinder-843277-8-iscsi neutron-server[103940]: INFO neutron.wsgi [req-fd21d1e2-928c-4bf7-8658-c00a3eec6047 req-417c208d-750d-4d53-97f2-c17d471545c4 tempest-ServerRescueNegativeTestJSON-1419884056 tempest-ServerRescueNegativeTestJSON-1419884056-project] 10.222.0.64 "GET /networking/v2.0/ports?device_id=01ceccd8-1dec-4aa9-a719-49c5c655ecfc HTTP/1.1" status: 200 len: 944 time: 0.0449228
Aug 02 10:00:32.069694 dv-cinder-843277-8-iscsi neutron-server[103940]: INFO neutron.wsgi [req-fd21d1e2-928c-4bf7-8658-c00a3eec6047 req-19cd9fb9-d194-4aef-9c2c-3b4c9206d314 tempest-ServerRescueNegativeTestJSON-1419884056 tempest-ServerRescueNegativeTestJSON-1419884056-project] 10.222.0.64 "GET /networking/v2.0/security-groups?id=19735938-5504-4310-b5ba-c86ba0bdcf64&fields=id&fields=name HTTP/1.1" status: 200 len: 286 time: 0.0407104
Aug 02 10:00:32.213619 dv-cinder-843277-8-iscsi neutron-server[103942]: DEBUG neutron_lib.callbacks.manager [None req-468bf221-65f7-4587-8020-0192143e264b None None] Publish callbacks ['neutron.services.segments.db._update_segment_host_mapping_for_agent-8757485528531', 'neutron.plugins.ml2.plugin.Ml2Plugin._retry_binding_revived_agents-1260857'] for agent (0b4c4cd7-eac6-41b1-ad45-aded03b70755), after_update {{(pid=103942) _notify_loop /usr/local/lib/python3.8/dist-packages/neutron_lib/callbacks/manager.py:176}}
Aug 02 10:00:32.498830 dv-cinder-843277-8-iscsi neutron-server[103940]: DEBUG neutron.api.v2.base [req-e3484ad1-a33c-4e45-8c6d-aaf242814624 req-3a0937c3-4924-4ef4-acde-61879d1e6215 tempest-AttachVolumeShelveTestJSON-1382975464 tempest-AttachVolumeShelveTestJSON-1382975464-project] Request body: {'port': {'device_id': 'a5d4a19e-14f7-4684-81cb-ebf6ea8fdf31', 'network_id': 'a3d39947-76b2-4d5d-92df-d004c7626c2b', 'admin_state_up': True, 'tenant_id': 'd0b63cdea5bf43ea8478b59c7154ee70', 'security_groups': ['ee84f302-6b59-4b3d-8368-791069877560']}} {{(pid=103940) prepare_request_body /opt/stack/neutron/neutron/api/v2/base.py:730}}
Aug 02 10:00:32.662897 dv-cinder-843277-8-iscsi neutron-server[103940]: DEBUG neutron.pecan_wsgi.hooks.policy_enforcement [req-9457cb2e-b38d-4bc4-a073-11d724d089c4 req-9e521cb0-5626-40f4-8731-6cffa7034d07 tempest-DeleteServersTestJSON-817056280 tempest-DeleteServersTestJSON-817056280-project] Attributes excluded by policy engine: ['standard_attr_id', 'binding:profile', 'binding:host_id', 'binding:vif_type', 'binding:vif_details'] {{(pid=103940) _exclude_attributes_by_policy /opt/stack/neutron/neutron/pecan_wsgi/hooks/policy_enforcement.py:259}}
Aug 02 10:00:32.664443 dv-cinder-843277-8-iscsi neutron-server[103940]: INFO neutron.wsgi [req-9457cb2e-b38d-4bc4-a073-11d724d089c4 req-9e521cb0-5626-40f4-8731-6cffa7034d07 tempest-DeleteServersTestJSON-817056280 tempest-DeleteServersTestJSON-817056280-project] 10.222.0.64 "GET /networking/v2.0/ports?device_id=a157ae00-c4a0-4eb6-87b0-3e24bfffeb7f HTTP/1.1" status: 200 len: 944 time: 0.1485963
Aug 02 10:00:32.693917 dv-cinder-843277-8-iscsi neutron-server[103940]: INFO neutron.wsgi [req-e9173f2a-83d1-4952-986f-75adf99fe9af req-72035ba8-4600-42b1-9809-aba2e51aa0e5 tempest-AttachVolumeShelveTestJSON-1382975464 tempest-AttachVolumeShelveTestJSON-1382975464-project] 10.222.0.64 "GET /networking/v2.0/ports?device_id=a5d4a19e-14f7-4684-81cb-ebf6ea8fdf31 HTTP/1.1" status: 200 len: 210 time: 0.0620708
Aug 02 10:00:32.776563 dv-cinder-843277-8-iscsi neutron-server[103942]: DEBUG neutron.plugins.ml2.db [None req-d4875889-ccee-4891-b726-14ae67f5d4d0 None None] get_ports_and_sgs() called for port_ids ['4b6e34bf-2247-4605-b6be-22ebf32e65b6'] {{(pid=103942) get_ports_and_sgs /opt/stack/neutron/neutron/plugins/ml2/db.py:156}}
Aug 02 10:00:32.903122 dv-cinder-843277-8-iscsi neutron-server[103940]: INFO neutron.wsgi [req-346382df-3754-49da-83e9-a9c708f4fe73 req-560e501a-5d6d-413a-a1cb-870334c65ca7 service neutron] 10.222.0.83 "GET /networking/v2.0/networks/900503c2-f5e9-4e5b-b2c0-f34d2ccf20c3?fields=provider%3Aphysical_network&fields=provider%3Anetwork_type HTTP/1.1" status: 200 len: 281 time: 0.3456547
Aug 02 10:00:32.905509 dv-cinder-843277-8-iscsi neutron-server[103940]: INFO neutron.wsgi [req-7afd8029-1a80-4d19-a7ea-57a7f1232ba6 req-c9d5383f-253f-4418-80d7-5c17be6ad9fa tempest-AttachVolumeNegativeTest-653916877 tempest-AttachVolumeNegativeTest-653916877-project] 10.222.0.64 "GET /networking/v2.0/ports?device_id=235a23c0-6379-49d2-a7e5-be3746bf9770 HTTP/1.1" status: 200 len: 210 time: 0.1071889
Aug 02 10:00:32.918122 dv-cinder-843277-8-iscsi neutron-server[103940]: INFO neutron.wsgi [req-9457cb2e-b38d-4bc4-a073-11d724d089c4 req-3d031561-9475-4d08-9590-37d003a1d2a4 tempest-DeleteServersTestJSON-817056280 tempest-DeleteServersTestJSON-817056280-project] 10.222.0.64 "GET /networking/v2.0/security-groups?id=6bddc382-06be-4f43-ad5c-d75a454705ca&fields=id&fields=name HTTP/1.1" status: 200 len: 286 time: 0.2339673
Aug 02 10:00:32.923662 dv-cinder-843277-8-iscsi neutron-server[103940]: DEBUG neutron.pecan_wsgi.hooks.quota_enforcement [req-e3484ad1-a33c-4e45-8c6d-aaf242814624 req-3a0937c3-4924-4ef4-acde-61879d1e6215 tempest-AttachVolumeShelveTestJSON-1382975464 tempest-AttachVolumeShelveTestJSON-1382975464-project] Made reservation on behalf of d0b63cdea5bf43ea8478b59c7154ee70 for: {'port': 1} {{(pid=103940) before /opt/stack/neutron/neutron/pecan_wsgi/hooks/quota_enforcement.py:53}}
Aug 02 10:00:32.928203 dv-cinder-843277-8-iscsi neutron-server[103940]: DEBUG neutron_lib.callbacks.manager [req-e3484ad1-a33c-4e45-8c6d-aaf242814624 req-3a0937c3-4924-4ef4-acde-61879d1e6215 tempest-AttachVolumeShelveTestJSON-1382975464 tempest-AttachVolumeShelveTestJSON-1382975464-project] Publish callbacks ['neutron.plugins.ml2.plugin.SecurityGroupDbMixin._ensure_default_security_group_handler-807970'] for port (None), before_create {{(pid=103940) _notify_loop /usr/local/lib/python3.8/dist-packages/neutron_lib/callbacks/manager.py:176}}
Aug 02 10:00:33.019979 dv-cinder-843277-8-iscsi neutron-server[103941]: DEBUG dbcounter [-] [103941] Writing DB stats neutron:SELECT=6,neutron:DELETE=2 {{(pid=103941) stat_writer /usr/local/lib/python3.8/dist-packages/dbcounter.py:114}}
Aug 02 10:00:33.027553 dv-cinder-843277-8-iscsi neutron-server[103941]: DEBUG neutron.pecan_wsgi.hooks.policy_enforcement [req-f3d2504b-885d-4a58-bb8b-016c93befa5f req-0037d530-ba45-494a-bcd2-1e78055687b7 tempest-AttachVolumeTestJSON-1400933190 tempest-AttachVolumeTestJSON-1400933190-project] Attributes excluded by policy engine: ['standard_attr_id', 'vlan_transparent', 'provider:network_type', 'provider:physical_network', 'provider:segmentation_id'] {{(pid=103941) _exclude_attributes_by_policy /opt/stack/neutron/neutron/pecan_wsgi/hooks/policy_enforcement.py:259}}
Aug 02 10:00:33.030161 dv-cinder-843277-8-iscsi neutron-server[103941]: INFO neutron.wsgi [req-f3d2504b-885d-4a58-bb8b-016c93befa5f req-0037d530-ba45-494a-bcd2-1e78055687b7 tempest-AttachVolumeTestJSON-1400933190 tempest-AttachVolumeTestJSON-1400933190-project] 10.222.0.83 "GET /networking/v2.0/networks?id=3a719238-6ea1-4933-a8fc-35e586b93568 HTTP/1.1" status: 200 len: 811 time: 0.2510784
Aug 02 10:00:33.125642 dv-cinder-843277-8-iscsi neutron-server[103940]: INFO neutron.wsgi [req-c69cd494-366d-4346-8202-7accf89aac22 req-726776e9-cb3b-40a6-8057-90b40d806566 tempest-AttachVolumeTestJSON-1400933190 tempest-AttachVolumeTestJSON-1400933190-project] 10.222.0.64 "GET /networking/v2.0/ports?device_id=99c1545c-e873-498f-b8f5-20559faab309 HTTP/1.1" status: 200 len: 210 time: 0.0280185
Aug 02 10:00:33.138677 dv-cinder-843277-8-iscsi neutron-server[103941]: DEBUG dbcounter [-] [103941] Writing DB stats neutron:SELECT=87,neutron:DELETE=4,neutron:INSERT=8,neutron:UPDATE=1 {{(pid=103941) stat_writer /usr/local/lib/python3.8/dist-packages/dbcounter.py:114}}
Aug 02 10:00:33.178753 dv-cinder-843277-8-iscsi neutron-server[103941]: DEBUG neutron.pecan_wsgi.hooks.policy_enforcement [req-a72a549f-fc36-4701-8532-d8e65ab267f3 req-95fb6eaf-5f0d-415b-97e7-280f554c5e55 tempest-AttachVolumeNegativeTest-653916877 tempest-AttachVolumeNegativeTest-653916877-project] Attributes excluded by policy engine: ['standard_attr_id', 'vlan_transparent', 'provider:network_type', 'provider:physical_network', 'provider:segmentation_id'] {{(pid=103941) _exclude_attributes_by_policy /opt/stack/neutron/neutron/pecan_wsgi/hooks/policy_enforcement.py:259}}
Aug 02 10:00:33.180181 dv-cinder-843277-8-iscsi neutron-server[103941]: INFO neutron.wsgi [req-a72a549f-fc36-4701-8532-d8e65ab267f3 req-95fb6eaf-5f0d-415b-97e7-280f554c5e55 tempest-AttachVolumeNegativeTest-653916877 tempest-AttachVolumeNegativeTest-653916877-project] 10.222.0.83 "GET /networking/v2.0/networks?id=9ec8162c-fba5-40cd-a5aa-0872b35c011e HTTP/1.1" status: 200 len: 814 time: 0.3071575
Aug 02 10:00:33.223020 dv-cinder-843277-8-iscsi neutron-server[103940]: DEBUG dbcounter [-] [103940] Writing DB stats neutron:SELECT=97,neutron:INSERT=3 {{(pid=103940) stat_writer /usr/local/lib/python3.8/dist-packages/dbcounter.py:114}}
Aug 02 10:00:33.228051 dv-cinder-843277-8-iscsi neutron-server[103941]: INFO neutron.wsgi [req-f3d2504b-885d-4a58-bb8b-016c93befa5f req-dfae7ad8-a1d1-480c-aab9-cff5ecc82876 tempest-AttachVolumeTestJSON-1400933190 tempest-AttachVolumeTestJSON-1400933190-project] 10.222.0.83 "GET /networking/v2.0/security-groups?fields=id&fields=name&tenant_id=dba5eb2dc9f549a5bf13a16b509dc3d4 HTTP/1.1" status: 200 len: 380 time: 0.1389141
Aug 02 10:00:33.231304 dv-cinder-843277-8-iscsi neutron-server[103940]: DEBUG neutron.pecan_wsgi.hooks.policy_enforcement [req-02929b34-5cee-454f-92fb-8bf249764b03 req-27354200-3752-4d28-a308-25cc0b8b8595 tempest-ServerRescueNegativeTestJSON-1419884056 tempest-ServerRescueNegativeTestJSON-1419884056-project] Attributes excluded by policy engine: ['standard_attr_id', 'binding:profile', 'binding:host_id', 'binding:vif_type', 'binding:vif_details'] {{(pid=103940) _exclude_attributes_by_policy /opt/stack/neutron/neutron/pecan_wsgi/hooks/policy_enforcement.py:259}}
Aug 02 10:00:33.233087 dv-cinder-843277-8-iscsi neutron-server[103940]: INFO neutron.wsgi [req-02929b34-5cee-454f-92fb-8bf249764b03 req-27354200-3752-4d28-a308-25cc0b8b8595 tempest-ServerRescueNegativeTestJSON-1419884056 tempest-ServerRescueNegativeTestJSON-1419884056-project] 10.222.0.64 "GET /networking/v2.0/ports?device_id=01ceccd8-1dec-4aa9-a719-49c5c655ecfc HTTP/1.1" status: 200 len: 944 time: 0.0816259
Aug 02 10:00:33.278034 dv-cinder-843277-8-iscsi neutron-server[103940]: DEBUG neutron.db.db_base_plugin_common [req-e3484ad1-a33c-4e45-8c6d-aaf242814624 req-3a0937c3-4924-4ef4-acde-61879d1e6215 tempest-AttachVolumeShelveTestJSON-1382975464 tempest-AttachVolumeShelveTestJSON-1382975464-project] Allocated IP 172.20.0.8 (a3d39947-76b2-4d5d-92df-d004c7626c2b/df259cef-a66b-4475-87ff-44f2f13d2056/d35bc9a9-df3b-458a-9f6c-6c4185bbd574) {{(pid=103940) _store_ip_allocation /opt/stack/neutron/neutron/db/db_base_plugin_common.py:131}}
Aug 02 10:00:33.327503 dv-cinder-843277-8-iscsi neutron-server[103940]: INFO neutron.wsgi [req-02929b34-5cee-454f-92fb-8bf249764b03 req-9c7f75d3-bcfb-4236-8d98-1913d4728e4d tempest-ServerRescueNegativeTestJSON-1419884056 tempest-ServerRescueNegativeTestJSON-1419884056-project] 10.222.0.64 "GET /networking/v2.0/security-groups?id=19735938-5504-4310-b5ba-c86ba0bdcf64&fields=id&fields=name HTTP/1.1" status: 200 len: 286 time: 0.0859351
Aug 02 10:00:33.402687 dv-cinder-843277-8-iscsi neutron-server[103940]: DEBUG dbcounter [-] [103940] Writing DB stats neutron:SELECT=96,neutron:INSERT=2,neutron:UPDATE=2 {{(pid=103940) stat_writer /usr/local/lib/python3.8/dist-packages/dbcounter.py:114}}
Aug 02 10:00:33.466105 dv-cinder-843277-8-iscsi neutron-server[103940]: DEBUG neutron_lib.callbacks.manager [req-e3484ad1-a33c-4e45-8c6d-aaf242814624 req-3a0937c3-4924-4ef4-acde-61879d1e6215 tempest-AttachVolumeShelveTestJSON-1382975464 tempest-AttachVolumeShelveTestJSON-1382975464-project] Publish callbacks [] for port (d35bc9a9-df3b-458a-9f6c-6c4185bbd574), precommit_create {{(pid=103940) _notify_loop /usr/local/lib/python3.8/dist-packages/neutron_lib/callbacks/manager.py:176}}
Aug 02 10:00:33.500418 dv-cinder-843277-8-iscsi neutron-server[103940]: DEBUG neutron_lib.callbacks.manager [req-e3484ad1-a33c-4e45-8c6d-aaf242814624 req-3a0937c3-4924-4ef4-acde-61879d1e6215 tempest-AttachVolumeShelveTestJSON-1382975464 tempest-AttachVolumeShelveTestJSON-1382975464-project] Publish callbacks ['neutron.plugins.ml2.plugin.SecurityGroupServerNotifierRpcMixin._notify_sg_on_port_change-808033', 'neutron.plugins.ml2.ovo_rpc._ObjectChangeHandler.handle_event-66098', 'neutron.api.rpc.agentnotifiers.dhcp_rpc_agent_api.DhcpAgentNotifyAPI._native_event_send_dhcp_notification-1581664', 'neutron.db.l3_dvrscheduler_db._notify_l3_agent_new_port-8757485058443'] for port (d35bc9a9-df3b-458a-9f6c-6c4185bbd574), after_create {{(pid=103940) _notify_loop /usr/local/lib/python3.8/dist-packages/neutron_lib/callbacks/manager.py:176}}
Aug 02 10:00:33.549227 dv-cinder-843277-8-iscsi neutron-server[103940]: DEBUG neutron.scheduler.dhcp_agent_scheduler [req-e3484ad1-a33c-4e45-8c6d-aaf242814624 req-3a0937c3-4924-4ef4-acde-61879d1e6215 tempest-AttachVolumeShelveTestJSON-1382975464 tempest-AttachVolumeShelveTestJSON-1382975464-project] Network a3d39947-76b2-4d5d-92df-d004c7626c2b is already hosted by enough agents. {{(pid=103940) _get_dhcp_agents_hosting_network /opt/stack/neutron/neutron/scheduler/dhcp_agent_scheduler.py:275}}
Aug 02 10:00:33.554432 dv-cinder-843277-8-iscsi neutron-server[103940]: DEBUG neutron.scheduler.base_scheduler [req-e3484ad1-a33c-4e45-8c6d-aaf242814624 req-3a0937c3-4924-4ef4-acde-61879d1e6215 tempest-AttachVolumeShelveTestJSON-1382975464 tempest-AttachVolumeShelveTestJSON-1382975464-project] Resources bound (agent type, host, resource id): {{(pid=103940) schedule /opt/stack/neutron/neutron/scheduler/base_scheduler.py:57}}
Aug 02 10:00:33.556951 dv-cinder-843277-8-iscsi neutron-server[103940]: DEBUG neutron.db.l3_dvrscheduler_db [req-e3484ad1-a33c-4e45-8c6d-aaf242814624 req-3a0937c3-4924-4ef4-acde-61879d1e6215 tempest-AttachVolumeShelveTestJSON-1382975464 tempest-AttachVolumeShelveTestJSON-1382975464-project] Received port after_create {{(pid=103940) _notify_l3_agent_new_port /opt/stack/neutron/neutron/db/l3_dvrscheduler_db.py:542}}
Aug 02 10:00:33.562195 dv-cinder-843277-8-iscsi neutron-server[103940]: DEBUG neutron.pecan_wsgi.hooks.policy_enforcement [req-e3484ad1-a33c-4e45-8c6d-aaf242814624 req-3a0937c3-4924-4ef4-acde-61879d1e6215 tempest-AttachVolumeShelveTestJSON-1382975464 tempest-AttachVolumeShelveTestJSON-1382975464-project] Attributes excluded by policy engine: ['standard_attr_id', 'binding:profile', 'binding:host_id', 'binding:vif_type', 'binding:vif_details', 'network'] {{(pid=103940) _exclude_attributes_by_policy /opt/stack/neutron/neutron/pecan_wsgi/hooks/policy_enforcement.py:259}}
Aug 02 10:00:33.562815 dv-cinder-843277-8-iscsi neutron-server[103940]: DEBUG neutron_lib.callbacks.manager [req-e3484ad1-a33c-4e45-8c6d-aaf242814624 req-3a0937c3-4924-4ef4-acde-61879d1e6215 tempest-AttachVolumeShelveTestJSON-1382975464 tempest-AttachVolumeShelveTestJSON-1382975464-project] Publish callbacks ['neutron.notifiers.nova.Notifier._send_nova_notification-25420', 'neutron.api.rpc.agentnotifiers.dhcp_rpc_agent_api.DhcpAgentNotifyAPI._send_dhcp_notification-1581714'] for port (None), before_response {{(pid=103940) _notify_loop /usr/local/lib/python3.8/dist-packages/neutron_lib/callbacks/manager.py:176}}
Aug 02 10:00:33.572945 dv-cinder-843277-8-iscsi neutron-server[103940]: DEBUG neutron.api.rpc.handlers.resources_rpc [None req-3a0937c3-4924-4ef4-acde-61879d1e6215 tempest-AttachVolumeShelveTestJSON-1382975464 tempest-AttachVolumeShelveTestJSON-1382975464-project] Pushing event updated for resources: {'Port': ['ID=d35bc9a9-df3b-458a-9f6c-6c4185bbd574,revision_number=1']} {{(pid=103940) push /opt/stack/neutron/neutron/api/rpc/handlers/resources_rpc.py:237}}
Aug 02 10:00:33.587587 dv-cinder-843277-8-iscsi neutron-server[103940]: DEBUG neutron.api.rpc.callbacks.version_manager [None req-3a0937c3-4924-4ef4-acde-61879d1e6215 tempest-AttachVolumeShelveTestJSON-1382975464 tempest-AttachVolumeShelveTestJSON-1382975464-project] Version for resource type AddressGroup changed None to 1.2 on consumer Open vSwitch agent@dv-cinder-843277-8-iscsi {{(pid=103940) _set_version /opt/stack/neutron/neutron/api/rpc/callbacks/version_manager.py:113}}
Aug 02 10:00:33.587587 dv-cinder-843277-8-iscsi neutron-server[103940]: DEBUG neutron.api.rpc.callbacks.version_manager [None req-3a0937c3-4924-4ef4-acde-61879d1e6215 tempest-AttachVolumeShelveTestJSON-1382975464 tempest-AttachVolumeShelveTestJSON-1382975464-project] Version for resource type Agent changed None to 1.1 on consumer Open vSwitch agent@dv-cinder-843277-8-iscsi {{(pid=103940) _set_version /opt/stack/neutron/neutron/api/rpc/callbacks/version_manager.py:113}}
Aug 02 10:00:33.587587 dv-cinder-843277-8-iscsi neutron-server[103940]: DEBUG neutron.api.rpc.callbacks.version_manager [None req-3a0937c3-4924-4ef4-acde-61879d1e6215 tempest-AttachVolumeShelveTestJSON-1382975464 tempest-AttachVolumeShelveTestJSON-1382975464-project] Version for resource type ConntrackHelper changed None to 1.0 on consumer Open vSwitch agent@dv-cinder-843277-8-iscsi {{(pid=103940) _set_version /opt/stack/neutron/neutron/api/rpc/callbacks/version_manager.py:113}}
Aug 02 10:00:33.587970 dv-cinder-843277-8-iscsi neutron-server[103940]: DEBUG neutron.api.rpc.callbacks.version_manager [None req-3a0937c3-4924-4ef4-acde-61879d1e6215 tempest-AttachVolumeShelveTestJSON-1382975464 tempest-AttachVolumeShelveTestJSON-1382975464-project] Version for resource type LocalIPAssociation changed None to 1.0 on consumer Open vSwitch agent@dv-cinder-843277-8-iscsi {{(pid=103940) _set_version /opt/stack/neutron/neutron/api/rpc/callbacks/version_manager.py:113}}
Aug 02 10:00:33.588270 dv-cinder-843277-8-iscsi neutron-server[103940]: DEBUG neutron.api.rpc.callbacks.version_manager [None req-3a0937c3-4924-4ef4-acde-61879d1e6215 tempest-AttachVolumeShelveTestJSON-1382975464 tempest-AttachVolumeShelveTestJSON-1382975464-project] Version for resource type Log changed None to 1.0 on consumer Open vSwitch agent@dv-cinder-843277-8-iscsi {{(pid=103940) _set_version /opt/stack/neutron/neutron/api/rpc/callbacks/version_manager.py:113}}
Aug 02 10:00:33.588660 dv-cinder-843277-8-iscsi neutron-server[103940]: DEBUG neutron.api.rpc.callbacks.version_manager [None req-3a0937c3-4924-4ef4-acde-61879d1e6215 tempest-AttachVolumeShelveTestJSON-1382975464 tempest-AttachVolumeShelveTestJSON-1382975464-project] Version for resource type NDPProxy changed None to 1.0 on consumer Open vSwitch agent@dv-cinder-843277-8-iscsi {{(pid=103940) _set_version /opt/stack/neutron/neutron/api/rpc/callbacks/version_manager.py:113}}
Aug 02 10:00:33.589077 dv-cinder-843277-8-iscsi neutron-server[103940]: DEBUG neutron.api.rpc.callbacks.version_manager [None req-3a0937c3-4924-4ef4-acde-61879d1e6215 tempest-AttachVolumeShelveTestJSON-1382975464 tempest-AttachVolumeShelveTestJSON-1382975464-project] Version for resource type Network changed None to 1.1 on consumer Open vSwitch agent@dv-cinder-843277-8-iscsi {{(pid=103940) _set_version /opt/stack/neutron/neutron/api/rpc/callbacks/version_manager.py:113}}
Aug 02 10:00:33.589574 dv-cinder-843277-8-iscsi neutron-server[103940]: DEBUG neutron.api.rpc.callbacks.version_manager [None req-3a0937c3-4924-4ef4-acde-61879d1e6215 tempest-AttachVolumeShelveTestJSON-1382975464 tempest-AttachVolumeShelveTestJSON-1382975464-project] Version for resource type Port changed None to 1.7 on consumer Open vSwitch agent@dv-cinder-843277-8-iscsi {{(pid=103940) _set_version /opt/stack/neutron/neutron/api/rpc/callbacks/version_manager.py:113}}
Aug 02 10:00:33.589965 dv-cinder-843277-8-iscsi neutron-server[103940]: DEBUG neutron.api.rpc.callbacks.version_manager [None req-3a0937c3-4924-4ef4-acde-61879d1e6215 tempest-AttachVolumeShelveTestJSON-1382975464 tempest-AttachVolumeShelveTestJSON-1382975464-project] Version for resource type PortForwarding changed None to 1.3 on consumer Open vSwitch agent@dv-cinder-843277-8-iscsi {{(pid=103940) _set_version /opt/stack/neutron/neutron/api/rpc/callbacks/version_manager.py:113}}
Aug 02 10:00:33.590275 dv-cinder-843277-8-iscsi neutron-server[103940]: DEBUG neutron.api.rpc.callbacks.version_manager [None req-3a0937c3-4924-4ef4-acde-61879d1e6215 tempest-AttachVolumeShelveTestJSON-1382975464 tempest-AttachVolumeShelveTestJSON-1382975464-project] Version for resource type QosPolicy changed None to 1.10 on consumer Open vSwitch agent@dv-cinder-843277-8-iscsi {{(pid=103940) _set_version /opt/stack/neutron/neutron/api/rpc/callbacks/version_manager.py:113}}
Aug 02 10:00:33.590670 dv-cinder-843277-8-iscsi neutron-server[103940]: DEBUG neutron.api.rpc.callbacks.version_manager [None req-3a0937c3-4924-4ef4-acde-61879d1e6215 tempest-AttachVolumeShelveTestJSON-1382975464 tempest-AttachVolumeShelveTestJSON-1382975464-project] Version for resource type SecurityGroup changed None to 1.5 on consumer Open vSwitch agent@dv-cinder-843277-8-iscsi {{(pid=103940) _set_version /opt/stack/neutron/neutron/api/rpc/callbacks/version_manager.py:113}}
Aug 02 10:00:33.591127 dv-cinder-843277-8-iscsi neutron-server[103940]: DEBUG neutron.api.rpc.callbacks.version_manager [None req-3a0937c3-4924-4ef4-acde-61879d1e6215 tempest-AttachVolumeShelveTestJSON-1382975464 tempest-AttachVolumeShelveTestJSON-1382975464-project] Version for resource type SecurityGroupRule changed None to 1.2 on consumer Open vSwitch agent@dv-cinder-843277-8-iscsi {{(pid=103940) _set_version /opt/stack/neutron/neutron/api/rpc/callbacks/version_manager.py:113}}
Aug 02 10:00:33.591331 dv-cinder-843277-8-iscsi neutron-server[103940]: DEBUG neutron.api.rpc.callbacks.version_manager [None req-3a0937c3-4924-4ef4-acde-61879d1e6215 tempest-AttachVolumeShelveTestJSON-1382975464 tempest-AttachVolumeShelveTestJSON-1382975464-project] Version for resource type SubPort changed None to 1.0 on consumer Open vSwitch agent@dv-cinder-843277-8-iscsi {{(pid=103940) _set_version /opt/stack/neutron/neutron/api/rpc/callbacks/version_manager.py:113}}
Aug 02 10:00:33.591656 dv-cinder-843277-8-iscsi neutron-server[103940]: DEBUG neutron.api.rpc.callbacks.version_manager [None req-3a0937c3-4924-4ef4-acde-61879d1e6215 tempest-AttachVolumeShelveTestJSON-1382975464 tempest-AttachVolumeShelveTestJSON-1382975464-project] Version for resource type Subnet changed None to 1.1 on consumer Open vSwitch agent@dv-cinder-843277-8-iscsi {{(pid=103940) _set_version /opt/stack/neutron/neutron/api/rpc/callbacks/version_manager.py:113}}
Aug 02 10:00:33.592002 dv-cinder-843277-8-iscsi neutron-server[103940]: DEBUG neutron.api.rpc.callbacks.version_manager [None req-3a0937c3-4924-4ef4-acde-61879d1e6215 tempest-AttachVolumeShelveTestJSON-1382975464 tempest-AttachVolumeShelveTestJSON-1382975464-project] Version for resource type Trunk changed None to 1.1 on consumer Open vSwitch agent@dv-cinder-843277-8-iscsi {{(pid=103940) _set_version /opt/stack/neutron/neutron/api/rpc/callbacks/version_manager.py:113}}
Aug 02 10:00:33.614057 dv-cinder-843277-8-iscsi neutron-server[103940]: INFO neutron.wsgi [req-e3484ad1-a33c-4e45-8c6d-aaf242814624 req-3a0937c3-4924-4ef4-acde-61879d1e6215 tempest-AttachVolumeShelveTestJSON-1382975464 tempest-AttachVolumeShelveTestJSON-1382975464-project] 10.222.0.83 "POST /networking/v2.0/ports HTTP/1.1" status: 201 len: 933 time: 1.1190689
Aug 02 10:00:33.615895 dv-cinder-843277-8-iscsi neutron-server[103940]: DEBUG neutron.wsgi [-] (103940) accepted ('10.222.0.64', 33282) {{(pid=103940) server /usr/local/lib/python3.8/dist-packages/eventlet/wsgi.py:1004}}
Aug 02 10:00:33.619259 dv-cinder-843277-8-iscsi neutron-server[103941]: DEBUG neutron.api.v2.base [req-f3d2504b-885d-4a58-bb8b-016c93befa5f req-19d5079b-fcb0-4a3e-8252-2114a159b6b1 tempest-AttachVolumeTestJSON-1400933190 tempest-AttachVolumeTestJSON-1400933190-project] Request body: {'port': {'device_id': '99c1545c-e873-498f-b8f5-20559faab309', 'network_id': '3a719238-6ea1-4933-a8fc-35e586b93568', 'admin_state_up': True, 'tenant_id': 'dba5eb2dc9f549a5bf13a16b509dc3d4', 'security_groups': ['3287c506-07b7-436b-a88c-fe2847233960']}} {{(pid=103941) prepare_request_body /opt/stack/neutron/neutron/api/v2/base.py:730}}
Aug 02 10:00:33.627039 dv-cinder-843277-8-iscsi neutron-server[103942]: DEBUG neutron_lib.callbacks.manager [None req-cb568ade-a3a3-41cc-a3cb-18c0a996bbd2 None None] Publish callbacks ['neutron.services.segments.db._update_segment_host_mapping_for_agent-8757485528531', 'neutron.plugins.ml2.plugin.Ml2Plugin._retry_binding_revived_agents-1260857'] for agent (715a198a-ae7f-4c0a-9977-87ca0e6fee95), after_update {{(pid=103942) _notify_loop /usr/local/lib/python3.8/dist-packages/neutron_lib/callbacks/manager.py:176}}
Aug 02 10:00:33.681308 dv-cinder-843277-8-iscsi neutron-server[103940]: DEBUG neutron.api.v2.base [req-e3484ad1-a33c-4e45-8c6d-aaf242814624 req-f38a84ce-51b6-49f1-af30-bc7135c49972 service neutron] Request body: {'port': {'device_id': 'a5d4a19e-14f7-4684-81cb-ebf6ea8fdf31', 'device_owner': 'compute:nova', 'binding:host_id': 'hv-cinder-84327'}} {{(pid=103940) prepare_request_body /opt/stack/neutron/neutron/api/v2/base.py:730}}
Aug 02 10:00:33.695398 dv-cinder-843277-8-iscsi neutron-server[103941]: INFO neutron.wsgi [req-a72a549f-fc36-4701-8532-d8e65ab267f3 req-084de10f-fdbb-4774-aff5-c1a5e986e5af tempest-AttachVolumeNegativeTest-653916877 tempest-AttachVolumeNegativeTest-653916877-project] 10.222.0.83 "GET /networking/v2.0/security-groups?fields=id&fields=name&tenant_id=d1f5fe53a76440268bbb5b72e551efd9 HTTP/1.1" status: 200 len: 380 time: 0.1280940
