Jun 22 09:49:18.215619 dv-cinder-843277-5-smb neutron-server[115778]: DEBUG neutron.api.rpc.handlers.l3_rpc [None req-2d96e17d-a3a0-48ec-86f7-3f5d0f49d7d5 None None] The sync data for ids ['9583ea70-c824-4044-9fd3-67e08d60747b'] in dv-cinder-843277-5-smb is: [{'id': '9583ea70-c824-4044-9fd3-67e08d60747b', 'name': 'tempest-AttachVolumeNegativeTest-1485683368-router', 'tenant_id': 'f4a962abde9a4a828c127302ea019149', 'admin_state_up': True, 'status': 'ACTIVE', 'external_gateway_info': {'network_id': '2629b29f-b57f-43ae-9a55-b6832cd6880f', 'external_fixed_ips': [{'subnet_id': 'a77d26cc-c2f3-43c0-a6ed-bab317af3c60', 'ip_address': '172.28.1.129'}], 'enable_snat': True}, 'gw_port_id': 'aa40a5f1-cb5d-418e-8474-7260bbb86586', 'description': '', 'availability_zones': ['nova'], 'distributed': False, 'ha': False, 'ha_vr_id': 0, 'availability_zone_hints': [], 'routes': [], 'flavor_id': None, 'tags': [], 'created_at': '2022-06-22T09:48:13Z', 'updated_at': '2022-06-22T09:48:19Z', 'revision_number': 4, 'project_id': 'f4a962abde9a4a828c127302ea019149', 'gw_port': {'id': 'aa40a5f1-cb5d-418e-8474-7260bbb86586', 'name': '', 'network_id': '2629b29f-b57f-43ae-9a55-b6832cd6880f', 'tenant_id': '', 'mac_address': 'fa:16:3e:87:58:59', 'admin_state_up': True, 'status': 'ACTIVE', 'device_id': '9583ea70-c824-4044-9fd3-67e08d60747b', 'device_owner': 'network:router_gateway', 'standard_attr_id': 61, 'fixed_ips': [{'subnet_id': 'a77d26cc-c2f3-43c0-a6ed-bab317af3c60', 'ip_address': '172.28.1.129', 'prefixlen': 24}], 'allowed_address_pairs': [], 'extra_dhcp_opts': [], 'security_groups': [], 'description': '', 'binding:vnic_type': 'normal', 'binding:profile': {}, 'binding:host_id': 'dv-cinder-843277-5-smb', 'binding:vif_type': 'ovs', 'binding:vif_details': {'connectivity': 'l2', 'port_filter': True, 'ovs_hybrid_plug': False, 'datapath_type': 'system', 'bridge_name': 'br-int', 'bound_drivers': {'0': 'openvswitch'}}, 'port_security_enabled': False, 'tags': [], 'created_at': '2022-06-22T09:48:14Z', 'updated_at': '2022-06-22T09:48:20Z', 'revision_number': 4, 'project_id': '', 'subnets': [{'id': 'a77d26cc-c2f3-43c0-a6ed-bab317af3c60', 'cidr': '172.28.1.0/24', 'gateway_ip': '172.28.1.1', 'dns_nameservers': [], 'ipv6_ra_mode': None, 'subnetpool_id': None}], 'extra_subnets': [], 'address_scopes': {4: None, 6: None}, 'mtu': 1500}, 'enable_snat': True, 'gw_port_host': 'dv-cinder-843277-5-smb', '_floatingips': [{'id': 'b841948d-da1f-4b8b-9d47-512801388f36', 'tenant_id': 'f4a962abde9a4a828c127302ea019149', 'floating_ip_address': '172.28.1.236', 'floating_network_id': '2629b29f-b57f-43ae-9a55-b6832cd6880f', 'router_id': '9583ea70-c824-4044-9fd3-67e08d60747b', 'port_id': 'e28d04cb-5fa7-4645-9dda-8bbbdc70d9ad', 'fixed_ip_address': '172.20.0.3', 'status': 'DOWN', 'standard_attr_id': 115, 'description': '', 'qos_policy_id': None, 'qos_network_policy_id': None, 'port_details': {'name': '', 'network_id': '14fd78a2-535e-483f-b57c-5e6bf105d940', 'mac_address': 'fa:16:3e:34:08:eb', 'admin_state_up': True, 'status': 'ACTIVE', 'device_id': '72db1eb7-4d9c-4128-984d-d8e2147cd273', 'device_owner': 'compute:nova'}, 'dns_domain': '', 'dns_name': '', 'tags': [], 'created_at': '2022-06-22T09:48:28Z', 'updated_at': '2022-06-22T09:49:15Z', 'revision_number': 1, 'project_id': 'f4a962abde9a4a828c127302ea019149', 'fixed_ip_address_scope': None}], '_interfaces': [{'id': '96ffa2a8-609e-4556-ae14-7b3be86af1f6', 'name': '', 'network_id': '14fd78a2-535e-483f-b57c-5e6bf105d940', 'tenant_id': 'f4a962abde9a4a828c127302ea019149', 'mac_address': 'fa:16:3e:84:c3:81', 'admin_state_up': True, 'status': 'ACTIVE', 'device_id': '9583ea70-c824-4044-9fd3-67e08d60747b', 'device_owner': 'network:router_interface', 'standard_attr_id': 76, 'fixed_ips': [{'subnet_id': '156c4ff0-d132-41a3-9625-e7e8ca9d246c', 'ip_address': '172.20.0.1', 'prefixlen': 28}], 'allowed_address_pairs': [], 'extra_dhcp_opts': [], 'security_groups': [], 'description': '', 'binding:vnic_type': 'normal', 'binding:profile': {}, 'binding:host_id': 'dv-cinder-843277-5-smb', 'binding:vif_type': 'ovs', 'binding:vif_details': {'connectivity': 'l2', 'port_filter': True, 'ovs_hybrid_plug': False, 'datapath_type': 'system', 'bridge_name': 'br-int', 'bound_drivers': {'0': 'openvswitch'}}, 'port_security_enabled': False, 'tags': [], 'created_at': '2022-06-22T09:48:17Z', 'updated_at': '2022-06-22T09:48:34Z', 'revision_number': 5, 'project_id': 'f4a962abde9a4a828c127302ea019149', 'subnets': [{'id': '156c4ff0-d132-41a3-9625-e7e8ca9d246c', 'cidr': '172.20.0.0/28', 'gateway_ip': '172.20.0.1', 'dns_nameservers': [], 'ipv6_ra_mode': None, 'subnetpool_id': None}], 'extra_subnets': [], 'address_scopes': {4: None, 6: None}, 'mtu': 1500}]}] {{(pid=115778) sync_routers /opt/stack/neutron/neutron/api/rpc/handlers/l3_rpc.py:137}}
Jun 22 09:49:18.268614 dv-cinder-843277-5-smb neutron-server[115777]: DEBUG dbcounter [-] [115777] Writing DB stats neutron:SELECT=94,neutron:INSERT=4,neutron:UPDATE=1,neutron:DELETE=1 {{(pid=115777) stat_writer /usr/local/lib/python3.8/dist-packages/dbcounter.py:114}}
Jun 22 09:49:18.280851 dv-cinder-843277-5-smb neutron-server[115776]: DEBUG neutron.pecan_wsgi.hooks.policy_enforcement [req-8f45052b-172f-4eaa-874c-8a9882767904 req-0342fd5c-3d1a-4987-8265-8cc49f207ce4 service neutron] Attributes excluded by policy engine: ['standard_attr_id', 'vlan_transparent'] {{(pid=115776) _exclude_attributes_by_policy /opt/stack/neutron/neutron/pecan_wsgi/hooks/policy_enforcement.py:259}}
Jun 22 09:49:18.282513 dv-cinder-843277-5-smb neutron-server[115776]: INFO neutron.wsgi [req-8f45052b-172f-4eaa-874c-8a9882767904 req-0342fd5c-3d1a-4987-8265-8cc49f207ce4 service neutron] 10.222.0.44 "GET /v2.0/networks?id=14fd78a2-535e-483f-b57c-5e6bf105d940 HTTP/1.1" status: 200 len: 916 time: 0.7421272
Jun 22 09:49:18.386662 dv-cinder-843277-5-smb neutron-server[115776]: INFO neutron.wsgi [req-dd6cb33f-cefa-47c3-8461-dbe717d9fdf6 req-e98c5be2-b432-4a43-84f6-50b10dda02cb service neutron] 10.222.0.44 "GET /v2.0/networks/fc94ba71-238b-4c59-9b22-09be8eccef08?fields=segments HTTP/1.1" status: 200 len: 212 time: 0.5915837
Jun 22 09:49:18.393978 dv-cinder-843277-5-smb neutron-server[115779]: DEBUG dbcounter [-] [115779] Writing DB stats neutron:SELECT=100 {{(pid=115779) stat_writer /usr/local/lib/python3.8/dist-packages/dbcounter.py:114}}
Jun 22 09:49:18.397342 dv-cinder-843277-5-smb neutron-server[115777]: INFO neutron.wsgi [req-0c2825a7-27bd-448a-a6d5-c3ba5ed668e2 req-cbad28c5-cd1f-47ad-a30e-792b948cecb1 service neutron] 10.222.0.44 "GET /v2.0/networks/aa20e76f-9fe1-4967-b967-ae88b222db1f?fields=provider%3Aphysical_network&fields=provider%3Anetwork_type HTTP/1.1" status: 200 len: 281 time: 0.3623018
Jun 22 09:49:18.400309 dv-cinder-843277-5-smb neutron-server[115776]: INFO neutron.wsgi [req-8f45052b-172f-4eaa-874c-8a9882767904 req-b800a7b8-edcf-4726-b896-4ee3d7682480 service neutron] 10.222.0.44 "GET /v2.0/floatingips?fixed_ip_address=172.20.0.3&port_id=e28d04cb-5fa7-4645-9dda-8bbbdc70d9ad HTTP/1.1" status: 200 len: 999 time: 0.1035819
Jun 22 09:49:18.413840 dv-cinder-843277-5-smb neutron-server[115777]: INFO neutron.wsgi [req-4d51556e-a8be-4157-9e92-edd65f7690d6 req-c32db6f1-f363-4557-bc48-97ab00b4902b tempest-ServerRescueNegativeTestJSON-1524732955 tempest-ServerRescueNegativeTestJSON-1524732955-project] 10.222.0.65 "GET /v2.0/security-groups?id=ba5c5c73-1285-4110-8f27-b7cc12120fff&fields=id&fields=name HTTP/1.1" status: 200 len: 286 time: 0.2341437
Jun 22 09:49:18.413840 dv-cinder-843277-5-smb neutron-server[115777]: INFO neutron.wsgi [req-fba1884c-87d7-4b9e-8556-aa844e18bd47 req-9ca1c4dd-d92b-469a-921c-a5bbaff9c613 service neutron] 10.222.0.44 "GET /v2.0/networks/32294757-4bba-4359-96b7-8e3323482090?fields=segments HTTP/1.1" status: 200 len: 212 time: 0.2952228
Jun 22 09:49:18.413840 dv-cinder-843277-5-smb neutron-server[115777]: DEBUG neutron_lib.callbacks.manager [None req-b6f85673-b82a-44db-9c05-e009ead696d4 admin admin] Publish callbacks ['neutron.plugins.ml2.ovo_rpc._ObjectChangeHandler.handle_event-562901'] for security_group (10d1f711-1f2d-450b-8aba-a2053afa6839), after_delete {{(pid=115777) _notify_loop /usr/local/lib/python3.8/dist-packages/neutron_lib/callbacks/manager.py:176}}
Jun 22 09:49:18.413840 dv-cinder-843277-5-smb neutron-server[115777]: DEBUG neutron_lib.callbacks.manager [None req-b6f85673-b82a-44db-9c05-e009ead696d4 admin admin] Publish callbacks [] for security_group (None), before_response {{(pid=115777) _notify_loop /usr/local/lib/python3.8/dist-packages/neutron_lib/callbacks/manager.py:176}}
Jun 22 09:49:18.413840 dv-cinder-843277-5-smb neutron-server[115777]: INFO neutron.wsgi [None req-b6f85673-b82a-44db-9c05-e009ead696d4 admin admin] 10.222.0.65 "DELETE /v2.0/security-groups/10d1f711-1f2d-450b-8aba-a2053afa6839 HTTP/1.1" status: 204 len: 168 time: 0.9240732
Jun 22 09:49:18.498943 dv-cinder-843277-5-smb neutron-server[115777]: DEBUG neutron.api.rpc.handlers.resources_rpc [None req-b6f85673-b82a-44db-9c05-e009ead696d4 admin admin] Pushing event deleted for resources: {'SecurityGroup': ['ID=10d1f711-1f2d-450b-8aba-a2053afa6839,revision_number=None']} {{(pid=115777) push /opt/stack/neutron/neutron/api/rpc/handlers/resources_rpc.py:237}}
Jun 22 09:49:18.536473 dv-cinder-843277-5-smb neutron-server[115776]: DEBUG dbcounter [-] [115776] Writing DB stats neutron:SELECT=94,neutron:INSERT=5,neutron:UPDATE=1 {{(pid=115776) stat_writer /usr/local/lib/python3.8/dist-packages/dbcounter.py:114}}
Jun 22 09:49:18.583478 dv-cinder-843277-5-smb neutron-server[115776]: DEBUG dbcounter [-] [115776] Writing DB stats neutron:SELECT=94,neutron:INSERT=6 {{(pid=115776) stat_writer /usr/local/lib/python3.8/dist-packages/dbcounter.py:114}}
Jun 22 09:49:18.600657 dv-cinder-843277-5-smb neutron-server[115776]: DEBUG neutron.pecan_wsgi.hooks.policy_enforcement [req-8f45052b-172f-4eaa-874c-8a9882767904 req-8e6e931e-3e9a-4367-8f41-f123310b1d45 service neutron] Attributes excluded by policy engine: ['standard_attr_id', 'shared', 'segment_id'] {{(pid=115776) _exclude_attributes_by_policy /opt/stack/neutron/neutron/pecan_wsgi/hooks/policy_enforcement.py:259}}
Jun 22 09:49:18.602665 dv-cinder-843277-5-smb neutron-server[115776]: INFO neutron.wsgi [req-8f45052b-172f-4eaa-874c-8a9882767904 req-8e6e931e-3e9a-4367-8f41-f123310b1d45 service neutron] 10.222.0.44 "GET /v2.0/subnets?id=156c4ff0-d132-41a3-9625-e7e8ca9d246c HTTP/1.1" status: 200 len: 854 time: 0.1658978
Jun 22 09:49:18.640725 dv-cinder-843277-5-smb neutron-server[115776]: INFO neutron.wsgi [req-dd6cb33f-cefa-47c3-8461-dbe717d9fdf6 req-0569028b-0fd8-4f23-adba-d130d27a8958 service neutron] 10.222.0.44 "GET /v2.0/networks/fc94ba71-238b-4c59-9b22-09be8eccef08?fields=provider%3Aphysical_network&fields=provider%3Anetwork_type HTTP/1.1" status: 200 len: 281 time: 0.2390764
Jun 22 09:49:18.663117 dv-cinder-843277-5-smb neutron-server[115778]: DEBUG neutron.api.rpc.handlers.l3_rpc [None req-fc53b59b-967d-4e12-b85c-31f3a4cb284f None None] New status for floating IP b841948d-da1f-4b8b-9d47-512801388f36: ACTIVE {{(pid=115778) update_floatingip_statuses /opt/stack/neutron/neutron/api/rpc/handlers/l3_rpc.py:269}}
Jun 22 09:49:18.679775 dv-cinder-843277-5-smb neutron-server[115777]: INFO neutron.wsgi [req-fba1884c-87d7-4b9e-8556-aa844e18bd47 req-f65506de-ccc0-4b5b-8c4f-9c0011bd03dc service neutron] 10.222.0.44 "GET /v2.0/networks/32294757-4bba-4359-96b7-8e3323482090?fields=provider%3Aphysical_network&fields=provider%3Anetwork_type HTTP/1.1" status: 200 len: 281 time: 0.2509065
Jun 22 09:49:18.819445 dv-cinder-843277-5-smb neutron-server[115777]: DEBUG neutron.pecan_wsgi.hooks.policy_enforcement [req-a180959c-bdf6-4c72-bb35-5112ed3b7453 req-af0ce60e-88be-4c1a-bb4e-549996f0c8be tempest-DeleteServersTestJSON-723568865 tempest-DeleteServersTestJSON-723568865-project] Attributes excluded by policy engine: ['standard_attr_id', 'binding:profile', 'binding:host_id', 'binding:vif_type', 'binding:vif_details'] {{(pid=115777) _exclude_attributes_by_policy /opt/stack/neutron/neutron/pecan_wsgi/hooks/policy_enforcement.py:259}}
Jun 22 09:49:18.821185 dv-cinder-843277-5-smb neutron-server[115777]: INFO neutron.wsgi [req-a180959c-bdf6-4c72-bb35-5112ed3b7453 req-af0ce60e-88be-4c1a-bb4e-549996f0c8be tempest-DeleteServersTestJSON-723568865 tempest-DeleteServersTestJSON-723568865-project] 10.222.0.65 "GET /v2.0/ports?device_id=cdeadc63-b5c3-4a55-a591-8c7127e25802 HTTP/1.1" status: 200 len: 945 time: 0.0561476
Jun 22 09:49:18.877327 dv-cinder-843277-5-smb neutron-server[115777]: INFO neutron.wsgi [req-a180959c-bdf6-4c72-bb35-5112ed3b7453 req-5ef33b28-c360-4a69-ac3d-b9d3c1ddf6ca tempest-DeleteServersTestJSON-723568865 tempest-DeleteServersTestJSON-723568865-project] 10.222.0.65 "GET /v2.0/security-groups?id=e2bf8f92-30b3-4b0b-b383-e59c7f99520f&fields=id&fields=name HTTP/1.1" status: 200 len: 286 time: 0.0487711
Jun 22 09:49:19.000043 dv-cinder-843277-5-smb neutron-server[115776]: DEBUG neutron.pecan_wsgi.hooks.policy_enforcement [req-8f45052b-172f-4eaa-874c-8a9882767904 req-66d13f1c-e30c-4bbe-8544-b51fec362089 service neutron] Attributes excluded by policy engine: ['standard_attr_id'] {{(pid=115776) _exclude_attributes_by_policy /opt/stack/neutron/neutron/pecan_wsgi/hooks/policy_enforcement.py:259}}
Jun 22 09:49:19.001826 dv-cinder-843277-5-smb neutron-server[115776]: INFO neutron.wsgi [req-8f45052b-172f-4eaa-874c-8a9882767904 req-66d13f1c-e30c-4bbe-8544-b51fec362089 service neutron] 10.222.0.44 "GET /v2.0/ports?network_id=14fd78a2-535e-483f-b57c-5e6bf105d940&device_owner=network%3Adhcp HTTP/1.1" status: 200 len: 1210 time: 0.0655458
Jun 22 09:49:19.214602 dv-cinder-843277-5-smb neutron-server[115778]: DEBUG neutron_lib.callbacks.manager [None req-d6e0236c-7879-40b4-a6c0-d1588cda6afe None None] Publish callbacks ['neutron.services.segments.db._update_segment_host_mapping_for_agent-8759948315769', 'neutron.plugins.ml2.plugin.Ml2Plugin._retry_binding_revived_agents-3789684'] for agent (46c35e42-1aab-48ec-a8a2-39e0ed5009ab), after_update {{(pid=115778) _notify_loop /usr/local/lib/python3.8/dist-packages/neutron_lib/callbacks/manager.py:176}}
Jun 22 09:49:19.384715 dv-cinder-843277-5-smb neutron-server[115778]: DEBUG neutron_lib.callbacks.manager [None req-8563bdb0-be35-4c09-b238-7190e98df34c None None] Publish callbacks ['neutron.services.segments.db._update_segment_host_mapping_for_agent-8759948315769', 'neutron.plugins.ml2.plugin.Ml2Plugin._retry_binding_revived_agents-3789684'] for agent (a4f89443-a6e8-4898-a76a-e636b406b3ce), after_update {{(pid=115778) _notify_loop /usr/local/lib/python3.8/dist-packages/neutron_lib/callbacks/manager.py:176}}
Jun 22 09:49:19.494523 dv-cinder-843277-5-smb neutron-server[115777]: DEBUG neutron.wsgi [-] (115777) accepted ('10.222.0.65', 57734) {{(pid=115777) server /usr/local/lib/python3.8/dist-packages/eventlet/wsgi.py:1004}}
Jun 22 09:49:19.581794 dv-cinder-843277-5-smb neutron-server[115777]: DEBUG neutron.pecan_wsgi.hooks.policy_enforcement [req-b4320282-d604-4b14-b9be-58824361434a req-3576ba6c-edd8-4ed5-959e-40407049932a tempest-ServerRescueNegativeTestJSON-1524732955 tempest-ServerRescueNegativeTestJSON-1524732955-project] Attributes excluded by policy engine: ['standard_attr_id', 'binding:profile', 'binding:host_id', 'binding:vif_type', 'binding:vif_details'] {{(pid=115777) _exclude_attributes_by_policy /opt/stack/neutron/neutron/pecan_wsgi/hooks/policy_enforcement.py:259}}
Jun 22 09:49:19.584067 dv-cinder-843277-5-smb neutron-server[115777]: INFO neutron.wsgi [req-b4320282-d604-4b14-b9be-58824361434a req-3576ba6c-edd8-4ed5-959e-40407049932a tempest-ServerRescueNegativeTestJSON-1524732955 tempest-ServerRescueNegativeTestJSON-1524732955-project] 10.222.0.65 "GET /v2.0/ports?device_id=9bbbde35-5b1e-44ee-a280-d85c23b5a32b HTTP/1.1" status: 200 len: 945 time: 0.0736496
Jun 22 09:49:19.652741 dv-cinder-843277-5-smb neutron-server[115777]: INFO neutron.wsgi [req-b4320282-d604-4b14-b9be-58824361434a req-a40d2d38-8ced-4e9b-afbf-d6472c89e60e tempest-ServerRescueNegativeTestJSON-1524732955 tempest-ServerRescueNegativeTestJSON-1524732955-project] 10.222.0.65 "GET /v2.0/security-groups?id=ba5c5c73-1285-4110-8f27-b7cc12120fff&fields=id&fields=name HTTP/1.1" status: 200 len: 286 time: 0.0604863
Jun 22 09:49:19.659036 dv-cinder-843277-5-smb neutron-server[115777]: DEBUG neutron_lib.callbacks.manager [None req-587115e2-9c32-4464-8718-850a00988fb7 admin admin] Publish callbacks [] for security_group (None), before_create {{(pid=115777) _notify_loop /usr/local/lib/python3.8/dist-packages/neutron_lib/callbacks/manager.py:176}}
Jun 22 09:49:19.661673 dv-cinder-843277-5-smb neutron-server[115777]: DEBUG dbcounter [-] [115777] Writing DB stats neutron:SELECT=97,neutron:DELETE=3 {{(pid=115777) stat_writer /usr/local/lib/python3.8/dist-packages/dbcounter.py:114}}
Jun 22 09:49:19.751838 dv-cinder-843277-5-smb neutron-server[115777]: DEBUG neutron_lib.callbacks.manager [None req-587115e2-9c32-4464-8718-850a00988fb7 admin admin] Publish callbacks [] for security_group (2042244c-5fca-4461-8ddb-f251f3f7e58d), precommit_create {{(pid=115777) _notify_loop /usr/local/lib/python3.8/dist-packages/neutron_lib/callbacks/manager.py:176}}
Jun 22 09:49:19.756475 dv-cinder-843277-5-smb neutron-server[115777]: DEBUG neutron_lib.callbacks.manager [None req-587115e2-9c32-4464-8718-850a00988fb7 admin admin] Publish callbacks ['neutron.plugins.ml2.ovo_rpc._ObjectChangeHandler.handle_event-562901'] for security_group (2042244c-5fca-4461-8ddb-f251f3f7e58d), after_create {{(pid=115777) _notify_loop /usr/local/lib/python3.8/dist-packages/neutron_lib/callbacks/manager.py:176}}
Jun 22 09:49:19.803699 dv-cinder-843277-5-smb neutron-server[115777]: DEBUG neutron.api.rpc.handlers.resources_rpc [None req-587115e2-9c32-4464-8718-850a00988fb7 admin admin] Pushing event updated for resources: {'SecurityGroup': ['ID=2042244c-5fca-4461-8ddb-f251f3f7e58d,revision_number=1']} {{(pid=115777) push /opt/stack/neutron/neutron/api/rpc/handlers/resources_rpc.py:237}}
Jun 22 09:49:19.808008 dv-cinder-843277-5-smb neutron-server[115777]: INFO neutron.wsgi [None req-587115e2-9c32-4464-8718-850a00988fb7 admin admin] 10.222.0.65 "GET /v2.0/security-groups?tenant_id=a0330d5226024429b2b0181defde5ecf&name=default HTTP/1.1" status: 200 len: 2996 time: 0.3124387
Jun 22 09:49:19.810768 dv-cinder-843277-5-smb neutron-server[115776]: DEBUG neutron.wsgi [-] (115776) accepted ('10.222.0.65', 57746) {{(pid=115776) server /usr/local/lib/python3.8/dist-packages/eventlet/wsgi.py:1004}}
Jun 22 09:49:19.847806 dv-cinder-843277-5-smb neutron-server[115777]: DEBUG neutron.wsgi [-] (115777) accepted ('10.222.0.65', 57748) {{(pid=115777) server /usr/local/lib/python3.8/dist-packages/eventlet/wsgi.py:1004}}
Jun 22 09:49:19.866715 dv-cinder-843277-5-smb neutron-server[115776]: DEBUG neutron_lib.callbacks.manager [None req-3539af17-8f2b-405b-8c9d-f25960f690a0 admin admin] Publish callbacks [] for security_group (2042244c-5fca-4461-8ddb-f251f3f7e58d), before_delete {{(pid=115776) _notify_loop /usr/local/lib/python3.8/dist-packages/neutron_lib/callbacks/manager.py:176}}
Jun 22 09:49:19.891494 dv-cinder-843277-5-smb neutron-server[115776]: DEBUG neutron_lib.callbacks.manager [None req-3539af17-8f2b-405b-8c9d-f25960f690a0 admin admin] Publish callbacks [] for security_group (2042244c-5fca-4461-8ddb-f251f3f7e58d), precommit_delete {{(pid=115776) _notify_loop /usr/local/lib/python3.8/dist-packages/neutron_lib/callbacks/manager.py:176}}
Jun 22 09:49:19.959291 dv-cinder-843277-5-smb neutron-server[115776]: DEBUG neutron_lib.callbacks.manager [None req-3539af17-8f2b-405b-8c9d-f25960f690a0 admin admin] Publish callbacks ['neutron.plugins.ml2.ovo_rpc._ObjectChangeHandler.handle_event-562901'] for security_group (2042244c-5fca-4461-8ddb-f251f3f7e58d), after_delete {{(pid=115776) _notify_loop /usr/local/lib/python3.8/dist-packages/neutron_lib/callbacks/manager.py:176}}
Jun 22 09:49:19.963259 dv-cinder-843277-5-smb neutron-server[115776]: DEBUG neutron_lib.callbacks.manager [None req-3539af17-8f2b-405b-8c9d-f25960f690a0 admin admin] Publish callbacks [] for security_group (None), before_response {{(pid=115776) _notify_loop /usr/local/lib/python3.8/dist-packages/neutron_lib/callbacks/manager.py:176}}
Jun 22 09:49:19.965010 dv-cinder-843277-5-smb neutron-server[115776]: INFO neutron.wsgi [None req-3539af17-8f2b-405b-8c9d-f25960f690a0 admin admin] 10.222.0.65 "DELETE /v2.0/security-groups/2042244c-5fca-4461-8ddb-f251f3f7e58d HTTP/1.1" status: 204 len: 168 time: 0.1528511
Jun 22 09:49:19.976848 dv-cinder-843277-5-smb neutron-server[115776]: DEBUG neutron.api.rpc.handlers.resources_rpc [None req-3539af17-8f2b-405b-8c9d-f25960f690a0 admin admin] Pushing event deleted for resources: {'SecurityGroup': ['ID=2042244c-5fca-4461-8ddb-f251f3f7e58d,revision_number=None']} {{(pid=115776) push /opt/stack/neutron/neutron/api/rpc/handlers/resources_rpc.py:237}}
Jun 22 09:49:20.002033 dv-cinder-843277-5-smb neutron-server[115777]: DEBUG neutron_lib.callbacks.manager [None req-d0c4a177-5ba3-4818-b257-b95ad8dbc121 admin admin] Publish callbacks [] for security_group (None), before_create {{(pid=115777) _notify_loop /usr/local/lib/python3.8/dist-packages/neutron_lib/callbacks/manager.py:176}}
Jun 22 09:49:20.034113 dv-cinder-843277-5-smb neutron-server[115777]: DEBUG neutron.pecan_wsgi.hooks.policy_enforcement [req-704fe767-128a-4192-88c1-ce80cd0bd2a0 req-b44e974e-d02d-413c-b092-b12ccaa68356 tempest-DeleteServersTestJSON-723568865 tempest-DeleteServersTestJSON-723568865-project] Attributes excluded by policy engine: ['standard_attr_id', 'binding:profile', 'binding:host_id', 'binding:vif_type', 'binding:vif_details'] {{(pid=115777) _exclude_attributes_by_policy /opt/stack/neutron/neutron/pecan_wsgi/hooks/policy_enforcement.py:259}}
Jun 22 09:49:20.035641 dv-cinder-843277-5-smb neutron-server[115777]: INFO neutron.wsgi [req-704fe767-128a-4192-88c1-ce80cd0bd2a0 req-b44e974e-d02d-413c-b092-b12ccaa68356 tempest-DeleteServersTestJSON-723568865 tempest-DeleteServersTestJSON-723568865-project] 10.222.0.65 "GET /v2.0/ports?device_id=cdeadc63-b5c3-4a55-a591-8c7127e25802 HTTP/1.1" status: 200 len: 945 time: 0.0820851
Jun 22 09:49:20.121385 dv-cinder-843277-5-smb neutron-server[115777]: INFO neutron.wsgi [req-704fe767-128a-4192-88c1-ce80cd0bd2a0 req-0d6b9f3c-080f-4624-a6f2-848c2a7b0b3f tempest-DeleteServersTestJSON-723568865 tempest-DeleteServersTestJSON-723568865-project] 10.222.0.65 "GET /v2.0/security-groups?id=e2bf8f92-30b3-4b0b-b383-e59c7f99520f&fields=id&fields=name HTTP/1.1" status: 200 len: 286 time: 0.0787039
Jun 22 09:49:20.158561 dv-cinder-843277-5-smb neutron-server[115777]: DEBUG neutron_lib.callbacks.manager [None req-d0c4a177-5ba3-4818-b257-b95ad8dbc121 admin admin] Publish callbacks [] for security_group (b66ed416-22b7-4726-94c3-4b073681e7e6), precommit_create {{(pid=115777) _notify_loop /usr/local/lib/python3.8/dist-packages/neutron_lib/callbacks/manager.py:176}}
Jun 22 09:49:20.167941 dv-cinder-843277-5-smb neutron-server[115777]: DEBUG neutron_lib.callbacks.manager [None req-d0c4a177-5ba3-4818-b257-b95ad8dbc121 admin admin] Publish callbacks ['neutron.plugins.ml2.ovo_rpc._ObjectChangeHandler.handle_event-562901'] for security_group (b66ed416-22b7-4726-94c3-4b073681e7e6), after_create {{(pid=115777) _notify_loop /usr/local/lib/python3.8/dist-packages/neutron_lib/callbacks/manager.py:176}}
Jun 22 09:49:20.210703 dv-cinder-843277-5-smb neutron-server[115777]: DEBUG neutron.api.rpc.handlers.resources_rpc [None req-d0c4a177-5ba3-4818-b257-b95ad8dbc121 admin admin] Pushing event updated for resources: {'SecurityGroup': ['ID=b66ed416-22b7-4726-94c3-4b073681e7e6,revision_number=1']} {{(pid=115777) push /opt/stack/neutron/neutron/api/rpc/handlers/resources_rpc.py:237}}
Jun 22 09:49:20.215621 dv-cinder-843277-5-smb neutron-server[115777]: INFO neutron.wsgi [None req-d0c4a177-5ba3-4818-b257-b95ad8dbc121 admin admin] 10.222.0.65 "GET /v2.0/security-groups?tenant_id=f2b38f0b2000422b86142f7d51d41597&name=default HTTP/1.1" status: 200 len: 2996 time: 0.3667462
Jun 22 09:49:20.218454 dv-cinder-843277-5-smb neutron-server[115777]: DEBUG neutron.wsgi [-] (115777) accepted ('10.222.0.65', 57760) {{(pid=115777) server /usr/local/lib/python3.8/dist-packages/eventlet/wsgi.py:1004}}
Jun 22 09:49:20.264387 dv-cinder-843277-5-smb neutron-server[115777]: DEBUG dbcounter [-] [115777] Writing DB stats neutron:SELECT=88,neutron:INSERT=11,neutron:UPDATE=1 {{(pid=115777) stat_writer /usr/local/lib/python3.8/dist-packages/dbcounter.py:114}}
Jun 22 09:49:20.270626 dv-cinder-843277-5-smb neutron-server[115777]: DEBUG neutron_lib.callbacks.manager [None req-66b87bb4-e801-46b7-b8ac-61f0676500fe admin admin] Publish callbacks [] for security_group (b66ed416-22b7-4726-94c3-4b073681e7e6), before_delete {{(pid=115777) _notify_loop /usr/local/lib/python3.8/dist-packages/neutron_lib/callbacks/manager.py:176}}
Jun 22 09:49:20.278304 dv-cinder-843277-5-smb neutron-server[115776]: DEBUG neutron.wsgi [-] (115776) accepted ('10.222.0.65', 57762) {{(pid=115776) server /usr/local/lib/python3.8/dist-packages/eventlet/wsgi.py:1004}}
Jun 22 09:49:20.294916 dv-cinder-843277-5-smb neutron-server[115776]: DEBUG neutron_lib.callbacks.manager [None req-508a78de-ca37-4512-b820-7a30b56d25e3 admin admin] Publish callbacks [] for security_group (None), before_create {{(pid=115776) _notify_loop /usr/local/lib/python3.8/dist-packages/neutron_lib/callbacks/manager.py:176}}
Jun 22 09:49:20.298320 dv-cinder-843277-5-smb neutron-server[115777]: DEBUG neutron_lib.callbacks.manager [None req-66b87bb4-e801-46b7-b8ac-61f0676500fe admin admin] Publish callbacks [] for security_group (b66ed416-22b7-4726-94c3-4b073681e7e6), precommit_delete {{(pid=115777) _notify_loop /usr/local/lib/python3.8/dist-packages/neutron_lib/callbacks/manager.py:176}}
Jun 22 09:49:20.349405 dv-cinder-843277-5-smb neutron-server[115777]: DEBUG neutron_lib.callbacks.manager [None req-66b87bb4-e801-46b7-b8ac-61f0676500fe admin admin] Publish callbacks ['neutron.plugins.ml2.ovo_rpc._ObjectChangeHandler.handle_event-562901'] for security_group (b66ed416-22b7-4726-94c3-4b073681e7e6), after_delete {{(pid=115777) _notify_loop /usr/local/lib/python3.8/dist-packages/neutron_lib/callbacks/manager.py:176}}
Jun 22 09:49:20.352268 dv-cinder-843277-5-smb neutron-server[115777]: DEBUG neutron_lib.callbacks.manager [None req-66b87bb4-e801-46b7-b8ac-61f0676500fe admin admin] Publish callbacks [] for security_group (None), before_response {{(pid=115777) _notify_loop /usr/local/lib/python3.8/dist-packages/neutron_lib/callbacks/manager.py:176}}
Jun 22 09:49:20.353786 dv-cinder-843277-5-smb neutron-server[115777]: INFO neutron.wsgi [None req-66b87bb4-e801-46b7-b8ac-61f0676500fe admin admin] 10.222.0.65 "DELETE /v2.0/security-groups/b66ed416-22b7-4726-94c3-4b073681e7e6 HTTP/1.1" status: 204 len: 168 time: 0.1340647
Jun 22 09:49:20.363457 dv-cinder-843277-5-smb neutron-server[115777]: DEBUG neutron.api.rpc.handlers.resources_rpc [None req-66b87bb4-e801-46b7-b8ac-61f0676500fe admin admin] Pushing event deleted for resources: {'SecurityGroup': ['ID=b66ed416-22b7-4726-94c3-4b073681e7e6,revision_number=None']} {{(pid=115777) push /opt/stack/neutron/neutron/api/rpc/handlers/resources_rpc.py:237}}
Jun 22 09:49:20.388997 dv-cinder-843277-5-smb neutron-server[115776]: DEBUG neutron_lib.callbacks.manager [None req-508a78de-ca37-4512-b820-7a30b56d25e3 admin admin] Publish callbacks [] for security_group (eb6e3911-245e-4178-94aa-6d35d83a5016), precommit_create {{(pid=115776) _notify_loop /usr/local/lib/python3.8/dist-packages/neutron_lib/callbacks/manager.py:176}}
Jun 22 09:49:20.394725 dv-cinder-843277-5-smb neutron-server[115776]: DEBUG neutron_lib.callbacks.manager [None req-508a78de-ca37-4512-b820-7a30b56d25e3 admin admin] Publish callbacks ['neutron.plugins.ml2.ovo_rpc._ObjectChangeHandler.handle_event-562901'] for security_group (eb6e3911-245e-4178-94aa-6d35d83a5016), after_create {{(pid=115776) _notify_loop /usr/local/lib/python3.8/dist-packages/neutron_lib/callbacks/manager.py:176}}
Jun 22 09:49:20.436959 dv-cinder-843277-5-smb neutron-server[115777]: DEBUG neutron.wsgi [-] (115777) accepted ('10.222.0.65', 57766) {{(pid=115777) server /usr/local/lib/python3.8/dist-packages/eventlet/wsgi.py:1004}}
Jun 22 09:49:20.437269 dv-cinder-843277-5-smb neutron-server[115776]: INFO neutron.wsgi [None req-508a78de-ca37-4512-b820-7a30b56d25e3 admin admin] 10.222.0.65 "GET /v2.0/security-groups?tenant_id=5c8ea00574c9410d9592b87b579a46de&name=default HTTP/1.1" status: 200 len: 2996 time: 0.1574957
Jun 22 09:49:20.438256 dv-cinder-843277-5-smb neutron-server[115776]: DEBUG neutron.api.rpc.handlers.resources_rpc [None req-508a78de-ca37-4512-b820-7a30b56d25e3 admin admin] Pushing event updated for resources: {'SecurityGroup': ['ID=eb6e3911-245e-4178-94aa-6d35d83a5016,revision_number=1']} {{(pid=115776) push /opt/stack/neutron/neutron/api/rpc/handlers/resources_rpc.py:237}}
Jun 22 09:49:20.495083 dv-cinder-843277-5-smb neutron-server[115777]: DEBUG neutron_lib.callbacks.manager [None req-a701b915-b593-44af-989c-0b03572e4c14 admin admin] Publish callbacks [] for security_group (eb6e3911-245e-4178-94aa-6d35d83a5016), before_delete {{(pid=115777) _notify_loop /usr/local/lib/python3.8/dist-packages/neutron_lib/callbacks/manager.py:176}}
Jun 22 09:49:20.516760 dv-cinder-843277-5-smb neutron-server[115777]: DEBUG neutron_lib.callbacks.manager [None req-a701b915-b593-44af-989c-0b03572e4c14 admin admin] Publish callbacks [] for security_group (eb6e3911-245e-4178-94aa-6d35d83a5016), precommit_delete {{(pid=115777) _notify_loop /usr/local/lib/python3.8/dist-packages/neutron_lib/callbacks/manager.py:176}}
Jun 22 09:49:20.570065 dv-cinder-843277-5-smb neutron-server[115777]: DEBUG neutron_lib.callbacks.manager [None req-a701b915-b593-44af-989c-0b03572e4c14 admin admin] Publish callbacks ['neutron.plugins.ml2.ovo_rpc._ObjectChangeHandler.handle_event-562901'] for security_group (eb6e3911-245e-4178-94aa-6d35d83a5016), after_delete {{(pid=115777) _notify_loop /usr/local/lib/python3.8/dist-packages/neutron_lib/callbacks/manager.py:176}}
Jun 22 09:49:20.572767 dv-cinder-843277-5-smb neutron-server[115777]: DEBUG neutron_lib.callbacks.manager [None req-a701b915-b593-44af-989c-0b03572e4c14 admin admin] Publish callbacks [] for security_group (None), before_response {{(pid=115777) _notify_loop /usr/local/lib/python3.8/dist-packages/neutron_lib/callbacks/manager.py:176}}
Jun 22 09:49:20.576314 dv-cinder-843277-5-smb neutron-server[115777]: INFO neutron.wsgi [None req-a701b915-b593-44af-989c-0b03572e4c14 admin admin] 10.222.0.65 "DELETE /v2.0/security-groups/eb6e3911-245e-4178-94aa-6d35d83a5016 HTTP/1.1" status: 204 len: 168 time: 0.1345689
Jun 22 09:49:20.583739 dv-cinder-843277-5-smb neutron-server[115777]: DEBUG neutron.api.rpc.handlers.resources_rpc [None req-a701b915-b593-44af-989c-0b03572e4c14 admin admin] Pushing event deleted for resources: {'SecurityGroup': ['ID=eb6e3911-245e-4178-94aa-6d35d83a5016,revision_number=None']} {{(pid=115777) push /opt/stack/neutron/neutron/api/rpc/handlers/resources_rpc.py:237}}
Jun 22 09:49:20.865885 dv-cinder-843277-5-smb neutron-server[115777]: DEBUG neutron.pecan_wsgi.hooks.policy_enforcement [req-b2db7406-0c9d-463c-9336-1432a2c72121 req-53743d5c-de35-46a1-a0be-74fd94e05a3b tempest-ServerRescueNegativeTestJSON-1524732955 tempest-ServerRescueNegativeTestJSON-1524732955-project] Attributes excluded by policy engine: ['standard_attr_id', 'binding:profile', 'binding:host_id', 'binding:vif_type', 'binding:vif_details'] {{(pid=115777) _exclude_attributes_by_policy /opt/stack/neutron/neutron/pecan_wsgi/hooks/policy_enforcement.py:259}}
Jun 22 09:49:20.872261 dv-cinder-843277-5-smb neutron-server[115776]: INFO neutron.wsgi [req-8f45052b-172f-4eaa-874c-8a9882767904 req-263b4705-2c94-401a-949b-ce9b9eca2297 service neutron] 10.222.0.44 "GET /v2.0/networks/14fd78a2-535e-483f-b57c-5e6bf105d940?fields=segments HTTP/1.1" status: 200 len: 212 time: 0.2011857
Jun 22 09:49:20.873152 dv-cinder-843277-5-smb neutron-server[115777]: INFO neutron.wsgi [req-b2db7406-0c9d-463c-9336-1432a2c72121 req-53743d5c-de35-46a1-a0be-74fd94e05a3b tempest-ServerRescueNegativeTestJSON-1524732955 tempest-ServerRescueNegativeTestJSON-1524732955-project] 10.222.0.65 "GET /v2.0/ports?device_id=9bbbde35-5b1e-44ee-a280-d85c23b5a32b HTTP/1.1" status: 200 len: 945 time: 0.0779896
Jun 22 09:49:20.899414 dv-cinder-843277-5-smb neutron-server[115777]: DEBUG dbcounter [-] [115777] Writing DB stats neutron:SELECT=83,neutron:INSERT=11,neutron:UPDATE=1,neutron:DELETE=5 {{(pid=115777) stat_writer /usr/local/lib/python3.8/dist-packages/dbcounter.py:114}}
Jun 22 09:49:20.928128 dv-cinder-843277-5-smb neutron-server[115777]: INFO neutron.wsgi [req-b2db7406-0c9d-463c-9336-1432a2c72121 req-554f0740-5f71-41e1-9b9f-14740ef1568e tempest-ServerRescueNegativeTestJSON-1524732955 tempest-ServerRescueNegativeTestJSON-1524732955-project] 10.222.0.65 "GET /v2.0/security-groups?id=ba5c5c73-1285-4110-8f27-b7cc12120fff&fields=id&fields=name HTTP/1.1" status: 200 len: 286 time: 0.0540600
Jun 22 09:49:21.272379 dv-cinder-843277-5-smb neutron-server[115777]: DEBUG neutron.pecan_wsgi.hooks.policy_enforcement [req-86c26642-a8d2-47a7-9239-710359ba1fae req-c2507c1c-ba08-4cfd-b091-b534147c82e9 tempest-DeleteServersTestJSON-723568865 tempest-DeleteServersTestJSON-723568865-project] Attributes excluded by policy engine: ['standard_attr_id', 'binding:profile', 'binding:host_id', 'binding:vif_type', 'binding:vif_details'] {{(pid=115777) _exclude_attributes_by_policy /opt/stack/neutron/neutron/pecan_wsgi/hooks/policy_enforcement.py:259}}
Jun 22 09:49:21.274091 dv-cinder-843277-5-smb neutron-server[115777]: INFO neutron.wsgi [req-86c26642-a8d2-47a7-9239-710359ba1fae req-c2507c1c-ba08-4cfd-b091-b534147c82e9 tempest-DeleteServersTestJSON-723568865 tempest-DeleteServersTestJSON-723568865-project] 10.222.0.65 "GET /v2.0/ports?device_id=cdeadc63-b5c3-4a55-a591-8c7127e25802 HTTP/1.1" status: 200 len: 945 time: 0.0669096
Jun 22 09:49:21.327316 dv-cinder-843277-5-smb neutron-server[115777]: INFO neutron.wsgi [req-86c26642-a8d2-47a7-9239-710359ba1fae req-8640ab74-5ad7-404b-b741-0614b9216782 tempest-DeleteServersTestJSON-723568865 tempest-DeleteServersTestJSON-723568865-project] 10.222.0.65 "GET /v2.0/security-groups?id=e2bf8f92-30b3-4b0b-b383-e59c7f99520f&fields=id&fields=name HTTP/1.1" status: 200 len: 286 time: 0.0464129
Jun 22 09:49:21.528926 dv-cinder-843277-5-smb neutron-server[115776]: INFO neutron.wsgi [req-8f45052b-172f-4eaa-874c-8a9882767904 req-446d30ff-1507-47d9-827e-61ac4f3bb3f5 service neutron] 10.222.0.44 "GET /v2.0/networks/14fd78a2-535e-483f-b57c-5e6bf105d940?fields=provider%3Aphysical_network&fields=provider%3Anetwork_type HTTP/1.1" status: 200 len: 281 time: 0.0966816
Jun 22 09:49:21.579260 dv-cinder-843277-5-smb neutron-server[115777]: DEBUG neutron.pecan_wsgi.hooks.policy_enforcement [req-d51281e6-2b8c-4224-ae28-2b1e8b682edd req-df466ed2-658f-469c-9e26-4cf959c9c1e8 tempest-DeleteServersTestJSON-723568865 tempest-DeleteServersTestJSON-723568865-project] Attributes excluded by policy engine: ['standard_attr_id', 'binding:profile', 'binding:host_id', 'binding:vif_type', 'binding:vif_details'] {{(pid=115777) _exclude_attributes_by_policy /opt/stack/neutron/neutron/pecan_wsgi/hooks/policy_enforcement.py:259}}
Jun 22 09:49:21.580869 dv-cinder-843277-5-smb neutron-server[115777]: INFO neutron.wsgi [req-d51281e6-2b8c-4224-ae28-2b1e8b682edd req-df466ed2-658f-469c-9e26-4cf959c9c1e8 tempest-DeleteServersTestJSON-723568865 tempest-DeleteServersTestJSON-723568865-project] 10.222.0.44 "GET /v2.0/ports?device_id=cdeadc63-b5c3-4a55-a591-8c7127e25802 HTTP/1.1" status: 200 len: 945 time: 0.0586619
Jun 22 09:49:21.709366 dv-cinder-843277-5-smb neutron-server[115777]: DEBUG neutron.plugins.ml2.plugin [req-d51281e6-2b8c-4224-ae28-2b1e8b682edd req-db8e5fa5-03a8-4730-8fd4-6fb5658cbda9 tempest-DeleteServersTestJSON-723568865 tempest-DeleteServersTestJSON-723568865-project] Deleting port 53b8ccdb-2b96-4b7a-aec1-d9c2284614c0 {{(pid=115777) _pre_delete_port /opt/stack/neutron/neutron/plugins/ml2/plugin.py:2037}}
Jun 22 09:49:21.709826 dv-cinder-843277-5-smb neutron-server[115777]: DEBUG neutron_lib.callbacks.manager [req-d51281e6-2b8c-4224-ae28-2b1e8b682edd req-db8e5fa5-03a8-4730-8fd4-6fb5658cbda9 tempest-DeleteServersTestJSON-723568865 tempest-DeleteServersTestJSON-723568865-project] Publish callbacks ['neutron.db.l3_db.L3_NAT_dbonly_mixin._prevent_l3_port_delete_callback-8759948060456'] for port (53b8ccdb-2b96-4b7a-aec1-d9c2284614c0), before_delete {{(pid=115777) _notify_loop /usr/local/lib/python3.8/dist-packages/neutron_lib/callbacks/manager.py:176}}
Jun 22 09:49:22.094233 dv-cinder-843277-5-smb neutron-server[115777]: DEBUG neutron.pecan_wsgi.hooks.policy_enforcement [req-1b0a2b58-e9a9-4eda-964c-79c6c44beeea req-ee881a2e-c6b0-4aa4-b043-d16836d18acd tempest-ServerRescueNegativeTestJSON-1524732955 tempest-ServerRescueNegativeTestJSON-1524732955-project] Attributes excluded by policy engine: ['standard_attr_id', 'binding:profile', 'binding:host_id', 'binding:vif_type', 'binding:vif_details'] {{(pid=115777) _exclude_attributes_by_policy /opt/stack/neutron/neutron/pecan_wsgi/hooks/policy_enforcement.py:259}}
Jun 22 09:49:22.095764 dv-cinder-843277-5-smb neutron-server[115777]: INFO neutron.wsgi [req-1b0a2b58-e9a9-4eda-964c-79c6c44beeea req-ee881a2e-c6b0-4aa4-b043-d16836d18acd tempest-ServerRescueNegativeTestJSON-1524732955 tempest-ServerRescueNegativeTestJSON-1524732955-project] 10.222.0.65 "GET /v2.0/ports?device_id=9bbbde35-5b1e-44ee-a280-d85c23b5a32b HTTP/1.1" status: 200 len: 945 time: 0.0822730
Jun 22 09:49:22.138362 dv-cinder-843277-5-smb neutron-server[115777]: DEBUG neutron.wsgi [-] (115777) accepted ('10.222.0.65', 57852) {{(pid=115777) server /usr/local/lib/python3.8/dist-packages/eventlet/wsgi.py:1004}}
Jun 22 09:49:22.153109 dv-cinder-843277-5-smb neutron-server[115777]: DEBUG neutron.plugins.ml2.db [req-d51281e6-2b8c-4224-ae28-2b1e8b682edd req-db8e5fa5-03a8-4730-8fd4-6fb5658cbda9 tempest-DeleteServersTestJSON-723568865 tempest-DeleteServersTestJSON-723568865-project] For port 53b8ccdb-2b96-4b7a-aec1-d9c2284614c0, host hv-cinder-84327, got binding levels [PortBindingLevel(driver='hyperv',host='hv-cinder-84327',level=0,port_id=53b8ccdb-2b96-4b7a-aec1-d9c2284614c0,segment=NetworkSegment(2154aad6-2036-4d9c-8248-64e0eab4e5b0),segment_id=2154aad6-2036-4d9c-8248-64e0eab4e5b0)] {{(pid=115777) get_binding_level_objs /opt/stack/neutron/neutron/plugins/ml2/db.py:74}}
Jun 22 09:49:22.153109 dv-cinder-843277-5-smb neutron-server[115777]: DEBUG neutron_lib.callbacks.manager [req-d51281e6-2b8c-4224-ae28-2b1e8b682edd req-db8e5fa5-03a8-4730-8fd4-6fb5658cbda9 tempest-DeleteServersTestJSON-723568865 tempest-DeleteServersTestJSON-723568865-project] Publish callbacks ['neutron.services.l3_router.l3_router_plugin.L3_NAT_dbonly_mixin._precommit_delete_port_callback-320210'] for port (53b8ccdb-2b96-4b7a-aec1-d9c2284614c0), precommit_delete {{(pid=115777) _notify_loop /usr/local/lib/python3.8/dist-packages/neutron_lib/callbacks/manager.py:176}}
Jun 22 09:49:22.174000 dv-cinder-843277-5-smb neutron-server[115777]: DEBUG neutron.plugins.ml2.plugin [req-d51281e6-2b8c-4224-ae28-2b1e8b682edd req-db8e5fa5-03a8-4730-8fd4-6fb5658cbda9 tempest-DeleteServersTestJSON-723568865 tempest-DeleteServersTestJSON-723568865-project] Calling delete_port for 53b8ccdb-2b96-4b7a-aec1-d9c2284614c0 owned by compute:nova {{(pid=115777) delete_port /opt/stack/neutron/neutron/plugins/ml2/plugin.py:2116}}
Jun 22 09:49:22.233512 dv-cinder-843277-5-smb neutron-server[115777]: INFO neutron.wsgi [req-1b0a2b58-e9a9-4eda-964c-79c6c44beeea req-f9d1b39c-cba3-4547-b3cf-e14f20a521ea tempest-ServerRescueNegativeTestJSON-1524732955 tempest-ServerRescueNegativeTestJSON-1524732955-project] 10.222.0.65 "GET /v2.0/security-groups?id=ba5c5c73-1285-4110-8f27-b7cc12120fff&fields=id&fields=name HTTP/1.1" status: 200 len: 286 time: 0.1242948
Jun 22 09:49:22.332366 dv-cinder-843277-5-smb neutron-server[115777]: DEBUG neutron_lib.callbacks.manager [None req-7f1c2f32-bfcb-4e6f-94d2-8fb97408bdfa admin admin] Publish callbacks [] for security_group (None), before_create {{(pid=115777) _notify_loop /usr/local/lib/python3.8/dist-packages/neutron_lib/callbacks/manager.py:176}}
Jun 22 09:49:22.413378 dv-cinder-843277-5-smb neutron-server[115777]: DEBUG dbcounter [-] [115777] Writing DB stats neutron:SELECT=92,neutron:DELETE=6,neutron:INSERT=2 {{(pid=115777) stat_writer /usr/local/lib/python3.8/dist-packages/dbcounter.py:114}}
Jun 22 09:49:22.461043 dv-cinder-843277-5-smb neutron-server[115777]: DEBUG neutron_lib.callbacks.manager [req-d51281e6-2b8c-4224-ae28-2b1e8b682edd req-db8e5fa5-03a8-4730-8fd4-6fb5658cbda9 tempest-DeleteServersTestJSON-723568865 tempest-DeleteServersTestJSON-723568865-project] Publish callbacks ['neutron.plugins.ml2.plugin.SecurityGroupServerNotifierRpcMixin._notify_sg_on_port_change-3861143', 'neutron.plugins.ml2.ovo_rpc._ObjectChangeHandler.handle_event-94551', 'neutron.api.rpc.agentnotifiers.dhcp_rpc_agent_api.DhcpAgentNotifyAPI._native_event_send_dhcp_notification-547570', 'neutron.db.l3_db.L3RpcNotifierMixin._notify_routers_callback-8759948065648', 'neutron.db.l3_dvrscheduler_db._notify_port_delete-8759947791755', 'neutron.services.segments.plugin.NovaSegmentNotifier._notify_port_created_or_deleted-12066608'] for port (53b8ccdb-2b96-4b7a-aec1-d9c2284614c0), after_delete {{(pid=115777) _notify_loop /usr/local/lib/python3.8/dist-packages/neutron_lib/callbacks/manager.py:176}}
Jun 22 09:49:22.477301 dv-cinder-843277-5-smb neutron-server[115778]: DEBUG neutron.plugins.ml2.db [None req-03fd2482-44c4-4c94-aa59-95231272aa23 None None] get_ports_and_sgs() called for port_ids ['53b8ccdb-2b96-4b7a-aec1-d9c2284614c0'] {{(pid=115778) get_ports_and_sgs /opt/stack/neutron/neutron/plugins/ml2/db.py:156}}
Jun 22 09:49:22.519571 dv-cinder-843277-5-smb neutron-server[115777]: DEBUG neutron.api.rpc.handlers.resources_rpc [None req-db8e5fa5-03a8-4730-8fd4-6fb5658cbda9 tempest-DeleteServersTestJSON-723568865 tempest-DeleteServersTestJSON-723568865-project] Pushing event deleted for resources: {'Port': ['ID=53b8ccdb-2b96-4b7a-aec1-d9c2284614c0,revision_number=None']} {{(pid=115777) push /opt/stack/neutron/neutron/api/rpc/handlers/resources_rpc.py:237}}
Jun 22 09:49:22.536575 dv-cinder-843277-5-smb neutron-server[115777]: DEBUG dbcounter [-] [115777] Writing DB stats neutron:SELECT=87,neutron:DELETE=5,neutron:INSERT=7,neutron:UPDATE=1 {{(pid=115777) stat_writer /usr/local/lib/python3.8/dist-packages/dbcounter.py:114}}
Jun 22 09:49:22.544481 dv-cinder-843277-5-smb neutron-server[115777]: DEBUG neutron.pecan_wsgi.hooks.policy_enforcement [req-2d206a72-0724-4622-9fed-1325f8d5bd6e req-8c34a0af-60d3-4d7c-82ce-c1025545bd08 tempest-DeleteServersTestJSON-723568865 tempest-DeleteServersTestJSON-723568865-project] Attributes excluded by policy engine: ['standard_attr_id', 'binding:profile', 'binding:host_id', 'binding:vif_type', 'binding:vif_details'] {{(pid=115777) _exclude_attributes_by_policy /opt/stack/neutron/neutron/pecan_wsgi/hooks/policy_enforcement.py:259}}
Jun 22 09:49:22.546850 dv-cinder-843277-5-smb neutron-server[115777]: INFO neutron.wsgi [req-2d206a72-0724-4622-9fed-1325f8d5bd6e req-8c34a0af-60d3-4d7c-82ce-c1025545bd08 tempest-DeleteServersTestJSON-723568865 tempest-DeleteServersTestJSON-723568865-project] 10.222.0.65 "GET /v2.0/ports?device_id=cdeadc63-b5c3-4a55-a591-8c7127e25802 HTTP/1.1" status: 200 len: 945 time: 0.1424432
Jun 22 09:49:22.654928 dv-cinder-843277-5-smb neutron-server[115777]: DEBUG neutron.db.l3_dvrscheduler_db [req-d51281e6-2b8c-4224-ae28-2b1e8b682edd req-db8e5fa5-03a8-4730-8fd4-6fb5658cbda9 tempest-DeleteServersTestJSON-723568865 tempest-DeleteServersTestJSON-723568865-project] No DVR routers for this DVR port 53b8ccdb-2b96-4b7a-aec1-d9c2284614c0 on host hv-cinder-84327 {{(pid=115777) get_dvr_routers_to_remove /opt/stack/neutron/neutron/db/l3_dvrscheduler_db.py:215}}
Jun 22 09:49:22.658881 dv-cinder-843277-5-smb neutron-server[115777]: DEBUG neutron_lib.callbacks.manager [req-d51281e6-2b8c-4224-ae28-2b1e8b682edd req-db8e5fa5-03a8-4730-8fd4-6fb5658cbda9 tempest-DeleteServersTestJSON-723568865 tempest-DeleteServersTestJSON-723568865-project] Publish callbacks ['neutron.notifiers.nova.Notifier._send_nova_notification-221049'] for port (None), before_response {{(pid=115777) _notify_loop /usr/local/lib/python3.8/dist-packages/neutron_lib/callbacks/manager.py:176}}
Jun 22 09:49:22.662476 dv-cinder-843277-5-smb neutron-server[115777]: INFO neutron.wsgi [req-d51281e6-2b8c-4224-ae28-2b1e8b682edd req-db8e5fa5-03a8-4730-8fd4-6fb5658cbda9 tempest-DeleteServersTestJSON-723568865 tempest-DeleteServersTestJSON-723568865-project] 10.222.0.44 "DELETE /v2.0/ports/53b8ccdb-2b96-4b7a-aec1-d9c2284614c0 HTTP/1.1" status: 204 len: 173 time: 1.0754135
Jun 22 09:49:22.670235 dv-cinder-843277-5-smb neutron-server[115777]: DEBUG neutron_lib.callbacks.manager [None req-7f1c2f32-bfcb-4e6f-94d2-8fb97408bdfa admin admin] Publish callbacks [] for security_group (bf3dae20-37ca-4bc5-9aca-ce9635782e5b), precommit_create {{(pid=115777) _notify_loop /usr/local/lib/python3.8/dist-packages/neutron_lib/callbacks/manager.py:176}}
Jun 22 09:49:22.671973 dv-cinder-843277-5-smb neutron-server[115777]: DEBUG neutron.notifiers.nova [-] Sending events: [{'server_uuid': 'cdeadc63-b5c3-4a55-a591-8c7127e25802', 'name': 'network-vif-deleted', 'tag': '53b8ccdb-2b96-4b7a-aec1-d9c2284614c0'}] {{(pid=115777) send_events /opt/stack/neutron/neutron/notifiers/nova.py:271}}
Jun 22 09:49:22.674567 dv-cinder-843277-5-smb neutron-server[115777]: DEBUG novaclient.v2.client [-] REQ: curl -g -i --cacert "/opt/stack/data/ca-bundle.pem" -X POST http://10.222.0.65/compute/v2.1/os-server-external-events -H "Accept: application/json" -H "Content-Type: application/json" -H "User-Agent: python-novaclient" -H "X-Auth-Token: {SHA256}1df9425c8fcaf59887de0f50bdd919119094ca1bc6b94330f80687e478e08e3e" -H "X-OpenStack-Nova-API-Version: 2.1" -H "X-OpenStack-Request-ID: req-171545ec-6e9d-4c07-9156-1a5b40cca4ed" -d '{"events": [{"server_uuid": "cdeadc63-b5c3-4a55-a591-8c7127e25802", "name": "network-vif-deleted", "tag": "53b8ccdb-2b96-4b7a-aec1-d9c2284614c0"}]}' {{(pid=115777) _http_log_request /usr/local/lib/python3.8/dist-packages/keystoneauth1/session.py:519}}
Jun 22 09:49:22.682673 dv-cinder-843277-5-smb neutron-server[115777]: DEBUG neutron_lib.callbacks.manager [None req-7f1c2f32-bfcb-4e6f-94d2-8fb97408bdfa admin admin] Publish callbacks ['neutron.plugins.ml2.ovo_rpc._ObjectChangeHandler.handle_event-562901'] for security_group (bf3dae20-37ca-4bc5-9aca-ce9635782e5b), after_create {{(pid=115777) _notify_loop /usr/local/lib/python3.8/dist-packages/neutron_lib/callbacks/manager.py:176}}
Jun 22 09:49:22.729391 dv-cinder-843277-5-smb neutron-server[115777]: DEBUG novaclient.v2.client [-] RESP: [200] Connection: close Content-Length: 183 Content-Type: application/json Date: Wed, 22 Jun 2022 09:49:22 GMT OpenStack-API-Version: compute 2.1 Server: Apache/2.4.41 (Ubuntu) Vary: OpenStack-API-Version,X-OpenStack-Nova-API-Version X-OpenStack-Nova-API-Version: 2.1 x-compute-request-id: req-95b322fc-115a-498a-89f5-6cee1a9843bd x-openstack-request-id: req-95b322fc-115a-498a-89f5-6cee1a9843bd {{(pid=115777) _http_log_response /usr/local/lib/python3.8/dist-packages/keystoneauth1/session.py:550}}
Jun 22 09:49:22.729831 dv-cinder-843277-5-smb neutron-server[115777]: DEBUG novaclient.v2.client [-] RESP BODY: {"events": [{"server_uuid": "cdeadc63-b5c3-4a55-a591-8c7127e25802", "name": "network-vif-deleted", "tag": "53b8ccdb-2b96-4b7a-aec1-d9c2284614c0", "status": "completed", "code": 200}]} {{(pid=115777) _http_log_response /usr/local/lib/python3.8/dist-packages/keystoneauth1/session.py:582}}
Jun 22 09:49:22.730215 dv-cinder-843277-5-smb neutron-server[115777]: DEBUG novaclient.v2.client [-] POST call to compute for http://10.222.0.65/compute/v2.1/os-server-external-events used request id req-95b322fc-115a-498a-89f5-6cee1a9843bd {{(pid=115777) request /usr/local/lib/python3.8/dist-packages/keystoneauth1/session.py:954}}
Jun 22 09:49:22.730603 dv-cinder-843277-5-smb neutron-server[115777]: INFO neutron.notifiers.nova [-] Nova event matching ['req-95b322fc-115a-498a-89f5-6cee1a9843bd'] response: {'server_uuid': 'cdeadc63-b5c3-4a55-a591-8c7127e25802', 'name': 'network-vif-deleted', 'tag': '53b8ccdb-2b96-4b7a-aec1-d9c2284614c0', 'status': 'completed', 'code': 200}
Jun 22 09:49:22.754317 dv-cinder-843277-5-smb neutron-server[115777]: INFO neutron.wsgi [req-2d206a72-0724-4622-9fed-1325f8d5bd6e req-a8ee7b36-68e4-4aea-ab7b-fd6b4ad74b7e tempest-DeleteServersTestJSON-723568865 tempest-DeleteServersTestJSON-723568865-project] 10.222.0.65 "GET /v2.0/security-groups?id=e2bf8f92-30b3-4b0b-b383-e59c7f99520f&fields=id&fields=name HTTP/1.1" status: 200 len: 286 time: 0.1536121
Jun 22 09:49:22.756436 dv-cinder-843277-5-smb neutron-server[115777]: DEBUG neutron.api.rpc.handlers.resources_rpc [None req-7f1c2f32-bfcb-4e6f-94d2-8fb97408bdfa admin admin] Pushing event updated for resources: {'SecurityGroup': ['ID=bf3dae20-37ca-4bc5-9aca-ce9635782e5b,revision_number=1']} {{(pid=115777) push /opt/stack/neutron/neutron/api/rpc/handlers/resources_rpc.py:237}}
Jun 22 09:49:22.760874 dv-cinder-843277-5-smb neutron-server[115777]: INFO neutron.wsgi [None req-7f1c2f32-bfcb-4e6f-94d2-8fb97408bdfa admin admin] 10.222.0.65 "GET /v2.0/security-groups?tenant_id=337dad93ad9e4292905eb0a72a9e6702&name=default HTTP/1.1" status: 200 len: 2996 time: 0.6149719
Jun 22 09:49:22.763427 dv-cinder-843277-5-smb neutron-server[115777]: DEBUG neutron.wsgi [-] (115777) accepted ('10.222.0.65', 57872) {{(pid=115777) server /usr/local/lib/python3.8/dist-packages/eventlet/wsgi.py:1004}}
