Jun 16 00:26:54.989415 dv-cinder-843277-4-iscsi neutron-server[115432]: DEBUG neutron.pecan_wsgi.hooks.policy_enforcement [req-1e59e679-96e3-4b9f-a497-dddc1fc4c584 req-b4972828-bc1b-4d3d-8696-6e2292dac7e9 service neutron] Attributes excluded by policy engine: ['standard_attr_id', 'shared'] {{(pid=115432) _exclude_attributes_by_policy /opt/stack/neutron/neutron/pecan_wsgi/hooks/policy_enforcement.py:259}}
Jun 16 00:26:54.990892 dv-cinder-843277-4-iscsi neutron-server[115432]: INFO neutron.wsgi [req-1e59e679-96e3-4b9f-a497-dddc1fc4c584 req-b4972828-bc1b-4d3d-8696-6e2292dac7e9 service neutron] 10.222.0.45 "GET /v2.0/subnets?id=d775bbe1-5c4e-4798-9a0e-dc2f0a0ad0e9 HTTP/1.1" status: 200 len: 858 time: 0.0557182
Jun 16 00:26:55.116451 dv-cinder-843277-4-iscsi neutron-server[115432]: DEBUG neutron.pecan_wsgi.hooks.policy_enforcement [req-1e59e679-96e3-4b9f-a497-dddc1fc4c584 req-837ee3a1-43f5-49ab-943d-a601dda1143b service neutron] Attributes excluded by policy engine: ['standard_attr_id'] {{(pid=115432) _exclude_attributes_by_policy /opt/stack/neutron/neutron/pecan_wsgi/hooks/policy_enforcement.py:259}}
Jun 16 00:26:55.118177 dv-cinder-843277-4-iscsi neutron-server[115432]: INFO neutron.wsgi [req-1e59e679-96e3-4b9f-a497-dddc1fc4c584 req-837ee3a1-43f5-49ab-943d-a601dda1143b service neutron] 10.222.0.45 "GET /v2.0/ports?network_id=3cf90d58-ad38-4382-b77e-0ae17155955d&device_owner=network%3Adhcp HTTP/1.1" status: 200 len: 1212 time: 0.1058774
Jun 16 00:26:55.161884 dv-cinder-843277-4-iscsi neutron-server[115431]: DEBUG neutron.pecan_wsgi.hooks.policy_enforcement [req-7625031d-90e1-4366-ab01-40a3813ed2e6 req-d99fc5f3-3875-4d82-ae39-37a3c9672ccd service neutron] Attributes excluded by policy engine: ['standard_attr_id'] {{(pid=115431) _exclude_attributes_by_policy /opt/stack/neutron/neutron/pecan_wsgi/hooks/policy_enforcement.py:259}}
Jun 16 00:26:55.163310 dv-cinder-843277-4-iscsi neutron-server[115431]: INFO neutron.wsgi [req-7625031d-90e1-4366-ab01-40a3813ed2e6 req-d99fc5f3-3875-4d82-ae39-37a3c9672ccd service neutron] 10.222.0.45 "GET /v2.0/ports?network_id=3cf90d58-ad38-4382-b77e-0ae17155955d&device_owner=network%3Adhcp HTTP/1.1" status: 200 len: 1212 time: 0.2150445
Jun 16 00:26:55.201288 dv-cinder-843277-4-iscsi neutron-server[115431]: DEBUG neutron.pecan_wsgi.hooks.policy_enforcement [req-0d7b5cfb-ae49-4591-8c64-6c9c088b148a req-cc2d1749-8c5f-402c-87dd-da295f1d63b8 service neutron] Attributes excluded by policy engine: ['standard_attr_id', 'vlan_transparent'] {{(pid=115431) _exclude_attributes_by_policy /opt/stack/neutron/neutron/pecan_wsgi/hooks/policy_enforcement.py:259}}
Jun 16 00:26:55.203305 dv-cinder-843277-4-iscsi neutron-server[115431]: INFO neutron.wsgi [req-0d7b5cfb-ae49-4591-8c64-6c9c088b148a req-cc2d1749-8c5f-402c-87dd-da295f1d63b8 service neutron] 10.222.0.45 "GET /v2.0/networks?id=1348db3f-9ba3-4c1b-b05c-8c9d4d3ffa80 HTTP/1.1" status: 200 len: 912 time: 0.3337641
Jun 16 00:26:55.209760 dv-cinder-843277-4-iscsi neutron-server[115432]: DEBUG neutron.pecan_wsgi.hooks.policy_enforcement [req-5a33b8e0-8e5c-4e7b-878a-2d3c29ad63b0 req-98e6f542-00dc-4c21-b8ab-2cd952b8c1fb service neutron] Attributes excluded by policy engine: ['standard_attr_id', 'vlan_transparent'] {{(pid=115432) _exclude_attributes_by_policy /opt/stack/neutron/neutron/pecan_wsgi/hooks/policy_enforcement.py:259}}
Jun 16 00:26:55.211215 dv-cinder-843277-4-iscsi neutron-server[115432]: INFO neutron.wsgi [req-5a33b8e0-8e5c-4e7b-878a-2d3c29ad63b0 req-98e6f542-00dc-4c21-b8ab-2cd952b8c1fb service neutron] 10.222.0.45 "GET /v2.0/networks?tenant_id=0a869108ba4446c4b767d186c5db253f&shared=False HTTP/1.1" status: 200 len: 917 time: 0.2076459
Jun 16 00:26:55.215906 dv-cinder-843277-4-iscsi neutron-server[115431]: DEBUG neutron.pecan_wsgi.hooks.policy_enforcement [req-0d19a821-6468-42ec-bf5e-1cd67538dbf8 req-577af642-9628-44eb-909c-58296f6c8052 tempest-DeleteServersTestJSON-1209938944 tempest-DeleteServersTestJSON-1209938944-project] Attributes excluded by policy engine: ['standard_attr_id', 'binding:profile', 'binding:host_id', 'binding:vif_type', 'binding:vif_details'] {{(pid=115431) _exclude_attributes_by_policy /opt/stack/neutron/neutron/pecan_wsgi/hooks/policy_enforcement.py:259}}
Jun 16 00:26:55.217280 dv-cinder-843277-4-iscsi neutron-server[115431]: INFO neutron.wsgi [req-0d19a821-6468-42ec-bf5e-1cd67538dbf8 req-577af642-9628-44eb-909c-58296f6c8052 tempest-DeleteServersTestJSON-1209938944 tempest-DeleteServersTestJSON-1209938944-project] 10.222.0.44 "GET /v2.0/ports?device_id=349ce2ac-ab8e-47f6-9fb1-a363f5ed3bd3 HTTP/1.1" status: 200 len: 943 time: 0.0589616
Jun 16 00:26:55.262250 dv-cinder-843277-4-iscsi neutron-server[115431]: INFO neutron.wsgi [req-0d19a821-6468-42ec-bf5e-1cd67538dbf8 req-d7e66c33-d010-406c-a592-4048969ab60c tempest-DeleteServersTestJSON-1209938944 tempest-DeleteServersTestJSON-1209938944-project] 10.222.0.44 "GET /v2.0/security-groups?id=000b936c-9d66-48bf-b66a-0c0b38c9d44e&fields=id&fields=name HTTP/1.1" status: 200 len: 286 time: 0.0392916
Jun 16 00:26:55.448822 dv-cinder-843277-4-iscsi neutron-server[115431]: DEBUG neutron.pecan_wsgi.hooks.policy_enforcement [req-672a95fb-a4c6-430f-92f8-2bd3fc2d0737 req-45aa7f78-c8de-45f7-803e-ac17c34b6599 tempest-ServerRescueNegativeTestJSON-1499675376 tempest-ServerRescueNegativeTestJSON-1499675376-project] Attributes excluded by policy engine: ['standard_attr_id', 'binding:profile', 'binding:host_id', 'binding:vif_type', 'binding:vif_details'] {{(pid=115431) _exclude_attributes_by_policy /opt/stack/neutron/neutron/pecan_wsgi/hooks/policy_enforcement.py:259}}
Jun 16 00:26:55.450244 dv-cinder-843277-4-iscsi neutron-server[115431]: INFO neutron.wsgi [req-672a95fb-a4c6-430f-92f8-2bd3fc2d0737 req-45aa7f78-c8de-45f7-803e-ac17c34b6599 tempest-ServerRescueNegativeTestJSON-1499675376 tempest-ServerRescueNegativeTestJSON-1499675376-project] 10.222.0.44 "GET /v2.0/ports?device_id=8388df29-a591-4d4c-a77f-530d3f0e4693 HTTP/1.1" status: 200 len: 944 time: 0.0447545
Jun 16 00:26:55.498322 dv-cinder-843277-4-iscsi neutron-server[115431]: INFO neutron.wsgi [req-672a95fb-a4c6-430f-92f8-2bd3fc2d0737 req-0efff873-6f2e-48e5-9765-8d52bd8f592e tempest-ServerRescueNegativeTestJSON-1499675376 tempest-ServerRescueNegativeTestJSON-1499675376-project] 10.222.0.44 "GET /v2.0/security-groups?id=2f1f6cb9-9ec9-4c2d-951f-73696366aa8a&fields=id&fields=name HTTP/1.1" status: 200 len: 286 time: 0.0421064
Jun 16 00:26:55.679523 dv-cinder-843277-4-iscsi neutron-server[115431]: INFO neutron.wsgi [req-a5d3b770-f2e6-45f3-a39a-02468c2aad2b req-7a4a9917-97cc-421e-81de-cbfdc00e6ba9 tempest-AttachVolumeNegativeTest-948661713 tempest-AttachVolumeNegativeTest-948661713-project] 10.222.0.44 "GET /v2.0/ports?device_id=0940a4aa-71c4-4a96-8106-40dd8b012547 HTTP/1.1" status: 200 len: 210 time: 0.0271368
Jun 16 00:26:55.757855 dv-cinder-843277-4-iscsi neutron-server[115433]: DEBUG neutron.plugins.ml2.rpc [None req-a97f3386-d5f2-484e-a473-56a759353ce5 None None] Device bd914ca3-f036-4016-bdf2-f6dffc6a5655 up at agent hyperv_hv-cinder-84327 {{(pid=115433) update_device_up /opt/stack/neutron/neutron/plugins/ml2/rpc.py:296}}
Jun 16 00:26:55.805134 dv-cinder-843277-4-iscsi neutron-server[115433]: DEBUG dbcounter [-] [115433] Writing DB stats neutron:SELECT=98,neutron:UPDATE=2 {{(pid=115433) stat_writer /usr/local/lib/python3.8/dist-packages/dbcounter.py:114}}
Jun 16 00:26:55.813693 dv-cinder-843277-4-iscsi neutron-server[115433]: DEBUG neutron.db.provisioning_blocks [None req-a97f3386-d5f2-484e-a473-56a759353ce5 None None] Provisioning for port bd914ca3-f036-4016-bdf2-f6dffc6a5655 completed by entity L2. {{(pid=115433) provisioning_complete /opt/stack/neutron/neutron/db/provisioning_blocks.py:137}}
Jun 16 00:26:55.820364 dv-cinder-843277-4-iscsi neutron-server[115433]: DEBUG neutron.db.provisioning_blocks [None req-a97f3386-d5f2-484e-a473-56a759353ce5 None None] Provisioning complete for port bd914ca3-f036-4016-bdf2-f6dffc6a5655 triggered by entity L2. {{(pid=115433) provisioning_complete /opt/stack/neutron/neutron/db/provisioning_blocks.py:145}}
Jun 16 00:26:55.820724 dv-cinder-843277-4-iscsi neutron-server[115433]: DEBUG neutron_lib.callbacks.manager [None req-a97f3386-d5f2-484e-a473-56a759353ce5 None None] Publish callbacks ['neutron.plugins.ml2.plugin.Ml2Plugin._port_provisioned-1914099'] for port (bd914ca3-f036-4016-bdf2-f6dffc6a5655), provisioning_complete {{(pid=115433) _notify_loop /usr/local/lib/python3.8/dist-packages/neutron_lib/callbacks/manager.py:176}}
Jun 16 00:26:55.891590 dv-cinder-843277-4-iscsi neutron-server[115433]: DEBUG neutron.plugins.ml2.plugin [None req-a97f3386-d5f2-484e-a473-56a759353ce5 None None] Current status of the port bd914ca3-f036-4016-bdf2-f6dffc6a5655 is: BUILD; New status is: ACTIVE {{(pid=115433) _update_individual_port_db_status /opt/stack/neutron/neutron/plugins/ml2/plugin.py:2298}}
Jun 16 00:26:55.891909 dv-cinder-843277-4-iscsi neutron-server[115433]: DEBUG neutron_lib.callbacks.manager [None req-a97f3386-d5f2-484e-a473-56a759353ce5 None None] Publish callbacks ['neutron.plugins.ml2.plugin.SecurityGroupDbMixin._ensure_default_security_group_handler-2039013'] for port (bd914ca3-f036-4016-bdf2-f6dffc6a5655), before_update {{(pid=115433) _notify_loop /usr/local/lib/python3.8/dist-packages/neutron_lib/callbacks/manager.py:176}}
Jun 16 00:26:55.914293 dv-cinder-843277-4-iscsi neutron-server[115433]: DEBUG neutron.notifiers.nova [-] Sending events: [{'server_uuid': 'c9ae12b4-b8d8-4ff5-a54a-8e805672e9f4', 'name': 'network-vif-plugged', 'status': 'completed', 'tag': 'bd914ca3-f036-4016-bdf2-f6dffc6a5655'}] {{(pid=115433) send_events /opt/stack/neutron/neutron/notifiers/nova.py:271}}
Jun 16 00:26:55.979160 dv-cinder-843277-4-iscsi neutron-server[115433]: DEBUG neutron.plugins.ml2.db [None req-a97f3386-d5f2-484e-a473-56a759353ce5 None None] get_ports_and_sgs() called for port_ids ['d9340f41-2f9e-42a9-aa33-4159ff99dd6b'] {{(pid=115433) get_ports_and_sgs /opt/stack/neutron/neutron/plugins/ml2/db.py:156}}
Jun 16 00:26:55.994089 dv-cinder-843277-4-iscsi neutron-server[115433]: DEBUG neutron.plugins.ml2.db [None req-a97f3386-d5f2-484e-a473-56a759353ce5 None None] For port bd914ca3-f036-4016-bdf2-f6dffc6a5655, host hv-cinder-84327, got binding levels [PortBindingLevel(driver='hyperv',host='hv-cinder-84327',level=0,port_id=bd914ca3-f036-4016-bdf2-f6dffc6a5655,segment=NetworkSegment(01c4618b-2af5-4230-81f6-bc67aafd0ce5),segment_id=01c4618b-2af5-4230-81f6-bc67aafd0ce5)] {{(pid=115433) get_binding_level_objs /opt/stack/neutron/neutron/plugins/ml2/db.py:74}}
Jun 16 00:26:56.011827 dv-cinder-843277-4-iscsi neutron-server[115431]: DEBUG neutron.pecan_wsgi.hooks.policy_enforcement [req-a4dd493c-d9ac-41ac-a1b8-3c729b7cbec4 req-0092e1be-8ad4-41bd-aa47-d5e646315feb tempest-AttachVolumeShelveTestJSON-921110731 tempest-AttachVolumeShelveTestJSON-921110731-project] Attributes excluded by policy engine: ['standard_attr_id', 'binding:profile', 'binding:host_id', 'binding:vif_type', 'binding:vif_details'] {{(pid=115431) _exclude_attributes_by_policy /opt/stack/neutron/neutron/pecan_wsgi/hooks/policy_enforcement.py:259}}
Jun 16 00:26:56.013700 dv-cinder-843277-4-iscsi neutron-server[115433]: DEBUG neutron_lib.callbacks.manager [None req-a97f3386-d5f2-484e-a473-56a759353ce5 None None] Publish callbacks ['neutron.plugins.ml2.plugin.SecurityGroupServerNotifierRpcMixin._notify_sg_on_port_change-2038950', 'neutron.plugins.ml2.ovo_rpc._ObjectChangeHandler.handle_event-206014', 'neutron.api.rpc.agentnotifiers.dhcp_rpc_agent_api.DhcpAgentNotifyAPI._native_event_send_dhcp_notification-591719', 'neutron.db.l3_db.L3RpcNotifierMixin._notify_gateway_port_ip_changed-8767184448040', 'neutron.db.l3_dvrscheduler_db._notify_l3_agent_port_update-8767183966567', 'neutron.db.l3_hascheduler_db._notify_l3_agent_ha_port_update-8767183966585'] for port (bd914ca3-f036-4016-bdf2-f6dffc6a5655), after_update {{(pid=115433) _notify_loop /usr/local/lib/python3.8/dist-packages/neutron_lib/callbacks/manager.py:176}}
Jun 16 00:26:56.014477 dv-cinder-843277-4-iscsi neutron-server[115431]: INFO neutron.wsgi [req-a4dd493c-d9ac-41ac-a1b8-3c729b7cbec4 req-0092e1be-8ad4-41bd-aa47-d5e646315feb tempest-AttachVolumeShelveTestJSON-921110731 tempest-AttachVolumeShelveTestJSON-921110731-project] 10.222.0.44 "GET /v2.0/ports?device_id=7b84afb6-466c-477a-9339-b4a0ecef36be HTTP/1.1" status: 200 len: 943 time: 0.0502982
Jun 16 00:26:56.086866 dv-cinder-843277-4-iscsi neutron-server[115433]: DEBUG neutron.api.rpc.handlers.resources_rpc [None req-a97f3386-d5f2-484e-a473-56a759353ce5 None None] Pushing event updated for resources: {'Port': ['ID=bd914ca3-f036-4016-bdf2-f6dffc6a5655,revision_number=5']} {{(pid=115433) push /opt/stack/neutron/neutron/api/rpc/handlers/resources_rpc.py:237}}
Jun 16 00:26:56.096914 dv-cinder-843277-4-iscsi neutron-server[115431]: INFO neutron.wsgi [req-0d7b5cfb-ae49-4591-8c64-6c9c088b148a req-6d2758a4-c7a7-4f41-9f95-957db5162dad service neutron] 10.222.0.45 "GET /v2.0/floatingips?fixed_ip_address=172.20.0.8&port_id=832d8e05-6171-438e-bdb8-0ab9ae6c2efe HTTP/1.1" status: 200 len: 217 time: 0.0455244
Jun 16 00:26:56.138614 dv-cinder-843277-4-iscsi neutron-server[115432]: DEBUG dbcounter [-] [115432] Writing DB stats neutron:SELECT=97,neutron:UPDATE=2,neutron:INSERT=1 {{(pid=115432) stat_writer /usr/local/lib/python3.8/dist-packages/dbcounter.py:114}}
Jun 16 00:26:56.188543 dv-cinder-843277-4-iscsi neutron-server[115432]: DEBUG neutron.wsgi [-] (115432) accepted ('10.222.0.45', 50691) {{(pid=115432) server /usr/local/lib/python3.8/dist-packages/eventlet/wsgi.py:1004}}
Jun 16 00:26:56.192127 dv-cinder-843277-4-iscsi neutron-server[115433]: DEBUG novaclient.v2.client [-] REQ: curl -g -i --cacert "/opt/stack/data/ca-bundle.pem" -X POST http://10.222.0.44/compute/v2.1/os-server-external-events -H "Accept: application/json" -H "Content-Type: application/json" -H "User-Agent: python-novaclient" -H "X-Auth-Token: {SHA256}3949da53217b5a6a979ae85bdf45fd111698900d89cb542c672eb31209f07b21" -H "X-OpenStack-Nova-API-Version: 2.1" -H "X-OpenStack-Request-ID: req-549fbba1-fb7b-4eaa-abf2-c881cff84ce0" -d '{"events": [{"server_uuid": "c9ae12b4-b8d8-4ff5-a54a-8e805672e9f4", "name": "network-vif-plugged", "status": "completed", "tag": "bd914ca3-f036-4016-bdf2-f6dffc6a5655"}]}' {{(pid=115433) _http_log_request /usr/local/lib/python3.8/dist-packages/keystoneauth1/session.py:519}}
Jun 16 00:26:56.224770 dv-cinder-843277-4-iscsi neutron-server[115431]: INFO neutron.wsgi [req-7625031d-90e1-4366-ab01-40a3813ed2e6 req-c42b750d-17b8-43b1-84c8-72a466d86968 service neutron] 10.222.0.45 "GET /v2.0/networks/3cf90d58-ad38-4382-b77e-0ae17155955d?fields=segments HTTP/1.1" status: 200 len: 212 time: 0.1752934
Jun 16 00:26:56.262408 dv-cinder-843277-4-iscsi neutron-server[115431]: INFO neutron.wsgi [req-a4dd493c-d9ac-41ac-a1b8-3c729b7cbec4 req-81387551-7473-47d8-bdea-54eb1aa76c01 tempest-AttachVolumeShelveTestJSON-921110731 tempest-AttachVolumeShelveTestJSON-921110731-project] 10.222.0.44 "GET /v2.0/security-groups?id=dff9e378-7bb9-400b-8fe9-7a8b8b46f5f3&fields=id&fields=name HTTP/1.1" status: 200 len: 312 time: 0.2407670
Jun 16 00:26:56.393852 dv-cinder-843277-4-iscsi neutron-server[115431]: INFO neutron.wsgi [req-7625031d-90e1-4366-ab01-40a3813ed2e6 req-40514dbc-e661-4c39-b496-eaad70395bf6 service neutron] 10.222.0.45 "GET /v2.0/networks/3cf90d58-ad38-4382-b77e-0ae17155955d?fields=provider%3Aphysical_network&fields=provider%3Anetwork_type HTTP/1.1" status: 200 len: 281 time: 0.1462290
Jun 16 00:26:56.395776 dv-cinder-843277-4-iscsi neutron-server[115431]: DEBUG neutron.pecan_wsgi.hooks.policy_enforcement [req-0d7b5cfb-ae49-4591-8c64-6c9c088b148a req-b710d6c8-14a0-4bab-bda2-23ee49ca64da service neutron] Attributes excluded by policy engine: ['standard_attr_id', 'shared'] {{(pid=115431) _exclude_attributes_by_policy /opt/stack/neutron/neutron/pecan_wsgi/hooks/policy_enforcement.py:259}}
Jun 16 00:26:56.397708 dv-cinder-843277-4-iscsi neutron-server[115431]: INFO neutron.wsgi [req-0d7b5cfb-ae49-4591-8c64-6c9c088b148a req-b710d6c8-14a0-4bab-bda2-23ee49ca64da service neutron] 10.222.0.45 "GET /v2.0/subnets?id=7256ace3-ff24-43ea-8b76-382a77cd678a HTTP/1.1" status: 200 len: 850 time: 0.2004745
Jun 16 00:26:56.404278 dv-cinder-843277-4-iscsi neutron-server[115433]: DEBUG novaclient.v2.client [-] RESP: [200] Connection: close Content-Length: 183 Content-Type: application/json Date: Thu, 16 Jun 2022 00:26:56 GMT OpenStack-API-Version: compute 2.1 Server: Apache/2.4.41 (Ubuntu) Vary: OpenStack-API-Version,X-OpenStack-Nova-API-Version X-OpenStack-Nova-API-Version: 2.1 x-compute-request-id: req-ed5702fd-a49b-4e60-a3ce-be4cf72dd425 x-openstack-request-id: req-ed5702fd-a49b-4e60-a3ce-be4cf72dd425 {{(pid=115433) _http_log_response /usr/local/lib/python3.8/dist-packages/keystoneauth1/session.py:550}}
Jun 16 00:26:56.404590 dv-cinder-843277-4-iscsi neutron-server[115433]: DEBUG novaclient.v2.client [-] RESP BODY: {"events": [{"server_uuid": "c9ae12b4-b8d8-4ff5-a54a-8e805672e9f4", "name": "network-vif-plugged", "status": "completed", "tag": "bd914ca3-f036-4016-bdf2-f6dffc6a5655", "code": 200}]} {{(pid=115433) _http_log_response /usr/local/lib/python3.8/dist-packages/keystoneauth1/session.py:582}}
Jun 16 00:26:56.404842 dv-cinder-843277-4-iscsi neutron-server[115433]: DEBUG novaclient.v2.client [-] POST call to compute for http://10.222.0.44/compute/v2.1/os-server-external-events used request id req-ed5702fd-a49b-4e60-a3ce-be4cf72dd425 {{(pid=115433) request /usr/local/lib/python3.8/dist-packages/keystoneauth1/session.py:954}}
Jun 16 00:26:56.405297 dv-cinder-843277-4-iscsi neutron-server[115433]: INFO neutron.notifiers.nova [-] Nova event matching ['req-ed5702fd-a49b-4e60-a3ce-be4cf72dd425'] response: {'server_uuid': 'c9ae12b4-b8d8-4ff5-a54a-8e805672e9f4', 'name': 'network-vif-plugged', 'status': 'completed', 'tag': 'bd914ca3-f036-4016-bdf2-f6dffc6a5655', 'code': 200}
Jun 16 00:26:56.467283 dv-cinder-843277-4-iscsi neutron-server[115431]: DEBUG neutron.pecan_wsgi.hooks.policy_enforcement [req-b79ea861-472f-4152-8c47-5b7e65d821e5 req-f3d028fa-e69a-4cb7-b2c0-a7af02a45796 tempest-DeleteServersTestJSON-1209938944 tempest-DeleteServersTestJSON-1209938944-project] Attributes excluded by policy engine: ['standard_attr_id', 'binding:profile', 'binding:host_id', 'binding:vif_type', 'binding:vif_details'] {{(pid=115431) _exclude_attributes_by_policy /opt/stack/neutron/neutron/pecan_wsgi/hooks/policy_enforcement.py:259}}
Jun 16 00:26:56.469742 dv-cinder-843277-4-iscsi neutron-server[115431]: INFO neutron.wsgi [req-b79ea861-472f-4152-8c47-5b7e65d821e5 req-f3d028fa-e69a-4cb7-b2c0-a7af02a45796 tempest-DeleteServersTestJSON-1209938944 tempest-DeleteServersTestJSON-1209938944-project] 10.222.0.44 "GET /v2.0/ports?device_id=349ce2ac-ab8e-47f6-9fb1-a363f5ed3bd3 HTTP/1.1" status: 200 len: 943 time: 0.0710976
Jun 16 00:26:56.478380 dv-cinder-843277-4-iscsi neutron-server[115431]: DEBUG dbcounter [-] [115431] Writing DB stats neutron:SELECT=100 {{(pid=115431) stat_writer /usr/local/lib/python3.8/dist-packages/dbcounter.py:114}}
Jun 16 00:26:56.493167 dv-cinder-843277-4-iscsi neutron-server[115432]: INFO neutron.wsgi [req-1e59e679-96e3-4b9f-a497-dddc1fc4c584 req-da1f0cd0-ceab-4cca-82f9-febca73cc9e3 service neutron] 10.222.0.45 "GET /v2.0/networks/3cf90d58-ad38-4382-b77e-0ae17155955d?fields=segments HTTP/1.1" status: 200 len: 212 time: 0.4211621
Jun 16 00:26:56.499033 dv-cinder-843277-4-iscsi neutron-server[115432]: DEBUG neutron.pecan_wsgi.hooks.policy_enforcement [req-5a33b8e0-8e5c-4e7b-878a-2d3c29ad63b0 req-fe00fae0-88d1-4b53-866c-fe373321cd42 service neutron] Attributes excluded by policy engine: ['standard_attr_id', 'vlan_transparent'] {{(pid=115432) _exclude_attributes_by_policy /opt/stack/neutron/neutron/pecan_wsgi/hooks/policy_enforcement.py:259}}
Jun 16 00:26:56.500556 dv-cinder-843277-4-iscsi neutron-server[115432]: INFO neutron.wsgi [req-5a33b8e0-8e5c-4e7b-878a-2d3c29ad63b0 req-fe00fae0-88d1-4b53-866c-fe373321cd42 service neutron] 10.222.0.45 "GET /v2.0/networks?shared=True HTTP/1.1" status: 200 len: 870 time: 0.4524384
Jun 16 00:26:56.534903 dv-cinder-843277-4-iscsi neutron-server[115432]: DEBUG neutron.pecan_wsgi.hooks.policy_enforcement [req-e419bf30-40a8-4741-9a10-dd5699853193 req-c89398c5-07ce-4fc4-9892-4ac63d027f0e tempest-AttachVolumeNegativeTest-948661713 tempest-AttachVolumeNegativeTest-948661713-project] Attributes excluded by policy engine: ['standard_attr_id', 'vlan_transparent', 'provider:network_type', 'provider:physical_network', 'provider:segmentation_id'] {{(pid=115432) _exclude_attributes_by_policy /opt/stack/neutron/neutron/pecan_wsgi/hooks/policy_enforcement.py:259}}
Jun 16 00:26:56.537629 dv-cinder-843277-4-iscsi neutron-server[115432]: INFO neutron.wsgi [req-e419bf30-40a8-4741-9a10-dd5699853193 req-c89398c5-07ce-4fc4-9892-4ac63d027f0e tempest-AttachVolumeNegativeTest-948661713 tempest-AttachVolumeNegativeTest-948661713-project] 10.222.0.45 "GET /v2.0/networks?id=0a813215-bb6e-4258-9089-1e234ad6c22c HTTP/1.1" status: 200 len: 814 time: 0.3314445
Jun 16 00:26:56.560485 dv-cinder-843277-4-iscsi neutron-server[115431]: DEBUG neutron.pecan_wsgi.hooks.policy_enforcement [req-0d7b5cfb-ae49-4591-8c64-6c9c088b148a req-1fad38c0-7089-46a9-b17b-9e737f57cf80 service neutron] Attributes excluded by policy engine: ['standard_attr_id'] {{(pid=115431) _exclude_attributes_by_policy /opt/stack/neutron/neutron/pecan_wsgi/hooks/policy_enforcement.py:259}}
Jun 16 00:26:56.562009 dv-cinder-843277-4-iscsi neutron-server[115431]: INFO neutron.wsgi [req-0d7b5cfb-ae49-4591-8c64-6c9c088b148a req-1fad38c0-7089-46a9-b17b-9e737f57cf80 service neutron] 10.222.0.45 "GET /v2.0/ports?network_id=1348db3f-9ba3-4c1b-b05c-8c9d4d3ffa80&device_owner=network%3Adhcp HTTP/1.1" status: 200 len: 1212 time: 0.0912759
Jun 16 00:26:56.573770 dv-cinder-843277-4-iscsi neutron-server[115431]: INFO neutron.wsgi [req-b79ea861-472f-4152-8c47-5b7e65d821e5 req-4e3a3902-e75f-40f6-90f0-e98c78bbe8d4 tempest-DeleteServersTestJSON-1209938944 tempest-DeleteServersTestJSON-1209938944-project] 10.222.0.44 "GET /v2.0/security-groups?id=000b936c-9d66-48bf-b66a-0c0b38c9d44e&fields=id&fields=name HTTP/1.1" status: 200 len: 286 time: 0.0934222
Jun 16 00:26:56.659070 dv-cinder-843277-4-iscsi neutron-server[115431]: DEBUG neutron.pecan_wsgi.hooks.policy_enforcement [req-cd7b2bc8-49c6-42b9-b6ac-fd8e355fb1c6 req-7d88ea31-0645-4b42-84e3-48261e939241 tempest-ServerRescueNegativeTestJSON-1499675376 tempest-ServerRescueNegativeTestJSON-1499675376-project] Attributes excluded by policy engine: ['standard_attr_id', 'binding:profile', 'binding:host_id', 'binding:vif_type', 'binding:vif_details'] {{(pid=115431) _exclude_attributes_by_policy /opt/stack/neutron/neutron/pecan_wsgi/hooks/policy_enforcement.py:259}}
Jun 16 00:26:56.660777 dv-cinder-843277-4-iscsi neutron-server[115431]: INFO neutron.wsgi [req-cd7b2bc8-49c6-42b9-b6ac-fd8e355fb1c6 req-7d88ea31-0645-4b42-84e3-48261e939241 tempest-ServerRescueNegativeTestJSON-1499675376 tempest-ServerRescueNegativeTestJSON-1499675376-project] 10.222.0.44 "GET /v2.0/ports?device_id=8388df29-a591-4d4c-a77f-530d3f0e4693 HTTP/1.1" status: 200 len: 944 time: 0.0505860
Jun 16 00:26:56.777536 dv-cinder-843277-4-iscsi neutron-server[115431]: DEBUG dbcounter [-] [115431] Writing DB stats neutron:SELECT=100 {{(pid=115431) stat_writer /usr/local/lib/python3.8/dist-packages/dbcounter.py:114}}
Jun 16 00:26:56.826579 dv-cinder-843277-4-iscsi neutron-server[115431]: INFO neutron.wsgi [req-cd7b2bc8-49c6-42b9-b6ac-fd8e355fb1c6 req-39822888-2f6a-4aa1-94d4-e84a8940b7de tempest-ServerRescueNegativeTestJSON-1499675376 tempest-ServerRescueNegativeTestJSON-1499675376-project] 10.222.0.44 "GET /v2.0/security-groups?id=2f1f6cb9-9ec9-4c2d-951f-73696366aa8a&fields=id&fields=name HTTP/1.1" status: 200 len: 286 time: 0.1408479
Jun 16 00:26:56.861047 dv-cinder-843277-4-iscsi neutron-server[115431]: INFO neutron.wsgi [req-e1c03f94-4008-4dd6-8982-2226e47a2bd9 req-646693ac-d09c-45f6-84f8-f75ef1805a1a tempest-AttachVolumeNegativeTest-948661713 tempest-AttachVolumeNegativeTest-948661713-project] 10.222.0.44 "GET /v2.0/ports?device_id=0940a4aa-71c4-4a96-8106-40dd8b012547 HTTP/1.1" status: 200 len: 210 time: 0.0753970
Jun 16 00:26:56.904906 dv-cinder-843277-4-iscsi neutron-server[115432]: DEBUG neutron.pecan_wsgi.hooks.policy_enforcement [req-e76118b5-996b-4d0e-b727-2e1dac9946f9 req-deff8f2b-bc68-438f-a6d5-249bece436b5 service neutron] Attributes excluded by policy engine: ['standard_attr_id'] {{(pid=115432) _exclude_attributes_by_policy /opt/stack/neutron/neutron/pecan_wsgi/hooks/policy_enforcement.py:259}}
Jun 16 00:26:56.906482 dv-cinder-843277-4-iscsi neutron-server[115432]: INFO neutron.wsgi [req-e76118b5-996b-4d0e-b727-2e1dac9946f9 req-deff8f2b-bc68-438f-a6d5-249bece436b5 service neutron] 10.222.0.45 "GET /v2.0/ports?tenant_id=0a869108ba4446c4b767d186c5db253f&device_id=7b84afb6-466c-477a-9339-b4a0ecef36be HTTP/1.1" status: 200 len: 1127 time: 0.1465535
Jun 16 00:26:56.993572 dv-cinder-843277-4-iscsi neutron-server[115432]: INFO neutron.wsgi [req-e419bf30-40a8-4741-9a10-dd5699853193 req-3145a41a-69a8-4454-90fb-b77d29a876a3 tempest-AttachVolumeNegativeTest-948661713 tempest-AttachVolumeNegativeTest-948661713-project] 10.222.0.45 "GET /v2.0/security-groups?fields=id&fields=name&tenant_id=def39ced63b64e3aa65c9542ae512e7e HTTP/1.1" status: 200 len: 379 time: 0.2840772
Jun 16 00:26:57.000602 dv-cinder-843277-4-iscsi neutron-server[115432]: INFO neutron.wsgi [req-e76118b5-996b-4d0e-b727-2e1dac9946f9 req-1bd60279-3b84-4dbd-91a0-84438c008209 service neutron] 10.222.0.45 "GET /v2.0/floatingips?fixed_ip_address=172.20.0.5&port_id=f807a98a-f8e6-4868-ab21-4008a07a1ae4 HTTP/1.1" status: 200 len: 217 time: 0.0721710
Jun 16 00:26:57.007093 dv-cinder-843277-4-iscsi neutron-server[115432]: DEBUG neutron.api.v2.base [req-e419bf30-40a8-4741-9a10-dd5699853193 req-ee524aa9-3a1d-4005-8199-c11b18ff32c0 tempest-AttachVolumeNegativeTest-948661713 tempest-AttachVolumeNegativeTest-948661713-project] Request body: {'port': {'device_id': '0940a4aa-71c4-4a96-8106-40dd8b012547', 'network_id': '0a813215-bb6e-4258-9089-1e234ad6c22c', 'admin_state_up': True, 'tenant_id': 'def39ced63b64e3aa65c9542ae512e7e', 'security_groups': ['2dbb7214-c1fb-4e4e-96bd-1d1ae8a7ed50']}} {{(pid=115432) prepare_request_body /opt/stack/neutron/neutron/api/v2/base.py:730}}
Jun 16 00:26:57.023889 dv-cinder-843277-4-iscsi neutron-server[115432]: INFO neutron.wsgi [req-1e59e679-96e3-4b9f-a497-dddc1fc4c584 req-e47b2d5f-5661-4075-90b1-fe32868b9461 service neutron] 10.222.0.45 "GET /v2.0/networks/3cf90d58-ad38-4382-b77e-0ae17155955d?fields=provider%3Aphysical_network&fields=provider%3Anetwork_type HTTP/1.1" status: 200 len: 281 time: 0.3167520
Jun 16 00:26:57.039527 dv-cinder-843277-4-iscsi neutron-server[115431]: DEBUG neutron.pecan_wsgi.hooks.policy_enforcement [req-26e7639d-a8a0-4232-a012-c66033168a4d req-43623175-c661-4de5-9a1e-a90b1028b0ac service neutron] Attributes excluded by policy engine: ['standard_attr_id'] {{(pid=115431) _exclude_attributes_by_policy /opt/stack/neutron/neutron/pecan_wsgi/hooks/policy_enforcement.py:259}}
Jun 16 00:26:57.041091 dv-cinder-843277-4-iscsi neutron-server[115431]: INFO neutron.wsgi [req-26e7639d-a8a0-4232-a012-c66033168a4d req-43623175-c661-4de5-9a1e-a90b1028b0ac service neutron] 10.222.0.45 "GET /v2.0/ports?device_id=c9ae12b4-b8d8-4ff5-a54a-8e805672e9f4 HTTP/1.1" status: 200 len: 1130 time: 0.1451445
Jun 16 00:26:57.042947 dv-cinder-843277-4-iscsi neutron-server[115431]: INFO neutron.wsgi [req-0d7b5cfb-ae49-4591-8c64-6c9c088b148a req-68d4d1d5-6b9b-46d6-ba11-142f8dd58f06 service neutron] 10.222.0.45 "GET /v2.0/networks/1348db3f-9ba3-4c1b-b05c-8c9d4d3ffa80?fields=segments HTTP/1.1" status: 200 len: 212 time: 0.3399816
Jun 16 00:26:57.089958 dv-cinder-843277-4-iscsi neutron-server[115431]: DEBUG neutron_lib.callbacks.manager [req-26e7639d-a8a0-4232-a012-c66033168a4d req-de90d0f1-d4e4-49e6-b1d3-94fa4f6ee6f2 service neutron] Publish callbacks [] for security_group (None), before_create {{(pid=115431) _notify_loop /usr/local/lib/python3.8/dist-packages/neutron_lib/callbacks/manager.py:176}}
Jun 16 00:26:57.091003 dv-cinder-843277-4-iscsi neutron-server[115432]: DEBUG dbcounter [-] [115432] Writing DB stats neutron:SELECT=98,neutron:UPDATE=1,neutron:INSERT=1 {{(pid=115432) stat_writer /usr/local/lib/python3.8/dist-packages/dbcounter.py:114}}
Jun 16 00:26:57.140990 dv-cinder-843277-4-iscsi neutron-server[115432]: DEBUG neutron.pecan_wsgi.hooks.policy_enforcement [req-e76118b5-996b-4d0e-b727-2e1dac9946f9 req-94304919-2486-4e19-b2a1-9eac34e0fe2d service neutron] Attributes excluded by policy engine: ['standard_attr_id', 'shared'] {{(pid=115432) _exclude_attributes_by_policy /opt/stack/neutron/neutron/pecan_wsgi/hooks/policy_enforcement.py:259}}
Jun 16 00:26:57.141693 dv-cinder-843277-4-iscsi neutron-server[115433]: DEBUG neutron.plugins.ml2.rpc [None req-a97f3386-d5f2-484e-a473-56a759353ce5 None None] Device 832d8e05-6171-438e-bdb8-0ab9ae6c2efe details requested by agent hyperv_hv-cinder-84327 with host hv-cinder-84327 {{(pid=115433) get_device_details /opt/stack/neutron/neutron/plugins/ml2/rpc.py:102}}
Jun 16 00:26:57.144087 dv-cinder-843277-4-iscsi neutron-server[115432]: INFO neutron.wsgi [req-e76118b5-996b-4d0e-b727-2e1dac9946f9 req-94304919-2486-4e19-b2a1-9eac34e0fe2d service neutron] 10.222.0.45 "GET /v2.0/subnets?id=8ee803bf-2db4-49bc-9435-f0fa8683dd5a HTTP/1.1" status: 200 len: 855 time: 0.1306541
Jun 16 00:26:57.155962 dv-cinder-843277-4-iscsi neutron-server[115433]: DEBUG neutron.plugins.ml2.rpc [None req-a97f3386-d5f2-484e-a473-56a759353ce5 None None] Device d9340f41-2f9e-42a9-aa33-4159ff99dd6b up at agent hyperv_hv-cinder-84327 {{(pid=115433) update_device_up /opt/stack/neutron/neutron/plugins/ml2/rpc.py:296}}
Jun 16 00:26:57.221619 dv-cinder-843277-4-iscsi neutron-server[115432]: DEBUG neutron.pecan_wsgi.hooks.policy_enforcement [req-e76118b5-996b-4d0e-b727-2e1dac9946f9 req-23387028-14b4-43be-9976-3a6ad1809af9 service neutron] Attributes excluded by policy engine: ['standard_attr_id'] {{(pid=115432) _exclude_attributes_by_policy /opt/stack/neutron/neutron/pecan_wsgi/hooks/policy_enforcement.py:259}}
Jun 16 00:26:57.223761 dv-cinder-843277-4-iscsi neutron-server[115432]: INFO neutron.wsgi [req-e76118b5-996b-4d0e-b727-2e1dac9946f9 req-23387028-14b4-43be-9976-3a6ad1809af9 service neutron] 10.222.0.45 "GET /v2.0/ports?network_id=f10bbc9d-0adc-443a-9210-2ffe6856cac7&device_owner=network%3Adhcp HTTP/1.1" status: 200 len: 1212 time: 0.0695777
Jun 16 00:26:57.228797 dv-cinder-843277-4-iscsi neutron-server[115431]: INFO neutron.wsgi [req-0d7b5cfb-ae49-4591-8c64-6c9c088b148a req-2a4448b4-16a2-4e3a-b950-7605e1f56ac7 service neutron] 10.222.0.45 "GET /v2.0/networks/1348db3f-9ba3-4c1b-b05c-8c9d4d3ffa80?fields=provider%3Aphysical_network&fields=provider%3Anetwork_type HTTP/1.1" status: 200 len: 281 time: 0.1664059
Jun 16 00:26:57.237102 dv-cinder-843277-4-iscsi neutron-server[115433]: DEBUG neutron.db.provisioning_blocks [None req-a97f3386-d5f2-484e-a473-56a759353ce5 None None] Provisioning for port d9340f41-2f9e-42a9-aa33-4159ff99dd6b completed by entity L2. {{(pid=115433) provisioning_complete /opt/stack/neutron/neutron/db/provisioning_blocks.py:137}}
Jun 16 00:26:57.244596 dv-cinder-843277-4-iscsi neutron-server[115433]: DEBUG neutron.db.provisioning_blocks [None req-a97f3386-d5f2-484e-a473-56a759353ce5 None None] Provisioning complete for port d9340f41-2f9e-42a9-aa33-4159ff99dd6b triggered by entity L2. {{(pid=115433) provisioning_complete /opt/stack/neutron/neutron/db/provisioning_blocks.py:145}}
Jun 16 00:26:57.245159 dv-cinder-843277-4-iscsi neutron-server[115433]: DEBUG neutron_lib.callbacks.manager [None req-a97f3386-d5f2-484e-a473-56a759353ce5 None None] Publish callbacks ['neutron.plugins.ml2.plugin.Ml2Plugin._port_provisioned-1914099'] for port (d9340f41-2f9e-42a9-aa33-4159ff99dd6b), provisioning_complete {{(pid=115433) _notify_loop /usr/local/lib/python3.8/dist-packages/neutron_lib/callbacks/manager.py:176}}
Jun 16 00:26:57.247852 dv-cinder-843277-4-iscsi neutron-server[115432]: DEBUG neutron.pecan_wsgi.hooks.quota_enforcement [req-e419bf30-40a8-4741-9a10-dd5699853193 req-ee524aa9-3a1d-4005-8199-c11b18ff32c0 tempest-AttachVolumeNegativeTest-948661713 tempest-AttachVolumeNegativeTest-948661713-project] Made reservation on behalf of def39ced63b64e3aa65c9542ae512e7e for: {'port': 1} {{(pid=115432) before /opt/stack/neutron/neutron/pecan_wsgi/hooks/quota_enforcement.py:53}}
Jun 16 00:26:57.255108 dv-cinder-843277-4-iscsi neutron-server[115432]: DEBUG neutron_lib.callbacks.manager [req-e419bf30-40a8-4741-9a10-dd5699853193 req-ee524aa9-3a1d-4005-8199-c11b18ff32c0 tempest-AttachVolumeNegativeTest-948661713 tempest-AttachVolumeNegativeTest-948661713-project] Publish callbacks ['neutron.plugins.ml2.plugin.SecurityGroupDbMixin._ensure_default_security_group_handler-2039013'] for port (None), before_create {{(pid=115432) _notify_loop /usr/local/lib/python3.8/dist-packages/neutron_lib/callbacks/manager.py:176}}
Jun 16 00:26:57.285303 dv-cinder-843277-4-iscsi neutron-server[115431]: DEBUG neutron_lib.callbacks.manager [req-26e7639d-a8a0-4232-a012-c66033168a4d req-de90d0f1-d4e4-49e6-b1d3-94fa4f6ee6f2 service neutron] Publish callbacks [] for security_group (2a502320-04af-4e89-9f95-01623b3dd231), precommit_create {{(pid=115431) _notify_loop /usr/local/lib/python3.8/dist-packages/neutron_lib/callbacks/manager.py:176}}
Jun 16 00:26:57.296385 dv-cinder-843277-4-iscsi neutron-server[115431]: DEBUG neutron_lib.callbacks.manager [req-26e7639d-a8a0-4232-a012-c66033168a4d req-de90d0f1-d4e4-49e6-b1d3-94fa4f6ee6f2 service neutron] Publish callbacks ['neutron.plugins.ml2.ovo_rpc._ObjectChangeHandler.handle_event-557897'] for security_group (2a502320-04af-4e89-9f95-01623b3dd231), after_create {{(pid=115431) _notify_loop /usr/local/lib/python3.8/dist-packages/neutron_lib/callbacks/manager.py:176}}
Jun 16 00:26:57.479448 dv-cinder-843277-4-iscsi neutron-server[115431]: INFO neutron.wsgi [req-26e7639d-a8a0-4232-a012-c66033168a4d req-de90d0f1-d4e4-49e6-b1d3-94fa4f6ee6f2 service neutron] 10.222.0.45 "GET /v2.0/security-groups?id=2f1f6cb9-9ec9-4c2d-951f-73696366aa8a&fields=id&fields=name HTTP/1.1" status: 200 len: 286 time: 0.4183249
Jun 16 00:26:57.480587 dv-cinder-843277-4-iscsi neutron-server[115431]: DEBUG neutron.api.rpc.handlers.resources_rpc [None req-de90d0f1-d4e4-49e6-b1d3-94fa4f6ee6f2 service neutron] Pushing event updated for resources: {'SecurityGroup': ['ID=2a502320-04af-4e89-9f95-01623b3dd231,revision_number=1']} {{(pid=115431) push /opt/stack/neutron/neutron/api/rpc/handlers/resources_rpc.py:237}}
Jun 16 00:26:57.510782 dv-cinder-843277-4-iscsi neutron-server[115433]: DEBUG neutron.plugins.ml2.db [None req-a97f3386-d5f2-484e-a473-56a759353ce5 None None] For port 832d8e05-6171-438e-bdb8-0ab9ae6c2efe, host hv-cinder-84327, got binding levels [PortBindingLevel(driver='hyperv',host='hv-cinder-84327',level=0,port_id=832d8e05-6171-438e-bdb8-0ab9ae6c2efe,segment=NetworkSegment(a6bdf701-6d24-4ec3-91b9-cf9a30e80c5d),segment_id=a6bdf701-6d24-4ec3-91b9-cf9a30e80c5d)] {{(pid=115433) get_binding_level_objs /opt/stack/neutron/neutron/plugins/ml2/db.py:74}}
Jun 16 00:26:57.529396 dv-cinder-843277-4-iscsi neutron-server[115433]: DEBUG neutron.plugins.ml2.rpc [None req-a97f3386-d5f2-484e-a473-56a759353ce5 None None] Returning: {'device': '832d8e05-6171-438e-bdb8-0ab9ae6c2efe', 'network_id': '1348db3f-9ba3-4c1b-b05c-8c9d4d3ffa80', 'port_id': '832d8e05-6171-438e-bdb8-0ab9ae6c2efe', 'mac_address': 'fa:16:3e:b8:95:28', 'admin_state_up': True, 'network_type': 'vlan', 'segmentation_id': 550, 'physical_network': 'physnet1', 'mtu': 1500, 'fixed_ips': [{'subnet_id': '7256ace3-ff24-43ea-8b76-382a77cd678a', 'ip_address': '172.20.0.8'}], 'device_owner': 'compute:nova', 'allowed_address_pairs': [], 'port_security_enabled': True, 'qos_policy_id': None, 'qos_network_policy_id': None, 'profile': {}, 'propagate_uplink_status': False} {{(pid=115433) _get_device_details /opt/stack/neutron/neutron/plugins/ml2/rpc.py:184}}
Jun 16 00:26:57.531651 dv-cinder-843277-4-iscsi neutron-server[115433]: DEBUG neutron.plugins.ml2.plugin [None req-a97f3386-d5f2-484e-a473-56a759353ce5 None None] Current status of the port d9340f41-2f9e-42a9-aa33-4159ff99dd6b is: BUILD; New status is: ACTIVE {{(pid=115433) _update_individual_port_db_status /opt/stack/neutron/neutron/plugins/ml2/plugin.py:2298}}
Jun 16 00:26:57.532029 dv-cinder-843277-4-iscsi neutron-server[115433]: DEBUG neutron_lib.callbacks.manager [None req-a97f3386-d5f2-484e-a473-56a759353ce5 None None] Publish callbacks ['neutron.plugins.ml2.plugin.SecurityGroupDbMixin._ensure_default_security_group_handler-2039013'] for port (d9340f41-2f9e-42a9-aa33-4159ff99dd6b), before_update {{(pid=115433) _notify_loop /usr/local/lib/python3.8/dist-packages/neutron_lib/callbacks/manager.py:176}}
Jun 16 00:26:57.556192 dv-cinder-843277-4-iscsi neutron-server[115431]: DEBUG neutron.pecan_wsgi.hooks.policy_enforcement [req-0dc07a74-bef8-404d-b264-848b2b0cd627 req-6f26fb3b-52c8-417e-af7d-08321bfafe50 tempest-AttachVolumeShelveTestJSON-921110731 tempest-AttachVolumeShelveTestJSON-921110731-project] Attributes excluded by policy engine: ['standard_attr_id', 'binding:profile', 'binding:host_id', 'binding:vif_type', 'binding:vif_details'] {{(pid=115431) _exclude_attributes_by_policy /opt/stack/neutron/neutron/pecan_wsgi/hooks/policy_enforcement.py:259}}
Jun 16 00:26:57.557891 dv-cinder-843277-4-iscsi neutron-server[115431]: INFO neutron.wsgi [req-0dc07a74-bef8-404d-b264-848b2b0cd627 req-6f26fb3b-52c8-417e-af7d-08321bfafe50 tempest-AttachVolumeShelveTestJSON-921110731 tempest-AttachVolumeShelveTestJSON-921110731-project] 10.222.0.44 "GET /v2.0/ports?device_id=7b84afb6-466c-477a-9339-b4a0ecef36be HTTP/1.1" status: 200 len: 943 time: 0.0538139
Jun 16 00:26:57.599940 dv-cinder-843277-4-iscsi neutron-server[115433]: DEBUG neutron.plugins.ml2.db [None req-a97f3386-d5f2-484e-a473-56a759353ce5 None None] For port d9340f41-2f9e-42a9-aa33-4159ff99dd6b, host hv-cinder-84327, got binding levels [PortBindingLevel(driver='hyperv',host='hv-cinder-84327',level=0,port_id=d9340f41-2f9e-42a9-aa33-4159ff99dd6b,segment=NetworkSegment(01c4618b-2af5-4230-81f6-bc67aafd0ce5),segment_id=01c4618b-2af5-4230-81f6-bc67aafd0ce5)] {{(pid=115433) get_binding_level_objs /opt/stack/neutron/neutron/plugins/ml2/db.py:74}}
Jun 16 00:26:57.600855 dv-cinder-843277-4-iscsi neutron-server[115433]: DEBUG neutron.plugins.ml2.plugin [None req-a97f3386-d5f2-484e-a473-56a759353ce5 None None] Current status of the port 832d8e05-6171-438e-bdb8-0ab9ae6c2efe is: DOWN; New status is: BUILD {{(pid=115433) _update_individual_port_db_status /opt/stack/neutron/neutron/plugins/ml2/plugin.py:2298}}
Jun 16 00:26:57.601255 dv-cinder-843277-4-iscsi neutron-server[115433]: DEBUG neutron_lib.callbacks.manager [None req-a97f3386-d5f2-484e-a473-56a759353ce5 None None] Publish callbacks ['neutron.plugins.ml2.plugin.SecurityGroupDbMixin._ensure_default_security_group_handler-2039013'] for port (832d8e05-6171-438e-bdb8-0ab9ae6c2efe), before_update {{(pid=115433) _notify_loop /usr/local/lib/python3.8/dist-packages/neutron_lib/callbacks/manager.py:176}}
Jun 16 00:26:57.603034 dv-cinder-843277-4-iscsi neutron-server[115433]: DEBUG dbcounter [-] [115433] Writing DB stats neutron:SELECT=97,neutron:DELETE=1,neutron:UPDATE=2 {{(pid=115433) stat_writer /usr/local/lib/python3.8/dist-packages/dbcounter.py:114}}
Jun 16 00:26:57.611047 dv-cinder-843277-4-iscsi neutron-server[115431]: INFO neutron.wsgi [req-0dc07a74-bef8-404d-b264-848b2b0cd627 req-1a1ff173-a219-4155-bcbf-ae143214bdff tempest-AttachVolumeShelveTestJSON-921110731 tempest-AttachVolumeShelveTestJSON-921110731-project] 10.222.0.44 "GET /v2.0/security-groups?id=dff9e378-7bb9-400b-8fe9-7a8b8b46f5f3&fields=id&fields=name HTTP/1.1" status: 200 len: 312 time: 0.0461702
Jun 16 00:26:57.613940 dv-cinder-843277-4-iscsi neutron-server[115433]: DEBUG neutron_lib.callbacks.manager [None req-a97f3386-d5f2-484e-a473-56a759353ce5 None None] Publish callbacks ['neutron.plugins.ml2.plugin.SecurityGroupServerNotifierRpcMixin._notify_sg_on_port_change-2038950', 'neutron.plugins.ml2.ovo_rpc._ObjectChangeHandler.handle_event-206014', 'neutron.api.rpc.agentnotifiers.dhcp_rpc_agent_api.DhcpAgentNotifyAPI._native_event_send_dhcp_notification-591719', 'neutron.db.l3_db.L3RpcNotifierMixin._notify_gateway_port_ip_changed-8767184448040', 'neutron.db.l3_dvrscheduler_db._notify_l3_agent_port_update-8767183966567', 'neutron.db.l3_hascheduler_db._notify_l3_agent_ha_port_update-8767183966585'] for port (d9340f41-2f9e-42a9-aa33-4159ff99dd6b), after_update {{(pid=115433) _notify_loop /usr/local/lib/python3.8/dist-packages/neutron_lib/callbacks/manager.py:176}}
Jun 16 00:26:57.622308 dv-cinder-843277-4-iscsi neutron-server[115433]: DEBUG neutron.notifiers.nova [None req-a97f3386-d5f2-484e-a473-56a759353ce5 None None] Ignoring state change previous_port_status: DOWN current_port_status: BUILD port_id 832d8e05-6171-438e-bdb8-0ab9ae6c2efe {{(pid=115433) record_port_status_changed /opt/stack/neutron/neutron/notifiers/nova.py:233}}
Jun 16 00:26:57.654756 dv-cinder-843277-4-iscsi neutron-server[115433]: DEBUG dbcounter [-] [115433] Writing DB stats neutron:SELECT=95,neutron:DELETE=1,neutron:UPDATE=4 {{(pid=115433) stat_writer /usr/local/lib/python3.8/dist-packages/dbcounter.py:114}}
Jun 16 00:26:57.676999 dv-cinder-843277-4-iscsi neutron-server[115433]: DEBUG neutron.plugins.ml2.db [None req-a97f3386-d5f2-484e-a473-56a759353ce5 None None] For port 832d8e05-6171-438e-bdb8-0ab9ae6c2efe, host hv-cinder-84327, got binding levels [PortBindingLevel(driver='hyperv',host='hv-cinder-84327',level=0,port_id=832d8e05-6171-438e-bdb8-0ab9ae6c2efe,segment=NetworkSegment(a6bdf701-6d24-4ec3-91b9-cf9a30e80c5d),segment_id=a6bdf701-6d24-4ec3-91b9-cf9a30e80c5d)] {{(pid=115433) get_binding_level_objs /opt/stack/neutron/neutron/plugins/ml2/db.py:74}}
Jun 16 00:26:57.687876 dv-cinder-843277-4-iscsi neutron-server[115433]: DEBUG neutron_lib.callbacks.manager [None req-a97f3386-d5f2-484e-a473-56a759353ce5 None None] Publish callbacks ['neutron.plugins.ml2.plugin.SecurityGroupServerNotifierRpcMixin._notify_sg_on_port_change-2038950', 'neutron.plugins.ml2.ovo_rpc._ObjectChangeHandler.handle_event-206014', 'neutron.api.rpc.agentnotifiers.dhcp_rpc_agent_api.DhcpAgentNotifyAPI._native_event_send_dhcp_notification-591719', 'neutron.db.l3_db.L3RpcNotifierMixin._notify_gateway_port_ip_changed-8767184448040', 'neutron.db.l3_dvrscheduler_db._notify_l3_agent_port_update-8767183966567', 'neutron.db.l3_hascheduler_db._notify_l3_agent_ha_port_update-8767183966585'] for port (832d8e05-6171-438e-bdb8-0ab9ae6c2efe), after_update {{(pid=115433) _notify_loop /usr/local/lib/python3.8/dist-packages/neutron_lib/callbacks/manager.py:176}}
Jun 16 00:26:57.692181 dv-cinder-843277-4-iscsi neutron-server[115433]: DEBUG neutron.api.rpc.handlers.resources_rpc [None req-a97f3386-d5f2-484e-a473-56a759353ce5 None None] Pushing event updated for resources: {'Port': ['ID=d9340f41-2f9e-42a9-aa33-4159ff99dd6b,revision_number=5']} {{(pid=115433) push /opt/stack/neutron/neutron/api/rpc/handlers/resources_rpc.py:237}}
Jun 16 00:26:57.721208 dv-cinder-843277-4-iscsi neutron-server[115431]: DEBUG neutron.pecan_wsgi.hooks.policy_enforcement [req-2ce7edb5-9035-497d-b9f9-788d0b3e2df8 req-755dfadd-a4ef-4da6-85f0-d57a9e99451f tempest-DeleteServersTestJSON-1209938944 tempest-DeleteServersTestJSON-1209938944-project] Attributes excluded by policy engine: ['standard_attr_id', 'binding:profile', 'binding:host_id', 'binding:vif_type', 'binding:vif_details'] {{(pid=115431) _exclude_attributes_by_policy /opt/stack/neutron/neutron/pecan_wsgi/hooks/policy_enforcement.py:259}}
Jun 16 00:26:57.723345 dv-cinder-843277-4-iscsi neutron-server[115431]: INFO neutron.wsgi [req-2ce7edb5-9035-497d-b9f9-788d0b3e2df8 req-755dfadd-a4ef-4da6-85f0-d57a9e99451f tempest-DeleteServersTestJSON-1209938944 tempest-DeleteServersTestJSON-1209938944-project] 10.222.0.44 "GET /v2.0/ports?device_id=349ce2ac-ab8e-47f6-9fb1-a363f5ed3bd3 HTTP/1.1" status: 200 len: 943 time: 0.0520847
Jun 16 00:26:57.728518 dv-cinder-843277-4-iscsi neutron-server[115432]: INFO neutron.wsgi [req-e76118b5-996b-4d0e-b727-2e1dac9946f9 req-3fab5c1b-0796-4cc3-8462-82d49d910897 service neutron] 10.222.0.45 "GET /v2.0/networks/f10bbc9d-0adc-443a-9210-2ffe6856cac7?fields=segments HTTP/1.1" status: 200 len: 212 time: 0.4689798
Jun 16 00:26:57.741538 dv-cinder-843277-4-iscsi neutron-server[115433]: DEBUG neutron.api.rpc.handlers.resources_rpc [None req-a97f3386-d5f2-484e-a473-56a759353ce5 None None] Pushing event updated for resources: {'Port': ['ID=832d8e05-6171-438e-bdb8-0ab9ae6c2efe,revision_number=4']} {{(pid=115433) push /opt/stack/neutron/neutron/api/rpc/handlers/resources_rpc.py:237}}
Jun 16 00:26:57.782443 dv-cinder-843277-4-iscsi neutron-server[115431]: INFO neutron.wsgi [req-2ce7edb5-9035-497d-b9f9-788d0b3e2df8 req-11631c31-9af0-4f05-8de1-4b505e2a4eb2 tempest-DeleteServersTestJSON-1209938944 tempest-DeleteServersTestJSON-1209938944-project] 10.222.0.44 "GET /v2.0/security-groups?id=000b936c-9d66-48bf-b66a-0c0b38c9d44e&fields=id&fields=name HTTP/1.1" status: 200 len: 286 time: 0.0535350
Jun 16 00:26:57.791402 dv-cinder-843277-4-iscsi neutron-server[115432]: DEBUG neutron.db.db_base_plugin_common [req-e419bf30-40a8-4741-9a10-dd5699853193 req-ee524aa9-3a1d-4005-8199-c11b18ff32c0 tempest-AttachVolumeNegativeTest-948661713 tempest-AttachVolumeNegativeTest-948661713-project] Allocated IP 172.20.0.3 (0a813215-bb6e-4258-9089-1e234ad6c22c/c76dc701-73b8-46b1-ab73-89e501b5ab72/24633b83-4728-4103-8fab-2eb65a801405) {{(pid=115432) _store_ip_allocation /opt/stack/neutron/neutron/db/db_base_plugin_common.py:131}}
Jun 16 00:26:57.816815 dv-cinder-843277-4-iscsi neutron-server[115432]: DEBUG dbcounter [-] [115432] Writing DB stats neutron:SELECT=93,neutron:INSERT=3,neutron:UPDATE=4 {{(pid=115432) stat_writer /usr/local/lib/python3.8/dist-packages/dbcounter.py:114}}
Jun 16 00:26:57.927555 dv-cinder-843277-4-iscsi neutron-server[115431]: DEBUG neutron.pecan_wsgi.hooks.policy_enforcement [req-09a28c78-ccac-4555-ab9c-c3af58442443 req-cd8b9409-c6d5-4cc1-aeb8-26ddd146fbf4 tempest-ServerRescueNegativeTestJSON-1499675376 tempest-ServerRescueNegativeTestJSON-1499675376-project] Attributes excluded by policy engine: ['standard_attr_id', 'binding:profile', 'binding:host_id', 'binding:vif_type', 'binding:vif_details'] {{(pid=115431) _exclude_attributes_by_policy /opt/stack/neutron/neutron/pecan_wsgi/hooks/policy_enforcement.py:259}}
Jun 16 00:26:57.929074 dv-cinder-843277-4-iscsi neutron-server[115431]: INFO neutron.wsgi [req-09a28c78-ccac-4555-ab9c-c3af58442443 req-cd8b9409-c6d5-4cc1-aeb8-26ddd146fbf4 tempest-ServerRescueNegativeTestJSON-1499675376 tempest-ServerRescueNegativeTestJSON-1499675376-project] 10.222.0.44 "GET /v2.0/ports?device_id=8388df29-a591-4d4c-a77f-530d3f0e4693 HTTP/1.1" status: 200 len: 945 time: 0.0516052
Jun 16 00:26:57.941058 dv-cinder-843277-4-iscsi neutron-server[115432]: DEBUG neutron_lib.callbacks.manager [req-e419bf30-40a8-4741-9a10-dd5699853193 req-ee524aa9-3a1d-4005-8199-c11b18ff32c0 tempest-AttachVolumeNegativeTest-948661713 tempest-AttachVolumeNegativeTest-948661713-project] Publish callbacks [] for port (24633b83-4728-4103-8fab-2eb65a801405), precommit_create {{(pid=115432) _notify_loop /usr/local/lib/python3.8/dist-packages/neutron_lib/callbacks/manager.py:176}}
Jun 16 00:26:57.964759 dv-cinder-843277-4-iscsi neutron-server[115431]: DEBUG dbcounter [-] [115431] Writing DB stats neutron:SELECT=91,neutron:INSERT=8,neutron:UPDATE=1 {{(pid=115431) stat_writer /usr/local/lib/python3.8/dist-packages/dbcounter.py:114}}
Jun 16 00:26:58.002874 dv-cinder-843277-4-iscsi neutron-server[115431]: INFO neutron.wsgi [req-22a00773-8936-46b0-98ba-3151a7e5b5dc req-65a3de1e-a4b7-445e-8fc4-9f5215dfb713 tempest-AttachVolumeNegativeTest-948661713 tempest-AttachVolumeNegativeTest-948661713-project] 10.222.0.44 "GET /v2.0/ports?device_id=0940a4aa-71c4-4a96-8106-40dd8b012547 HTTP/1.1" status: 200 len: 210 time: 0.0503848
Jun 16 00:26:58.031052 dv-cinder-843277-4-iscsi neutron-server[115431]: INFO neutron.wsgi [req-09a28c78-ccac-4555-ab9c-c3af58442443 req-573b2cb6-3614-4191-aee9-b03b9ed2d8a1 tempest-ServerRescueNegativeTestJSON-1499675376 tempest-ServerRescueNegativeTestJSON-1499675376-project] 10.222.0.44 "GET /v2.0/security-groups?id=2f1f6cb9-9ec9-4c2d-951f-73696366aa8a&fields=id&fields=name HTTP/1.1" status: 200 len: 286 time: 0.0946670
Jun 16 00:26:58.037328 dv-cinder-843277-4-iscsi neutron-server[115432]: DEBUG neutron_lib.callbacks.manager [req-e419bf30-40a8-4741-9a10-dd5699853193 req-ee524aa9-3a1d-4005-8199-c11b18ff32c0 tempest-AttachVolumeNegativeTest-948661713 tempest-AttachVolumeNegativeTest-948661713-project] Publish callbacks ['neutron.plugins.ml2.plugin.SecurityGroupServerNotifierRpcMixin._notify_sg_on_port_change-2038950', 'neutron.plugins.ml2.ovo_rpc._ObjectChangeHandler.handle_event-206014', 'neutron.api.rpc.agentnotifiers.dhcp_rpc_agent_api.DhcpAgentNotifyAPI._native_event_send_dhcp_notification-591719', 'neutron.db.l3_dvrscheduler_db._notify_l3_agent_new_port-8767183966549'] for port (24633b83-4728-4103-8fab-2eb65a801405), after_create {{(pid=115432) _notify_loop /usr/local/lib/python3.8/dist-packages/neutron_lib/callbacks/manager.py:176}}
Jun 16 00:26:58.118623 dv-cinder-843277-4-iscsi neutron-server[115432]: DEBUG neutron.scheduler.dhcp_agent_scheduler [req-e419bf30-40a8-4741-9a10-dd5699853193 req-ee524aa9-3a1d-4005-8199-c11b18ff32c0 tempest-AttachVolumeNegativeTest-948661713 tempest-AttachVolumeNegativeTest-948661713-project] Network 0a813215-bb6e-4258-9089-1e234ad6c22c is already hosted by enough agents. {{(pid=115432) _get_dhcp_agents_hosting_network /opt/stack/neutron/neutron/scheduler/dhcp_agent_scheduler.py:275}}
