May 27 14:05:18.455059 dv-cinder-843018-4-smb devstack@c-api.service[128528]: DEBUG cinder.api.openstack.wsgi [None req-4bddf095-a563-4c1f-b7ba-be043d26c1dd tempest-GroupsTest-2061893658 tempest-GroupsTest-2061893658-project] Action: 'action', calling method: delete_group, body: {"delete": {"delete-volumes": true}} {{(pid=128528) _process_stack /opt/stack/cinder/cinder/api/openstack/wsgi.py:866}}
May 27 14:05:18.456055 dv-cinder-843018-4-smb devstack@c-api.service[128528]: DEBUG cinder.api.v3.groups [None req-4bddf095-a563-4c1f-b7ba-be043d26c1dd tempest-GroupsTest-2061893658 tempest-GroupsTest-2061893658-project] delete called for group d597e675-d87e-447a-a923-1c712c0a7ff8 {{(pid=128528) _delete /opt/stack/cinder/cinder/api/v3/groups.py:117}}
May 27 14:05:18.456597 dv-cinder-843018-4-smb devstack@c-api.service[128528]: INFO cinder.api.v3.groups [None req-4bddf095-a563-4c1f-b7ba-be043d26c1dd tempest-GroupsTest-2061893658 tempest-GroupsTest-2061893658-project] Delete group with id: d597e675-d87e-447a-a923-1c712c0a7ff8
May 27 14:05:18.479056 dv-cinder-843018-4-smb devstack@c-api.service[128528]: INFO cinder.api.openstack.wsgi [None req-4bddf095-a563-4c1f-b7ba-be043d26c1dd tempest-GroupsTest-2061893658 tempest-GroupsTest-2061893658-project] http://10.222.0.57/volume/v3/5f29c7bf56fb4b14904b6deaee632a54/groups/d597e675-d87e-447a-a923-1c712c0a7ff8/action returned with HTTP 404
May 27 14:05:18.486573 dv-cinder-843018-4-smb devstack@c-api.service[128527]: DEBUG cinder.api.middleware.request_id [None req-1e1751be-10fb-49ec-aaba-3ee587aa7781 None None] RequestId filter calling following filter/app {{(pid=128527) _context_setter /opt/stack/cinder/cinder/api/middleware/request_id.py:62}}
May 27 14:05:18.491200 dv-cinder-843018-4-smb devstack@c-api.service[128527]: INFO cinder.api.openstack.wsgi [None req-1e1751be-10fb-49ec-aaba-3ee587aa7781 tempest-GroupsTest-693564507 tempest-GroupsTest-693564507-project-admin] DELETE http://10.222.0.57/volume/v3/d64e02cf273e45cb9d1b734d47f88c78/group_types/45328f60-e21a-43c8-bbcf-23411a08779a
May 27 14:05:18.492006 dv-cinder-843018-4-smb devstack@c-api.service[128527]: DEBUG cinder.api.openstack.wsgi [None req-1e1751be-10fb-49ec-aaba-3ee587aa7781 tempest-GroupsTest-693564507 tempest-GroupsTest-693564507-project-admin] Empty body provided in request {{(pid=128527) get_body /opt/stack/cinder/cinder/api/openstack/wsgi.py:715}}
May 27 14:05:18.493213 dv-cinder-843018-4-smb devstack@c-api.service[128527]: DEBUG cinder.api.openstack.wsgi [None req-1e1751be-10fb-49ec-aaba-3ee587aa7781 tempest-GroupsTest-693564507 tempest-GroupsTest-693564507-project-admin] Calling method 'version_select' {{(pid=128527) _process_stack /opt/stack/cinder/cinder/api/openstack/wsgi.py:868}}
May 27 14:05:18.497019 dv-cinder-843018-4-smb devstack@c-api.service[128528]: [pid: 128528|app: 0|req: 42/91] 10.222.0.57 () {62 vars in 1404 bytes} [Fri May 27 14:05:18 2022] POST /volume/v3/5f29c7bf56fb4b14904b6deaee632a54/groups/d597e675-d87e-447a-a923-1c712c0a7ff8/action => generated 108 bytes in 49 msecs (HTTP/1.1 404) 7 headers in 293 bytes (1 switches on core 0)
May 27 14:05:18.681435 dv-cinder-843018-4-smb devstack@c-api.service[128527]: INFO cinder.api.openstack.wsgi [None req-1e1751be-10fb-49ec-aaba-3ee587aa7781 tempest-GroupsTest-693564507 tempest-GroupsTest-693564507-project-admin] http://10.222.0.57/volume/v3/d64e02cf273e45cb9d1b734d47f88c78/group_types/45328f60-e21a-43c8-bbcf-23411a08779a returned with HTTP 202
May 27 14:05:18.685259 dv-cinder-843018-4-smb devstack@c-api.service[128527]: [pid: 128527|app: 0|req: 50/92] 10.222.0.57 () {60 vars in 1380 bytes} [Fri May 27 14:05:18 2022] DELETE /volume/v3/d64e02cf273e45cb9d1b734d47f88c78/group_types/45328f60-e21a-43c8-bbcf-23411a08779a => generated 0 bytes in 200 msecs (HTTP/1.1 202) 6 headers in 234 bytes (1 switches on core 0)
May 27 14:05:18.711649 dv-cinder-843018-4-smb devstack@c-api.service[128528]: DEBUG cinder.api.middleware.request_id [None req-b60216d3-c87c-411e-a96d-ea82457eb484 None None] RequestId filter calling following filter/app {{(pid=128528) _context_setter /opt/stack/cinder/cinder/api/middleware/request_id.py:62}}
May 27 14:05:18.725011 dv-cinder-843018-4-smb devstack@c-api.service[128528]: INFO cinder.api.openstack.wsgi [None req-b60216d3-c87c-411e-a96d-ea82457eb484 tempest-GroupsTest-693564507 tempest-GroupsTest-693564507-project-admin] POST http://10.222.0.57/volume/v3/d64e02cf273e45cb9d1b734d47f88c78/types
May 27 14:05:18.731930 dv-cinder-843018-4-smb devstack@c-api.service[128528]: DEBUG cinder.api.openstack.wsgi [None req-b60216d3-c87c-411e-a96d-ea82457eb484 tempest-GroupsTest-693564507 tempest-GroupsTest-693564507-project-admin] Action: 'create', calling method: _create, body: {"volume_type": {"name": "tempest-GroupsTest-volume-type-2072267506"}} {{(pid=128528) _process_stack /opt/stack/cinder/cinder/api/openstack/wsgi.py:866}}
May 27 14:05:18.793224 dv-cinder-843018-4-smb devstack@c-api.service[128527]: DEBUG cinder.api.middleware.request_id [None req-459faf4b-0966-4fbb-9f2d-8de1bb12f1d0 None None] RequestId filter calling following filter/app {{(pid=128527) _context_setter /opt/stack/cinder/cinder/api/middleware/request_id.py:62}}
May 27 14:05:18.798632 dv-cinder-843018-4-smb devstack@c-api.service[128527]: INFO cinder.api.openstack.wsgi [None req-459faf4b-0966-4fbb-9f2d-8de1bb12f1d0 tempest-SnapshotMetadataTestJSON-164276548 tempest-SnapshotMetadataTestJSON-164276548-project] GET http://10.222.0.57/volume/v3/807c0934a69e486fab07a695edc7d6b6/snapshots/b6b410ee-492d-45a9-a5ca-c666352f3c50
May 27 14:05:18.799304 dv-cinder-843018-4-smb devstack@c-api.service[128527]: DEBUG cinder.api.openstack.wsgi [None req-459faf4b-0966-4fbb-9f2d-8de1bb12f1d0 tempest-SnapshotMetadataTestJSON-164276548 tempest-SnapshotMetadataTestJSON-164276548-project] Empty body provided in request {{(pid=128527) get_body /opt/stack/cinder/cinder/api/openstack/wsgi.py:715}}
May 27 14:05:18.800060 dv-cinder-843018-4-smb devstack@c-api.service[128527]: DEBUG cinder.api.openstack.wsgi [None req-459faf4b-0966-4fbb-9f2d-8de1bb12f1d0 tempest-SnapshotMetadataTestJSON-164276548 tempest-SnapshotMetadataTestJSON-164276548-project] Calling method 'show' {{(pid=128527) _process_stack /opt/stack/cinder/cinder/api/openstack/wsgi.py:868}}
May 27 14:05:18.829698 dv-cinder-843018-4-smb devstack@c-api.service[128527]: INFO cinder.api.openstack.wsgi [None req-459faf4b-0966-4fbb-9f2d-8de1bb12f1d0 tempest-SnapshotMetadataTestJSON-164276548 tempest-SnapshotMetadataTestJSON-164276548-project] http://10.222.0.57/volume/v3/807c0934a69e486fab07a695edc7d6b6/snapshots/b6b410ee-492d-45a9-a5ca-c666352f3c50 returned with HTTP 404
May 27 14:05:18.837059 dv-cinder-843018-4-smb devstack@c-api.service[128527]: [pid: 128527|app: 0|req: 51/93] 10.222.0.57 () {58 vars in 1330 bytes} [Fri May 27 14:05:18 2022] GET /volume/v3/807c0934a69e486fab07a695edc7d6b6/snapshots/b6b410ee-492d-45a9-a5ca-c666352f3c50 => generated 111 bytes in 46 msecs (HTTP/1.1 404) 7 headers in 292 bytes (1 switches on core 0)
May 27 14:05:18.840626 dv-cinder-843018-4-smb devstack@c-api.service[128527]: DEBUG cinder.api.middleware.request_id [None req-3a6ef490-dc5b-47cc-9005-2f44c8b9fecc None None] RequestId filter calling following filter/app {{(pid=128527) _context_setter /opt/stack/cinder/cinder/api/middleware/request_id.py:62}}
May 27 14:05:18.850596 dv-cinder-843018-4-smb devstack@c-api.service[128527]: INFO cinder.api.openstack.wsgi [None req-3a6ef490-dc5b-47cc-9005-2f44c8b9fecc tempest-SnapshotMetadataTestJSON-164276548 tempest-SnapshotMetadataTestJSON-164276548-project] DELETE http://10.222.0.57/volume/v3/807c0934a69e486fab07a695edc7d6b6/volumes/6293012b-c654-44d9-9a41-e066e4097aa2
May 27 14:05:18.856629 dv-cinder-843018-4-smb devstack@c-api.service[128527]: DEBUG cinder.api.openstack.wsgi [None req-3a6ef490-dc5b-47cc-9005-2f44c8b9fecc tempest-SnapshotMetadataTestJSON-164276548 tempest-SnapshotMetadataTestJSON-164276548-project] Empty body provided in request {{(pid=128527) get_body /opt/stack/cinder/cinder/api/openstack/wsgi.py:715}}
May 27 14:05:18.862529 dv-cinder-843018-4-smb devstack@c-api.service[128527]: DEBUG cinder.api.openstack.wsgi [None req-3a6ef490-dc5b-47cc-9005-2f44c8b9fecc tempest-SnapshotMetadataTestJSON-164276548 tempest-SnapshotMetadataTestJSON-164276548-project] Calling method 'delete' {{(pid=128527) _process_stack /opt/stack/cinder/cinder/api/openstack/wsgi.py:868}}
May 27 14:05:18.864523 dv-cinder-843018-4-smb devstack@c-api.service[128527]: INFO cinder.api.v3.volumes [None req-3a6ef490-dc5b-47cc-9005-2f44c8b9fecc tempest-SnapshotMetadataTestJSON-164276548 tempest-SnapshotMetadataTestJSON-164276548-project] Delete volume with id: 6293012b-c654-44d9-9a41-e066e4097aa2
May 27 14:05:18.913594 dv-cinder-843018-4-smb devstack@c-api.service[128528]: INFO cinder.api.openstack.wsgi [None req-b60216d3-c87c-411e-a96d-ea82457eb484 tempest-GroupsTest-693564507 tempest-GroupsTest-693564507-project-admin] http://10.222.0.57/volume/v3/d64e02cf273e45cb9d1b734d47f88c78/types returned with HTTP 200
May 27 14:05:18.915284 dv-cinder-843018-4-smb devstack@c-api.service[128528]: [pid: 128528|app: 0|req: 43/94] 10.222.0.57 () {60 vars in 1228 bytes} [Fri May 27 14:05:18 2022] POST /volume/v3/d64e02cf273e45cb9d1b734d47f88c78/types => generated 216 bytes in 211 msecs (HTTP/1.1 200) 7 headers in 285 bytes (1 switches on core 0)
May 27 14:05:18.922532 dv-cinder-843018-4-smb devstack@c-api.service[128528]: DEBUG cinder.api.middleware.request_id [None req-c279a122-b72d-4916-81b6-0780ee8f3497 None None] RequestId filter calling following filter/app {{(pid=128528) _context_setter /opt/stack/cinder/cinder/api/middleware/request_id.py:62}}
May 27 14:05:18.930388 dv-cinder-843018-4-smb devstack@c-api.service[128527]: /usr/local/lib/python3.8/dist-packages/oslo_context/context.py:100: DeprecationWarning: Policy enforcement is depending on the value of is_admin. This key is deprecated. Please update your policy file to use the standard policy values.
May 27 14:05:18.930388 dv-cinder-843018-4-smb devstack@c-api.service[128527]: warnings.warn('Policy enforcement is depending on the value of '
May 27 14:05:18.931956 dv-cinder-843018-4-smb devstack@c-api.service[128527]: INFO cinder.volume.api [None req-3a6ef490-dc5b-47cc-9005-2f44c8b9fecc tempest-SnapshotMetadataTestJSON-164276548 tempest-SnapshotMetadataTestJSON-164276548-project] Volume info retrieved successfully.
May 27 14:05:18.936436 dv-cinder-843018-4-smb devstack@c-api.service[128528]: INFO cinder.api.openstack.wsgi [None req-c279a122-b72d-4916-81b6-0780ee8f3497 tempest-GroupsTest-693564507 tempest-GroupsTest-693564507-project-admin] POST http://10.222.0.57/volume/v3/d64e02cf273e45cb9d1b734d47f88c78/group_types
May 27 14:05:18.940169 dv-cinder-843018-4-smb devstack@c-api.service[128528]: DEBUG cinder.api.openstack.wsgi [None req-c279a122-b72d-4916-81b6-0780ee8f3497 tempest-GroupsTest-693564507 tempest-GroupsTest-693564507-project-admin] Action: 'create', calling method: version_select, body: {"group_type": {"name": "tempest-GroupsTest-group-type-1484830753"}} {{(pid=128528) _process_stack /opt/stack/cinder/cinder/api/openstack/wsgi.py:866}}
May 27 14:05:19.123212 dv-cinder-843018-4-smb devstack@c-api.service[128528]: INFO cinder.api.openstack.wsgi [None req-c279a122-b72d-4916-81b6-0780ee8f3497 tempest-GroupsTest-693564507 tempest-GroupsTest-693564507-project-admin] http://10.222.0.57/volume/v3/d64e02cf273e45cb9d1b734d47f88c78/group_types returned with HTTP 202
May 27 14:05:19.128621 dv-cinder-843018-4-smb devstack@c-api.service[128528]: [pid: 128528|app: 0|req: 44/95] 10.222.0.57 () {62 vars in 1287 bytes} [Fri May 27 14:05:18 2022] POST /volume/v3/d64e02cf273e45cb9d1b734d47f88c78/group_types => generated 173 bytes in 203 msecs (HTTP/1.1 202) 7 headers in 292 bytes (1 switches on core 0)
May 27 14:05:19.133452 dv-cinder-843018-4-smb devstack@c-api.service[128528]: DEBUG cinder.api.middleware.request_id [None req-9096bfaa-a12c-4037-85ea-597f9f1c35b6 None None] RequestId filter calling following filter/app {{(pid=128528) _context_setter /opt/stack/cinder/cinder/api/middleware/request_id.py:62}}
May 27 14:05:19.151784 dv-cinder-843018-4-smb devstack@c-api.service[128528]: INFO cinder.api.openstack.wsgi [None req-9096bfaa-a12c-4037-85ea-597f9f1c35b6 tempest-VolumesTestJSON-1906158613 tempest-VolumesTestJSON-1906158613-project] GET http://10.222.0.57/volume/v3/99a87742ab614b819c1ad65e7dd69d14/volumes/fa9940f5-93d6-4b53-bb62-a3d080b5205b
May 27 14:05:19.152298 dv-cinder-843018-4-smb devstack@c-api.service[128528]: DEBUG cinder.api.openstack.wsgi [None req-9096bfaa-a12c-4037-85ea-597f9f1c35b6 tempest-VolumesTestJSON-1906158613 tempest-VolumesTestJSON-1906158613-project] Empty body provided in request {{(pid=128528) get_body /opt/stack/cinder/cinder/api/openstack/wsgi.py:715}}
May 27 14:05:19.159517 dv-cinder-843018-4-smb devstack@c-api.service[128528]: DEBUG cinder.api.openstack.wsgi [None req-9096bfaa-a12c-4037-85ea-597f9f1c35b6 tempest-VolumesTestJSON-1906158613 tempest-VolumesTestJSON-1906158613-project] Calling method 'show' {{(pid=128528) _process_stack /opt/stack/cinder/cinder/api/openstack/wsgi.py:868}}
May 27 14:05:19.209014 dv-cinder-843018-4-smb devstack@c-api.service[128528]: /usr/local/lib/python3.8/dist-packages/oslo_context/context.py:100: DeprecationWarning: Policy enforcement is depending on the value of is_admin. This key is deprecated. Please update your policy file to use the standard policy values.
May 27 14:05:19.209014 dv-cinder-843018-4-smb devstack@c-api.service[128528]: warnings.warn('Policy enforcement is depending on the value of '
May 27 14:05:19.222414 dv-cinder-843018-4-smb devstack@c-api.service[128528]: INFO cinder.volume.api [None req-9096bfaa-a12c-4037-85ea-597f9f1c35b6 tempest-VolumesTestJSON-1906158613 tempest-VolumesTestJSON-1906158613-project] Volume info retrieved successfully.
May 27 14:05:19.234925 dv-cinder-843018-4-smb devstack@c-api.service[128528]: INFO cinder.api.openstack.wsgi [None req-9096bfaa-a12c-4037-85ea-597f9f1c35b6 tempest-VolumesTestJSON-1906158613 tempest-VolumesTestJSON-1906158613-project] http://10.222.0.57/volume/v3/99a87742ab614b819c1ad65e7dd69d14/volumes/fa9940f5-93d6-4b53-bb62-a3d080b5205b returned with HTTP 200
May 27 14:05:19.235965 dv-cinder-843018-4-smb devstack@c-api.service[128528]: [pid: 128528|app: 0|req: 45/96] 10.222.0.57 () {58 vars in 1324 bytes} [Fri May 27 14:05:19 2022] GET /volume/v3/99a87742ab614b819c1ad65e7dd69d14/volumes/fa9940f5-93d6-4b53-bb62-a3d080b5205b => generated 921 bytes in 111 msecs (HTTP/1.1 200) 7 headers in 285 bytes (1 switches on core 0)
May 27 14:05:19.238878 dv-cinder-843018-4-smb devstack@c-api.service[128528]: DEBUG cinder.api.middleware.request_id [None req-5658dd23-0374-497c-9168-085ea835c90e None None] RequestId filter calling following filter/app {{(pid=128528) _context_setter /opt/stack/cinder/cinder/api/middleware/request_id.py:62}}
May 27 14:05:19.255859 dv-cinder-843018-4-smb devstack@c-api.service[128528]: INFO cinder.api.openstack.wsgi [None req-5658dd23-0374-497c-9168-085ea835c90e tempest-GroupsTest-2061893658 tempest-GroupsTest-2061893658-project] POST http://10.222.0.57/volume/v3/5f29c7bf56fb4b14904b6deaee632a54/groups
May 27 14:05:19.259590 dv-cinder-843018-4-smb devstack@c-api.service[128528]: DEBUG cinder.api.openstack.wsgi [None req-5658dd23-0374-497c-9168-085ea835c90e tempest-GroupsTest-2061893658 tempest-GroupsTest-2061893658-project] Action: 'create', calling method: version_select, body: {"group": {"group_type": "1635091e-8e71-4d70-ac44-7c64c00c3f65", "volume_types": ["bad9f6ea-c7c0-48eb-9a61-e1accb4dac27"], "name": "tempest-GroupsTest-Group-1593353006"}} {{(pid=128528) _process_stack /opt/stack/cinder/cinder/api/openstack/wsgi.py:866}}
May 27 14:05:19.263302 dv-cinder-843018-4-smb devstack@c-api.service[128528]: DEBUG cinder.api.v3.groups [None req-5658dd23-0374-497c-9168-085ea835c90e tempest-GroupsTest-2061893658 tempest-GroupsTest-2061893658-project] Creating new group {'group': {'group_type': '1635091e-8e71-4d70-ac44-7c64c00c3f65', 'volume_types': ['bad9f6ea-c7c0-48eb-9a61-e1accb4dac27'], 'name': 'tempest-GroupsTest-Group-1593353006'}} {{(pid=128528) create /opt/stack/cinder/cinder/api/v3/groups.py:190}}
May 27 14:05:19.270635 dv-cinder-843018-4-smb devstack@c-api.service[128528]: INFO cinder.api.v3.groups [None req-5658dd23-0374-497c-9168-085ea835c90e tempest-GroupsTest-2061893658 tempest-GroupsTest-2061893658-project] Creating group tempest-GroupsTest-Group-1593353006.
May 27 14:05:19.287780 dv-cinder-843018-4-smb devstack@c-api.service[128527]: INFO cinder.volume.api [None req-3a6ef490-dc5b-47cc-9005-2f44c8b9fecc tempest-SnapshotMetadataTestJSON-164276548 tempest-SnapshotMetadataTestJSON-164276548-project] Delete volume request issued successfully.
May 27 14:05:19.288576 dv-cinder-843018-4-smb devstack@c-api.service[128527]: INFO cinder.api.openstack.wsgi [None req-3a6ef490-dc5b-47cc-9005-2f44c8b9fecc tempest-SnapshotMetadataTestJSON-164276548 tempest-SnapshotMetadataTestJSON-164276548-project] http://10.222.0.57/volume/v3/807c0934a69e486fab07a695edc7d6b6/volumes/6293012b-c654-44d9-9a41-e066e4097aa2 returned with HTTP 202
May 27 14:05:19.290295 dv-cinder-843018-4-smb devstack@c-api.service[128527]: [pid: 128527|app: 0|req: 52/97] 10.222.0.57 () {58 vars in 1327 bytes} [Fri May 27 14:05:18 2022] DELETE /volume/v3/807c0934a69e486fab07a695edc7d6b6/volumes/6293012b-c654-44d9-9a41-e066e4097aa2 => generated 0 bytes in 452 msecs (HTTP/1.1 202) 6 headers in 233 bytes (1 switches on core 0)
May 27 14:05:19.295766 dv-cinder-843018-4-smb devstack@c-api.service[128527]: DEBUG cinder.api.middleware.request_id [None req-1adf8bd6-4931-4f4d-bbbc-ec13da5d238a None None] RequestId filter calling following filter/app {{(pid=128527) _context_setter /opt/stack/cinder/cinder/api/middleware/request_id.py:62}}
May 27 14:05:19.301596 dv-cinder-843018-4-smb devstack@c-api.service[128527]: INFO cinder.api.openstack.wsgi [None req-1adf8bd6-4931-4f4d-bbbc-ec13da5d238a tempest-SnapshotMetadataTestJSON-164276548 tempest-SnapshotMetadataTestJSON-164276548-project] GET http://10.222.0.57/volume/v3/807c0934a69e486fab07a695edc7d6b6/volumes/6293012b-c654-44d9-9a41-e066e4097aa2
May 27 14:05:19.303879 dv-cinder-843018-4-smb devstack@c-api.service[128527]: DEBUG cinder.api.openstack.wsgi [None req-1adf8bd6-4931-4f4d-bbbc-ec13da5d238a tempest-SnapshotMetadataTestJSON-164276548 tempest-SnapshotMetadataTestJSON-164276548-project] Empty body provided in request {{(pid=128527) get_body /opt/stack/cinder/cinder/api/openstack/wsgi.py:715}}
May 27 14:05:19.304633 dv-cinder-843018-4-smb devstack@c-api.service[128527]: DEBUG cinder.api.openstack.wsgi [None req-1adf8bd6-4931-4f4d-bbbc-ec13da5d238a tempest-SnapshotMetadataTestJSON-164276548 tempest-SnapshotMetadataTestJSON-164276548-project] Calling method 'show' {{(pid=128527) _process_stack /opt/stack/cinder/cinder/api/openstack/wsgi.py:868}}
May 27 14:05:19.343456 dv-cinder-843018-4-smb devstack@c-api.service[128528]: INFO cinder.volume.api [None req-5658dd23-0374-497c-9168-085ea835c90e tempest-GroupsTest-2061893658 tempest-GroupsTest-2061893658-project] Availability Zones retrieved successfully.
May 27 14:05:19.367662 dv-cinder-843018-4-smb devstack@c-api.service[128527]: /usr/local/lib/python3.8/dist-packages/oslo_context/context.py:100: DeprecationWarning: Policy enforcement is depending on the value of is_admin. This key is deprecated. Please update your policy file to use the standard policy values.
May 27 14:05:19.367662 dv-cinder-843018-4-smb devstack@c-api.service[128527]: warnings.warn('Policy enforcement is depending on the value of '
May 27 14:05:19.392347 dv-cinder-843018-4-smb devstack@c-api.service[128527]: INFO cinder.volume.api [None req-1adf8bd6-4931-4f4d-bbbc-ec13da5d238a tempest-SnapshotMetadataTestJSON-164276548 tempest-SnapshotMetadataTestJSON-164276548-project] Volume info retrieved successfully.
May 27 14:05:19.423400 dv-cinder-843018-4-smb devstack@c-api.service[128527]: INFO cinder.api.openstack.wsgi [None req-1adf8bd6-4931-4f4d-bbbc-ec13da5d238a tempest-SnapshotMetadataTestJSON-164276548 tempest-SnapshotMetadataTestJSON-164276548-project] http://10.222.0.57/volume/v3/807c0934a69e486fab07a695edc7d6b6/volumes/6293012b-c654-44d9-9a41-e066e4097aa2 returned with HTTP 200
May 27 14:05:19.438831 dv-cinder-843018-4-smb devstack@c-api.service[128527]: [pid: 128527|app: 0|req: 53/98] 10.222.0.57 () {58 vars in 1324 bytes} [Fri May 27 14:05:19 2022] GET /volume/v3/807c0934a69e486fab07a695edc7d6b6/volumes/6293012b-c654-44d9-9a41-e066e4097aa2 => generated 916 bytes in 144 msecs (HTTP/1.1 200) 7 headers in 285 bytes (2 switches on core 0)
May 27 14:05:19.527905 dv-cinder-843018-4-smb devstack@c-api.service[128528]: DEBUG cinder.quota [None req-5658dd23-0374-497c-9168-085ea835c90e tempest-GroupsTest-2061893658 tempest-GroupsTest-2061893658-project] Created reservations ['7fc1964c-8c2a-4e65-8d92-74a218bbb29b'] {{(pid=128528) reserve /opt/stack/cinder/cinder/quota.py:755}}
May 27 14:05:20.014192 dv-cinder-843018-4-smb devstack@c-api.service[128528]: INFO cinder.api.openstack.wsgi [None req-5658dd23-0374-497c-9168-085ea835c90e tempest-GroupsTest-2061893658 tempest-GroupsTest-2061893658-project] http://10.222.0.57/volume/v3/5f29c7bf56fb4b14904b6deaee632a54/groups returned with HTTP 202
May 27 14:05:20.029820 dv-cinder-843018-4-smb devstack@c-api.service[128527]: DEBUG cinder.api.middleware.request_id [None req-886caaf6-ce36-4716-b24e-7a9f79620e4a None None] RequestId filter calling following filter/app {{(pid=128527) _context_setter /opt/stack/cinder/cinder/api/middleware/request_id.py:62}}
May 27 14:05:20.046149 dv-cinder-843018-4-smb devstack@c-api.service[128528]: [pid: 128528|app: 0|req: 46/99] 10.222.0.57 () {62 vars in 1273 bytes} [Fri May 27 14:05:19 2022] POST /volume/v3/5f29c7bf56fb4b14904b6deaee632a54/groups => generated 104 bytes in 809 msecs (HTTP/1.1 202) 7 headers in 292 bytes (1 switches on core 0)
May 27 14:05:20.055446 dv-cinder-843018-4-smb devstack@c-api.service[128527]: INFO cinder.api.openstack.wsgi [None req-886caaf6-ce36-4716-b24e-7a9f79620e4a tempest-GroupsTest-2061893658 tempest-GroupsTest-2061893658-project] GET http://10.222.0.57/volume/v3/5f29c7bf56fb4b14904b6deaee632a54/groups/575ed375-ed21-4786-8ac3-095ff231ebe2
May 27 14:05:20.068853 dv-cinder-843018-4-smb devstack@c-api.service[128527]: DEBUG cinder.api.openstack.wsgi [None req-886caaf6-ce36-4716-b24e-7a9f79620e4a tempest-GroupsTest-2061893658 tempest-GroupsTest-2061893658-project] Empty body provided in request {{(pid=128527) get_body /opt/stack/cinder/cinder/api/openstack/wsgi.py:715}}
May 27 14:05:20.071898 dv-cinder-843018-4-smb devstack@c-api.service[128527]: DEBUG cinder.api.openstack.wsgi [None req-886caaf6-ce36-4716-b24e-7a9f79620e4a tempest-GroupsTest-2061893658 tempest-GroupsTest-2061893658-project] Calling method 'version_select' {{(pid=128527) _process_stack /opt/stack/cinder/cinder/api/openstack/wsgi.py:868}}
May 27 14:05:20.072783 dv-cinder-843018-4-smb devstack@c-api.service[128527]: DEBUG cinder.api.v3.groups [None req-886caaf6-ce36-4716-b24e-7a9f79620e4a tempest-GroupsTest-2061893658 tempest-GroupsTest-2061893658-project] show called for member 575ed375-ed21-4786-8ac3-095ff231ebe2 {{(pid=128527) show /opt/stack/cinder/cinder/api/v3/groups.py:58}}
May 27 14:05:20.106842 dv-cinder-843018-4-smb devstack@c-api.service[128527]: /usr/local/lib/python3.8/dist-packages/oslo_context/context.py:100: DeprecationWarning: Policy enforcement is depending on the value of is_admin. This key is deprecated. Please update your policy file to use the standard policy values.
May 27 14:05:20.106842 dv-cinder-843018-4-smb devstack@c-api.service[128527]: warnings.warn('Policy enforcement is depending on the value of '
May 27 14:05:20.148450 dv-cinder-843018-4-smb devstack@c-api.service[128527]: DEBUG dbcounter [-] [128527] Writing DB stats cinder:INSERT=9,cinder:SELECT=80,cinder:UPDATE=11 {{(pid=128527) stat_writer /usr/local/lib/python3.8/dist-packages/dbcounter.py:114}}
May 27 14:05:20.177169 dv-cinder-843018-4-smb devstack@c-api.service[128527]: INFO cinder.api.openstack.wsgi [None req-886caaf6-ce36-4716-b24e-7a9f79620e4a tempest-GroupsTest-2061893658 tempest-GroupsTest-2061893658-project] http://10.222.0.57/volume/v3/5f29c7bf56fb4b14904b6deaee632a54/groups/575ed375-ed21-4786-8ac3-095ff231ebe2 returned with HTTP 200
May 27 14:05:20.185832 dv-cinder-843018-4-smb devstack@c-api.service[128527]: [pid: 128527|app: 0|req: 54/100] 10.222.0.57 () {60 vars in 1362 bytes} [Fri May 27 14:05:20 2022] GET /volume/v3/5f29c7bf56fb4b14904b6deaee632a54/groups/575ed375-ed21-4786-8ac3-095ff231ebe2 => generated 332 bytes in 164 msecs (HTTP/1.1 200) 7 headers in 286 bytes (1 switches on core 0)
May 27 14:05:20.250789 dv-cinder-843018-4-smb devstack@c-api.service[128528]: DEBUG cinder.api.middleware.request_id [None req-27b7f121-5f08-41fd-a873-823496f6698c None None] RequestId filter calling following filter/app {{(pid=128528) _context_setter /opt/stack/cinder/cinder/api/middleware/request_id.py:62}}
May 27 14:05:20.255479 dv-cinder-843018-4-smb devstack@c-api.service[128528]: INFO cinder.api.openstack.wsgi [None req-27b7f121-5f08-41fd-a873-823496f6698c tempest-VolumesTestJSON-1906158613 tempest-VolumesTestJSON-1906158613-project] GET http://10.222.0.57/volume/v3/99a87742ab614b819c1ad65e7dd69d14/volumes/fa9940f5-93d6-4b53-bb62-a3d080b5205b
May 27 14:05:20.256638 dv-cinder-843018-4-smb devstack@c-api.service[128528]: DEBUG cinder.api.openstack.wsgi [None req-27b7f121-5f08-41fd-a873-823496f6698c tempest-VolumesTestJSON-1906158613 tempest-VolumesTestJSON-1906158613-project] Empty body provided in request {{(pid=128528) get_body /opt/stack/cinder/cinder/api/openstack/wsgi.py:715}}
May 27 14:05:20.261162 dv-cinder-843018-4-smb devstack@c-api.service[128528]: DEBUG cinder.api.openstack.wsgi [None req-27b7f121-5f08-41fd-a873-823496f6698c tempest-VolumesTestJSON-1906158613 tempest-VolumesTestJSON-1906158613-project] Calling method 'show' {{(pid=128528) _process_stack /opt/stack/cinder/cinder/api/openstack/wsgi.py:868}}
May 27 14:05:20.321780 dv-cinder-843018-4-smb devstack@c-api.service[128528]: /usr/local/lib/python3.8/dist-packages/oslo_context/context.py:100: DeprecationWarning: Policy enforcement is depending on the value of is_admin. This key is deprecated. Please update your policy file to use the standard policy values.
May 27 14:05:20.321780 dv-cinder-843018-4-smb devstack@c-api.service[128528]: warnings.warn('Policy enforcement is depending on the value of '
May 27 14:05:20.360679 dv-cinder-843018-4-smb devstack@c-api.service[128528]: INFO cinder.volume.api [None req-27b7f121-5f08-41fd-a873-823496f6698c tempest-VolumesTestJSON-1906158613 tempest-VolumesTestJSON-1906158613-project] Volume info retrieved successfully.
May 27 14:05:20.409717 dv-cinder-843018-4-smb devstack@c-api.service[128528]: INFO cinder.api.openstack.wsgi [None req-27b7f121-5f08-41fd-a873-823496f6698c tempest-VolumesTestJSON-1906158613 tempest-VolumesTestJSON-1906158613-project] http://10.222.0.57/volume/v3/99a87742ab614b819c1ad65e7dd69d14/volumes/fa9940f5-93d6-4b53-bb62-a3d080b5205b returned with HTTP 200
May 27 14:05:20.412727 dv-cinder-843018-4-smb devstack@c-api.service[128528]: [pid: 128528|app: 0|req: 47/101] 10.222.0.57 () {58 vars in 1324 bytes} [Fri May 27 14:05:20 2022] GET /volume/v3/99a87742ab614b819c1ad65e7dd69d14/volumes/fa9940f5-93d6-4b53-bb62-a3d080b5205b => generated 922 bytes in 163 msecs (HTTP/1.1 200) 7 headers in 285 bytes (2 switches on core 0)
May 27 14:05:20.453540 dv-cinder-843018-4-smb devstack@c-api.service[128527]: DEBUG cinder.api.middleware.request_id [None req-f5af4487-84b2-4486-9393-f7535a8dd9eb None None] RequestId filter calling following filter/app {{(pid=128527) _context_setter /opt/stack/cinder/cinder/api/middleware/request_id.py:62}}
May 27 14:05:20.470269 dv-cinder-843018-4-smb devstack@c-api.service[128527]: INFO cinder.api.openstack.wsgi [None req-f5af4487-84b2-4486-9393-f7535a8dd9eb tempest-SnapshotMetadataTestJSON-164276548 tempest-SnapshotMetadataTestJSON-164276548-project] GET http://10.222.0.57/volume/v3/807c0934a69e486fab07a695edc7d6b6/volumes/6293012b-c654-44d9-9a41-e066e4097aa2
May 27 14:05:20.472744 dv-cinder-843018-4-smb devstack@c-api.service[128527]: DEBUG cinder.api.openstack.wsgi [None req-f5af4487-84b2-4486-9393-f7535a8dd9eb tempest-SnapshotMetadataTestJSON-164276548 tempest-SnapshotMetadataTestJSON-164276548-project] Empty body provided in request {{(pid=128527) get_body /opt/stack/cinder/cinder/api/openstack/wsgi.py:715}}
May 27 14:05:20.473345 dv-cinder-843018-4-smb devstack@c-api.service[128527]: DEBUG cinder.api.openstack.wsgi [None req-f5af4487-84b2-4486-9393-f7535a8dd9eb tempest-SnapshotMetadataTestJSON-164276548 tempest-SnapshotMetadataTestJSON-164276548-project] Calling method 'show' {{(pid=128527) _process_stack /opt/stack/cinder/cinder/api/openstack/wsgi.py:868}}
May 27 14:05:20.479738 dv-cinder-843018-4-smb devstack@c-api.service[128528]: DEBUG cinder.api.middleware.request_id [req-440474b1-850c-4609-a79f-f3db9deb6096 req-069bf1c5-41f6-4587-9ae3-1f02ab1c9e1c None None] RequestId filter calling following filter/app {{(pid=128528) _context_setter /opt/stack/cinder/cinder/api/middleware/request_id.py:62}}
May 27 14:05:20.484428 dv-cinder-843018-4-smb devstack@c-api.service[128528]: INFO cinder.api.openstack.wsgi [req-440474b1-850c-4609-a79f-f3db9deb6096 req-069bf1c5-41f6-4587-9ae3-1f02ab1c9e1c tempest-VolumesTestJSON-1906158613 tempest-VolumesTestJSON-1906158613-project] GET http://10.222.0.57/volume/v3/99a87742ab614b819c1ad65e7dd69d14/volumes/fa9940f5-93d6-4b53-bb62-a3d080b5205b
May 27 14:05:20.487993 dv-cinder-843018-4-smb devstack@c-api.service[128528]: DEBUG cinder.api.openstack.wsgi [req-440474b1-850c-4609-a79f-f3db9deb6096 req-069bf1c5-41f6-4587-9ae3-1f02ab1c9e1c tempest-VolumesTestJSON-1906158613 tempest-VolumesTestJSON-1906158613-project] Empty body provided in request {{(pid=128528) get_body /opt/stack/cinder/cinder/api/openstack/wsgi.py:715}}
May 27 14:05:20.489077 dv-cinder-843018-4-smb devstack@c-api.service[128528]: DEBUG cinder.api.openstack.wsgi [req-440474b1-850c-4609-a79f-f3db9deb6096 req-069bf1c5-41f6-4587-9ae3-1f02ab1c9e1c tempest-VolumesTestJSON-1906158613 tempest-VolumesTestJSON-1906158613-project] Calling method 'show' {{(pid=128528) _process_stack /opt/stack/cinder/cinder/api/openstack/wsgi.py:868}}
May 27 14:05:20.503516 dv-cinder-843018-4-smb devstack@c-api.service[128527]: INFO cinder.api.openstack.wsgi [None req-f5af4487-84b2-4486-9393-f7535a8dd9eb tempest-SnapshotMetadataTestJSON-164276548 tempest-SnapshotMetadataTestJSON-164276548-project] http://10.222.0.57/volume/v3/807c0934a69e486fab07a695edc7d6b6/volumes/6293012b-c654-44d9-9a41-e066e4097aa2 returned with HTTP 404
May 27 14:05:20.506665 dv-cinder-843018-4-smb devstack@c-api.service[128527]: [pid: 128527|app: 0|req: 55/102] 10.222.0.57 () {58 vars in 1324 bytes} [Fri May 27 14:05:20 2022] GET /volume/v3/807c0934a69e486fab07a695edc7d6b6/volumes/6293012b-c654-44d9-9a41-e066e4097aa2 => generated 109 bytes in 55 msecs (HTTP/1.1 404) 7 headers in 292 bytes (2 switches on core 0)
May 27 14:05:20.575629 dv-cinder-843018-4-smb devstack@c-api.service[128528]: /usr/local/lib/python3.8/dist-packages/oslo_context/context.py:100: DeprecationWarning: Policy enforcement is depending on the value of is_admin. This key is deprecated. Please update your policy file to use the standard policy values.
May 27 14:05:20.575629 dv-cinder-843018-4-smb devstack@c-api.service[128528]: warnings.warn('Policy enforcement is depending on the value of '
May 27 14:05:20.605654 dv-cinder-843018-4-smb devstack@c-api.service[128528]: INFO cinder.volume.api [req-440474b1-850c-4609-a79f-f3db9deb6096 req-069bf1c5-41f6-4587-9ae3-1f02ab1c9e1c tempest-VolumesTestJSON-1906158613 tempest-VolumesTestJSON-1906158613-project] Volume info retrieved successfully.
May 27 14:05:20.629887 dv-cinder-843018-4-smb devstack@c-api.service[128528]: INFO cinder.api.openstack.wsgi [req-440474b1-850c-4609-a79f-f3db9deb6096 req-069bf1c5-41f6-4587-9ae3-1f02ab1c9e1c tempest-VolumesTestJSON-1906158613 tempest-VolumesTestJSON-1906158613-project] http://10.222.0.57/volume/v3/99a87742ab614b819c1ad65e7dd69d14/volumes/fa9940f5-93d6-4b53-bb62-a3d080b5205b returned with HTTP 200
May 27 14:05:20.638711 dv-cinder-843018-4-smb devstack@c-api.service[128528]: [pid: 128528|app: 0|req: 48/103] 10.222.0.57 () {60 vars in 1578 bytes} [Fri May 27 14:05:20 2022] GET /volume/v3/99a87742ab614b819c1ad65e7dd69d14/volumes/fa9940f5-93d6-4b53-bb62-a3d080b5205b => generated 922 bytes in 163 msecs (HTTP/1.1 200) 7 headers in 285 bytes (2 switches on core 0)
May 27 14:05:20.648102 dv-cinder-843018-4-smb devstack@c-api.service[128527]: DEBUG cinder.api.middleware.request_id [None req-f35f0b38-51be-4e3d-9193-fa0e7dee358a None None] RequestId filter calling following filter/app {{(pid=128527) _context_setter /opt/stack/cinder/cinder/api/middleware/request_id.py:62}}
May 27 14:05:20.652422 dv-cinder-843018-4-smb devstack@c-api.service[128527]: INFO cinder.api.openstack.wsgi [None req-f35f0b38-51be-4e3d-9193-fa0e7dee358a tempest-VolumesTestJSON-1906158613 tempest-VolumesTestJSON-1906158613-project] POST http://10.222.0.57/volume/v3/99a87742ab614b819c1ad65e7dd69d14/volumes
May 27 14:05:20.653508 dv-cinder-843018-4-smb devstack@c-api.service[128527]: DEBUG cinder.api.openstack.wsgi [None req-f35f0b38-51be-4e3d-9193-fa0e7dee358a tempest-VolumesTestJSON-1906158613 tempest-VolumesTestJSON-1906158613-project] Action: 'create', calling method: create, body: {"volume": {"metadata": {"Type": "work"}, "size": 1, "display_name": "tempest-VolumesTestJSON-volume-1089116855"}} {{(pid=128527) _process_stack /opt/stack/cinder/cinder/api/openstack/wsgi.py:866}}
May 27 14:05:20.655974 dv-cinder-843018-4-smb devstack@c-api.service[128527]: DEBUG cinder.api.v3.volumes [None req-f35f0b38-51be-4e3d-9193-fa0e7dee358a tempest-VolumesTestJSON-1906158613 tempest-VolumesTestJSON-1906158613-project] Create volume request body: {'volume': {'metadata': {'Type': 'work'}, 'size': 1, 'display_name': 'tempest-VolumesTestJSON-volume-1089116855'}} {{(pid=128527) create /opt/stack/cinder/cinder/api/v3/volumes.py:298}}
May 27 14:05:20.657318 dv-cinder-843018-4-smb devstack@c-api.service[128527]: INFO cinder.api.v3.volumes [None req-f35f0b38-51be-4e3d-9193-fa0e7dee358a tempest-VolumesTestJSON-1906158613 tempest-VolumesTestJSON-1906158613-project] Create volume of 1 GB
May 27 14:05:20.658471 dv-cinder-843018-4-smb devstack@c-api.service[128527]: /usr/local/lib/python3.8/dist-packages/oslo_context/context.py:100: DeprecationWarning: Policy enforcement is depending on the value of is_admin. This key is deprecated. Please update your policy file to use the standard policy values.
May 27 14:05:20.658471 dv-cinder-843018-4-smb devstack@c-api.service[128527]: warnings.warn('Policy enforcement is depending on the value of '
May 27 14:05:20.672590 dv-cinder-843018-4-smb devstack@c-api.service[128527]: INFO cinder.volume.api [None req-f35f0b38-51be-4e3d-9193-fa0e7dee358a tempest-VolumesTestJSON-1906158613 tempest-VolumesTestJSON-1906158613-project] Availability Zones retrieved successfully.
May 27 14:05:20.718751 dv-cinder-843018-4-smb devstack@c-api.service[128527]: DEBUG cinder.volume.api [None req-f35f0b38-51be-4e3d-9193-fa0e7dee358a tempest-VolumesTestJSON-1906158613 tempest-VolumesTestJSON-1906158613-project] Flow 'volume_create_api' (c61aebfc-f235-408e-9dab-0f472a6fb610) transitioned into state 'RUNNING' from state 'PENDING' {{(pid=128527) _flow_receiver /usr/local/lib/python3.8/dist-packages/taskflow/listeners/logging.py:141}}
May 27 14:05:20.747783 dv-cinder-843018-4-smb devstack@c-api.service[128527]: DEBUG cinder.volume.api [None req-f35f0b38-51be-4e3d-9193-fa0e7dee358a tempest-VolumesTestJSON-1906158613 tempest-VolumesTestJSON-1906158613-project] Task 'cinder.volume.flows.api.create_volume.ExtractVolumeRequestTask;volume:create' (9986a482-42d4-4f03-8cf7-3a95e1a8941f) transitioned into state 'RUNNING' from state 'PENDING' {{(pid=128527) _task_receiver /usr/local/lib/python3.8/dist-packages/taskflow/listeners/logging.py:190}}
May 27 14:05:20.755394 dv-cinder-843018-4-smb devstack@c-api.service[128527]: DEBUG cinder.volume.flows.api.create_volume [None req-f35f0b38-51be-4e3d-9193-fa0e7dee358a tempest-VolumesTestJSON-1906158613 tempest-VolumesTestJSON-1906158613-project] Validating volume size '1' using validate_int {{(pid=128527) _extract_size /opt/stack/cinder/cinder/volume/flows/api/create_volume.py:228}}
May 27 14:05:20.888279 dv-cinder-843018-4-smb devstack@c-api.service[128527]: DEBUG cinder.volume.api [None req-f35f0b38-51be-4e3d-9193-fa0e7dee358a tempest-VolumesTestJSON-1906158613 tempest-VolumesTestJSON-1906158613-project] Task 'cinder.volume.flows.api.create_volume.ExtractVolumeRequestTask;volume:create' (9986a482-42d4-4f03-8cf7-3a95e1a8941f) transitioned into state 'SUCCESS' from state 'RUNNING' with result '{'size': 1, 'snapshot_id': None, 'source_volid': None, 'volume_type': VolumeType(created_at=2022-05-27T13:47:51Z,deleted=False,deleted_at=None,description='Default Volume Type',extra_specs={},id=3fd033b6-ad5e-4bd6-b7ea-901296d24b15,is_public=True,name='__DEFAULT__',projects=[],qos_specs=,qos_specs_id=None,updated_at=2022-05-27T13:47:51Z), 'volume_type_id': '3fd033b6-ad5e-4bd6-b7ea-901296d24b15', 'encryption_key_id': None, 'qos_specs': None, 'consistencygroup_id': None, 'cgsnapshot_id': None, 'group_id': None, 'replication_status': 'disabled', 'refresh_az': False, 'backup_id': None, 'multiattach': False, 'availability_zones': ['nova']}' {{(pid=128527) _task_receiver /usr/local/lib/python3.8/dist-packages/taskflow/listeners/logging.py:178}}
May 27 14:05:20.893175 dv-cinder-843018-4-smb devstack@c-api.service[128527]: DEBUG cinder.volume.api [None req-f35f0b38-51be-4e3d-9193-fa0e7dee358a tempest-VolumesTestJSON-1906158613 tempest-VolumesTestJSON-1906158613-project] Task 'cinder.volume.flows.api.create_volume.QuotaReserveTask;volume:create' (da77709a-0e18-4105-a53e-2d1aef8de6aa) transitioned into state 'RUNNING' from state 'PENDING' {{(pid=128527) _task_receiver /usr/local/lib/python3.8/dist-packages/taskflow/listeners/logging.py:190}}
May 27 14:05:20.917063 dv-cinder-843018-4-smb devstack@c-api.service[128528]: DEBUG dbcounter [-] [128528] Writing DB stats cinder:SELECT=86,cinder:UPDATE=9,cinder:INSERT=5 {{(pid=128528) stat_writer /usr/local/lib/python3.8/dist-packages/dbcounter.py:114}}
May 27 14:05:21.142881 dv-cinder-843018-4-smb devstack@c-api.service[128528]: DEBUG cinder.api.middleware.request_id [None req-2f047854-c553-4490-a5f1-52584fb82aee None None] RequestId filter calling following filter/app {{(pid=128528) _context_setter /opt/stack/cinder/cinder/api/middleware/request_id.py:62}}
May 27 14:05:21.264335 dv-cinder-843018-4-smb devstack@c-api.service[128527]: DEBUG cinder.quota [None req-f35f0b38-51be-4e3d-9193-fa0e7dee358a tempest-VolumesTestJSON-1906158613 tempest-VolumesTestJSON-1906158613-project] Created reservations ['1ee0554b-1a3a-4bf6-9e83-bbfc7ca2e33c', '17d708ff-cbb8-4397-8283-b2309cc2f50a', 'f9aa842b-197c-4bd2-b823-4ef180a0cbed', '53d9086e-d325-4895-bf5a-531aa36433fd'] {{(pid=128527) reserve /opt/stack/cinder/cinder/quota.py:755}}
May 27 14:05:21.266679 dv-cinder-843018-4-smb devstack@c-api.service[128527]: DEBUG cinder.volume.api [None req-f35f0b38-51be-4e3d-9193-fa0e7dee358a tempest-VolumesTestJSON-1906158613 tempest-VolumesTestJSON-1906158613-project] Task 'cinder.volume.flows.api.create_volume.QuotaReserveTask;volume:create' (da77709a-0e18-4105-a53e-2d1aef8de6aa) transitioned into state 'SUCCESS' from state 'RUNNING' with result '{'reservations': ['1ee0554b-1a3a-4bf6-9e83-bbfc7ca2e33c', '17d708ff-cbb8-4397-8283-b2309cc2f50a', 'f9aa842b-197c-4bd2-b823-4ef180a0cbed', '53d9086e-d325-4895-bf5a-531aa36433fd']}' {{(pid=128527) _task_receiver /usr/local/lib/python3.8/dist-packages/taskflow/listeners/logging.py:178}}
May 27 14:05:21.270309 dv-cinder-843018-4-smb devstack@c-api.service[128527]: DEBUG cinder.volume.api [None req-f35f0b38-51be-4e3d-9193-fa0e7dee358a tempest-VolumesTestJSON-1906158613 tempest-VolumesTestJSON-1906158613-project] Task 'cinder.volume.flows.api.create_volume.EntryCreateTask;volume:create' (b2c39be8-9f76-49cc-992a-aa33e1c45cf4) transitioned into state 'RUNNING' from state 'PENDING' {{(pid=128527) _task_receiver /usr/local/lib/python3.8/dist-packages/taskflow/listeners/logging.py:190}}
May 27 14:05:21.441507 dv-cinder-843018-4-smb devstack@c-api.service[128528]: INFO cinder.api.openstack.wsgi [None req-2f047854-c553-4490-a5f1-52584fb82aee tempest-VolumeRetypeWithoutMigrationTest-1235518403 tempest-VolumeRetypeWithoutMigrationTest-1235518403-project-admin] POST http://10.222.0.57/volume/v3/062ee30d5fbe4dd08b35c6746174f49d/types
May 27 14:05:21.442957 dv-cinder-843018-4-smb devstack@c-api.service[128528]: DEBUG cinder.api.openstack.wsgi [None req-2f047854-c553-4490-a5f1-52584fb82aee tempest-VolumeRetypeWithoutMigrationTest-1235518403 tempest-VolumeRetypeWithoutMigrationTest-1235518403-project-admin] Action: 'create', calling method: _create, body: {"volume_type": {"name": "volume-type-1"}} {{(pid=128528) _process_stack /opt/stack/cinder/cinder/api/openstack/wsgi.py:866}}
May 27 14:05:21.445007 dv-cinder-843018-4-smb devstack@c-api.service[128527]: DEBUG cinder.volume.api [None req-f35f0b38-51be-4e3d-9193-fa0e7dee358a tempest-VolumesTestJSON-1906158613 tempest-VolumesTestJSON-1906158613-project] Task 'cinder.volume.flows.api.create_volume.EntryCreateTask;volume:create' (b2c39be8-9f76-49cc-992a-aa33e1c45cf4) transitioned into state 'SUCCESS' from state 'RUNNING' with result '{'volume_id': 'b904eaea-9d7b-49fd-9ca5-a373609f723b', 'volume_properties': VolumeProperties(attach_status='detached',availability_zone='nova',cgsnapshot_id=None,consistencygroup_id=None,display_description=None,display_name='tempest-VolumesTestJSON-volume-1089116855',encryption_key_id=None,group_id=None,group_type_id=,metadata={Type='work'},multiattach=False,project_id='99a87742ab614b819c1ad65e7dd69d14',qos_specs=None,replication_status=,reservations=['1ee0554b-1a3a-4bf6-9e83-bbfc7ca2e33c','17d708ff-cbb8-4397-8283-b2309cc2f50a','f9aa842b-197c-4bd2-b823-4ef180a0cbed','53d9086e-d325-4895-bf5a-531aa36433fd'],size=1,snapshot_id=None,source_replicaid=,source_volid=None,status='creating',user_id='a6a859e940a0433099876637ca1a27ca',volume_type_id=3fd033b6-ad5e-4bd6-b7ea-901296d24b15), 'volume': Volume(_name_id=None,admin_metadata=,attach_status='detached',availability_zone='nova',bootable=False,cluster=,cluster_name=None,consistencygroup=,consistencygroup_id=None,created_at=2022-05-27T14:05:21Z,deleted=False,deleted_at=None,display_description=None,display_name='tempest-VolumesTestJSON-volume-1089116855',ec2_id=None,encryption_key_id=None,glance_metadata=,group=,group_id=None,host=None,id=b904eaea-9d7b-49fd-9ca5-a373609f723b,launched_at=None,metadata={Type='work'},migration_status=None,multiattach=False,previous_status=None,project_id='99a87742ab614b819c1ad65e7dd69d14',provider_auth=None,provider_geometry=None,provider_id=None,provider_location=None,replication_driver_data=None,replication_extended_status=None,replication_status=None,scheduled_at=None,service_uuid=None,shared_targets=True,size=1,snapshot_id=None,snapshots=,source_volid=None,status='creating',terminated_at=None,updated_at=None,use_quota=True,user_id='a6a859e940a0433099876637ca1a27ca',volume_attachment=VolumeAttachmentList,volume_type=VolumeType(3fd033b6-ad5e-4bd6-b7ea-901296d24b15),volume_type_id=3fd033b6-ad5e-4bd6-b7ea-901296d24b15)}' {{(pid=128527) _task_receiver /usr/local/lib/python3.8/dist-packages/taskflow/listeners/logging.py:178}}
May 27 14:05:21.447479 dv-cinder-843018-4-smb devstack@c-api.service[128527]: DEBUG cinder.volume.api [None req-f35f0b38-51be-4e3d-9193-fa0e7dee358a tempest-VolumesTestJSON-1906158613 tempest-VolumesTestJSON-1906158613-project] Task 'cinder.volume.flows.api.create_volume.QuotaCommitTask;volume:create' (17e5e360-c8df-495e-9353-c71b70ad321f) transitioned into state 'RUNNING' from state 'PENDING' {{(pid=128527) _task_receiver /usr/local/lib/python3.8/dist-packages/taskflow/listeners/logging.py:190}}
May 27 14:05:21.640331 dv-cinder-843018-4-smb devstack@c-api.service[128528]: INFO cinder.api.openstack.wsgi [None req-2f047854-c553-4490-a5f1-52584fb82aee tempest-VolumeRetypeWithoutMigrationTest-1235518403 tempest-VolumeRetypeWithoutMigrationTest-1235518403-project-admin] http://10.222.0.57/volume/v3/062ee30d5fbe4dd08b35c6746174f49d/types returned with HTTP 200
May 27 14:05:21.641111 dv-cinder-843018-4-smb devstack@c-api.service[128528]: [pid: 128528|app: 0|req: 49/104] 10.222.0.57 () {60 vars in 1228 bytes} [Fri May 27 14:05:21 2022] POST /volume/v3/062ee30d5fbe4dd08b35c6746174f49d/types => generated 188 bytes in 499 msecs (HTTP/1.1 200) 7 headers in 285 bytes (1 switches on core 0)
May 27 14:05:21.646699 dv-cinder-843018-4-smb devstack@c-api.service[128528]: DEBUG cinder.api.middleware.request_id [None req-a1b3eb76-52f5-4b9e-9a9c-a93831481bc7 None None] RequestId filter calling following filter/app {{(pid=128528) _context_setter /opt/stack/cinder/cinder/api/middleware/request_id.py:62}}
May 27 14:05:21.655598 dv-cinder-843018-4-smb devstack@c-api.service[128528]: INFO cinder.api.openstack.wsgi [None req-a1b3eb76-52f5-4b9e-9a9c-a93831481bc7 tempest-GroupsTest-2061893658 tempest-GroupsTest-2061893658-project] GET http://10.222.0.57/volume/v3/5f29c7bf56fb4b14904b6deaee632a54/groups/575ed375-ed21-4786-8ac3-095ff231ebe2
May 27 14:05:21.662379 dv-cinder-843018-4-smb devstack@c-api.service[128528]: DEBUG cinder.api.openstack.wsgi [None req-a1b3eb76-52f5-4b9e-9a9c-a93831481bc7 tempest-GroupsTest-2061893658 tempest-GroupsTest-2061893658-project] Empty body provided in request {{(pid=128528) get_body /opt/stack/cinder/cinder/api/openstack/wsgi.py:715}}
May 27 14:05:21.662379 dv-cinder-843018-4-smb devstack@c-api.service[128528]: DEBUG cinder.api.openstack.wsgi [None req-a1b3eb76-52f5-4b9e-9a9c-a93831481bc7 tempest-GroupsTest-2061893658 tempest-GroupsTest-2061893658-project] Calling method 'version_select' {{(pid=128528) _process_stack /opt/stack/cinder/cinder/api/openstack/wsgi.py:868}}
May 27 14:05:21.662379 dv-cinder-843018-4-smb devstack@c-api.service[128528]: DEBUG cinder.api.v3.groups [None req-a1b3eb76-52f5-4b9e-9a9c-a93831481bc7 tempest-GroupsTest-2061893658 tempest-GroupsTest-2061893658-project] show called for member 575ed375-ed21-4786-8ac3-095ff231ebe2 {{(pid=128528) show /opt/stack/cinder/cinder/api/v3/groups.py:58}}
May 27 14:05:21.676111 dv-cinder-843018-4-smb devstack@c-api.service[128528]: /usr/local/lib/python3.8/dist-packages/oslo_context/context.py:100: DeprecationWarning: Policy enforcement is depending on the value of is_admin. This key is deprecated. Please update your policy file to use the standard policy values.
May 27 14:05:21.676111 dv-cinder-843018-4-smb devstack@c-api.service[128528]: warnings.warn('Policy enforcement is depending on the value of '
May 27 14:05:21.692790 dv-cinder-843018-4-smb devstack@c-api.service[128527]: DEBUG cinder.volume.api [None req-f35f0b38-51be-4e3d-9193-fa0e7dee358a tempest-VolumesTestJSON-1906158613 tempest-VolumesTestJSON-1906158613-project] Task 'cinder.volume.flows.api.create_volume.QuotaCommitTask;volume:create' (17e5e360-c8df-495e-9353-c71b70ad321f) transitioned into state 'SUCCESS' from state 'RUNNING' with result '{'volume_properties': VolumeProperties(attach_status='detached',availability_zone='nova',cgsnapshot_id=None,consistencygroup_id=None,display_description=None,display_name='tempest-VolumesTestJSON-volume-1089116855',encryption_key_id=None,group_id=None,group_type_id=,metadata={Type='work'},multiattach=False,project_id='99a87742ab614b819c1ad65e7dd69d14',qos_specs=None,replication_status=,reservations=['1ee0554b-1a3a-4bf6-9e83-bbfc7ca2e33c','17d708ff-cbb8-4397-8283-b2309cc2f50a','f9aa842b-197c-4bd2-b823-4ef180a0cbed','53d9086e-d325-4895-bf5a-531aa36433fd'],size=1,snapshot_id=None,source_replicaid=,source_volid=None,status='creating',user_id='a6a859e940a0433099876637ca1a27ca',volume_type_id=3fd033b6-ad5e-4bd6-b7ea-901296d24b15)}' {{(pid=128527) _task_receiver /usr/local/lib/python3.8/dist-packages/taskflow/listeners/logging.py:178}}
May 27 14:05:21.699443 dv-cinder-843018-4-smb devstack@c-api.service[128527]: DEBUG cinder.volume.api [None req-f35f0b38-51be-4e3d-9193-fa0e7dee358a tempest-VolumesTestJSON-1906158613 tempest-VolumesTestJSON-1906158613-project] Task 'cinder.volume.flows.api.create_volume.VolumeCastTask;volume:create' (974e5043-6eb9-4a6e-b84d-0590d36b6bb7) transitioned into state 'RUNNING' from state 'PENDING' {{(pid=128527) _task_receiver /usr/local/lib/python3.8/dist-packages/taskflow/listeners/logging.py:190}}
May 27 14:05:21.742789 dv-cinder-843018-4-smb devstack@c-api.service[128528]: INFO cinder.api.openstack.wsgi [None req-a1b3eb76-52f5-4b9e-9a9c-a93831481bc7 tempest-GroupsTest-2061893658 tempest-GroupsTest-2061893658-project] http://10.222.0.57/volume/v3/5f29c7bf56fb4b14904b6deaee632a54/groups/575ed375-ed21-4786-8ac3-095ff231ebe2 returned with HTTP 200
May 27 14:05:21.744172 dv-cinder-843018-4-smb devstack@c-api.service[128528]: [pid: 128528|app: 0|req: 50/105] 10.222.0.57 () {60 vars in 1362 bytes} [Fri May 27 14:05:21 2022] GET /volume/v3/5f29c7bf56fb4b14904b6deaee632a54/groups/575ed375-ed21-4786-8ac3-095ff231ebe2 => generated 333 bytes in 101 msecs (HTTP/1.1 200) 7 headers in 286 bytes (1 switches on core 0)
May 27 14:05:21.755616 dv-cinder-843018-4-smb devstack@c-api.service[128528]: DEBUG cinder.api.middleware.request_id [None req-cd279e65-8981-4da2-b8ad-9a403d98fb58 None None] RequestId filter calling following filter/app {{(pid=128528) _context_setter /opt/stack/cinder/cinder/api/middleware/request_id.py:62}}
