May 27 14:02:14.464758 dv-cinder-843018-4-iscsi devstack@c-api.service[122861]: DEBUG cinder.api.middleware.request_id [None req-3d4a9e4c-47dc-499b-a68a-830953d16162 None None] RequestId filter calling following filter/app {{(pid=122861) _context_setter /opt/stack/cinder/cinder/api/middleware/request_id.py:62}}
May 27 14:02:14.468834 dv-cinder-843018-4-iscsi devstack@c-api.service[122861]: INFO cinder.api.openstack.wsgi [None req-3d4a9e4c-47dc-499b-a68a-830953d16162 tempest-GroupSnapshotsTest-59605981 tempest-GroupSnapshotsTest-59605981-project] GET http://10.222.0.42/volume/v3/c2d04d00f0b84050a77986f80e11c44b/snapshots/df04910b-9449-4ed6-965a-76f21a624ee3
May 27 14:02:14.469303 dv-cinder-843018-4-iscsi devstack@c-api.service[122861]: DEBUG cinder.api.openstack.wsgi [None req-3d4a9e4c-47dc-499b-a68a-830953d16162 tempest-GroupSnapshotsTest-59605981 tempest-GroupSnapshotsTest-59605981-project] Empty body provided in request {{(pid=122861) get_body /opt/stack/cinder/cinder/api/openstack/wsgi.py:715}}
May 27 14:02:14.469763 dv-cinder-843018-4-iscsi devstack@c-api.service[122861]: DEBUG cinder.api.openstack.wsgi [None req-3d4a9e4c-47dc-499b-a68a-830953d16162 tempest-GroupSnapshotsTest-59605981 tempest-GroupSnapshotsTest-59605981-project] Calling method 'show' {{(pid=122861) _process_stack /opt/stack/cinder/cinder/api/openstack/wsgi.py:868}}
May 27 14:02:14.478957 dv-cinder-843018-4-iscsi devstack@c-api.service[122861]: INFO cinder.api.openstack.wsgi [None req-3d4a9e4c-47dc-499b-a68a-830953d16162 tempest-GroupSnapshotsTest-59605981 tempest-GroupSnapshotsTest-59605981-project] http://10.222.0.42/volume/v3/c2d04d00f0b84050a77986f80e11c44b/snapshots/df04910b-9449-4ed6-965a-76f21a624ee3 returned with HTTP 404
May 27 14:02:14.479837 dv-cinder-843018-4-iscsi devstack@c-api.service[122861]: [pid: 122861|app: 0|req: 183/374] 10.222.0.42 () {58 vars in 1330 bytes} [Fri May 27 14:02:14 2022] GET /volume/v3/c2d04d00f0b84050a77986f80e11c44b/snapshots/df04910b-9449-4ed6-965a-76f21a624ee3 => generated 111 bytes in 16 msecs (HTTP/1.1 404) 7 headers in 292 bytes (1 switches on core 0)
May 27 14:02:14.484356 dv-cinder-843018-4-iscsi devstack@c-api.service[122861]: DEBUG cinder.api.middleware.request_id [None req-57422a41-5938-4cae-8b3a-c49b87913823 None None] RequestId filter calling following filter/app {{(pid=122861) _context_setter /opt/stack/cinder/cinder/api/middleware/request_id.py:62}}
May 27 14:02:14.484621 dv-cinder-843018-4-iscsi devstack@c-api.service[122862]: DEBUG cinder.api.middleware.request_id [None req-7e0b35a2-1c4c-47a1-ba27-b672aaf0e876 None None] RequestId filter calling following filter/app {{(pid=122862) _context_setter /opt/stack/cinder/cinder/api/middleware/request_id.py:62}}
May 27 14:02:14.488227 dv-cinder-843018-4-iscsi devstack@c-api.service[122861]: INFO cinder.api.openstack.wsgi [None req-57422a41-5938-4cae-8b3a-c49b87913823 tempest-SnapshotsActionsTest-904085598 tempest-SnapshotsActionsTest-904085598-project] GET http://10.222.0.42/volume/v3/06aab54ee43b4d4a8e813fab4def5117/snapshots/7da683b9-f6e9-4500-9b45-ce563bdb4116
May 27 14:02:14.488582 dv-cinder-843018-4-iscsi devstack@c-api.service[122862]: INFO cinder.api.openstack.wsgi [None req-7e0b35a2-1c4c-47a1-ba27-b672aaf0e876 tempest-GroupSnapshotsTest-59605981 tempest-GroupSnapshotsTest-59605981-project] GET http://10.222.0.42/volume/v3/c2d04d00f0b84050a77986f80e11c44b/group_snapshots/71447259-3408-4cf0-89c4-aacd331eed3e
May 27 14:02:14.488688 dv-cinder-843018-4-iscsi devstack@c-api.service[122861]: DEBUG cinder.api.openstack.wsgi [None req-57422a41-5938-4cae-8b3a-c49b87913823 tempest-SnapshotsActionsTest-904085598 tempest-SnapshotsActionsTest-904085598-project] Empty body provided in request {{(pid=122861) get_body /opt/stack/cinder/cinder/api/openstack/wsgi.py:715}}
May 27 14:02:14.489056 dv-cinder-843018-4-iscsi devstack@c-api.service[122862]: DEBUG cinder.api.openstack.wsgi [None req-7e0b35a2-1c4c-47a1-ba27-b672aaf0e876 tempest-GroupSnapshotsTest-59605981 tempest-GroupSnapshotsTest-59605981-project] Empty body provided in request {{(pid=122862) get_body /opt/stack/cinder/cinder/api/openstack/wsgi.py:715}}
May 27 14:02:14.489165 dv-cinder-843018-4-iscsi devstack@c-api.service[122861]: DEBUG cinder.api.openstack.wsgi [None req-57422a41-5938-4cae-8b3a-c49b87913823 tempest-SnapshotsActionsTest-904085598 tempest-SnapshotsActionsTest-904085598-project] Calling method 'show' {{(pid=122861) _process_stack /opt/stack/cinder/cinder/api/openstack/wsgi.py:868}}
May 27 14:02:14.489494 dv-cinder-843018-4-iscsi devstack@c-api.service[122862]: DEBUG cinder.api.openstack.wsgi [None req-7e0b35a2-1c4c-47a1-ba27-b672aaf0e876 tempest-GroupSnapshotsTest-59605981 tempest-GroupSnapshotsTest-59605981-project] Calling method 'version_select' {{(pid=122862) _process_stack /opt/stack/cinder/cinder/api/openstack/wsgi.py:868}}
May 27 14:02:14.489873 dv-cinder-843018-4-iscsi devstack@c-api.service[122862]: DEBUG cinder.api.v3.group_snapshots [None req-7e0b35a2-1c4c-47a1-ba27-b672aaf0e876 tempest-GroupSnapshotsTest-59605981 tempest-GroupSnapshotsTest-59605981-project] show called for member 71447259-3408-4cf0-89c4-aacd331eed3e {{(pid=122862) show /opt/stack/cinder/cinder/api/v3/group_snapshots.py:58}}
May 27 14:02:14.494444 dv-cinder-843018-4-iscsi devstack@c-api.service[122862]: INFO cinder.api.openstack.wsgi [None req-7e0b35a2-1c4c-47a1-ba27-b672aaf0e876 tempest-GroupSnapshotsTest-59605981 tempest-GroupSnapshotsTest-59605981-project] http://10.222.0.42/volume/v3/c2d04d00f0b84050a77986f80e11c44b/group_snapshots/71447259-3408-4cf0-89c4-aacd331eed3e returned with HTTP 404
May 27 14:02:14.498589 dv-cinder-843018-4-iscsi devstack@c-api.service[122862]: [pid: 122862|app: 0|req: 192/375] 10.222.0.42 () {60 vars in 1389 bytes} [Fri May 27 14:02:14 2022] GET /volume/v3/c2d04d00f0b84050a77986f80e11c44b/group_snapshots/71447259-3408-4cf0-89c4-aacd331eed3e => generated 116 bytes in 12 msecs (HTTP/1.1 404) 7 headers in 293 bytes (1 switches on core 0)
May 27 14:02:14.499592 dv-cinder-843018-4-iscsi devstack@c-api.service[122861]: /usr/local/lib/python3.8/dist-packages/oslo_context/context.py:100: DeprecationWarning: Policy enforcement is depending on the value of is_admin. This key is deprecated. Please update your policy file to use the standard policy values.
May 27 14:02:14.499592 dv-cinder-843018-4-iscsi devstack@c-api.service[122861]: warnings.warn('Policy enforcement is depending on the value of '
May 27 14:02:14.500700 dv-cinder-843018-4-iscsi devstack@c-api.service[122861]: INFO cinder.volume.api [None req-57422a41-5938-4cae-8b3a-c49b87913823 tempest-SnapshotsActionsTest-904085598 tempest-SnapshotsActionsTest-904085598-project] Snapshot retrieved successfully.
May 27 14:02:14.502131 dv-cinder-843018-4-iscsi devstack@c-api.service[122862]: DEBUG cinder.api.middleware.request_id [None req-5bb50b62-acaf-4ab7-8477-f931d4c47c50 None None] RequestId filter calling following filter/app {{(pid=122862) _context_setter /opt/stack/cinder/cinder/api/middleware/request_id.py:62}}
May 27 14:02:14.502507 dv-cinder-843018-4-iscsi devstack@c-api.service[122861]: INFO cinder.api.openstack.wsgi [None req-57422a41-5938-4cae-8b3a-c49b87913823 tempest-SnapshotsActionsTest-904085598 tempest-SnapshotsActionsTest-904085598-project] http://10.222.0.42/volume/v3/06aab54ee43b4d4a8e813fab4def5117/snapshots/7da683b9-f6e9-4500-9b45-ce563bdb4116 returned with HTTP 200
May 27 14:02:14.503262 dv-cinder-843018-4-iscsi devstack@c-api.service[122861]: [pid: 122861|app: 0|req: 184/376] 10.222.0.42 () {58 vars in 1330 bytes} [Fri May 27 14:02:14 2022] GET /volume/v3/06aab54ee43b4d4a8e813fab4def5117/snapshots/7da683b9-f6e9-4500-9b45-ce563bdb4116 => generated 465 bytes in 20 msecs (HTTP/1.1 200) 7 headers in 285 bytes (2 switches on core 0)
May 27 14:02:14.505488 dv-cinder-843018-4-iscsi devstack@c-api.service[122862]: INFO cinder.api.openstack.wsgi [None req-5bb50b62-acaf-4ab7-8477-f931d4c47c50 tempest-GroupSnapshotsTest-59605981 tempest-GroupSnapshotsTest-59605981-project] GET http://10.222.0.42/volume/v3/c2d04d00f0b84050a77986f80e11c44b/volumes/detail
May 27 14:02:14.505960 dv-cinder-843018-4-iscsi devstack@c-api.service[122862]: DEBUG cinder.api.openstack.wsgi [None req-5bb50b62-acaf-4ab7-8477-f931d4c47c50 tempest-GroupSnapshotsTest-59605981 tempest-GroupSnapshotsTest-59605981-project] Empty body provided in request {{(pid=122862) get_body /opt/stack/cinder/cinder/api/openstack/wsgi.py:715}}
May 27 14:02:14.506430 dv-cinder-843018-4-iscsi devstack@c-api.service[122862]: DEBUG cinder.api.openstack.wsgi [None req-5bb50b62-acaf-4ab7-8477-f931d4c47c50 tempest-GroupSnapshotsTest-59605981 tempest-GroupSnapshotsTest-59605981-project] Calling method 'detail' {{(pid=122862) _process_stack /opt/stack/cinder/cinder/api/openstack/wsgi.py:868}}
May 27 14:02:14.507116 dv-cinder-843018-4-iscsi devstack@c-api.service[122862]: DEBUG cinder.api.api_utils [None req-5bb50b62-acaf-4ab7-8477-f931d4c47c50 tempest-GroupSnapshotsTest-59605981 tempest-GroupSnapshotsTest-59605981-project] Removing options '' from query. {{(pid=122862) remove_invalid_filter_options /opt/stack/cinder/cinder/api/api_utils.py:73}}
May 27 14:02:14.509136 dv-cinder-843018-4-iscsi devstack@c-api.service[122862]: DEBUG cinder.volume.api [None req-5bb50b62-acaf-4ab7-8477-f931d4c47c50 tempest-GroupSnapshotsTest-59605981 tempest-GroupSnapshotsTest-59605981-project] Searching by: MultiDict([('no_migration_targets', True)]). {{(pid=122862) get_all /opt/stack/cinder/cinder/volume/api.py:664}}
May 27 14:02:14.510228 dv-cinder-843018-4-iscsi devstack@c-api.service[122861]: DEBUG cinder.api.middleware.request_id [None req-c0e415eb-dc90-439b-9154-4db27206a4e1 None None] RequestId filter calling following filter/app {{(pid=122861) _context_setter /opt/stack/cinder/cinder/api/middleware/request_id.py:62}}
May 27 14:02:14.513998 dv-cinder-843018-4-iscsi devstack@c-api.service[122861]: INFO cinder.api.openstack.wsgi [None req-c0e415eb-dc90-439b-9154-4db27206a4e1 tempest-SnapshotsActionsTest-799910155 tempest-SnapshotsActionsTest-799910155-project-admin] POST http://10.222.0.42/volume/v3/b8668fb7a1b0436e90ec316886b50d8e/snapshots/7da683b9-f6e9-4500-9b45-ce563bdb4116/action
May 27 14:02:14.514708 dv-cinder-843018-4-iscsi devstack@c-api.service[122861]: DEBUG cinder.api.openstack.wsgi [None req-c0e415eb-dc90-439b-9154-4db27206a4e1 tempest-SnapshotsActionsTest-799910155 tempest-SnapshotsActionsTest-799910155-project-admin] Action body: b'{"os-reset_status": {"status": "error"}}' {{(pid=122861) get_method /opt/stack/cinder/cinder/api/openstack/wsgi.py:983}}
May 27 14:02:14.515060 dv-cinder-843018-4-iscsi devstack@c-api.service[122861]: DEBUG cinder.api.openstack.wsgi [None req-c0e415eb-dc90-439b-9154-4db27206a4e1 tempest-SnapshotsActionsTest-799910155 tempest-SnapshotsActionsTest-799910155-project-admin] Action: 'action', calling method: _reset_status, body: {"os-reset_status": {"status": "error"}} {{(pid=122861) _process_stack /opt/stack/cinder/cinder/api/openstack/wsgi.py:866}}
May 27 14:02:14.515867 dv-cinder-843018-4-iscsi devstack@c-api.service[122861]: DEBUG cinder.api.contrib.admin_actions [None req-c0e415eb-dc90-439b-9154-4db27206a4e1 tempest-SnapshotsActionsTest-799910155 tempest-SnapshotsActionsTest-799910155-project-admin] Updating snapshot '7da683b9-f6e9-4500-9b45-ce563bdb4116' with '{'status': 'error'}' {{(pid=122861) _reset_status /opt/stack/cinder/cinder/api/contrib/admin_actions.py:100}}
May 27 14:02:14.534237 dv-cinder-843018-4-iscsi devstack@c-api.service[122861]: /usr/local/lib/python3.8/dist-packages/oslo_context/context.py:100: DeprecationWarning: Policy enforcement is depending on the value of is_admin. This key is deprecated. Please update your policy file to use the standard policy values.
May 27 14:02:14.534237 dv-cinder-843018-4-iscsi devstack@c-api.service[122861]: warnings.warn('Policy enforcement is depending on the value of '
May 27 14:02:14.557845 dv-cinder-843018-4-iscsi devstack@c-api.service[122862]: INFO cinder.volume.api [None req-5bb50b62-acaf-4ab7-8477-f931d4c47c50 tempest-GroupSnapshotsTest-59605981 tempest-GroupSnapshotsTest-59605981-project] Get all volumes completed successfully.
May 27 14:02:14.559306 dv-cinder-843018-4-iscsi devstack@c-api.service[122862]: WARNING stevedore.named [None req-5bb50b62-acaf-4ab7-8477-f931d4c47c50 tempest-GroupSnapshotsTest-59605981 tempest-GroupSnapshotsTest-59605981-project] Could not load cinder.keymgr.conf_key_mgr.ConfKeyManager
May 27 14:02:14.559757 dv-cinder-843018-4-iscsi devstack@c-api.service[122862]: WARNING castellan.key_manager [None req-5bb50b62-acaf-4ab7-8477-f931d4c47c50 tempest-GroupSnapshotsTest-59605981 tempest-GroupSnapshotsTest-59605981-project] Deprecation Warning : cinder.keymgr.conf_key_mgr.ConfKeyManager is not a stevedore based driver, trying to load it as a class: stevedore.exception.NoMatches: No 'castellan.drivers' driver found, looking for 'cinder.keymgr.conf_key_mgr.ConfKeyManager'
May 27 14:02:14.566857 dv-cinder-843018-4-iscsi devstack@c-api.service[122862]: DEBUG oslo_db.sqlalchemy.engines [None req-5bb50b62-acaf-4ab7-8477-f931d4c47c50 tempest-GroupSnapshotsTest-59605981 tempest-GroupSnapshotsTest-59605981-project] MySQL server mode set to STRICT_TRANS_TABLES,STRICT_ALL_TABLES,NO_ZERO_IN_DATE,NO_ZERO_DATE,ERROR_FOR_DIVISION_BY_ZERO,TRADITIONAL,NO_ENGINE_SUBSTITUTION {{(pid=122862) _check_effective_sql_mode /usr/local/lib/python3.8/dist-packages/oslo_db/sqlalchemy/engines.py:314}}
May 27 14:02:14.572533 dv-cinder-843018-4-iscsi devstack@c-api.service[122862]: /usr/local/lib/python3.8/dist-packages/oslo_context/context.py:100: DeprecationWarning: Policy enforcement is depending on the value of is_admin. This key is deprecated. Please update your policy file to use the standard policy values.
May 27 14:02:14.572533 dv-cinder-843018-4-iscsi devstack@c-api.service[122862]: warnings.warn('Policy enforcement is depending on the value of '
May 27 14:02:14.586802 dv-cinder-843018-4-iscsi devstack@c-api.service[122862]: INFO cinder.api.openstack.wsgi [None req-5bb50b62-acaf-4ab7-8477-f931d4c47c50 tempest-GroupSnapshotsTest-59605981 tempest-GroupSnapshotsTest-59605981-project] http://10.222.0.42/volume/v3/c2d04d00f0b84050a77986f80e11c44b/volumes/detail returned with HTTP 200
May 27 14:02:14.587595 dv-cinder-843018-4-iscsi devstack@c-api.service[122862]: [pid: 122862|app: 0|req: 193/377] 10.222.0.42 () {60 vars in 1275 bytes} [Fri May 27 14:02:14 2022] GET /volume/v3/c2d04d00f0b84050a77986f80e11c44b/volumes/detail => generated 1004 bytes in 86 msecs (HTTP/1.1 200) 7 headers in 287 bytes (1 switches on core 0)
May 27 14:02:14.596930 dv-cinder-843018-4-iscsi devstack@c-api.service[122862]: DEBUG cinder.api.middleware.request_id [None req-ee78bcc0-9f91-42d0-9b2f-b7616f07a119 None None] RequestId filter calling following filter/app {{(pid=122862) _context_setter /opt/stack/cinder/cinder/api/middleware/request_id.py:62}}
May 27 14:02:14.601210 dv-cinder-843018-4-iscsi devstack@c-api.service[122862]: INFO cinder.api.openstack.wsgi [None req-ee78bcc0-9f91-42d0-9b2f-b7616f07a119 tempest-DeleteServersTestJSON-661438392 tempest-DeleteServersTestJSON-661438392-project] GET http://10.222.0.42/volume/v3/fd46f9321b0a4f3b8e5b46ea83a49d2a/volumes/5ea91163-619f-4b1b-8604-2cf2049028e5
May 27 14:02:14.602563 dv-cinder-843018-4-iscsi devstack@c-api.service[122862]: DEBUG cinder.api.openstack.wsgi [None req-ee78bcc0-9f91-42d0-9b2f-b7616f07a119 tempest-DeleteServersTestJSON-661438392 tempest-DeleteServersTestJSON-661438392-project] Empty body provided in request {{(pid=122862) get_body /opt/stack/cinder/cinder/api/openstack/wsgi.py:715}}
May 27 14:02:14.603253 dv-cinder-843018-4-iscsi devstack@c-api.service[122862]: DEBUG cinder.api.openstack.wsgi [None req-ee78bcc0-9f91-42d0-9b2f-b7616f07a119 tempest-DeleteServersTestJSON-661438392 tempest-DeleteServersTestJSON-661438392-project] Calling method 'show' {{(pid=122862) _process_stack /opt/stack/cinder/cinder/api/openstack/wsgi.py:868}}
May 27 14:02:14.624781 dv-cinder-843018-4-iscsi devstack@c-api.service[122861]: INFO cinder.api.openstack.wsgi [None req-c0e415eb-dc90-439b-9154-4db27206a4e1 tempest-SnapshotsActionsTest-799910155 tempest-SnapshotsActionsTest-799910155-project-admin] http://10.222.0.42/volume/v3/b8668fb7a1b0436e90ec316886b50d8e/snapshots/7da683b9-f6e9-4500-9b45-ce563bdb4116/action returned with HTTP 202
May 27 14:02:14.626885 dv-cinder-843018-4-iscsi devstack@c-api.service[122861]: [pid: 122861|app: 0|req: 185/378] 10.222.0.42 () {60 vars in 1372 bytes} [Fri May 27 14:02:14 2022] POST /volume/v3/b8668fb7a1b0436e90ec316886b50d8e/snapshots/7da683b9-f6e9-4500-9b45-ce563bdb4116/action => generated 0 bytes in 117 msecs (HTTP/1.1 202) 7 headers in 289 bytes (2 switches on core 0)
May 27 14:02:14.628370 dv-cinder-843018-4-iscsi devstack@c-api.service[122861]: DEBUG cinder.api.middleware.request_id [None req-9c7d76ad-0583-4c2a-bb0d-ec98a8ae0581 None None] RequestId filter calling following filter/app {{(pid=122861) _context_setter /opt/stack/cinder/cinder/api/middleware/request_id.py:62}}
May 27 14:02:14.630088 dv-cinder-843018-4-iscsi devstack@c-api.service[122862]: /usr/local/lib/python3.8/dist-packages/oslo_context/context.py:100: DeprecationWarning: Policy enforcement is depending on the value of is_admin. This key is deprecated. Please update your policy file to use the standard policy values.
May 27 14:02:14.630088 dv-cinder-843018-4-iscsi devstack@c-api.service[122862]: warnings.warn('Policy enforcement is depending on the value of '
May 27 14:02:14.634164 dv-cinder-843018-4-iscsi devstack@c-api.service[122861]: INFO cinder.api.openstack.wsgi [None req-9c7d76ad-0583-4c2a-bb0d-ec98a8ae0581 tempest-GroupSnapshotsTest-59605981 tempest-GroupSnapshotsTest-59605981-project] POST http://10.222.0.42/volume/v3/c2d04d00f0b84050a77986f80e11c44b/groups/bb583274-7f10-4fc7-873b-2f36f1fdcad5/action
May 27 14:02:14.635301 dv-cinder-843018-4-iscsi devstack@c-api.service[122861]: DEBUG cinder.api.openstack.wsgi [None req-9c7d76ad-0583-4c2a-bb0d-ec98a8ae0581 tempest-GroupSnapshotsTest-59605981 tempest-GroupSnapshotsTest-59605981-project] Action body: b'{"delete": {"delete-volumes": true}}' {{(pid=122861) get_method /opt/stack/cinder/cinder/api/openstack/wsgi.py:983}}
May 27 14:02:14.635805 dv-cinder-843018-4-iscsi devstack@c-api.service[122861]: DEBUG cinder.api.openstack.wsgi [None req-9c7d76ad-0583-4c2a-bb0d-ec98a8ae0581 tempest-GroupSnapshotsTest-59605981 tempest-GroupSnapshotsTest-59605981-project] Action: 'action', calling method: delete_group, body: {"delete": {"delete-volumes": true}} {{(pid=122861) _process_stack /opt/stack/cinder/cinder/api/openstack/wsgi.py:866}}
May 27 14:02:14.637068 dv-cinder-843018-4-iscsi devstack@c-api.service[122861]: DEBUG cinder.api.v3.groups [None req-9c7d76ad-0583-4c2a-bb0d-ec98a8ae0581 tempest-GroupSnapshotsTest-59605981 tempest-GroupSnapshotsTest-59605981-project] delete called for group bb583274-7f10-4fc7-873b-2f36f1fdcad5 {{(pid=122861) _delete /opt/stack/cinder/cinder/api/v3/groups.py:117}}
May 27 14:02:14.637357 dv-cinder-843018-4-iscsi devstack@c-api.service[122861]: INFO cinder.api.v3.groups [None req-9c7d76ad-0583-4c2a-bb0d-ec98a8ae0581 tempest-GroupSnapshotsTest-59605981 tempest-GroupSnapshotsTest-59605981-project] Delete group with id: bb583274-7f10-4fc7-873b-2f36f1fdcad5
May 27 14:02:14.641570 dv-cinder-843018-4-iscsi devstack@c-api.service[122862]: INFO cinder.volume.api [None req-ee78bcc0-9f91-42d0-9b2f-b7616f07a119 tempest-DeleteServersTestJSON-661438392 tempest-DeleteServersTestJSON-661438392-project] Volume info retrieved successfully.
May 27 14:02:14.643981 dv-cinder-843018-4-iscsi devstack@c-api.service[122861]: /usr/local/lib/python3.8/dist-packages/oslo_context/context.py:100: DeprecationWarning: Policy enforcement is depending on the value of is_admin. This key is deprecated. Please update your policy file to use the standard policy values.
May 27 14:02:14.643981 dv-cinder-843018-4-iscsi devstack@c-api.service[122861]: warnings.warn('Policy enforcement is depending on the value of '
May 27 14:02:14.655493 dv-cinder-843018-4-iscsi devstack@c-api.service[122862]: INFO cinder.api.openstack.wsgi [None req-ee78bcc0-9f91-42d0-9b2f-b7616f07a119 tempest-DeleteServersTestJSON-661438392 tempest-DeleteServersTestJSON-661438392-project] http://10.222.0.42/volume/v3/fd46f9321b0a4f3b8e5b46ea83a49d2a/volumes/5ea91163-619f-4b1b-8604-2cf2049028e5 returned with HTTP 200
May 27 14:02:14.659239 dv-cinder-843018-4-iscsi devstack@c-api.service[122862]: [pid: 122862|app: 0|req: 194/379] 10.222.0.42 () {58 vars in 1324 bytes} [Fri May 27 14:02:14 2022] GET /volume/v3/fd46f9321b0a4f3b8e5b46ea83a49d2a/volumes/5ea91163-619f-4b1b-8604-2cf2049028e5 => generated 913 bytes in 63 msecs (HTTP/1.1 200) 7 headers in 285 bytes (1 switches on core 0)
May 27 14:02:14.661382 dv-cinder-843018-4-iscsi devstack@c-api.service[122862]: DEBUG cinder.api.middleware.request_id [None req-e802d363-33af-428f-8484-348edd507e4c None None] RequestId filter calling following filter/app {{(pid=122862) _context_setter /opt/stack/cinder/cinder/api/middleware/request_id.py:62}}
May 27 14:02:14.672466 dv-cinder-843018-4-iscsi devstack@c-api.service[122862]: INFO cinder.api.openstack.wsgi [None req-e802d363-33af-428f-8484-348edd507e4c tempest-SnapshotsActionsTest-904085598 tempest-SnapshotsActionsTest-904085598-project] GET http://10.222.0.42/volume/v3/06aab54ee43b4d4a8e813fab4def5117/snapshots/7da683b9-f6e9-4500-9b45-ce563bdb4116
May 27 14:02:14.673022 dv-cinder-843018-4-iscsi devstack@c-api.service[122862]: DEBUG cinder.api.openstack.wsgi [None req-e802d363-33af-428f-8484-348edd507e4c tempest-SnapshotsActionsTest-904085598 tempest-SnapshotsActionsTest-904085598-project] Empty body provided in request {{(pid=122862) get_body /opt/stack/cinder/cinder/api/openstack/wsgi.py:715}}
May 27 14:02:14.673629 dv-cinder-843018-4-iscsi devstack@c-api.service[122862]: DEBUG cinder.api.openstack.wsgi [None req-e802d363-33af-428f-8484-348edd507e4c tempest-SnapshotsActionsTest-904085598 tempest-SnapshotsActionsTest-904085598-project] Calling method 'show' {{(pid=122862) _process_stack /opt/stack/cinder/cinder/api/openstack/wsgi.py:868}}
May 27 14:02:14.686036 dv-cinder-843018-4-iscsi devstack@c-api.service[122862]: /usr/local/lib/python3.8/dist-packages/oslo_context/context.py:100: DeprecationWarning: Policy enforcement is depending on the value of is_admin. This key is deprecated. Please update your policy file to use the standard policy values.
May 27 14:02:14.686036 dv-cinder-843018-4-iscsi devstack@c-api.service[122862]: warnings.warn('Policy enforcement is depending on the value of '
May 27 14:02:14.688051 dv-cinder-843018-4-iscsi devstack@c-api.service[122862]: INFO cinder.volume.api [None req-e802d363-33af-428f-8484-348edd507e4c tempest-SnapshotsActionsTest-904085598 tempest-SnapshotsActionsTest-904085598-project] Snapshot retrieved successfully.
May 27 14:02:14.689579 dv-cinder-843018-4-iscsi devstack@c-api.service[122862]: INFO cinder.api.openstack.wsgi [None req-e802d363-33af-428f-8484-348edd507e4c tempest-SnapshotsActionsTest-904085598 tempest-SnapshotsActionsTest-904085598-project] http://10.222.0.42/volume/v3/06aab54ee43b4d4a8e813fab4def5117/snapshots/7da683b9-f6e9-4500-9b45-ce563bdb4116 returned with HTTP 200
May 27 14:02:14.691337 dv-cinder-843018-4-iscsi devstack@c-api.service[122862]: [pid: 122862|app: 0|req: 195/380] 10.222.0.42 () {58 vars in 1330 bytes} [Fri May 27 14:02:14 2022] GET /volume/v3/06aab54ee43b4d4a8e813fab4def5117/snapshots/7da683b9-f6e9-4500-9b45-ce563bdb4116 => generated 461 bytes in 31 msecs (HTTP/1.1 200) 7 headers in 285 bytes (1 switches on core 0)
May 27 14:02:14.700523 dv-cinder-843018-4-iscsi devstack@c-api.service[122862]: DEBUG cinder.api.middleware.request_id [None req-584b0fd9-6e70-43f7-8a13-433b1599864b None None] RequestId filter calling following filter/app {{(pid=122862) _context_setter /opt/stack/cinder/cinder/api/middleware/request_id.py:62}}
May 27 14:02:14.705877 dv-cinder-843018-4-iscsi devstack@c-api.service[122862]: INFO cinder.api.openstack.wsgi [None req-584b0fd9-6e70-43f7-8a13-433b1599864b tempest-SnapshotsActionsTest-799910155 tempest-SnapshotsActionsTest-799910155-project-admin] POST http://10.222.0.42/volume/v3/b8668fb7a1b0436e90ec316886b50d8e/snapshots/7da683b9-f6e9-4500-9b45-ce563bdb4116/action
May 27 14:02:14.706986 dv-cinder-843018-4-iscsi devstack@c-api.service[122862]: DEBUG cinder.api.openstack.wsgi [None req-584b0fd9-6e70-43f7-8a13-433b1599864b tempest-SnapshotsActionsTest-799910155 tempest-SnapshotsActionsTest-799910155-project-admin] Action body: b'{"os-force_delete": {}}' {{(pid=122862) get_method /opt/stack/cinder/cinder/api/openstack/wsgi.py:983}}
May 27 14:02:14.707530 dv-cinder-843018-4-iscsi devstack@c-api.service[122862]: DEBUG cinder.api.openstack.wsgi [None req-584b0fd9-6e70-43f7-8a13-433b1599864b tempest-SnapshotsActionsTest-799910155 tempest-SnapshotsActionsTest-799910155-project-admin] Action: 'action', calling method: _force_delete, body: {"os-force_delete": {}} {{(pid=122862) _process_stack /opt/stack/cinder/cinder/api/openstack/wsgi.py:866}}
May 27 14:02:14.728364 dv-cinder-843018-4-iscsi devstack@c-api.service[122862]: /usr/local/lib/python3.8/dist-packages/oslo_context/context.py:100: DeprecationWarning: Policy enforcement is depending on the value of is_admin. This key is deprecated. Please update your policy file to use the standard policy values.
May 27 14:02:14.728364 dv-cinder-843018-4-iscsi devstack@c-api.service[122862]: warnings.warn('Policy enforcement is depending on the value of '
May 27 14:02:14.729543 dv-cinder-843018-4-iscsi devstack@c-api.service[122862]: INFO cinder.volume.api [None req-584b0fd9-6e70-43f7-8a13-433b1599864b tempest-SnapshotsActionsTest-799910155 tempest-SnapshotsActionsTest-799910155-project-admin] Snapshot retrieved successfully.
May 27 14:02:14.851737 dv-cinder-843018-4-iscsi devstack@c-api.service[122862]: INFO cinder.volume.api [None req-584b0fd9-6e70-43f7-8a13-433b1599864b tempest-SnapshotsActionsTest-799910155 tempest-SnapshotsActionsTest-799910155-project-admin] Snapshot delete request issued successfully.
May 27 14:02:14.853064 dv-cinder-843018-4-iscsi devstack@c-api.service[122862]: INFO cinder.api.openstack.wsgi [None req-584b0fd9-6e70-43f7-8a13-433b1599864b tempest-SnapshotsActionsTest-799910155 tempest-SnapshotsActionsTest-799910155-project-admin] http://10.222.0.42/volume/v3/b8668fb7a1b0436e90ec316886b50d8e/snapshots/7da683b9-f6e9-4500-9b45-ce563bdb4116/action returned with HTTP 202
May 27 14:02:14.857130 dv-cinder-843018-4-iscsi devstack@c-api.service[122862]: [pid: 122862|app: 0|req: 196/381] 10.222.0.42 () {60 vars in 1372 bytes} [Fri May 27 14:02:14 2022] POST /volume/v3/b8668fb7a1b0436e90ec316886b50d8e/snapshots/7da683b9-f6e9-4500-9b45-ce563bdb4116/action => generated 0 bytes in 155 msecs (HTTP/1.1 202) 7 headers in 289 bytes (1 switches on core 0)
May 27 14:02:14.857130 dv-cinder-843018-4-iscsi devstack@c-api.service[122862]: DEBUG cinder.api.middleware.request_id [req-8fe20697-8688-4d9b-9a6e-5ce7288d608e req-694fc762-2379-44b3-b388-03295c1ac6df None None] RequestId filter calling following filter/app {{(pid=122862) _context_setter /opt/stack/cinder/cinder/api/middleware/request_id.py:62}}
May 27 14:02:14.860052 dv-cinder-843018-4-iscsi devstack@c-api.service[122862]: INFO cinder.api.openstack.wsgi [req-8fe20697-8688-4d9b-9a6e-5ce7288d608e req-694fc762-2379-44b3-b388-03295c1ac6df tempest-DeleteServersTestJSON-661438392 tempest-DeleteServersTestJSON-661438392-project] GET http://10.222.0.42/volume/v3/fd46f9321b0a4f3b8e5b46ea83a49d2a/volumes/5ea91163-619f-4b1b-8604-2cf2049028e5
May 27 14:02:14.860601 dv-cinder-843018-4-iscsi devstack@c-api.service[122862]: DEBUG cinder.api.openstack.wsgi [req-8fe20697-8688-4d9b-9a6e-5ce7288d608e req-694fc762-2379-44b3-b388-03295c1ac6df tempest-DeleteServersTestJSON-661438392 tempest-DeleteServersTestJSON-661438392-project] Empty body provided in request {{(pid=122862) get_body /opt/stack/cinder/cinder/api/openstack/wsgi.py:715}}
May 27 14:02:14.861159 dv-cinder-843018-4-iscsi devstack@c-api.service[122862]: DEBUG cinder.api.openstack.wsgi [req-8fe20697-8688-4d9b-9a6e-5ce7288d608e req-694fc762-2379-44b3-b388-03295c1ac6df tempest-DeleteServersTestJSON-661438392 tempest-DeleteServersTestJSON-661438392-project] Calling method 'show' {{(pid=122862) _process_stack /opt/stack/cinder/cinder/api/openstack/wsgi.py:868}}
May 27 14:02:14.876651 dv-cinder-843018-4-iscsi devstack@c-api.service[122862]: /usr/local/lib/python3.8/dist-packages/oslo_context/context.py:100: DeprecationWarning: Policy enforcement is depending on the value of is_admin. This key is deprecated. Please update your policy file to use the standard policy values.
May 27 14:02:14.876651 dv-cinder-843018-4-iscsi devstack@c-api.service[122862]: warnings.warn('Policy enforcement is depending on the value of '
May 27 14:02:14.886369 dv-cinder-843018-4-iscsi devstack@c-api.service[122862]: INFO cinder.volume.api [req-8fe20697-8688-4d9b-9a6e-5ce7288d608e req-694fc762-2379-44b3-b388-03295c1ac6df tempest-DeleteServersTestJSON-661438392 tempest-DeleteServersTestJSON-661438392-project] Volume info retrieved successfully.
May 27 14:02:14.896418 dv-cinder-843018-4-iscsi devstack@c-api.service[122862]: INFO cinder.api.openstack.wsgi [req-8fe20697-8688-4d9b-9a6e-5ce7288d608e req-694fc762-2379-44b3-b388-03295c1ac6df tempest-DeleteServersTestJSON-661438392 tempest-DeleteServersTestJSON-661438392-project] http://10.222.0.42/volume/v3/fd46f9321b0a4f3b8e5b46ea83a49d2a/volumes/5ea91163-619f-4b1b-8604-2cf2049028e5 returned with HTTP 200
May 27 14:02:14.897266 dv-cinder-843018-4-iscsi devstack@c-api.service[122862]: [pid: 122862|app: 0|req: 197/382] 10.222.0.42 () {60 vars in 1578 bytes} [Fri May 27 14:02:14 2022] GET /volume/v3/fd46f9321b0a4f3b8e5b46ea83a49d2a/volumes/5ea91163-619f-4b1b-8604-2cf2049028e5 => generated 913 bytes in 43 msecs (HTTP/1.1 200) 7 headers in 285 bytes (1 switches on core 0)
May 27 14:02:14.898707 dv-cinder-843018-4-iscsi devstack@c-api.service[122862]: DEBUG cinder.api.middleware.request_id [None req-ddfaac76-a751-4404-afb5-3df2740d8809 None None] RequestId filter calling following filter/app {{(pid=122862) _context_setter /opt/stack/cinder/cinder/api/middleware/request_id.py:62}}
May 27 14:02:14.904416 dv-cinder-843018-4-iscsi devstack@c-api.service[122862]: INFO cinder.api.openstack.wsgi [None req-ddfaac76-a751-4404-afb5-3df2740d8809 tempest-SnapshotsActionsTest-904085598 tempest-SnapshotsActionsTest-904085598-project] GET http://10.222.0.42/volume/v3/06aab54ee43b4d4a8e813fab4def5117/snapshots/7da683b9-f6e9-4500-9b45-ce563bdb4116
May 27 14:02:14.904416 dv-cinder-843018-4-iscsi devstack@c-api.service[122862]: DEBUG cinder.api.openstack.wsgi [None req-ddfaac76-a751-4404-afb5-3df2740d8809 tempest-SnapshotsActionsTest-904085598 tempest-SnapshotsActionsTest-904085598-project] Empty body provided in request {{(pid=122862) get_body /opt/stack/cinder/cinder/api/openstack/wsgi.py:715}}
May 27 14:02:14.906839 dv-cinder-843018-4-iscsi devstack@c-api.service[122862]: DEBUG cinder.api.openstack.wsgi [None req-ddfaac76-a751-4404-afb5-3df2740d8809 tempest-SnapshotsActionsTest-904085598 tempest-SnapshotsActionsTest-904085598-project] Calling method 'show' {{(pid=122862) _process_stack /opt/stack/cinder/cinder/api/openstack/wsgi.py:868}}
May 27 14:02:14.916668 dv-cinder-843018-4-iscsi devstack@c-api.service[122862]: /usr/local/lib/python3.8/dist-packages/oslo_context/context.py:100: DeprecationWarning: Policy enforcement is depending on the value of is_admin. This key is deprecated. Please update your policy file to use the standard policy values.
May 27 14:02:14.916668 dv-cinder-843018-4-iscsi devstack@c-api.service[122862]: warnings.warn('Policy enforcement is depending on the value of '
May 27 14:02:14.918112 dv-cinder-843018-4-iscsi devstack@c-api.service[122862]: INFO cinder.volume.api [None req-ddfaac76-a751-4404-afb5-3df2740d8809 tempest-SnapshotsActionsTest-904085598 tempest-SnapshotsActionsTest-904085598-project] Snapshot retrieved successfully.
May 27 14:02:14.926226 dv-cinder-843018-4-iscsi devstack@c-api.service[122862]: INFO cinder.api.openstack.wsgi [None req-ddfaac76-a751-4404-afb5-3df2740d8809 tempest-SnapshotsActionsTest-904085598 tempest-SnapshotsActionsTest-904085598-project] http://10.222.0.42/volume/v3/06aab54ee43b4d4a8e813fab4def5117/snapshots/7da683b9-f6e9-4500-9b45-ce563bdb4116 returned with HTTP 200
May 27 14:02:14.927758 dv-cinder-843018-4-iscsi devstack@c-api.service[122861]: INFO cinder.api.openstack.wsgi [None req-9c7d76ad-0583-4c2a-bb0d-ec98a8ae0581 tempest-GroupSnapshotsTest-59605981 tempest-GroupSnapshotsTest-59605981-project] http://10.222.0.42/volume/v3/c2d04d00f0b84050a77986f80e11c44b/groups/bb583274-7f10-4fc7-873b-2f36f1fdcad5/action returned with HTTP 202
May 27 14:02:14.932920 dv-cinder-843018-4-iscsi devstack@c-api.service[122861]: [pid: 122861|app: 0|req: 186/383] 10.222.0.42 () {62 vars in 1404 bytes} [Fri May 27 14:02:14 2022] POST /volume/v3/c2d04d00f0b84050a77986f80e11c44b/groups/bb583274-7f10-4fc7-873b-2f36f1fdcad5/action => generated 0 bytes in 305 msecs (HTTP/1.1 202) 6 headers in 234 bytes (1 switches on core 0)
May 27 14:02:14.933866 dv-cinder-843018-4-iscsi devstack@c-api.service[122862]: [pid: 122862|app: 0|req: 198/384] 10.222.0.42 () {58 vars in 1330 bytes} [Fri May 27 14:02:14 2022] GET /volume/v3/06aab54ee43b4d4a8e813fab4def5117/snapshots/7da683b9-f6e9-4500-9b45-ce563bdb4116 => generated 464 bytes in 36 msecs (HTTP/1.1 200) 7 headers in 285 bytes (1 switches on core 0)
May 27 14:02:14.935135 dv-cinder-843018-4-iscsi devstack@c-api.service[122861]: DEBUG cinder.api.middleware.request_id [None req-66d9ab0a-14a3-4bdf-9c71-8e5806dc4b9d None None] RequestId filter calling following filter/app {{(pid=122861) _context_setter /opt/stack/cinder/cinder/api/middleware/request_id.py:62}}
May 27 14:02:14.939009 dv-cinder-843018-4-iscsi devstack@c-api.service[122861]: INFO cinder.api.openstack.wsgi [None req-66d9ab0a-14a3-4bdf-9c71-8e5806dc4b9d tempest-GroupSnapshotsTest-59605981 tempest-GroupSnapshotsTest-59605981-project] GET http://10.222.0.42/volume/v3/c2d04d00f0b84050a77986f80e11c44b/volumes/ebc1ea29-54ee-475f-ba20-adccbd7b9869
May 27 14:02:14.939721 dv-cinder-843018-4-iscsi devstack@c-api.service[122861]: DEBUG cinder.api.openstack.wsgi [None req-66d9ab0a-14a3-4bdf-9c71-8e5806dc4b9d tempest-GroupSnapshotsTest-59605981 tempest-GroupSnapshotsTest-59605981-project] Empty body provided in request {{(pid=122861) get_body /opt/stack/cinder/cinder/api/openstack/wsgi.py:715}}
May 27 14:02:14.940409 dv-cinder-843018-4-iscsi devstack@c-api.service[122861]: DEBUG cinder.api.openstack.wsgi [None req-66d9ab0a-14a3-4bdf-9c71-8e5806dc4b9d tempest-GroupSnapshotsTest-59605981 tempest-GroupSnapshotsTest-59605981-project] Calling method 'show' {{(pid=122861) _process_stack /opt/stack/cinder/cinder/api/openstack/wsgi.py:868}}
May 27 14:02:14.959596 dv-cinder-843018-4-iscsi devstack@c-api.service[122861]: /usr/local/lib/python3.8/dist-packages/oslo_context/context.py:100: DeprecationWarning: Policy enforcement is depending on the value of is_admin. This key is deprecated. Please update your policy file to use the standard policy values.
May 27 14:02:14.959596 dv-cinder-843018-4-iscsi devstack@c-api.service[122861]: warnings.warn('Policy enforcement is depending on the value of '
May 27 14:02:14.968068 dv-cinder-843018-4-iscsi devstack@c-api.service[122861]: INFO cinder.volume.api [None req-66d9ab0a-14a3-4bdf-9c71-8e5806dc4b9d tempest-GroupSnapshotsTest-59605981 tempest-GroupSnapshotsTest-59605981-project] Volume info retrieved successfully.
May 27 14:02:14.969566 dv-cinder-843018-4-iscsi devstack@c-api.service[122861]: WARNING stevedore.named [None req-66d9ab0a-14a3-4bdf-9c71-8e5806dc4b9d tempest-GroupSnapshotsTest-59605981 tempest-GroupSnapshotsTest-59605981-project] Could not load cinder.keymgr.conf_key_mgr.ConfKeyManager
May 27 14:02:14.969941 dv-cinder-843018-4-iscsi devstack@c-api.service[122861]: WARNING castellan.key_manager [None req-66d9ab0a-14a3-4bdf-9c71-8e5806dc4b9d tempest-GroupSnapshotsTest-59605981 tempest-GroupSnapshotsTest-59605981-project] Deprecation Warning : cinder.keymgr.conf_key_mgr.ConfKeyManager is not a stevedore based driver, trying to load it as a class: stevedore.exception.NoMatches: No 'castellan.drivers' driver found, looking for 'cinder.keymgr.conf_key_mgr.ConfKeyManager'
May 27 14:02:14.978785 dv-cinder-843018-4-iscsi devstack@c-api.service[122861]: DEBUG oslo_db.sqlalchemy.engines [None req-66d9ab0a-14a3-4bdf-9c71-8e5806dc4b9d tempest-GroupSnapshotsTest-59605981 tempest-GroupSnapshotsTest-59605981-project] MySQL server mode set to STRICT_TRANS_TABLES,STRICT_ALL_TABLES,NO_ZERO_IN_DATE,NO_ZERO_DATE,ERROR_FOR_DIVISION_BY_ZERO,TRADITIONAL,NO_ENGINE_SUBSTITUTION {{(pid=122861) _check_effective_sql_mode /usr/local/lib/python3.8/dist-packages/oslo_db/sqlalchemy/engines.py:314}}
May 27 14:02:14.984502 dv-cinder-843018-4-iscsi devstack@c-api.service[122861]: /usr/local/lib/python3.8/dist-packages/oslo_context/context.py:100: DeprecationWarning: Policy enforcement is depending on the value of is_admin. This key is deprecated. Please update your policy file to use the standard policy values.
May 27 14:02:14.984502 dv-cinder-843018-4-iscsi devstack@c-api.service[122861]: warnings.warn('Policy enforcement is depending on the value of '
May 27 14:02:15.005828 dv-cinder-843018-4-iscsi devstack@c-api.service[122861]: INFO cinder.api.openstack.wsgi [None req-66d9ab0a-14a3-4bdf-9c71-8e5806dc4b9d tempest-GroupSnapshotsTest-59605981 tempest-GroupSnapshotsTest-59605981-project] http://10.222.0.42/volume/v3/c2d04d00f0b84050a77986f80e11c44b/volumes/ebc1ea29-54ee-475f-ba20-adccbd7b9869 returned with HTTP 200
May 27 14:02:15.015508 dv-cinder-843018-4-iscsi devstack@c-api.service[122861]: [pid: 122861|app: 0|req: 187/385] 10.222.0.42 () {60 vars in 1365 bytes} [Fri May 27 14:02:14 2022] GET /volume/v3/c2d04d00f0b84050a77986f80e11c44b/volumes/ebc1ea29-54ee-475f-ba20-adccbd7b9869 => generated 1000 bytes in 82 msecs (HTTP/1.1 200) 7 headers in 287 bytes (1 switches on core 0)
May 27 14:02:15.458666 dv-cinder-843018-4-iscsi devstack@c-api.service[122862]: DEBUG cinder.api.middleware.request_id [None req-d00d5eb1-f0b9-413b-a9ac-46931358ef93 None None] RequestId filter calling following filter/app {{(pid=122862) _context_setter /opt/stack/cinder/cinder/api/middleware/request_id.py:62}}
May 27 14:02:15.462783 dv-cinder-843018-4-iscsi devstack@c-api.service[122862]: INFO cinder.api.openstack.wsgi [None req-d00d5eb1-f0b9-413b-a9ac-46931358ef93 tempest-VolumeQuotasAdminTestJSON-657284221 tempest-VolumeQuotasAdminTestJSON-657284221-project-admin] GET http://10.222.0.42/volume/v3/9787166d7e18434cb6cd69aac3cf496c/volumes/e8f25fec-0ba6-4ab3-9e47-d14660fc0e8a
May 27 14:02:15.464757 dv-cinder-843018-4-iscsi devstack@c-api.service[122862]: DEBUG cinder.api.openstack.wsgi [None req-d00d5eb1-f0b9-413b-a9ac-46931358ef93 tempest-VolumeQuotasAdminTestJSON-657284221 tempest-VolumeQuotasAdminTestJSON-657284221-project-admin] Empty body provided in request {{(pid=122862) get_body /opt/stack/cinder/cinder/api/openstack/wsgi.py:715}}
May 27 14:02:15.465101 dv-cinder-843018-4-iscsi devstack@c-api.service[122862]: DEBUG cinder.api.openstack.wsgi [None req-d00d5eb1-f0b9-413b-a9ac-46931358ef93 tempest-VolumeQuotasAdminTestJSON-657284221 tempest-VolumeQuotasAdminTestJSON-657284221-project-admin] Calling method 'show' {{(pid=122862) _process_stack /opt/stack/cinder/cinder/api/openstack/wsgi.py:868}}
May 27 14:02:15.480381 dv-cinder-843018-4-iscsi devstack@c-api.service[122862]: INFO cinder.api.openstack.wsgi [None req-d00d5eb1-f0b9-413b-a9ac-46931358ef93 tempest-VolumeQuotasAdminTestJSON-657284221 tempest-VolumeQuotasAdminTestJSON-657284221-project-admin] http://10.222.0.42/volume/v3/9787166d7e18434cb6cd69aac3cf496c/volumes/e8f25fec-0ba6-4ab3-9e47-d14660fc0e8a returned with HTTP 404
May 27 14:02:15.482608 dv-cinder-843018-4-iscsi devstack@c-api.service[122862]: [pid: 122862|app: 0|req: 199/386] 10.222.0.42 () {58 vars in 1324 bytes} [Fri May 27 14:02:15 2022] GET /volume/v3/9787166d7e18434cb6cd69aac3cf496c/volumes/e8f25fec-0ba6-4ab3-9e47-d14660fc0e8a => generated 109 bytes in 25 msecs (HTTP/1.1 404) 7 headers in 292 bytes (1 switches on core 0)
May 27 14:02:15.489208 dv-cinder-843018-4-iscsi devstack@c-api.service[122861]: DEBUG cinder.api.middleware.request_id [None req-3debe078-009d-4361-b574-12aa8189d000 None None] RequestId filter calling following filter/app {{(pid=122861) _context_setter /opt/stack/cinder/cinder/api/middleware/request_id.py:62}}
May 27 14:02:15.501827 dv-cinder-843018-4-iscsi devstack@c-api.service[122861]: INFO cinder.api.openstack.wsgi [None req-3debe078-009d-4361-b574-12aa8189d000 tempest-VolumeQuotasAdminTestJSON-657284221 tempest-VolumeQuotasAdminTestJSON-657284221-project-admin] GET http://10.222.0.42/volume/v3/9787166d7e18434cb6cd69aac3cf496c/os-quota-sets/9787166d7e18434cb6cd69aac3cf496c?usage=True
May 27 14:02:15.501827 dv-cinder-843018-4-iscsi devstack@c-api.service[122861]: DEBUG cinder.api.openstack.wsgi [None req-3debe078-009d-4361-b574-12aa8189d000 tempest-VolumeQuotasAdminTestJSON-657284221 tempest-VolumeQuotasAdminTestJSON-657284221-project-admin] Empty body provided in request {{(pid=122861) get_body /opt/stack/cinder/cinder/api/openstack/wsgi.py:715}}
May 27 14:02:15.501827 dv-cinder-843018-4-iscsi devstack@c-api.service[122861]: DEBUG cinder.api.openstack.wsgi [None req-3debe078-009d-4361-b574-12aa8189d000 tempest-VolumeQuotasAdminTestJSON-657284221 tempest-VolumeQuotasAdminTestJSON-657284221-project-admin] Calling method 'show' {{(pid=122861) _process_stack /opt/stack/cinder/cinder/api/openstack/wsgi.py:868}}
May 27 14:02:15.518486 dv-cinder-843018-4-iscsi devstack@c-api.service[122861]: DEBUG dbcounter [-] [122861] Writing DB stats cinder:UPDATE=7,cinder:SELECT=91,cinder:INSERT=1,cinder:DELETE=1 {{(pid=122861) stat_writer /usr/local/lib/python3.8/dist-packages/dbcounter.py:114}}
May 27 14:02:15.538712 dv-cinder-843018-4-iscsi devstack@c-api.service[122861]: INFO cinder.api.openstack.wsgi [None req-3debe078-009d-4361-b574-12aa8189d000 tempest-VolumeQuotasAdminTestJSON-657284221 tempest-VolumeQuotasAdminTestJSON-657284221-project-admin] http://10.222.0.42/volume/v3/9787166d7e18434cb6cd69aac3cf496c/os-quota-sets/9787166d7e18434cb6cd69aac3cf496c?usage=True returned with HTTP 200
May 27 14:02:15.540983 dv-cinder-843018-4-iscsi devstack@c-api.service[122861]: [pid: 122861|app: 0|req: 188/387] 10.222.0.42 () {58 vars in 1351 bytes} [Fri May 27 14:02:15 2022] GET /volume/v3/9787166d7e18434cb6cd69aac3cf496c/os-quota-sets/9787166d7e18434cb6cd69aac3cf496c?usage=True => generated 1184 bytes in 52 msecs (HTTP/1.1 200) 7 headers in 286 bytes (1 switches on core 0)
May 27 14:02:15.552389 dv-cinder-843018-4-iscsi devstack@c-api.service[122862]: DEBUG cinder.api.middleware.request_id [None req-7144f0d2-2940-4885-b027-99ad1c063d72 None None] RequestId filter calling following filter/app {{(pid=122862) _context_setter /opt/stack/cinder/cinder/api/middleware/request_id.py:62}}
May 27 14:02:15.558998 dv-cinder-843018-4-iscsi devstack@c-api.service[122862]: INFO cinder.api.openstack.wsgi [None req-7144f0d2-2940-4885-b027-99ad1c063d72 tempest-VolumeQuotasAdminTestJSON-657284221 tempest-VolumeQuotasAdminTestJSON-657284221-project-admin] PUT http://10.222.0.42/volume/v3/9787166d7e18434cb6cd69aac3cf496c/os-quota-sets/37853235401d466a8228aaa7140e58d2
May 27 14:02:15.565607 dv-cinder-843018-4-iscsi devstack@c-api.service[122862]: DEBUG cinder.api.openstack.wsgi [None req-7144f0d2-2940-4885-b027-99ad1c063d72 tempest-VolumeQuotasAdminTestJSON-657284221 tempest-VolumeQuotasAdminTestJSON-657284221-project-admin] Action: 'update', calling method: update, body: {"quota_set": {"gigabytes": 1009, "volumes": 11, "snapshots": 11, "backups": 11, "backup_gigabytes": 1009, "per_volume_gigabytes": 1009}} {{(pid=122862) _process_stack /opt/stack/cinder/cinder/api/openstack/wsgi.py:866}}
May 27 14:02:15.565752 dv-cinder-843018-4-iscsi devstack@c-api.service[122861]: DEBUG cinder.api.middleware.request_id [None req-ca53f1b7-2be7-4b30-9e6e-99b902dfc74a None None] RequestId filter calling following filter/app {{(pid=122861) _context_setter /opt/stack/cinder/cinder/api/middleware/request_id.py:62}}
May 27 14:02:15.565752 dv-cinder-843018-4-iscsi devstack@c-api.service[122861]: INFO cinder.api.openstack.wsgi [None req-ca53f1b7-2be7-4b30-9e6e-99b902dfc74a None None] GET http://10.222.0.42/volume//
May 27 14:02:15.566159 dv-cinder-843018-4-iscsi devstack@c-api.service[122861]: DEBUG cinder.api.openstack.wsgi [None req-ca53f1b7-2be7-4b30-9e6e-99b902dfc74a None None] Empty body provided in request {{(pid=122861) get_body /opt/stack/cinder/cinder/api/openstack/wsgi.py:715}}
May 27 14:02:15.566749 dv-cinder-843018-4-iscsi devstack@c-api.service[122861]: DEBUG cinder.api.openstack.wsgi [None req-ca53f1b7-2be7-4b30-9e6e-99b902dfc74a None None] Calling method 'all' {{(pid=122861) _process_stack /opt/stack/cinder/cinder/api/openstack/wsgi.py:868}}
May 27 14:02:15.567615 dv-cinder-843018-4-iscsi devstack@c-api.service[122861]: INFO cinder.api.openstack.wsgi [None req-ca53f1b7-2be7-4b30-9e6e-99b902dfc74a None None] http://10.222.0.42/volume// returned with HTTP 300
May 27 14:02:15.568350 dv-cinder-843018-4-iscsi devstack@c-api.service[122861]: [pid: 122861|app: 0|req: 189/388] 10.222.0.42 () {58 vars in 1299 bytes} [Fri May 27 14:02:15 2022] GET /volume/ => generated 386 bytes in 5 msecs (HTTP/1.1 300) 7 headers in 299 bytes (2 switches on core 0)
May 27 14:02:15.580237 dv-cinder-843018-4-iscsi devstack@c-api.service[122861]: DEBUG cinder.api.middleware.request_id [req-8fe20697-8688-4d9b-9a6e-5ce7288d608e req-b372f784-1657-4565-88ee-c71979815f8c None None] RequestId filter calling following filter/app {{(pid=122861) _context_setter /opt/stack/cinder/cinder/api/middleware/request_id.py:62}}
May 27 14:02:15.585626 dv-cinder-843018-4-iscsi devstack@c-api.service[122861]: INFO cinder.api.openstack.wsgi [req-8fe20697-8688-4d9b-9a6e-5ce7288d608e req-b372f784-1657-4565-88ee-c71979815f8c tempest-DeleteServersTestJSON-661438392 tempest-DeleteServersTestJSON-661438392-project] POST http://10.222.0.42/volume/v3/fd46f9321b0a4f3b8e5b46ea83a49d2a/attachments
May 27 14:02:15.587045 dv-cinder-843018-4-iscsi devstack@c-api.service[122861]: DEBUG cinder.api.openstack.wsgi [req-8fe20697-8688-4d9b-9a6e-5ce7288d608e req-b372f784-1657-4565-88ee-c71979815f8c tempest-DeleteServersTestJSON-661438392 tempest-DeleteServersTestJSON-661438392-project] Action: 'create', calling method: version_select, body: {"attachment": {"volume_uuid": "5ea91163-619f-4b1b-8604-2cf2049028e5", "connector": null, "instance_uuid": "7217a2db-97b6-4830-a93a-5def859edbca"}} {{(pid=122861) _process_stack /opt/stack/cinder/cinder/api/openstack/wsgi.py:866}}
May 27 14:02:15.608014 dv-cinder-843018-4-iscsi devstack@c-api.service[122861]: /usr/local/lib/python3.8/dist-packages/oslo_context/context.py:100: DeprecationWarning: Policy enforcement is depending on the value of is_admin. This key is deprecated. Please update your policy file to use the standard policy values.
May 27 14:02:15.608014 dv-cinder-843018-4-iscsi devstack@c-api.service[122861]: warnings.warn('Policy enforcement is depending on the value of '
May 27 14:02:15.722215 dv-cinder-843018-4-iscsi devstack@c-api.service[122862]: DEBUG dbcounter [-] [122862] Writing DB stats cinder:SELECT=98,cinder:UPDATE=2 {{(pid=122862) stat_writer /usr/local/lib/python3.8/dist-packages/dbcounter.py:114}}
May 27 14:02:15.979347 dv-cinder-843018-4-iscsi devstack@c-api.service[122861]: INFO cinder.api.openstack.wsgi [req-8fe20697-8688-4d9b-9a6e-5ce7288d608e req-b372f784-1657-4565-88ee-c71979815f8c tempest-DeleteServersTestJSON-661438392 tempest-DeleteServersTestJSON-661438392-project] http://10.222.0.42/volume/v3/fd46f9321b0a4f3b8e5b46ea83a49d2a/attachments returned with HTTP 200
May 27 14:02:15.980512 dv-cinder-843018-4-iscsi devstack@c-api.service[122861]: [pid: 122861|app: 0|req: 190/389] 10.222.0.42 () {66 vars in 1574 bytes} [Fri May 27 14:02:15 2022] POST /volume/v3/fd46f9321b0a4f3b8e5b46ea83a49d2a/attachments => generated 273 bytes in 402 msecs (HTTP/1.1 200) 7 headers in 286 bytes (1 switches on core 0)
May 27 14:02:15.984326 dv-cinder-843018-4-iscsi devstack@c-api.service[122861]: DEBUG cinder.api.middleware.request_id [None req-753bdcc3-58e2-4206-9e76-2a4bf8124db0 None None] RequestId filter calling following filter/app {{(pid=122861) _context_setter /opt/stack/cinder/cinder/api/middleware/request_id.py:62}}
May 27 14:02:15.989553 dv-cinder-843018-4-iscsi devstack@c-api.service[122861]: INFO cinder.api.openstack.wsgi [None req-753bdcc3-58e2-4206-9e76-2a4bf8124db0 tempest-SnapshotsActionsTest-904085598 tempest-SnapshotsActionsTest-904085598-project] GET http://10.222.0.42/volume/v3/06aab54ee43b4d4a8e813fab4def5117/snapshots/7da683b9-f6e9-4500-9b45-ce563bdb4116
May 27 14:02:15.990131 dv-cinder-843018-4-iscsi devstack@c-api.service[122861]: DEBUG cinder.api.openstack.wsgi [None req-753bdcc3-58e2-4206-9e76-2a4bf8124db0 tempest-SnapshotsActionsTest-904085598 tempest-SnapshotsActionsTest-904085598-project] Empty body provided in request {{(pid=122861) get_body /opt/stack/cinder/cinder/api/openstack/wsgi.py:715}}
May 27 14:02:15.994688 dv-cinder-843018-4-iscsi devstack@c-api.service[122861]: DEBUG cinder.api.openstack.wsgi [None req-753bdcc3-58e2-4206-9e76-2a4bf8124db0 tempest-SnapshotsActionsTest-904085598 tempest-SnapshotsActionsTest-904085598-project] Calling method 'show' {{(pid=122861) _process_stack /opt/stack/cinder/cinder/api/openstack/wsgi.py:868}}
