Sep 05 14:35:52.612410 dv-cinder-842905-3-smb devstack@n-api.service[127631]: request: GET /compute/v2.1/servers/bbe734ae-7b9e-471a-955e-315249f529e6 HTTP/1.1
Sep 05 14:35:52.612410 dv-cinder-842905-3-smb devstack@n-api.service[127631]: Accept: application/json
Sep 05 14:35:52.612410 dv-cinder-842905-3-smb devstack@n-api.service[127631]: Accept-Encoding: identity
Sep 05 14:35:52.612410 dv-cinder-842905-3-smb devstack@n-api.service[127631]: Connection: close
Sep 05 14:35:52.612410 dv-cinder-842905-3-smb devstack@n-api.service[127631]: Content-Length: 0
Sep 05 14:35:52.612410 dv-cinder-842905-3-smb devstack@n-api.service[127631]: Content-Type: application/json
Sep 05 14:35:52.612410 dv-cinder-842905-3-smb devstack@n-api.service[127631]: Host: 10.222.0.23
Sep 05 14:35:52.612410 dv-cinder-842905-3-smb devstack@n-api.service[127631]: Openstack-System-Scope: None
Sep 05 14:35:52.612410 dv-cinder-842905-3-smb devstack@n-api.service[127631]: User-Agent: python-urllib3/1.26.12
Sep 05 14:35:52.612410 dv-cinder-842905-3-smb devstack@n-api.service[127631]: X-Auth-Token: gAAAAABjFgkPXTVGYcqFQh4b-DNn4N6CGXyMrMcTSvVm623VSaCv3fIXs8_bsNRTJEfh2M2eZ0fXHBukYOy5HGCfOAxYaUSC_qTzMKnk_u-8143exVNRvDdBbDo4Qp68XMsitmfIhuM1CJ1nK_kpSIJ6mXnUbhlDEJWl8dfT9VtSDtOPK0olL5Q
Sep 05 14:35:52.612410 dv-cinder-842905-3-smb devstack@n-api.service[127631]: X-Domain-Id: None
Sep 05 14:35:52.612410 dv-cinder-842905-3-smb devstack@n-api.service[127631]: X-Domain-Name: None
Sep 05 14:35:52.612410 dv-cinder-842905-3-smb devstack@n-api.service[127631]: X-Identity-Status: Confirmed
Sep 05 14:35:52.612410 dv-cinder-842905-3-smb devstack@n-api.service[127631]: X-Is-Admin-Project: True
Sep 05 14:35:52.612410 dv-cinder-842905-3-smb devstack@n-api.service[127631]: X-Project-Domain-Id: default
Sep 05 14:35:52.612410 dv-cinder-842905-3-smb devstack@n-api.service[127631]: X-Project-Domain-Name: Default
Sep 05 14:35:52.612410 dv-cinder-842905-3-smb devstack@n-api.service[127631]: X-Project-Id: 42b33ed10ad1436684d1b2a32c99a27b
Sep 05 14:35:52.612410 dv-cinder-842905-3-smb devstack@n-api.service[127631]: X-Project-Name: tempest-DeleteServersTestJSON-1572755384
Sep 05 14:35:52.612410 dv-cinder-842905-3-smb devstack@n-api.service[127631]: X-Role: reader,member
Sep 05 14:35:52.612410 dv-cinder-842905-3-smb devstack@n-api.service[127631]: X-Roles: reader,member
Sep 05 14:35:52.613589 dv-cinder-842905-3-smb devstack@n-api.service[127631]: X-Service-Catalog: [{"type": "placement", "name": "placement", "endpoints": [{"region": "RegionOne", "publicURL": "http://10.222.0.23/placement"}]}, {"type": "compute", "name": "nova", "endpoints": [{"region": "RegionOne", "publicURL": "http://10.222.0.23/compute/v2.1"}]}, {"type": "compute_legacy", "name": "nova_legacy", "endpoints": [{"region": "RegionOne", "publicURL": "http://10.222.0.23/compute/v2/42b33ed10ad1436684d1b2a32c99a27b"}]}, {"type": "image", "name": "glance", "endpoints": [{"region": "RegionOne", "publicURL": "http://10.222.0.23/image"}]}, {"type": "block-storage", "name": "cinder", "endpoints": [{"region": "RegionOne", "publicURL": "http://10.222.0.23/volume/v3/42b33ed10ad1436684d1b2a32c99a27b"}]}, {"type": "network", "name": "neutron", "endpoints": [{"region": "RegionOne", "publicURL": "http://10.222.0.23:9696/networking"}]}, {"type": "identity", "name": "keystone", "endpoints": [{"region": "RegionOne", "publicURL": "http://10.222.0.23/identity"}]}, {"type": "volumev3", "name": "cinderv3", "endpoints": [{"region": "RegionOne", "publicURL": "http://10.222.0.23/volume/v3/42b33ed10ad1436684d1b2a32c99a27b"}]}, {"type": "object-store", "name": "swift", "endpoints": [{"region": "RegionOne", "publicURL": "http://10.222.0.23:8080/v1/AUTH_42b33ed10ad1436684d1b2a32c99a27b", "adminURL": "http://10.222.0.23:8080"}]}]
Sep 05 14:35:52.613589 dv-cinder-842905-3-smb devstack@n-api.service[127631]: X-Tenant: tempest-DeleteServersTestJSON-1572755384
Sep 05 14:35:52.613589 dv-cinder-842905-3-smb devstack@n-api.service[127631]: X-Tenant-Id: 42b33ed10ad1436684d1b2a32c99a27b
Sep 05 14:35:52.613589 dv-cinder-842905-3-smb devstack@n-api.service[127631]: X-Tenant-Name: tempest-DeleteServersTestJSON-1572755384
Sep 05 14:35:52.613589 dv-cinder-842905-3-smb devstack@n-api.service[127631]: X-User: tempest-DeleteServersTestJSON-1572755384-project
Sep 05 14:35:52.613589 dv-cinder-842905-3-smb devstack@n-api.service[127631]: X-User-Domain-Id: default
Sep 05 14:35:52.613589 dv-cinder-842905-3-smb devstack@n-api.service[127631]: X-User-Domain-Name: Default
Sep 05 14:35:52.613589 dv-cinder-842905-3-smb devstack@n-api.service[127631]: X-User-Id: 737c90cc21dc4da489d15d513dec5932
Sep 05 14:35:52.613589 dv-cinder-842905-3-smb devstack@n-api.service[127631]: X-User-Name: tempest-DeleteServersTestJSON-1572755384-project
Sep 05 14:35:52.613589 dv-cinder-842905-3-smb devstack@n-api.service[127631]: method: > Sep 05 14:35:52.613589 dv-cinder-842905-3-smb devstack@n-api.service[127631]: exception: Instance bbe734ae-7b9e-471a-955e-315249f529e6 could not be found.
Sep 05 14:35:52.613589 dv-cinder-842905-3-smb devstack@n-api.service[127631]: action_args: {'id': 'bbe734ae-7b9e-471a-955e-315249f529e6'}
Sep 05 14:35:52.614216 dv-cinder-842905-3-smb devstack@n-api.service[127631]: {{(pid=127631) _process_stack /opt/stack/nova/nova/api/openstack/wsgi.py:541}}
Sep 05 14:35:52.614216 dv-cinder-842905-3-smb devstack@n-api.service[127631]: ERROR nova.api.openstack.wsgi
Traceback (most recent call last):
Sep 05 14:35:52.614216 dv-cinder-842905-3-smb devstack@n-api.service[127631]: ERROR nova.api.openstack.wsgi
File "/opt/stack/nova/nova/api/openstack/common.py", line 468, in get_instance
Sep 05 14:35:52.614216 dv-cinder-842905-3-smb devstack@n-api.service[127631]: ERROR nova.api.openstack.wsgi return compute_api.get(context, instance_id,
Sep 05 14:35:52.614216 dv-cinder-842905-3-smb devstack@n-api.service[127631]: ERROR nova.api.openstack.wsgi
File "/opt/stack/nova/nova/compute/api.py", line 2978, in get
Sep 05 14:35:52.614216 dv-cinder-842905-3-smb devstack@n-api.service[127631]: ERROR nova.api.openstack.wsgi instance = self._get_instance(context, instance_id,
Sep 05 14:35:52.614216 dv-cinder-842905-3-smb devstack@n-api.service[127631]: ERROR nova.api.openstack.wsgi
File "/opt/stack/nova/nova/compute/api.py", line 2925, in _get_instance
Sep 05 14:35:52.614216 dv-cinder-842905-3-smb devstack@n-api.service[127631]: ERROR nova.api.openstack.wsgi instance = self._get_instance_from_cell(context, inst_map,
Sep 05 14:35:52.614216 dv-cinder-842905-3-smb devstack@n-api.service[127631]: ERROR nova.api.openstack.wsgi
File "/opt/stack/nova/nova/compute/api.py", line 2882, in _get_instance_from_cell
Sep 05 14:35:52.614216 dv-cinder-842905-3-smb devstack@n-api.service[127631]: ERROR nova.api.openstack.wsgi raise exception.InstanceNotFound(instance_id=uuid)
Sep 05 14:35:52.614216 dv-cinder-842905-3-smb devstack@n-api.service[127631]: ERROR nova.api.openstack.wsgi nova.exception.InstanceNotFound: Instance bbe734ae-7b9e-471a-955e-315249f529e6 could not be found.
Sep 05 14:35:52.614216 dv-cinder-842905-3-smb devstack@n-api.service[127631]: ERROR nova.api.openstack.wsgi
Sep 05 14:35:52.614216 dv-cinder-842905-3-smb devstack@n-api.service[127631]: ERROR nova.api.openstack.wsgi During handling of the above exception, another exception occurred:
Sep 05 14:35:52.614216 dv-cinder-842905-3-smb devstack@n-api.service[127631]: ERROR nova.api.openstack.wsgi
Sep 05 14:35:52.614216 dv-cinder-842905-3-smb devstack@n-api.service[127631]: ERROR nova.api.openstack.wsgi
Traceback (most recent call last):
Sep 05 14:35:52.614216 dv-cinder-842905-3-smb devstack@n-api.service[127631]: ERROR nova.api.openstack.wsgi
File "/opt/stack/nova/nova/api/openstack/wsgi.py", line 539, in _process_stack
Sep 05 14:35:52.614216 dv-cinder-842905-3-smb devstack@n-api.service[127631]: ERROR nova.api.openstack.wsgi action_result = self.dispatch(meth, request, action_args)
Sep 05 14:35:52.614216 dv-cinder-842905-3-smb devstack@n-api.service[127631]: ERROR nova.api.openstack.wsgi
File "/opt/stack/nova/nova/api/openstack/wsgi.py", line 630, in dispatch
Sep 05 14:35:52.614216 dv-cinder-842905-3-smb devstack@n-api.service[127631]: ERROR nova.api.openstack.wsgi return method(req=request, **action_args)
Sep 05 14:35:52.614216 dv-cinder-842905-3-smb devstack@n-api.service[127631]: ERROR nova.api.openstack.wsgi
File "/opt/stack/nova/nova/api/openstack/wsgi.py", line 664, in wrapped
Sep 05 14:35:52.615912 dv-cinder-842905-3-smb devstack@n-api.service[127631]: ERROR nova.api.openstack.wsgi return f(*args, **kwargs)
Sep 05 14:35:52.615912 dv-cinder-842905-3-smb devstack@n-api.service[127631]: ERROR nova.api.openstack.wsgi
File "/opt/stack/nova/nova/api/openstack/compute/servers.py", line 470, in show
Sep 05 14:35:52.615912 dv-cinder-842905-3-smb devstack@n-api.service[127631]: ERROR nova.api.openstack.wsgi instance = self._get_server(
Sep 05 14:35:52.615912 dv-cinder-842905-3-smb devstack@n-api.service[127631]: ERROR nova.api.openstack.wsgi
File "/opt/stack/nova/nova/api/openstack/compute/servers.py", line 376, in _get_server
Sep 05 14:35:52.615912 dv-cinder-842905-3-smb devstack@n-api.service[127631]: ERROR nova.api.openstack.wsgi instance = common.get_instance(self.compute_api, context,
Sep 05 14:35:52.615912 dv-cinder-842905-3-smb devstack@n-api.service[127631]: ERROR nova.api.openstack.wsgi
File "/opt/stack/nova/nova/api/openstack/common.py", line 472, in get_instance
Sep 05 14:35:52.615912 dv-cinder-842905-3-smb devstack@n-api.service[127631]: ERROR nova.api.openstack.wsgi raise exc.HTTPNotFound(explanation=e.format_message())
Sep 05 14:35:52.615912 dv-cinder-842905-3-smb devstack@n-api.service[127631]: ERROR nova.api.openstack.wsgi webob.exc.HTTPNotFound: Instance bbe734ae-7b9e-471a-955e-315249f529e6 could not be found.
Sep 05 14:35:52.615912 dv-cinder-842905-3-smb devstack@n-api.service[127631]: ERROR nova.api.openstack.wsgi
Sep 05 14:35:52.615912 dv-cinder-842905-3-smb devstack@n-api.service[127631]: ERROR nova.api.openstack.wsgi During handling of the above exception, another exception occurred:
Sep 05 14:35:52.615912 dv-cinder-842905-3-smb devstack@n-api.service[127631]: ERROR nova.api.openstack.wsgi
Sep 05 14:35:52.615912 dv-cinder-842905-3-smb devstack@n-api.service[127631]: ERROR nova.api.openstack.wsgi
Traceback (most recent call last):
Sep 05 14:35:52.615912 dv-cinder-842905-3-smb devstack@n-api.service[127631]: ERROR nova.api.openstack.wsgi
File "/opt/stack/nova/nova/api/openstack/wsgi.py", line 539, in _process_stack
Sep 05 14:35:52.615912 dv-cinder-842905-3-smb devstack@n-api.service[127631]: ERROR nova.api.openstack.wsgi action_result = self.dispatch(meth, request, action_args)
Sep 05 14:35:52.615912 dv-cinder-842905-3-smb devstack@n-api.service[127631]: ERROR nova.api.openstack.wsgi
File "/opt/stack/nova/nova/api/openstack/wsgi.py", line 372, in __exit__
Sep 05 14:35:52.615912 dv-cinder-842905-3-smb devstack@n-api.service[127631]: ERROR nova.api.openstack.wsgi raise Fault(ex_value)
Sep 05 14:35:52.615912 dv-cinder-842905-3-smb devstack@n-api.service[127631]: ERROR nova.api.openstack.wsgi nova.api.openstack.wsgi.Fault: Instance bbe734ae-7b9e-471a-955e-315249f529e6 could not be found.
Sep 05 14:35:52.615912 dv-cinder-842905-3-smb devstack@n-api.service[127631]: ERROR nova.api.openstack.wsgi
Sep 05 14:35:52.618069 dv-cinder-842905-3-smb devstack@n-api.service[127631]: DEBUG nova.api.openstack.wsgi [None req-867f6a86-dc99-4c81-aaa6-9933e90849fe tempest-DeleteServersTestJSON-1572755384 tempest-DeleteServersTestJSON-1572755384-project] Returning 404 to user: Instance bbe734ae-7b9e-471a-955e-315249f529e6 could not be found. {{(pid=127631) __call__ /opt/stack/nova/nova/api/openstack/wsgi.py:942}}
Sep 05 14:35:52.618069 dv-cinder-842905-3-smb devstack@n-api.service[127631]: INFO nova.api.openstack.requestlog [None req-867f6a86-dc99-4c81-aaa6-9933e90849fe tempest-DeleteServersTestJSON-1572755384 tempest-DeleteServersTestJSON-1572755384-project] 10.222.0.23 "GET /compute/v2.1/servers/bbe734ae-7b9e-471a-955e-315249f529e6" status: 404 len: 111 microversion: 2.1 time: 0.072631
Sep 05 14:35:52.618615 dv-cinder-842905-3-smb devstack@n-api.service[127631]: [pid: 127631|app: 0|req: 90/166] 10.222.0.23 () {58 vars in 1236 bytes} [Mon Sep 5 14:35:52 2022] GET /compute/v2.1/servers/bbe734ae-7b9e-471a-955e-315249f529e6 => generated 111 bytes in 78 msecs (HTTP/1.1 404) 9 headers in 379 bytes (1 switches on core 0)
Sep 05 14:35:52.680251 dv-cinder-842905-3-smb devstack@n-api.service[127632]: DEBUG nova.api.openstack.wsgi [req-6bec5f15-c301-45c7-a72c-0adecca98d00 req-ca802799-01a8-46a8-9b62-1328b68aa703 service nova] Action: 'create', calling method: >, body: {"events": [{"name": "network-changed", "server_uuid": "19d1672f-65f9-40d3-9ffa-78391e3653cd", "tag": "528ee90f-5a72-4a30-9ccd-22173bfc90fd"}]} {{(pid=127632) _process_stack /opt/stack/nova/nova/api/openstack/wsgi.py:511}}
Sep 05 14:35:52.694070 dv-cinder-842905-3-smb devstack@n-api.service[127632]: DEBUG oslo_concurrency.lockutils [req-6bec5f15-c301-45c7-a72c-0adecca98d00 req-ca802799-01a8-46a8-9b62-1328b68aa703 service nova] Acquiring lock "e8249e11-e059-4126-8d17-4edf14bbd7fa" by "nova.context.set_target_cell..get_or_set_cached_cell_and_set_connections" {{(pid=127632) inner /usr/local/lib/python3.8/dist-packages/oslo_concurrency/lockutils.py:385}}
Sep 05 14:35:52.694302 dv-cinder-842905-3-smb devstack@n-api.service[127632]: DEBUG oslo_concurrency.lockutils [req-6bec5f15-c301-45c7-a72c-0adecca98d00 req-ca802799-01a8-46a8-9b62-1328b68aa703 service nova] Lock "e8249e11-e059-4126-8d17-4edf14bbd7fa" acquired by "nova.context.set_target_cell..get_or_set_cached_cell_and_set_connections" :: waited 0.001s {{(pid=127632) inner /usr/local/lib/python3.8/dist-packages/oslo_concurrency/lockutils.py:390}}
Sep 05 14:35:52.694820 dv-cinder-842905-3-smb devstack@n-api.service[127632]: DEBUG oslo_concurrency.lockutils [req-6bec5f15-c301-45c7-a72c-0adecca98d00 req-ca802799-01a8-46a8-9b62-1328b68aa703 service nova] Lock "e8249e11-e059-4126-8d17-4edf14bbd7fa" "released" by "nova.context.set_target_cell..get_or_set_cached_cell_and_set_connections" :: held 0.001s {{(pid=127632) inner /usr/local/lib/python3.8/dist-packages/oslo_concurrency/lockutils.py:404}}
Sep 05 14:35:52.707731 dv-cinder-842905-3-smb devstack@n-api.service[127632]: INFO nova.api.openstack.compute.server_external_events [req-6bec5f15-c301-45c7-a72c-0adecca98d00 req-ca802799-01a8-46a8-9b62-1328b68aa703 service nova] Creating event network-changed:528ee90f-5a72-4a30-9ccd-22173bfc90fd for instance 19d1672f-65f9-40d3-9ffa-78391e3653cd on hv-cinder-84290
Sep 05 14:35:52.713011 dv-cinder-842905-3-smb devstack@n-api.service[127632]: INFO nova.api.openstack.requestlog [req-6bec5f15-c301-45c7-a72c-0adecca98d00 req-ca802799-01a8-46a8-9b62-1328b68aa703 service nova] 10.222.0.23 "POST /compute/v2.1/os-server-external-events" status: 200 len: 179 microversion: 2.1 time: 0.037572
Sep 05 14:35:52.713767 dv-cinder-842905-3-smb devstack@n-api.service[127632]: [pid: 127632|app: 0|req: 77/167] 10.222.0.23 () {64 vars in 1317 bytes} [Mon Sep 5 14:35:52 2022] POST /compute/v2.1/os-server-external-events => generated 179 bytes in 40 msecs (HTTP/1.1 200) 9 headers in 357 bytes (1 switches on core 0)
Sep 05 14:35:52.885378 dv-cinder-842905-3-smb devstack@n-api.service[127631]: DEBUG nova.api.openstack.wsgi [None req-06dadd86-cf74-444f-a8c0-f879a584354d tempest-VolumesActionsTest-1443371841 tempest-VolumesActionsTest-1443371841-project] Calling method '>' {{(pid=127631) _process_stack /opt/stack/nova/nova/api/openstack/wsgi.py:513}}
Sep 05 14:35:52.885827 dv-cinder-842905-3-smb devstack@n-api.service[127631]: DEBUG nova.compute.api [None req-06dadd86-cf74-444f-a8c0-f879a584354d tempest-VolumesActionsTest-1443371841 tempest-VolumesActionsTest-1443371841-project] [instance: 19d1672f-65f9-40d3-9ffa-78391e3653cd] Fetching instance by UUID {{(pid=127631) get /opt/stack/nova/nova/compute/api.py:2975}}
Sep 05 14:35:52.886710 dv-cinder-842905-3-smb devstack@n-api.service[127632]: DEBUG nova.api.openstack.wsgi [None req-b529a01f-e4d3-498c-bafe-98d29deffd94 tempest-VolumesSnapshotTestJSON-1665339385 tempest-VolumesSnapshotTestJSON-1665339385-project] Calling method '>' {{(pid=127632) _process_stack /opt/stack/nova/nova/api/openstack/wsgi.py:513}}
Sep 05 14:35:52.887503 dv-cinder-842905-3-smb devstack@n-api.service[127632]: DEBUG nova.compute.api [None req-b529a01f-e4d3-498c-bafe-98d29deffd94 tempest-VolumesSnapshotTestJSON-1665339385 tempest-VolumesSnapshotTestJSON-1665339385-project] [instance: 12229fe9-70a7-4038-af72-6fca2872dabf] Fetching instance by UUID {{(pid=127632) get /opt/stack/nova/nova/compute/api.py:2975}}
Sep 05 14:35:52.897760 dv-cinder-842905-3-smb devstack@n-api.service[127631]: DEBUG oslo_concurrency.lockutils [None req-06dadd86-cf74-444f-a8c0-f879a584354d tempest-VolumesActionsTest-1443371841 tempest-VolumesActionsTest-1443371841-project] Acquiring lock "e8249e11-e059-4126-8d17-4edf14bbd7fa" by "nova.context.set_target_cell..get_or_set_cached_cell_and_set_connections" {{(pid=127631) inner /usr/local/lib/python3.8/dist-packages/oslo_concurrency/lockutils.py:385}}
Sep 05 14:35:52.898742 dv-cinder-842905-3-smb devstack@n-api.service[127631]: DEBUG oslo_concurrency.lockutils [None req-06dadd86-cf74-444f-a8c0-f879a584354d tempest-VolumesActionsTest-1443371841 tempest-VolumesActionsTest-1443371841-project] Lock "e8249e11-e059-4126-8d17-4edf14bbd7fa" acquired by "nova.context.set_target_cell..get_or_set_cached_cell_and_set_connections" :: waited 0.005s {{(pid=127631) inner /usr/local/lib/python3.8/dist-packages/oslo_concurrency/lockutils.py:390}}
Sep 05 14:35:52.899473 dv-cinder-842905-3-smb devstack@n-api.service[127631]: DEBUG oslo_concurrency.lockutils [None req-06dadd86-cf74-444f-a8c0-f879a584354d tempest-VolumesActionsTest-1443371841 tempest-VolumesActionsTest-1443371841-project] Lock "e8249e11-e059-4126-8d17-4edf14bbd7fa" "released" by "nova.context.set_target_cell..get_or_set_cached_cell_and_set_connections" :: held 0.001s {{(pid=127631) inner /usr/local/lib/python3.8/dist-packages/oslo_concurrency/lockutils.py:404}}
Sep 05 14:35:52.900391 dv-cinder-842905-3-smb devstack@n-api.service[127631]: DEBUG oslo_concurrency.lockutils [None req-06dadd86-cf74-444f-a8c0-f879a584354d tempest-VolumesActionsTest-1443371841 tempest-VolumesActionsTest-1443371841-project] Acquiring lock "e8249e11-e059-4126-8d17-4edf14bbd7fa" by "nova.context.set_target_cell..get_or_set_cached_cell_and_set_connections" {{(pid=127631) inner /usr/local/lib/python3.8/dist-packages/oslo_concurrency/lockutils.py:385}}
Sep 05 14:35:52.900801 dv-cinder-842905-3-smb devstack@n-api.service[127632]: DEBUG oslo_concurrency.lockutils [None req-b529a01f-e4d3-498c-bafe-98d29deffd94 tempest-VolumesSnapshotTestJSON-1665339385 tempest-VolumesSnapshotTestJSON-1665339385-project] Acquiring lock "e8249e11-e059-4126-8d17-4edf14bbd7fa" by "nova.context.set_target_cell..get_or_set_cached_cell_and_set_connections" {{(pid=127632) inner /usr/local/lib/python3.8/dist-packages/oslo_concurrency/lockutils.py:385}}
Sep 05 14:35:52.901718 dv-cinder-842905-3-smb devstack@n-api.service[127631]: DEBUG oslo_concurrency.lockutils [None req-06dadd86-cf74-444f-a8c0-f879a584354d tempest-VolumesActionsTest-1443371841 tempest-VolumesActionsTest-1443371841-project] Lock "e8249e11-e059-4126-8d17-4edf14bbd7fa" acquired by "nova.context.set_target_cell..get_or_set_cached_cell_and_set_connections" :: waited 0.001s {{(pid=127631) inner /usr/local/lib/python3.8/dist-packages/oslo_concurrency/lockutils.py:390}}
Sep 05 14:35:52.902078 dv-cinder-842905-3-smb devstack@n-api.service[127632]: DEBUG oslo_concurrency.lockutils [None req-b529a01f-e4d3-498c-bafe-98d29deffd94 tempest-VolumesSnapshotTestJSON-1665339385 tempest-VolumesSnapshotTestJSON-1665339385-project] Lock "e8249e11-e059-4126-8d17-4edf14bbd7fa" acquired by "nova.context.set_target_cell..get_or_set_cached_cell_and_set_connections" :: waited 0.002s {{(pid=127632) inner /usr/local/lib/python3.8/dist-packages/oslo_concurrency/lockutils.py:390}}
Sep 05 14:35:52.902249 dv-cinder-842905-3-smb devstack@n-api.service[127631]: DEBUG oslo_concurrency.lockutils [None req-06dadd86-cf74-444f-a8c0-f879a584354d tempest-VolumesActionsTest-1443371841 tempest-VolumesActionsTest-1443371841-project] Lock "e8249e11-e059-4126-8d17-4edf14bbd7fa" "released" by "nova.context.set_target_cell..get_or_set_cached_cell_and_set_connections" :: held 0.001s {{(pid=127631) inner /usr/local/lib/python3.8/dist-packages/oslo_concurrency/lockutils.py:404}}
Sep 05 14:35:52.903958 dv-cinder-842905-3-smb devstack@n-api.service[127632]: DEBUG oslo_concurrency.lockutils [None req-b529a01f-e4d3-498c-bafe-98d29deffd94 tempest-VolumesSnapshotTestJSON-1665339385 tempest-VolumesSnapshotTestJSON-1665339385-project] Lock "e8249e11-e059-4126-8d17-4edf14bbd7fa" "released" by "nova.context.set_target_cell..get_or_set_cached_cell_and_set_connections" :: held 0.002s {{(pid=127632) inner /usr/local/lib/python3.8/dist-packages/oslo_concurrency/lockutils.py:404}}
Sep 05 14:35:52.904869 dv-cinder-842905-3-smb devstack@n-api.service[127632]: DEBUG oslo_concurrency.lockutils [None req-b529a01f-e4d3-498c-bafe-98d29deffd94 tempest-VolumesSnapshotTestJSON-1665339385 tempest-VolumesSnapshotTestJSON-1665339385-project] Acquiring lock "e8249e11-e059-4126-8d17-4edf14bbd7fa" by "nova.context.set_target_cell..get_or_set_cached_cell_and_set_connections" {{(pid=127632) inner /usr/local/lib/python3.8/dist-packages/oslo_concurrency/lockutils.py:385}}
Sep 05 14:35:52.906649 dv-cinder-842905-3-smb devstack@n-api.service[127632]: DEBUG oslo_concurrency.lockutils [None req-b529a01f-e4d3-498c-bafe-98d29deffd94 tempest-VolumesSnapshotTestJSON-1665339385 tempest-VolumesSnapshotTestJSON-1665339385-project] Lock "e8249e11-e059-4126-8d17-4edf14bbd7fa" acquired by "nova.context.set_target_cell..get_or_set_cached_cell_and_set_connections" :: waited 0.002s {{(pid=127632) inner /usr/local/lib/python3.8/dist-packages/oslo_concurrency/lockutils.py:390}}
Sep 05 14:35:52.907148 dv-cinder-842905-3-smb devstack@n-api.service[127632]: DEBUG oslo_concurrency.lockutils [None req-b529a01f-e4d3-498c-bafe-98d29deffd94 tempest-VolumesSnapshotTestJSON-1665339385 tempest-VolumesSnapshotTestJSON-1665339385-project] Lock "e8249e11-e059-4126-8d17-4edf14bbd7fa" "released" by "nova.context.set_target_cell..get_or_set_cached_cell_and_set_connections" :: held 0.001s {{(pid=127632) inner /usr/local/lib/python3.8/dist-packages/oslo_concurrency/lockutils.py:404}}
Sep 05 14:35:53.220794 dv-cinder-842905-3-smb devstack@n-api.service[127631]: DEBUG nova.policy [None req-06dadd86-cf74-444f-a8c0-f879a584354d tempest-VolumesActionsTest-1443371841 tempest-VolumesActionsTest-1443371841-project] Policy check for os_compute_api:os-extended-server-attributes failed with credentials {'is_admin': False, 'user_id': '8acb5686883a43fc8984e2f6e23c56d3', 'user_domain_id': 'default', 'system_scope': None, 'domain_id': None, 'project_id': 'd7cd0446e5b04910b0886f4ede510e70', 'project_domain_id': 'default', 'roles': ['reader', 'member'], 'is_admin_project': True, 'service_user_id': None, 'service_user_domain_id': None, 'service_project_id': None, 'service_project_domain_id': None, 'service_roles': []} {{(pid=127631) authorize /opt/stack/nova/nova/policy.py:199}}
Sep 05 14:35:53.252139 dv-cinder-842905-3-smb devstack@n-api.service[127631]: INFO nova.api.openstack.requestlog [None req-06dadd86-cf74-444f-a8c0-f879a584354d tempest-VolumesActionsTest-1443371841 tempest-VolumesActionsTest-1443371841-project] 10.222.0.23 "GET /compute/v2.1/servers/19d1672f-65f9-40d3-9ffa-78391e3653cd" status: 200 len: 1314 microversion: 2.1 time: 0.367883
Sep 05 14:35:53.263189 dv-cinder-842905-3-smb devstack@n-api.service[127631]: [pid: 127631|app: 0|req: 91/168] 10.222.0.23 () {58 vars in 1236 bytes} [Mon Sep 5 14:35:52 2022] GET /compute/v2.1/servers/19d1672f-65f9-40d3-9ffa-78391e3653cd => generated 1314 bytes in 383 msecs (HTTP/1.1 200) 9 headers in 358 bytes (1 switches on core 0)
Sep 05 14:35:53.399774 dv-cinder-842905-3-smb devstack@n-api.service[127631]: DEBUG nova.api.openstack.wsgi [None req-42e8dcc8-2c36-4284-8ad9-84a0b6cc2a9d tempest-ServerRescueNegativeTestJSON-45126899 tempest-ServerRescueNegativeTestJSON-45126899-project] Calling method '>' {{(pid=127631) _process_stack /opt/stack/nova/nova/api/openstack/wsgi.py:513}}
Sep 05 14:35:53.400457 dv-cinder-842905-3-smb devstack@n-api.service[127631]: DEBUG nova.compute.api [None req-42e8dcc8-2c36-4284-8ad9-84a0b6cc2a9d tempest-ServerRescueNegativeTestJSON-45126899 tempest-ServerRescueNegativeTestJSON-45126899-project] [instance: c6ee7cd0-42e9-49c4-bcc1-75dd20aa19f7] Fetching instance by UUID {{(pid=127631) get /opt/stack/nova/nova/compute/api.py:2975}}
Sep 05 14:35:53.409122 dv-cinder-842905-3-smb devstack@n-api.service[127631]: DEBUG oslo_concurrency.lockutils [None req-42e8dcc8-2c36-4284-8ad9-84a0b6cc2a9d tempest-ServerRescueNegativeTestJSON-45126899 tempest-ServerRescueNegativeTestJSON-45126899-project] Acquiring lock "e8249e11-e059-4126-8d17-4edf14bbd7fa" by "nova.context.set_target_cell..get_or_set_cached_cell_and_set_connections" {{(pid=127631) inner /usr/local/lib/python3.8/dist-packages/oslo_concurrency/lockutils.py:385}}
Sep 05 14:35:53.409618 dv-cinder-842905-3-smb devstack@n-api.service[127631]: DEBUG oslo_concurrency.lockutils [None req-42e8dcc8-2c36-4284-8ad9-84a0b6cc2a9d tempest-ServerRescueNegativeTestJSON-45126899 tempest-ServerRescueNegativeTestJSON-45126899-project] Lock "e8249e11-e059-4126-8d17-4edf14bbd7fa" acquired by "nova.context.set_target_cell..get_or_set_cached_cell_and_set_connections" :: waited 0.001s {{(pid=127631) inner /usr/local/lib/python3.8/dist-packages/oslo_concurrency/lockutils.py:390}}
Sep 05 14:35:53.410273 dv-cinder-842905-3-smb devstack@n-api.service[127631]: DEBUG oslo_concurrency.lockutils [None req-42e8dcc8-2c36-4284-8ad9-84a0b6cc2a9d tempest-ServerRescueNegativeTestJSON-45126899 tempest-ServerRescueNegativeTestJSON-45126899-project] Lock "e8249e11-e059-4126-8d17-4edf14bbd7fa" "released" by "nova.context.set_target_cell..get_or_set_cached_cell_and_set_connections" :: held 0.001s {{(pid=127631) inner /usr/local/lib/python3.8/dist-packages/oslo_concurrency/lockutils.py:404}}
Sep 05 14:35:53.411339 dv-cinder-842905-3-smb devstack@n-api.service[127631]: DEBUG oslo_concurrency.lockutils [None req-42e8dcc8-2c36-4284-8ad9-84a0b6cc2a9d tempest-ServerRescueNegativeTestJSON-45126899 tempest-ServerRescueNegativeTestJSON-45126899-project] Acquiring lock "e8249e11-e059-4126-8d17-4edf14bbd7fa" by "nova.context.set_target_cell..get_or_set_cached_cell_and_set_connections" {{(pid=127631) inner /usr/local/lib/python3.8/dist-packages/oslo_concurrency/lockutils.py:385}}
Sep 05 14:35:53.411954 dv-cinder-842905-3-smb devstack@n-api.service[127631]: DEBUG oslo_concurrency.lockutils [None req-42e8dcc8-2c36-4284-8ad9-84a0b6cc2a9d tempest-ServerRescueNegativeTestJSON-45126899 tempest-ServerRescueNegativeTestJSON-45126899-project] Lock "e8249e11-e059-4126-8d17-4edf14bbd7fa" acquired by "nova.context.set_target_cell..get_or_set_cached_cell_and_set_connections" :: waited 0.001s {{(pid=127631) inner /usr/local/lib/python3.8/dist-packages/oslo_concurrency/lockutils.py:390}}
Sep 05 14:35:53.412524 dv-cinder-842905-3-smb devstack@n-api.service[127631]: DEBUG oslo_concurrency.lockutils [None req-42e8dcc8-2c36-4284-8ad9-84a0b6cc2a9d tempest-ServerRescueNegativeTestJSON-45126899 tempest-ServerRescueNegativeTestJSON-45126899-project] Lock "e8249e11-e059-4126-8d17-4edf14bbd7fa" "released" by "nova.context.set_target_cell..get_or_set_cached_cell_and_set_connections" :: held 0.001s {{(pid=127631) inner /usr/local/lib/python3.8/dist-packages/oslo_concurrency/lockutils.py:404}}
Sep 05 14:35:53.538792 dv-cinder-842905-3-smb devstack@n-api.service[127632]: DEBUG nova.policy [None req-b529a01f-e4d3-498c-bafe-98d29deffd94 tempest-VolumesSnapshotTestJSON-1665339385 tempest-VolumesSnapshotTestJSON-1665339385-project] Policy check for os_compute_api:os-extended-server-attributes failed with credentials {'is_admin': False, 'user_id': '283b6df7aaf741b284d97004c9026cb2', 'user_domain_id': 'default', 'system_scope': None, 'domain_id': None, 'project_id': '282407d481ac475a973951917ef33851', 'project_domain_id': 'default', 'roles': ['reader', 'member'], 'is_admin_project': True, 'service_user_id': None, 'service_user_domain_id': None, 'service_project_id': None, 'service_project_domain_id': None, 'service_roles': []} {{(pid=127632) authorize /opt/stack/nova/nova/policy.py:199}}
Sep 05 14:35:53.551557 dv-cinder-842905-3-smb devstack@n-api.service[127632]: INFO nova.api.openstack.requestlog [None req-b529a01f-e4d3-498c-bafe-98d29deffd94 tempest-VolumesSnapshotTestJSON-1665339385 tempest-VolumesSnapshotTestJSON-1665339385-project] 10.222.0.23 "GET /compute/v2.1/servers/12229fe9-70a7-4038-af72-6fca2872dabf" status: 200 len: 1319 microversion: 2.1 time: 0.668752
Sep 05 14:35:53.563222 dv-cinder-842905-3-smb devstack@n-api.service[127632]: [pid: 127632|app: 0|req: 78/169] 10.222.0.23 () {58 vars in 1236 bytes} [Mon Sep 5 14:35:52 2022] GET /compute/v2.1/servers/12229fe9-70a7-4038-af72-6fca2872dabf => generated 1319 bytes in 683 msecs (HTTP/1.1 200) 9 headers in 358 bytes (1 switches on core 0)
Sep 05 14:35:53.845523 dv-cinder-842905-3-smb devstack@n-api.service[127631]: DEBUG nova.policy [None req-42e8dcc8-2c36-4284-8ad9-84a0b6cc2a9d tempest-ServerRescueNegativeTestJSON-45126899 tempest-ServerRescueNegativeTestJSON-45126899-project] Policy check for os_compute_api:os-extended-server-attributes failed with credentials {'is_admin': False, 'user_id': '0a11601da6724a97b4f5acc5b06b2811', 'user_domain_id': 'default', 'system_scope': None, 'domain_id': None, 'project_id': '6f2580d8a63c40a38b4292bfae0faf61', 'project_domain_id': 'default', 'roles': ['reader', 'member'], 'is_admin_project': True, 'service_user_id': None, 'service_user_domain_id': None, 'service_project_id': None, 'service_project_domain_id': None, 'service_roles': []} {{(pid=127631) authorize /opt/stack/nova/nova/policy.py:199}}
Sep 05 14:35:53.855799 dv-cinder-842905-3-smb devstack@n-api.service[127631]: INFO nova.api.openstack.requestlog [None req-42e8dcc8-2c36-4284-8ad9-84a0b6cc2a9d tempest-ServerRescueNegativeTestJSON-45126899 tempest-ServerRescueNegativeTestJSON-45126899-project] 10.222.0.23 "GET /compute/v2.1/servers/c6ee7cd0-42e9-49c4-bcc1-75dd20aa19f7" status: 200 len: 1521 microversion: 2.1 time: 0.465386
Sep 05 14:35:53.856455 dv-cinder-842905-3-smb devstack@n-api.service[127631]: [pid: 127631|app: 0|req: 92/170] 10.222.0.23 () {58 vars in 1236 bytes} [Mon Sep 5 14:35:53 2022] GET /compute/v2.1/servers/c6ee7cd0-42e9-49c4-bcc1-75dd20aa19f7 => generated 1521 bytes in 467 msecs (HTTP/1.1 200) 9 headers in 358 bytes (2 switches on core 0)
Sep 05 14:35:54.276489 dv-cinder-842905-3-smb devstack@n-api.service[127632]: DEBUG nova.api.openstack.wsgi [None req-d5167f00-9409-4924-b226-a52eda1f996f tempest-VolumesActionsTest-1443371841 tempest-VolumesActionsTest-1443371841-project] Calling method '>' {{(pid=127632) _process_stack /opt/stack/nova/nova/api/openstack/wsgi.py:513}}
Sep 05 14:35:54.279336 dv-cinder-842905-3-smb devstack@n-api.service[127632]: DEBUG nova.compute.api [None req-d5167f00-9409-4924-b226-a52eda1f996f tempest-VolumesActionsTest-1443371841 tempest-VolumesActionsTest-1443371841-project] [instance: 19d1672f-65f9-40d3-9ffa-78391e3653cd] Fetching instance by UUID {{(pid=127632) get /opt/stack/nova/nova/compute/api.py:2975}}
Sep 05 14:35:54.281882 dv-cinder-842905-3-smb devstack@n-api.service[127632]: DEBUG dbcounter [-] [127632] Writing DB stats nova_api:SELECT=91,nova_api:UPDATE=1 {{(pid=127632) stat_writer /usr/local/lib/python3.8/dist-packages/dbcounter.py:114}}
Sep 05 14:35:54.288939 dv-cinder-842905-3-smb devstack@n-api.service[127632]: DEBUG oslo_concurrency.lockutils [None req-d5167f00-9409-4924-b226-a52eda1f996f tempest-VolumesActionsTest-1443371841 tempest-VolumesActionsTest-1443371841-project] Acquiring lock "e8249e11-e059-4126-8d17-4edf14bbd7fa" by "nova.context.set_target_cell..get_or_set_cached_cell_and_set_connections" {{(pid=127632) inner /usr/local/lib/python3.8/dist-packages/oslo_concurrency/lockutils.py:385}}
Sep 05 14:35:54.290176 dv-cinder-842905-3-smb devstack@n-api.service[127632]: DEBUG oslo_concurrency.lockutils [None req-d5167f00-9409-4924-b226-a52eda1f996f tempest-VolumesActionsTest-1443371841 tempest-VolumesActionsTest-1443371841-project] Lock "e8249e11-e059-4126-8d17-4edf14bbd7fa" acquired by "nova.context.set_target_cell..get_or_set_cached_cell_and_set_connections" :: waited 0.001s {{(pid=127632) inner /usr/local/lib/python3.8/dist-packages/oslo_concurrency/lockutils.py:390}}
Sep 05 14:35:54.290859 dv-cinder-842905-3-smb devstack@n-api.service[127632]: DEBUG oslo_concurrency.lockutils [None req-d5167f00-9409-4924-b226-a52eda1f996f tempest-VolumesActionsTest-1443371841 tempest-VolumesActionsTest-1443371841-project] Lock "e8249e11-e059-4126-8d17-4edf14bbd7fa" "released" by "nova.context.set_target_cell..get_or_set_cached_cell_and_set_connections" :: held 0.001s {{(pid=127632) inner /usr/local/lib/python3.8/dist-packages/oslo_concurrency/lockutils.py:404}}
Sep 05 14:35:54.291679 dv-cinder-842905-3-smb devstack@n-api.service[127632]: DEBUG oslo_concurrency.lockutils [None req-d5167f00-9409-4924-b226-a52eda1f996f tempest-VolumesActionsTest-1443371841 tempest-VolumesActionsTest-1443371841-project] Acquiring lock "e8249e11-e059-4126-8d17-4edf14bbd7fa" by "nova.context.set_target_cell..get_or_set_cached_cell_and_set_connections" {{(pid=127632) inner /usr/local/lib/python3.8/dist-packages/oslo_concurrency/lockutils.py:385}}
Sep 05 14:35:54.292239 dv-cinder-842905-3-smb devstack@n-api.service[127632]: DEBUG oslo_concurrency.lockutils [None req-d5167f00-9409-4924-b226-a52eda1f996f tempest-VolumesActionsTest-1443371841 tempest-VolumesActionsTest-1443371841-project] Lock "e8249e11-e059-4126-8d17-4edf14bbd7fa" acquired by "nova.context.set_target_cell..get_or_set_cached_cell_and_set_connections" :: waited 0.001s {{(pid=127632) inner /usr/local/lib/python3.8/dist-packages/oslo_concurrency/lockutils.py:390}}
Sep 05 14:35:54.292766 dv-cinder-842905-3-smb devstack@n-api.service[127632]: DEBUG oslo_concurrency.lockutils [None req-d5167f00-9409-4924-b226-a52eda1f996f tempest-VolumesActionsTest-1443371841 tempest-VolumesActionsTest-1443371841-project] Lock "e8249e11-e059-4126-8d17-4edf14bbd7fa" "released" by "nova.context.set_target_cell..get_or_set_cached_cell_and_set_connections" :: held 0.001s {{(pid=127632) inner /usr/local/lib/python3.8/dist-packages/oslo_concurrency/lockutils.py:404}}
Sep 05 14:35:54.576966 dv-cinder-842905-3-smb devstack@n-api.service[127631]: DEBUG nova.api.openstack.wsgi [None req-f0c91c9d-b3c3-4157-85b4-b99c1a03e36a tempest-VolumesSnapshotTestJSON-1665339385 tempest-VolumesSnapshotTestJSON-1665339385-project] Calling method '>' {{(pid=127631) _process_stack /opt/stack/nova/nova/api/openstack/wsgi.py:513}}
Sep 05 14:35:54.577925 dv-cinder-842905-3-smb devstack@n-api.service[127631]: DEBUG nova.compute.api [None req-f0c91c9d-b3c3-4157-85b4-b99c1a03e36a tempest-VolumesSnapshotTestJSON-1665339385 tempest-VolumesSnapshotTestJSON-1665339385-project] [instance: 12229fe9-70a7-4038-af72-6fca2872dabf] Fetching instance by UUID {{(pid=127631) get /opt/stack/nova/nova/compute/api.py:2975}}
Sep 05 14:35:54.584414 dv-cinder-842905-3-smb devstack@n-api.service[127631]: DEBUG oslo_concurrency.lockutils [None req-f0c91c9d-b3c3-4157-85b4-b99c1a03e36a tempest-VolumesSnapshotTestJSON-1665339385 tempest-VolumesSnapshotTestJSON-1665339385-project] Acquiring lock "e8249e11-e059-4126-8d17-4edf14bbd7fa" by "nova.context.set_target_cell..get_or_set_cached_cell_and_set_connections" {{(pid=127631) inner /usr/local/lib/python3.8/dist-packages/oslo_concurrency/lockutils.py:385}}
Sep 05 14:35:54.584901 dv-cinder-842905-3-smb devstack@n-api.service[127631]: DEBUG oslo_concurrency.lockutils [None req-f0c91c9d-b3c3-4157-85b4-b99c1a03e36a tempest-VolumesSnapshotTestJSON-1665339385 tempest-VolumesSnapshotTestJSON-1665339385-project] Lock "e8249e11-e059-4126-8d17-4edf14bbd7fa" acquired by "nova.context.set_target_cell..get_or_set_cached_cell_and_set_connections" :: waited 0.001s {{(pid=127631) inner /usr/local/lib/python3.8/dist-packages/oslo_concurrency/lockutils.py:390}}
Sep 05 14:35:54.585567 dv-cinder-842905-3-smb devstack@n-api.service[127631]: DEBUG oslo_concurrency.lockutils [None req-f0c91c9d-b3c3-4157-85b4-b99c1a03e36a tempest-VolumesSnapshotTestJSON-1665339385 tempest-VolumesSnapshotTestJSON-1665339385-project] Lock "e8249e11-e059-4126-8d17-4edf14bbd7fa" "released" by "nova.context.set_target_cell..get_or_set_cached_cell_and_set_connections" :: held 0.001s {{(pid=127631) inner /usr/local/lib/python3.8/dist-packages/oslo_concurrency/lockutils.py:404}}
Sep 05 14:35:54.587105 dv-cinder-842905-3-smb devstack@n-api.service[127631]: DEBUG oslo_concurrency.lockutils [None req-f0c91c9d-b3c3-4157-85b4-b99c1a03e36a tempest-VolumesSnapshotTestJSON-1665339385 tempest-VolumesSnapshotTestJSON-1665339385-project] Acquiring lock "e8249e11-e059-4126-8d17-4edf14bbd7fa" by "nova.context.set_target_cell..get_or_set_cached_cell_and_set_connections" {{(pid=127631) inner /usr/local/lib/python3.8/dist-packages/oslo_concurrency/lockutils.py:385}}
Sep 05 14:35:54.587827 dv-cinder-842905-3-smb devstack@n-api.service[127631]: DEBUG oslo_concurrency.lockutils [None req-f0c91c9d-b3c3-4157-85b4-b99c1a03e36a tempest-VolumesSnapshotTestJSON-1665339385 tempest-VolumesSnapshotTestJSON-1665339385-project] Lock "e8249e11-e059-4126-8d17-4edf14bbd7fa" acquired by "nova.context.set_target_cell..get_or_set_cached_cell_and_set_connections" :: waited 0.001s {{(pid=127631) inner /usr/local/lib/python3.8/dist-packages/oslo_concurrency/lockutils.py:390}}
Sep 05 14:35:54.588259 dv-cinder-842905-3-smb devstack@n-api.service[127631]: DEBUG oslo_concurrency.lockutils [None req-f0c91c9d-b3c3-4157-85b4-b99c1a03e36a tempest-VolumesSnapshotTestJSON-1665339385 tempest-VolumesSnapshotTestJSON-1665339385-project] Lock "e8249e11-e059-4126-8d17-4edf14bbd7fa" "released" by "nova.context.set_target_cell..get_or_set_cached_cell_and_set_connections" :: held 0.001s {{(pid=127631) inner /usr/local/lib/python3.8/dist-packages/oslo_concurrency/lockutils.py:404}}
Sep 05 14:35:54.739588 dv-cinder-842905-3-smb devstack@n-api.service[127632]: DEBUG nova.policy [None req-d5167f00-9409-4924-b226-a52eda1f996f tempest-VolumesActionsTest-1443371841 tempest-VolumesActionsTest-1443371841-project] Policy check for os_compute_api:os-extended-server-attributes failed with credentials {'is_admin': False, 'user_id': '8acb5686883a43fc8984e2f6e23c56d3', 'user_domain_id': 'default', 'system_scope': None, 'domain_id': None, 'project_id': 'd7cd0446e5b04910b0886f4ede510e70', 'project_domain_id': 'default', 'roles': ['reader', 'member'], 'is_admin_project': True, 'service_user_id': None, 'service_user_domain_id': None, 'service_project_id': None, 'service_project_domain_id': None, 'service_roles': []} {{(pid=127632) authorize /opt/stack/nova/nova/policy.py:199}}
Sep 05 14:35:54.749645 dv-cinder-842905-3-smb devstack@n-api.service[127632]: INFO nova.api.openstack.requestlog [None req-d5167f00-9409-4924-b226-a52eda1f996f tempest-VolumesActionsTest-1443371841 tempest-VolumesActionsTest-1443371841-project] 10.222.0.23 "GET /compute/v2.1/servers/19d1672f-65f9-40d3-9ffa-78391e3653cd" status: 200 len: 1314 microversion: 2.1 time: 0.476843
Sep 05 14:35:54.751279 dv-cinder-842905-3-smb devstack@n-api.service[127632]: [pid: 127632|app: 0|req: 79/171] 10.222.0.23 () {58 vars in 1236 bytes} [Mon Sep 5 14:35:54 2022] GET /compute/v2.1/servers/19d1672f-65f9-40d3-9ffa-78391e3653cd => generated 1314 bytes in 479 msecs (HTTP/1.1 200) 9 headers in 358 bytes (1 switches on core 0)
Sep 05 14:35:54.852217 dv-cinder-842905-3-smb devstack@n-api.service[127631]: DEBUG nova.policy [None req-f0c91c9d-b3c3-4157-85b4-b99c1a03e36a tempest-VolumesSnapshotTestJSON-1665339385 tempest-VolumesSnapshotTestJSON-1665339385-project] Policy check for os_compute_api:os-extended-server-attributes failed with credentials {'is_admin': False, 'user_id': '283b6df7aaf741b284d97004c9026cb2', 'user_domain_id': 'default', 'system_scope': None, 'domain_id': None, 'project_id': '282407d481ac475a973951917ef33851', 'project_domain_id': 'default', 'roles': ['reader', 'member'], 'is_admin_project': True, 'service_user_id': None, 'service_user_domain_id': None, 'service_project_id': None, 'service_project_domain_id': None, 'service_roles': []} {{(pid=127631) authorize /opt/stack/nova/nova/policy.py:199}}
Sep 05 14:35:54.867461 dv-cinder-842905-3-smb devstack@n-api.service[127632]: DEBUG nova.api.openstack.wsgi [req-24c2eff3-2e8d-48a5-9c81-12ee711b91a0 req-548ef9f5-bdfc-4009-bf4c-4fc9877b8bcc service nova] Action: 'create', calling method: >, body: {"events": [{"name": "network-changed", "server_uuid": "12229fe9-70a7-4038-af72-6fca2872dabf", "tag": "0c96e47e-a6a5-48d9-903b-1ab15a604023"}]} {{(pid=127632) _process_stack /opt/stack/nova/nova/api/openstack/wsgi.py:511}}
Sep 05 14:35:54.870460 dv-cinder-842905-3-smb devstack@n-api.service[127631]: INFO nova.api.openstack.requestlog [None req-f0c91c9d-b3c3-4157-85b4-b99c1a03e36a tempest-VolumesSnapshotTestJSON-1665339385 tempest-VolumesSnapshotTestJSON-1665339385-project] 10.222.0.23 "GET /compute/v2.1/servers/12229fe9-70a7-4038-af72-6fca2872dabf" status: 200 len: 1319 microversion: 2.1 time: 0.296898
Sep 05 14:35:54.871807 dv-cinder-842905-3-smb devstack@n-api.service[127631]: [pid: 127631|app: 0|req: 93/172] 10.222.0.23 () {58 vars in 1236 bytes} [Mon Sep 5 14:35:54 2022] GET /compute/v2.1/servers/12229fe9-70a7-4038-af72-6fca2872dabf => generated 1319 bytes in 300 msecs (HTTP/1.1 200) 9 headers in 358 bytes (1 switches on core 0)
Sep 05 14:35:54.882217 dv-cinder-842905-3-smb devstack@n-api.service[127632]: DEBUG oslo_concurrency.lockutils [req-24c2eff3-2e8d-48a5-9c81-12ee711b91a0 req-548ef9f5-bdfc-4009-bf4c-4fc9877b8bcc service nova] Acquiring lock "e8249e11-e059-4126-8d17-4edf14bbd7fa" by "nova.context.set_target_cell..get_or_set_cached_cell_and_set_connections" {{(pid=127632) inner /usr/local/lib/python3.8/dist-packages/oslo_concurrency/lockutils.py:385}}
Sep 05 14:35:54.888956 dv-cinder-842905-3-smb devstack@n-api.service[127632]: DEBUG oslo_concurrency.lockutils [req-24c2eff3-2e8d-48a5-9c81-12ee711b91a0 req-548ef9f5-bdfc-4009-bf4c-4fc9877b8bcc service nova] Lock "e8249e11-e059-4126-8d17-4edf14bbd7fa" acquired by "nova.context.set_target_cell..get_or_set_cached_cell_and_set_connections" :: waited 0.007s {{(pid=127632) inner /usr/local/lib/python3.8/dist-packages/oslo_concurrency/lockutils.py:390}}
Sep 05 14:35:54.889648 dv-cinder-842905-3-smb devstack@n-api.service[127632]: DEBUG oslo_concurrency.lockutils [req-24c2eff3-2e8d-48a5-9c81-12ee711b91a0 req-548ef9f5-bdfc-4009-bf4c-4fc9877b8bcc service nova] Lock "e8249e11-e059-4126-8d17-4edf14bbd7fa" "released" by "nova.context.set_target_cell..get_or_set_cached_cell_and_set_connections" :: held 0.001s {{(pid=127632) inner /usr/local/lib/python3.8/dist-packages/oslo_concurrency/lockutils.py:404}}
Sep 05 14:35:54.901031 dv-cinder-842905-3-smb devstack@n-api.service[127631]: DEBUG nova.api.openstack.wsgi [None req-0b2b5b2e-1795-4f6e-9de0-8338bae2f1f6 tempest-ServerRescueNegativeTestJSON-45126899 tempest-ServerRescueNegativeTestJSON-45126899-project] Calling method '>' {{(pid=127631) _process_stack /opt/stack/nova/nova/api/openstack/wsgi.py:513}}
Sep 05 14:35:54.903293 dv-cinder-842905-3-smb devstack@n-api.service[127631]: DEBUG nova.compute.api [None req-0b2b5b2e-1795-4f6e-9de0-8338bae2f1f6 tempest-ServerRescueNegativeTestJSON-45126899 tempest-ServerRescueNegativeTestJSON-45126899-project] [instance: c6ee7cd0-42e9-49c4-bcc1-75dd20aa19f7] Fetching instance by UUID {{(pid=127631) get /opt/stack/nova/nova/compute/api.py:2975}}
Sep 05 14:35:54.908093 dv-cinder-842905-3-smb devstack@n-api.service[127632]: INFO nova.api.openstack.compute.server_external_events [req-24c2eff3-2e8d-48a5-9c81-12ee711b91a0 req-548ef9f5-bdfc-4009-bf4c-4fc9877b8bcc service nova] Creating event network-changed:0c96e47e-a6a5-48d9-903b-1ab15a604023 for instance 12229fe9-70a7-4038-af72-6fca2872dabf on hv-cinder-84290
Sep 05 14:35:54.924278 dv-cinder-842905-3-smb devstack@n-api.service[127631]: DEBUG oslo_concurrency.lockutils [None req-0b2b5b2e-1795-4f6e-9de0-8338bae2f1f6 tempest-ServerRescueNegativeTestJSON-45126899 tempest-ServerRescueNegativeTestJSON-45126899-project] Acquiring lock "e8249e11-e059-4126-8d17-4edf14bbd7fa" by "nova.context.set_target_cell..get_or_set_cached_cell_and_set_connections" {{(pid=127631) inner /usr/local/lib/python3.8/dist-packages/oslo_concurrency/lockutils.py:385}}
Sep 05 14:35:54.927653 dv-cinder-842905-3-smb devstack@n-api.service[127631]: DEBUG oslo_concurrency.lockutils [None req-0b2b5b2e-1795-4f6e-9de0-8338bae2f1f6 tempest-ServerRescueNegativeTestJSON-45126899 tempest-ServerRescueNegativeTestJSON-45126899-project] Lock "e8249e11-e059-4126-8d17-4edf14bbd7fa" acquired by "nova.context.set_target_cell..get_or_set_cached_cell_and_set_connections" :: waited 0.004s {{(pid=127631) inner /usr/local/lib/python3.8/dist-packages/oslo_concurrency/lockutils.py:390}}
Sep 05 14:35:54.929560 dv-cinder-842905-3-smb devstack@n-api.service[127631]: DEBUG oslo_concurrency.lockutils [None req-0b2b5b2e-1795-4f6e-9de0-8338bae2f1f6 tempest-ServerRescueNegativeTestJSON-45126899 tempest-ServerRescueNegativeTestJSON-45126899-project] Lock "e8249e11-e059-4126-8d17-4edf14bbd7fa" "released" by "nova.context.set_target_cell..get_or_set_cached_cell_and_set_connections" :: held 0.002s {{(pid=127631) inner /usr/local/lib/python3.8/dist-packages/oslo_concurrency/lockutils.py:404}}
Sep 05 14:35:54.932132 dv-cinder-842905-3-smb devstack@n-api.service[127631]: DEBUG oslo_concurrency.lockutils [None req-0b2b5b2e-1795-4f6e-9de0-8338bae2f1f6 tempest-ServerRescueNegativeTestJSON-45126899 tempest-ServerRescueNegativeTestJSON-45126899-project] Acquiring lock "e8249e11-e059-4126-8d17-4edf14bbd7fa" by "nova.context.set_target_cell..get_or_set_cached_cell_and_set_connections" {{(pid=127631) inner /usr/local/lib/python3.8/dist-packages/oslo_concurrency/lockutils.py:385}}
Sep 05 14:35:54.933360 dv-cinder-842905-3-smb devstack@n-api.service[127632]: INFO nova.api.openstack.requestlog [req-24c2eff3-2e8d-48a5-9c81-12ee711b91a0 req-548ef9f5-bdfc-4009-bf4c-4fc9877b8bcc service nova] 10.222.0.23 "POST /compute/v2.1/os-server-external-events" status: 200 len: 179 microversion: 2.1 time: 0.069850
Sep 05 14:35:54.934174 dv-cinder-842905-3-smb devstack@n-api.service[127631]: DEBUG oslo_concurrency.lockutils [None req-0b2b5b2e-1795-4f6e-9de0-8338bae2f1f6 tempest-ServerRescueNegativeTestJSON-45126899 tempest-ServerRescueNegativeTestJSON-45126899-project] Lock "e8249e11-e059-4126-8d17-4edf14bbd7fa" acquired by "nova.context.set_target_cell..get_or_set_cached_cell_and_set_connections" :: waited 0.002s {{(pid=127631) inner /usr/local/lib/python3.8/dist-packages/oslo_concurrency/lockutils.py:390}}
Sep 05 14:35:54.934578 dv-cinder-842905-3-smb devstack@n-api.service[127632]: [pid: 127632|app: 0|req: 80/173] 10.222.0.23 () {64 vars in 1317 bytes} [Mon Sep 5 14:35:54 2022] POST /compute/v2.1/os-server-external-events => generated 179 bytes in 72 msecs (HTTP/1.1 200) 9 headers in 357 bytes (2 switches on core 0)
Sep 05 14:35:54.937221 dv-cinder-842905-3-smb devstack@n-api.service[127631]: DEBUG oslo_concurrency.lockutils [None req-0b2b5b2e-1795-4f6e-9de0-8338bae2f1f6 tempest-ServerRescueNegativeTestJSON-45126899 tempest-ServerRescueNegativeTestJSON-45126899-project] Lock "e8249e11-e059-4126-8d17-4edf14bbd7fa" "released" by "nova.context.set_target_cell..get_or_set_cached_cell_and_set_connections" :: held 0.003s {{(pid=127631) inner /usr/local/lib/python3.8/dist-packages/oslo_concurrency/lockutils.py:404}}
Sep 05 14:35:55.202736 dv-cinder-842905-3-smb devstack@n-api.service[127631]: DEBUG nova.policy [None req-0b2b5b2e-1795-4f6e-9de0-8338bae2f1f6 tempest-ServerRescueNegativeTestJSON-45126899 tempest-ServerRescueNegativeTestJSON-45126899-project] Policy check for os_compute_api:os-extended-server-attributes failed with credentials {'is_admin': False, 'user_id': '0a11601da6724a97b4f5acc5b06b2811', 'user_domain_id': 'default', 'system_scope': None, 'domain_id': None, 'project_id': '6f2580d8a63c40a38b4292bfae0faf61', 'project_domain_id': 'default', 'roles': ['reader', 'member'], 'is_admin_project': True, 'service_user_id': None, 'service_user_domain_id': None, 'service_project_id': None, 'service_project_domain_id': None, 'service_roles': []} {{(pid=127631) authorize /opt/stack/nova/nova/policy.py:199}}
Sep 05 14:35:55.216974 dv-cinder-842905-3-smb devstack@n-api.service[127631]: INFO nova.api.openstack.requestlog [None req-0b2b5b2e-1795-4f6e-9de0-8338bae2f1f6 tempest-ServerRescueNegativeTestJSON-45126899 tempest-ServerRescueNegativeTestJSON-45126899-project] 10.222.0.23 "GET /compute/v2.1/servers/c6ee7cd0-42e9-49c4-bcc1-75dd20aa19f7" status: 200 len: 1521 microversion: 2.1 time: 0.327795
Sep 05 14:35:55.218079 dv-cinder-842905-3-smb devstack@n-api.service[127631]: [pid: 127631|app: 0|req: 94/174] 10.222.0.23 () {58 vars in 1236 bytes} [Mon Sep 5 14:35:54 2022] GET /compute/v2.1/servers/c6ee7cd0-42e9-49c4-bcc1-75dd20aa19f7 => generated 1521 bytes in 330 msecs (HTTP/1.1 200) 9 headers in 358 bytes (1 switches on core 0)
Sep 05 14:35:55.773869 dv-cinder-842905-3-smb devstack@n-api.service[127632]: DEBUG nova.api.openstack.wsgi [None req-0adf9c0c-cec3-4e50-a789-d3ee8b0d72bf tempest-VolumesActionsTest-1443371841 tempest-VolumesActionsTest-1443371841-project] Calling method '>' {{(pid=127632) _process_stack /opt/stack/nova/nova/api/openstack/wsgi.py:513}}
