Sep 05 14:34:10.903298 dv-cinder-842905-3-iscsi neutron-server[106926]: DEBUG neutron.wsgi [-] (106926) accepted ('10.222.0.15', 48228) {{(pid=106926) server /usr/local/lib/python3.8/dist-packages/eventlet/wsgi.py:1004}}
Sep 05 14:34:10.911369 dv-cinder-842905-3-iscsi neutron-server[106927]: DEBUG dbcounter [-] [106927] Writing DB stats neutron:SELECT=91,neutron:UPDATE=7,neutron:INSERT=2 {{(pid=106927) stat_writer /usr/local/lib/python3.8/dist-packages/dbcounter.py:114}}
Sep 05 14:34:10.945538 dv-cinder-842905-3-iscsi neutron-server[106927]: DEBUG neutron.api.rpc.handlers.resources_rpc [None req-a582c2c0-81b5-4f3a-9278-1d335eca5851 None None] Pushing event updated for resources: {'Port': ['ID=065403c7-796d-4821-a38a-5cb06be0846f,revision_number=2']} {{(pid=106927) push /opt/stack/neutron/neutron/api/rpc/handlers/resources_rpc.py:237}}
Sep 05 14:34:10.959992 dv-cinder-842905-3-iscsi neutron-server[106926]: DEBUG neutron.api.v2.base [None req-fff6aae4-b91b-4612-b1a4-025129c7e237 admin admin] Request body: {'network': {'name': 'tempest-ServerRescueNegativeTestJSON-1268572371-network', 'tenant_id': '2af009055e3b4bdda73a770242253b0d'}} {{(pid=106926) prepare_request_body /opt/stack/neutron/neutron/api/v2/base.py:730}}
Sep 05 14:34:11.005587 dv-cinder-842905-3-iscsi neutron-server[106925]: DEBUG neutron_lib.callbacks.manager [None req-ee3d8b62-6f02-4722-9eb8-2b22377d1833 admin admin] Publish callbacks ['neutron.plugins.ml2.plugin.SecurityGroupServerNotifierRpcMixin._notify_sg_on_port_change-3854056', 'neutron.plugins.ml2.ovo_rpc._ObjectChangeHandler.handle_event-216642', 'neutron.api.rpc.agentnotifiers.dhcp_rpc_agent_api.DhcpAgentNotifyAPI._native_event_send_dhcp_notification-548577', 'neutron.db.l3_dvrscheduler_db._notify_l3_agent_new_port-8768218751380'] for port (738baded-0ee8-4a84-b990-3a9071a18e9b), after_create {{(pid=106925) _notify_loop /usr/local/lib/python3.8/dist-packages/neutron_lib/callbacks/manager.py:176}}
Sep 05 14:34:11.032743 dv-cinder-842905-3-iscsi neutron-server[106926]: DEBUG neutron.api.v2.base [None req-d28302e9-db15-4e1f-9db6-e0685023a36f admin admin] Request body: {'network': {'name': 'tempest-DeleteServersTestJSON-490789602-network', 'tenant_id': '3c30f843007d4200ac64e2189003698f'}} {{(pid=106926) prepare_request_body /opt/stack/neutron/neutron/api/v2/base.py:730}}
Sep 05 14:34:11.050937 dv-cinder-842905-3-iscsi neutron-server[106925]: DEBUG neutron.scheduler.dhcp_agent_scheduler [None req-ee3d8b62-6f02-4722-9eb8-2b22377d1833 admin admin] Network 80e21e98-ee97-4165-9a84-692e044c191e is already hosted by enough agents. {{(pid=106925) _get_dhcp_agents_hosting_network /opt/stack/neutron/neutron/scheduler/dhcp_agent_scheduler.py:275}}
Sep 05 14:34:11.052670 dv-cinder-842905-3-iscsi neutron-server[106925]: DEBUG neutron.scheduler.base_scheduler [None req-ee3d8b62-6f02-4722-9eb8-2b22377d1833 admin admin] Resources bound (agent type, host, resource id): {{(pid=106925) schedule /opt/stack/neutron/neutron/scheduler/base_scheduler.py:57}}
Sep 05 14:34:11.054058 dv-cinder-842905-3-iscsi neutron-server[106926]: DEBUG neutron.pecan_wsgi.hooks.quota_enforcement [None req-8ec8d950-2281-4012-b0d2-630b0dce2280 admin admin] Made reservation on behalf of 834730ab3cfd4d649fc270843d47b291 for: {'network': 1} {{(pid=106926) before /opt/stack/neutron/neutron/pecan_wsgi/hooks/quota_enforcement.py:53}}
Sep 05 14:34:11.058699 dv-cinder-842905-3-iscsi neutron-server[106926]: DEBUG neutron_lib.callbacks.manager [None req-8ec8d950-2281-4012-b0d2-630b0dce2280 admin admin] Publish callbacks ['neutron.plugins.ml2.plugin.SecurityGroupDbMixin._ensure_default_security_group_handler-3853995'] for network (None), before_create {{(pid=106926) _notify_loop /usr/local/lib/python3.8/dist-packages/neutron_lib/callbacks/manager.py:176}}
Sep 05 14:34:11.077268 dv-cinder-842905-3-iscsi neutron-server[106926]: DEBUG neutron_lib.callbacks.manager [None req-8ec8d950-2281-4012-b0d2-630b0dce2280 admin admin] Publish callbacks [] for security_group (None), before_create {{(pid=106926) _notify_loop /usr/local/lib/python3.8/dist-packages/neutron_lib/callbacks/manager.py:176}}
Sep 05 14:34:11.084420 dv-cinder-842905-3-iscsi neutron-server[106925]: DEBUG neutron.api.rpc.handlers.resources_rpc [None req-ee3d8b62-6f02-4722-9eb8-2b22377d1833 admin admin] Pushing event updated for resources: {'Port': ['ID=738baded-0ee8-4a84-b990-3a9071a18e9b,revision_number=1']} {{(pid=106925) push /opt/stack/neutron/neutron/api/rpc/handlers/resources_rpc.py:237}}
Sep 05 14:34:11.090834 dv-cinder-842905-3-iscsi neutron-server[106925]: DEBUG neutron.db.l3_dvrscheduler_db [None req-ee3d8b62-6f02-4722-9eb8-2b22377d1833 admin admin] Received port after_create {{(pid=106925) _notify_l3_agent_new_port /opt/stack/neutron/neutron/db/l3_dvrscheduler_db.py:538}}
Sep 05 14:34:11.131532 dv-cinder-842905-3-iscsi neutron-server[106926]: DEBUG neutron.pecan_wsgi.hooks.quota_enforcement [None req-fff6aae4-b91b-4612-b1a4-025129c7e237 admin admin] Made reservation on behalf of 2af009055e3b4bdda73a770242253b0d for: {'network': 1} {{(pid=106926) before /opt/stack/neutron/neutron/pecan_wsgi/hooks/quota_enforcement.py:53}}
Sep 05 14:34:11.134842 dv-cinder-842905-3-iscsi neutron-server[106926]: DEBUG neutron_lib.callbacks.manager [None req-fff6aae4-b91b-4612-b1a4-025129c7e237 admin admin] Publish callbacks ['neutron.plugins.ml2.plugin.SecurityGroupDbMixin._ensure_default_security_group_handler-3853995'] for network (None), before_create {{(pid=106926) _notify_loop /usr/local/lib/python3.8/dist-packages/neutron_lib/callbacks/manager.py:176}}
Sep 05 14:34:11.153350 dv-cinder-842905-3-iscsi neutron-server[106926]: DEBUG neutron_lib.callbacks.manager [None req-fff6aae4-b91b-4612-b1a4-025129c7e237 admin admin] Publish callbacks [] for security_group (None), before_create {{(pid=106926) _notify_loop /usr/local/lib/python3.8/dist-packages/neutron_lib/callbacks/manager.py:176}}
Sep 05 14:34:11.274416 dv-cinder-842905-3-iscsi neutron-server[106926]: DEBUG neutron.pecan_wsgi.hooks.quota_enforcement [None req-d28302e9-db15-4e1f-9db6-e0685023a36f admin admin] Made reservation on behalf of 3c30f843007d4200ac64e2189003698f for: {'network': 1} {{(pid=106926) before /opt/stack/neutron/neutron/pecan_wsgi/hooks/quota_enforcement.py:53}}
Sep 05 14:34:11.274416 dv-cinder-842905-3-iscsi neutron-server[106926]: DEBUG neutron_lib.callbacks.manager [None req-d28302e9-db15-4e1f-9db6-e0685023a36f admin admin] Publish callbacks ['neutron.plugins.ml2.plugin.SecurityGroupDbMixin._ensure_default_security_group_handler-3853995'] for network (None), before_create {{(pid=106926) _notify_loop /usr/local/lib/python3.8/dist-packages/neutron_lib/callbacks/manager.py:176}}
Sep 05 14:34:11.274416 dv-cinder-842905-3-iscsi neutron-server[106926]: DEBUG neutron_lib.callbacks.manager [None req-d28302e9-db15-4e1f-9db6-e0685023a36f admin admin] Publish callbacks [] for security_group (None), before_create {{(pid=106926) _notify_loop /usr/local/lib/python3.8/dist-packages/neutron_lib/callbacks/manager.py:176}}
Sep 05 14:34:11.350395 dv-cinder-842905-3-iscsi neutron-server[106926]: DEBUG neutron_lib.callbacks.manager [None req-8ec8d950-2281-4012-b0d2-630b0dce2280 admin admin] Publish callbacks [] for security_group (f7a0cdea-952f-4d9c-8100-b1e8d091b808), precommit_create {{(pid=106926) _notify_loop /usr/local/lib/python3.8/dist-packages/neutron_lib/callbacks/manager.py:176}}
Sep 05 14:34:11.380948 dv-cinder-842905-3-iscsi neutron-server[106926]: DEBUG dbcounter [-] [106926] Writing DB stats neutron:SELECT=81,neutron:INSERT=16,neutron:UPDATE=3 {{(pid=106926) stat_writer /usr/local/lib/python3.8/dist-packages/dbcounter.py:114}}
Sep 05 14:34:11.392724 dv-cinder-842905-3-iscsi neutron-server[106926]: DEBUG dbcounter [-] [106926] Writing DB stats neutron:SELECT=70,neutron:INSERT=26,neutron:UPDATE=2,neutron:DELETE=2 {{(pid=106926) stat_writer /usr/local/lib/python3.8/dist-packages/dbcounter.py:114}}
Sep 05 14:34:11.421605 dv-cinder-842905-3-iscsi neutron-server[106926]: DEBUG neutron_lib.callbacks.manager [None req-fff6aae4-b91b-4612-b1a4-025129c7e237 admin admin] Publish callbacks [] for security_group (9dc71723-5716-4623-be31-1bb09e52adb9), precommit_create {{(pid=106926) _notify_loop /usr/local/lib/python3.8/dist-packages/neutron_lib/callbacks/manager.py:176}}
Sep 05 14:34:11.428873 dv-cinder-842905-3-iscsi neutron-server[106926]: DEBUG neutron_lib.callbacks.manager [None req-8ec8d950-2281-4012-b0d2-630b0dce2280 admin admin] Publish callbacks ['neutron.plugins.ml2.ovo_rpc._ObjectChangeHandler.handle_event-426337'] for security_group (f7a0cdea-952f-4d9c-8100-b1e8d091b808), after_create {{(pid=106926) _notify_loop /usr/local/lib/python3.8/dist-packages/neutron_lib/callbacks/manager.py:176}}
Sep 05 14:34:11.472381 dv-cinder-842905-3-iscsi neutron-server[106926]: DEBUG neutron.plugins.ml2.drivers.helpers [None req-8ec8d950-2281-4012-b0d2-630b0dce2280 admin admin] vlan segment allocate from pool success with {'vlan_id': 117, 'physical_network': 'physnet1'} {{(pid=106926) allocate_partially_specified_segment /opt/stack/neutron/neutron/plugins/ml2/drivers/helpers.py:153}}
Sep 05 14:34:11.499277 dv-cinder-842905-3-iscsi neutron-server[106926]: DEBUG neutron_lib.callbacks.manager [None req-8ec8d950-2281-4012-b0d2-630b0dce2280 admin admin] Publish callbacks ['neutron.services.segments.db._add_segment_host_mapping_for_segment-8768219219339', 'neutron.plugins.ml2.plugin.Ml2Plugin._handle_segment_change-3471504'] for segment (d047899e-2baf-44c1-8a7b-8ce8c4bc14cb), precommit_create {{(pid=106926) _notify_loop /usr/local/lib/python3.8/dist-packages/neutron_lib/callbacks/manager.py:176}}
Sep 05 14:34:11.499856 dv-cinder-842905-3-iscsi neutron-server[106926]: DEBUG neutron_lib.callbacks.manager [None req-8ec8d950-2281-4012-b0d2-630b0dce2280 admin admin] Unsubscribe: segment precommit_create {{(pid=106926) unsubscribe /usr/local/lib/python3.8/dist-packages/neutron_lib/callbacks/manager.py:83}}
Sep 05 14:34:11.500362 dv-cinder-842905-3-iscsi neutron-server[106926]: INFO neutron.db.segments_db [None req-8ec8d950-2281-4012-b0d2-630b0dce2280 admin admin] Added segment d047899e-2baf-44c1-8a7b-8ce8c4bc14cb of type vlan for network b4150a16-af6f-4e15-ada3-1b778d9ea7f0
Sep 05 14:34:11.515985 dv-cinder-842905-3-iscsi neutron-server[106926]: DEBUG neutron.api.rpc.handlers.resources_rpc [None req-8ec8d950-2281-4012-b0d2-630b0dce2280 admin admin] Pushing event updated for resources: {'SecurityGroup': ['ID=f7a0cdea-952f-4d9c-8100-b1e8d091b808,revision_number=1']} {{(pid=106926) push /opt/stack/neutron/neutron/api/rpc/handlers/resources_rpc.py:237}}
Sep 05 14:34:11.522458 dv-cinder-842905-3-iscsi neutron-server[106926]: DEBUG neutron_lib.callbacks.manager [None req-d28302e9-db15-4e1f-9db6-e0685023a36f admin admin] Publish callbacks [] for security_group (854ce978-40f3-4c73-91c6-324f8130924a), precommit_create {{(pid=106926) _notify_loop /usr/local/lib/python3.8/dist-packages/neutron_lib/callbacks/manager.py:176}}
Sep 05 14:34:11.528165 dv-cinder-842905-3-iscsi neutron-server[106926]: DEBUG neutron_lib.callbacks.manager [None req-fff6aae4-b91b-4612-b1a4-025129c7e237 admin admin] Publish callbacks ['neutron.plugins.ml2.ovo_rpc._ObjectChangeHandler.handle_event-426337'] for security_group (9dc71723-5716-4623-be31-1bb09e52adb9), after_create {{(pid=106926) _notify_loop /usr/local/lib/python3.8/dist-packages/neutron_lib/callbacks/manager.py:176}}
Sep 05 14:34:11.586344 dv-cinder-842905-3-iscsi neutron-server[106926]: DEBUG neutron.plugins.ml2.drivers.helpers [None req-fff6aae4-b91b-4612-b1a4-025129c7e237 admin admin] vlan segment allocate from pool success with {'vlan_id': 111, 'physical_network': 'physnet1'} {{(pid=106926) allocate_partially_specified_segment /opt/stack/neutron/neutron/plugins/ml2/drivers/helpers.py:153}}
Sep 05 14:34:11.590141 dv-cinder-842905-3-iscsi neutron-server[106926]: DEBUG neutron_lib.callbacks.manager [None req-8ec8d950-2281-4012-b0d2-630b0dce2280 admin admin] Publish callbacks ['neutron.services.auto_allocate.db._ensure_external_network_default_value_callback-8768218689922'] for network (b4150a16-af6f-4e15-ada3-1b778d9ea7f0), precommit_create {{(pid=106926) _notify_loop /usr/local/lib/python3.8/dist-packages/neutron_lib/callbacks/manager.py:176}}
Sep 05 14:34:11.649570 dv-cinder-842905-3-iscsi neutron-server[106926]: DEBUG neutron_lib.callbacks.manager [None req-d28302e9-db15-4e1f-9db6-e0685023a36f admin admin] Publish callbacks ['neutron.plugins.ml2.ovo_rpc._ObjectChangeHandler.handle_event-426337'] for security_group (854ce978-40f3-4c73-91c6-324f8130924a), after_create {{(pid=106926) _notify_loop /usr/local/lib/python3.8/dist-packages/neutron_lib/callbacks/manager.py:176}}
Sep 05 14:34:11.653835 dv-cinder-842905-3-iscsi neutron-server[106926]: DEBUG neutron_lib.callbacks.manager [None req-fff6aae4-b91b-4612-b1a4-025129c7e237 admin admin] Publish callbacks ['neutron.plugins.ml2.plugin.Ml2Plugin._handle_segment_change-3471504'] for segment (1230ea1d-c39a-4767-8c0d-b0726c39dbcf), precommit_create {{(pid=106926) _notify_loop /usr/local/lib/python3.8/dist-packages/neutron_lib/callbacks/manager.py:176}}
Sep 05 14:34:11.654364 dv-cinder-842905-3-iscsi neutron-server[106926]: INFO neutron.db.segments_db [None req-fff6aae4-b91b-4612-b1a4-025129c7e237 admin admin] Added segment 1230ea1d-c39a-4767-8c0d-b0726c39dbcf of type vlan for network 5252f8af-c73a-406a-9ef0-2603b8718d5e
Sep 05 14:34:11.702199 dv-cinder-842905-3-iscsi neutron-server[106926]: DEBUG neutron.api.rpc.handlers.resources_rpc [None req-fff6aae4-b91b-4612-b1a4-025129c7e237 admin admin] Pushing event updated for resources: {'SecurityGroup': ['ID=9dc71723-5716-4623-be31-1bb09e52adb9,revision_number=1']} {{(pid=106926) push /opt/stack/neutron/neutron/api/rpc/handlers/resources_rpc.py:237}}
Sep 05 14:34:11.715344 dv-cinder-842905-3-iscsi neutron-server[106925]: DEBUG neutron_lib.callbacks.manager [None req-ee3d8b62-6f02-4722-9eb8-2b22377d1833 admin admin] Publish callbacks [] for router_gateway (3511a606-f049-4bb2-a616-d8f27b92e2ef), after_create {{(pid=106925) _notify_loop /usr/local/lib/python3.8/dist-packages/neutron_lib/callbacks/manager.py:176}}
Sep 05 14:34:11.754612 dv-cinder-842905-3-iscsi neutron-server[106926]: DEBUG neutron.plugins.ml2.drivers.helpers [None req-d28302e9-db15-4e1f-9db6-e0685023a36f admin admin] vlan segment allocate from pool success with {'vlan_id': 132, 'physical_network': 'physnet1'} {{(pid=106926) allocate_partially_specified_segment /opt/stack/neutron/neutron/plugins/ml2/drivers/helpers.py:153}}
Sep 05 14:34:11.789865 dv-cinder-842905-3-iscsi neutron-server[106926]: DEBUG neutron_lib.callbacks.manager [None req-fff6aae4-b91b-4612-b1a4-025129c7e237 admin admin] Publish callbacks ['neutron.services.auto_allocate.db._ensure_external_network_default_value_callback-8768218689922'] for network (5252f8af-c73a-406a-9ef0-2603b8718d5e), precommit_create {{(pid=106926) _notify_loop /usr/local/lib/python3.8/dist-packages/neutron_lib/callbacks/manager.py:176}}
Sep 05 14:34:11.799433 dv-cinder-842905-3-iscsi neutron-server[106926]: DEBUG neutron_lib.callbacks.manager [None req-d28302e9-db15-4e1f-9db6-e0685023a36f admin admin] Publish callbacks ['neutron.plugins.ml2.plugin.Ml2Plugin._handle_segment_change-3471504'] for segment (bc67a2ed-f3b0-4575-9f4c-8f95aefebd46), precommit_create {{(pid=106926) _notify_loop /usr/local/lib/python3.8/dist-packages/neutron_lib/callbacks/manager.py:176}}
Sep 05 14:34:11.800726 dv-cinder-842905-3-iscsi neutron-server[106926]: INFO neutron.db.segments_db [None req-d28302e9-db15-4e1f-9db6-e0685023a36f admin admin] Added segment bc67a2ed-f3b0-4575-9f4c-8f95aefebd46 of type vlan for network b8051544-65b4-4ff2-a728-2506ad01469f
Sep 05 14:34:11.810070 dv-cinder-842905-3-iscsi neutron-server[106925]: DEBUG dbcounter [-] [106925] Writing DB stats neutron:SELECT=90,neutron:INSERT=5,neutron:UPDATE=5 {{(pid=106925) stat_writer /usr/local/lib/python3.8/dist-packages/dbcounter.py:114}}
Sep 05 14:34:11.827142 dv-cinder-842905-3-iscsi neutron-server[106926]: DEBUG neutron.api.rpc.handlers.resources_rpc [None req-d28302e9-db15-4e1f-9db6-e0685023a36f admin admin] Pushing event updated for resources: {'SecurityGroup': ['ID=854ce978-40f3-4c73-91c6-324f8130924a,revision_number=1']} {{(pid=106926) push /opt/stack/neutron/neutron/api/rpc/handlers/resources_rpc.py:237}}
Sep 05 14:34:11.860371 dv-cinder-842905-3-iscsi neutron-server[106926]: DEBUG neutron_lib.callbacks.manager [None req-8ec8d950-2281-4012-b0d2-630b0dce2280 admin admin] Publish callbacks ['neutron.plugins.ml2.ovo_rpc._ObjectChangeHandler.handle_event-426257', 'neutron.api.rpc.agentnotifiers.dhcp_rpc_agent_api.DhcpAgentNotifyAPI._native_event_send_dhcp_notification-548577'] for network (b4150a16-af6f-4e15-ada3-1b778d9ea7f0), after_create {{(pid=106926) _notify_loop /usr/local/lib/python3.8/dist-packages/neutron_lib/callbacks/manager.py:176}}
Sep 05 14:34:11.861471 dv-cinder-842905-3-iscsi neutron-server[106926]: DEBUG neutron.pecan_wsgi.hooks.policy_enforcement [None req-8ec8d950-2281-4012-b0d2-630b0dce2280 admin admin] Attributes excluded by policy engine: ['standard_attr_id', 'vlan_transparent'] {{(pid=106926) _exclude_attributes_by_policy /opt/stack/neutron/neutron/pecan_wsgi/hooks/policy_enforcement.py:259}}
Sep 05 14:34:11.862116 dv-cinder-842905-3-iscsi neutron-server[106926]: DEBUG neutron_lib.callbacks.manager [None req-8ec8d950-2281-4012-b0d2-630b0dce2280 admin admin] Publish callbacks ['neutron.api.rpc.agentnotifiers.dhcp_rpc_agent_api.DhcpAgentNotifyAPI._send_dhcp_notification-546075'] for network (None), before_response {{(pid=106926) _notify_loop /usr/local/lib/python3.8/dist-packages/neutron_lib/callbacks/manager.py:176}}
Sep 05 14:34:11.990535 dv-cinder-842905-3-iscsi neutron-server[106926]: DEBUG neutron.api.rpc.handlers.resources_rpc [None req-8ec8d950-2281-4012-b0d2-630b0dce2280 admin admin] Pushing event updated for resources: {'Network': ['ID=b4150a16-af6f-4e15-ada3-1b778d9ea7f0,revision_number=1']} {{(pid=106926) push /opt/stack/neutron/neutron/api/rpc/handlers/resources_rpc.py:237}}
Sep 05 14:34:12.004030 dv-cinder-842905-3-iscsi neutron-server[106927]: DEBUG neutron.plugins.ml2.rpc [None req-628c9e08-25e6-4a79-b5f5-6490bd16632f None None] Network b4150a16-af6f-4e15-ada3-1b778d9ea7f0 details requested by agent ovs-agent-dv-cinder-842905-3-iscsi with host dv-cinder-842905-3-iscsi {{(pid=106927) get_network_details /opt/stack/neutron/neutron/plugins/ml2/rpc.py:248}}
Sep 05 14:34:12.005130 dv-cinder-842905-3-iscsi neutron-server[106926]: DEBUG neutron_lib.callbacks.manager [None req-d28302e9-db15-4e1f-9db6-e0685023a36f admin admin] Publish callbacks ['neutron.services.auto_allocate.db._ensure_external_network_default_value_callback-8768218689922'] for network (b8051544-65b4-4ff2-a728-2506ad01469f), precommit_create {{(pid=106926) _notify_loop /usr/local/lib/python3.8/dist-packages/neutron_lib/callbacks/manager.py:176}}
Sep 05 14:34:12.076834 dv-cinder-842905-3-iscsi neutron-server[106926]: DEBUG neutron_lib.callbacks.manager [None req-fff6aae4-b91b-4612-b1a4-025129c7e237 admin admin] Publish callbacks ['neutron.plugins.ml2.ovo_rpc._ObjectChangeHandler.handle_event-426257', 'neutron.api.rpc.agentnotifiers.dhcp_rpc_agent_api.DhcpAgentNotifyAPI._native_event_send_dhcp_notification-548577'] for network (5252f8af-c73a-406a-9ef0-2603b8718d5e), after_create {{(pid=106926) _notify_loop /usr/local/lib/python3.8/dist-packages/neutron_lib/callbacks/manager.py:176}}
Sep 05 14:34:12.076834 dv-cinder-842905-3-iscsi neutron-server[106926]: DEBUG neutron.pecan_wsgi.hooks.policy_enforcement [None req-fff6aae4-b91b-4612-b1a4-025129c7e237 admin admin] Attributes excluded by policy engine: ['standard_attr_id', 'vlan_transparent'] {{(pid=106926) _exclude_attributes_by_policy /opt/stack/neutron/neutron/pecan_wsgi/hooks/policy_enforcement.py:259}}
Sep 05 14:34:12.077338 dv-cinder-842905-3-iscsi neutron-server[106926]: DEBUG neutron_lib.callbacks.manager [None req-fff6aae4-b91b-4612-b1a4-025129c7e237 admin admin] Publish callbacks ['neutron.api.rpc.agentnotifiers.dhcp_rpc_agent_api.DhcpAgentNotifyAPI._send_dhcp_notification-546075'] for network (None), before_response {{(pid=106926) _notify_loop /usr/local/lib/python3.8/dist-packages/neutron_lib/callbacks/manager.py:176}}
Sep 05 14:34:12.103304 dv-cinder-842905-3-iscsi neutron-server[106926]: INFO neutron.wsgi [None req-8ec8d950-2281-4012-b0d2-630b0dce2280 admin admin] 10.222.0.15 "POST /networking/v2.0/networks HTTP/1.1" status: 201 len: 889 time: 1.6961954
Sep 05 14:34:12.127197 dv-cinder-842905-3-iscsi neutron-server[106926]: DEBUG neutron.wsgi [-] (106926) accepted ('10.222.0.15', 48270) {{(pid=106926) server /usr/local/lib/python3.8/dist-packages/eventlet/wsgi.py:1004}}
Sep 05 14:34:12.177591 dv-cinder-842905-3-iscsi neutron-server[106926]: DEBUG neutron.api.v2.base [None req-610140b4-9225-4ea7-8373-469c52dd8f1c admin admin] Request body: {'subnet': {'network_id': 'b4150a16-af6f-4e15-ada3-1b778d9ea7f0', 'cidr': '172.20.0.0/28', 'name': 'tempest-AttachVolumeShelveTestJSON-530463805-subnet', 'tenant_id': '834730ab3cfd4d649fc270843d47b291', 'enable_dhcp': True, 'ip_version': 4}} {{(pid=106926) prepare_request_body /opt/stack/neutron/neutron/api/v2/base.py:730}}
Sep 05 14:34:12.178840 dv-cinder-842905-3-iscsi neutron-server[106927]: DEBUG dbcounter [-] [106927] Writing DB stats neutron:SELECT=89,neutron:UPDATE=6,neutron:INSERT=5 {{(pid=106927) stat_writer /usr/local/lib/python3.8/dist-packages/dbcounter.py:114}}
Sep 05 14:34:12.183577 dv-cinder-842905-3-iscsi neutron-server[106926]: DEBUG neutron_lib.callbacks.manager [None req-d28302e9-db15-4e1f-9db6-e0685023a36f admin admin] Publish callbacks ['neutron.plugins.ml2.ovo_rpc._ObjectChangeHandler.handle_event-426257', 'neutron.api.rpc.agentnotifiers.dhcp_rpc_agent_api.DhcpAgentNotifyAPI._native_event_send_dhcp_notification-548577'] for network (b8051544-65b4-4ff2-a728-2506ad01469f), after_create {{(pid=106926) _notify_loop /usr/local/lib/python3.8/dist-packages/neutron_lib/callbacks/manager.py:176}}
Sep 05 14:34:12.184912 dv-cinder-842905-3-iscsi neutron-server[106926]: DEBUG neutron.pecan_wsgi.hooks.policy_enforcement [None req-d28302e9-db15-4e1f-9db6-e0685023a36f admin admin] Attributes excluded by policy engine: ['standard_attr_id', 'vlan_transparent'] {{(pid=106926) _exclude_attributes_by_policy /opt/stack/neutron/neutron/pecan_wsgi/hooks/policy_enforcement.py:259}}
Sep 05 14:34:12.185716 dv-cinder-842905-3-iscsi neutron-server[106926]: DEBUG neutron_lib.callbacks.manager [None req-d28302e9-db15-4e1f-9db6-e0685023a36f admin admin] Publish callbacks ['neutron.api.rpc.agentnotifiers.dhcp_rpc_agent_api.DhcpAgentNotifyAPI._send_dhcp_notification-546075'] for network (None), before_response {{(pid=106926) _notify_loop /usr/local/lib/python3.8/dist-packages/neutron_lib/callbacks/manager.py:176}}
Sep 05 14:34:12.248227 dv-cinder-842905-3-iscsi neutron-server[106925]: DEBUG neutron_lib.callbacks.manager [None req-ee3d8b62-6f02-4722-9eb8-2b22377d1833 admin admin] Publish callbacks ['neutron.services.l3_router.l3_router_plugin.L3_HA_NAT_db_mixin._after_router_create-584359', 'neutron.services.l3_router.l3_router_plugin.DVRResourceOperationHandler._create_snat_interfaces_after_change-506286'] for router (3511a606-f049-4bb2-a616-d8f27b92e2ef), after_create {{(pid=106925) _notify_loop /usr/local/lib/python3.8/dist-packages/neutron_lib/callbacks/manager.py:176}}
Sep 05 14:34:12.323996 dv-cinder-842905-3-iscsi neutron-server[106926]: INFO neutron.wsgi [None req-fff6aae4-b91b-4612-b1a4-025129c7e237 admin admin] 10.222.0.15 "POST /networking/v2.0/networks HTTP/1.1" status: 201 len: 892 time: 1.7981462
Sep 05 14:34:12.332956 dv-cinder-842905-3-iscsi neutron-server[106925]: DEBUG neutron.wsgi [-] (106925) accepted ('10.222.0.15', 48280) {{(pid=106925) server /usr/local/lib/python3.8/dist-packages/eventlet/wsgi.py:1004}}
Sep 05 14:34:12.352519 dv-cinder-842905-3-iscsi neutron-server[106925]: DEBUG neutron.api.v2.base [None req-6d547e85-5aaf-43d7-86fe-d78992dab7f6 admin admin] Request body: {'subnet': {'network_id': '5252f8af-c73a-406a-9ef0-2603b8718d5e', 'cidr': '172.20.0.0/28', 'name': 'tempest-ServerRescueNegativeTestJSON-1268572371-subnet', 'tenant_id': '2af009055e3b4bdda73a770242253b0d', 'enable_dhcp': True, 'ip_version': 4}} {{(pid=106925) prepare_request_body /opt/stack/neutron/neutron/api/v2/base.py:730}}
Sep 05 14:34:12.376587 dv-cinder-842905-3-iscsi neutron-server[106926]: DEBUG neutron.api.rpc.handlers.resources_rpc [None req-fff6aae4-b91b-4612-b1a4-025129c7e237 admin admin] Pushing event updated for resources: {'Network': ['ID=5252f8af-c73a-406a-9ef0-2603b8718d5e,revision_number=1']} {{(pid=106926) push /opt/stack/neutron/neutron/api/rpc/handlers/resources_rpc.py:237}}
Sep 05 14:34:12.390696 dv-cinder-842905-3-iscsi neutron-server[106927]: DEBUG neutron.plugins.ml2.rpc [None req-628c9e08-25e6-4a79-b5f5-6490bd16632f None None] Network 5252f8af-c73a-406a-9ef0-2603b8718d5e details requested by agent ovs-agent-dv-cinder-842905-3-iscsi with host dv-cinder-842905-3-iscsi {{(pid=106927) get_network_details /opt/stack/neutron/neutron/plugins/ml2/rpc.py:248}}
Sep 05 14:34:12.678754 dv-cinder-842905-3-iscsi neutron-server[106927]: DEBUG neutron.plugins.ml2.rpc [None req-628c9e08-25e6-4a79-b5f5-6490bd16632f None None] Device 065403c7-796d-4821-a38a-5cb06be0846f up at agent ovs-agent-dv-cinder-842905-3-iscsi {{(pid=106927) update_device_up /opt/stack/neutron/neutron/plugins/ml2/rpc.py:296}}
Sep 05 14:34:12.679482 dv-cinder-842905-3-iscsi neutron-server[106926]: DEBUG neutron.pecan_wsgi.hooks.quota_enforcement [None req-610140b4-9225-4ea7-8373-469c52dd8f1c admin admin] Made reservation on behalf of 834730ab3cfd4d649fc270843d47b291 for: {'subnet': 1} {{(pid=106926) before /opt/stack/neutron/neutron/pecan_wsgi/hooks/quota_enforcement.py:53}}
Sep 05 14:34:12.679482 dv-cinder-842905-3-iscsi neutron-server[106926]: DEBUG neutron_lib.callbacks.manager [None req-610140b4-9225-4ea7-8373-469c52dd8f1c admin admin] Publish callbacks [] for subnet (None), before_create {{(pid=106926) _notify_loop /usr/local/lib/python3.8/dist-packages/neutron_lib/callbacks/manager.py:176}}
Sep 05 14:34:12.679482 dv-cinder-842905-3-iscsi neutron-server[106926]: INFO neutron.wsgi [None req-d28302e9-db15-4e1f-9db6-e0685023a36f admin admin] 10.222.0.15 "POST /networking/v2.0/networks HTTP/1.1" status: 201 len: 884 time: 1.6088600
Sep 05 14:34:12.681548 dv-cinder-842905-3-iscsi neutron-server[106925]: DEBUG neutron.wsgi [-] (106925) accepted ('10.222.0.15', 48290) {{(pid=106925) server /usr/local/lib/python3.8/dist-packages/eventlet/wsgi.py:1004}}
Sep 05 14:34:12.682418 dv-cinder-842905-3-iscsi neutron-server[106926]: DEBUG dbcounter [-] [106926] Writing DB stats neutron:SELECT=73,neutron:INSERT=20,neutron:UPDATE=7 {{(pid=106926) stat_writer /usr/local/lib/python3.8/dist-packages/dbcounter.py:114}}
Sep 05 14:34:12.682640 dv-cinder-842905-3-iscsi neutron-server[106925]: DEBUG neutron.api.v2.base [None req-ddd094c9-9c14-446f-b0b7-0d2c3c4d5c1f admin admin] Request body: {'subnet': {'network_id': 'b8051544-65b4-4ff2-a728-2506ad01469f', 'cidr': '172.20.0.0/28', 'name': 'tempest-DeleteServersTestJSON-490789602-subnet', 'tenant_id': '3c30f843007d4200ac64e2189003698f', 'enable_dhcp': True, 'ip_version': 4}} {{(pid=106925) prepare_request_body /opt/stack/neutron/neutron/api/v2/base.py:730}}
Sep 05 14:34:12.682640 dv-cinder-842905-3-iscsi neutron-server[106925]: DEBUG neutron.pecan_wsgi.hooks.quota_enforcement [None req-6d547e85-5aaf-43d7-86fe-d78992dab7f6 admin admin] Made reservation on behalf of 2af009055e3b4bdda73a770242253b0d for: {'subnet': 1} {{(pid=106925) before /opt/stack/neutron/neutron/pecan_wsgi/hooks/quota_enforcement.py:53}}
Sep 05 14:34:12.682965 dv-cinder-842905-3-iscsi neutron-server[106927]: DEBUG neutron.api.rpc.handlers.dhcp_rpc [None req-b3d89be6-0115-4b09-80ba-127970ec5656 None None] Network 6b1d20ee-7dc0-477b-93a5-81201fa15bc2 requested from dv-cinder-842905-3-iscsi {{(pid=106927) get_network_info /opt/stack/neutron/neutron/api/rpc/handlers/dhcp_rpc.py:193}}
Sep 05 14:34:12.683238 dv-cinder-842905-3-iscsi neutron-server[106925]: DEBUG neutron_lib.callbacks.manager [None req-6d547e85-5aaf-43d7-86fe-d78992dab7f6 admin admin] Publish callbacks [] for subnet (None), before_create {{(pid=106925) _notify_loop /usr/local/lib/python3.8/dist-packages/neutron_lib/callbacks/manager.py:176}}
Sep 05 14:34:12.683238 dv-cinder-842905-3-iscsi neutron-server[106925]: DEBUG neutron.scheduler.l3_agent_scheduler [None req-ee3d8b62-6f02-4722-9eb8-2b22377d1833 admin admin] Router 3511a606-f049-4bb2-a616-d8f27b92e2ef is scheduled to L3 agent a67011f1-a561-415a-84fb-6ac6caf20d5e with binding_index 1 {{(pid=106925) bind_router /opt/stack/neutron/neutron/scheduler/l3_agent_scheduler.py:209}}
Sep 05 14:34:12.683523 dv-cinder-842905-3-iscsi neutron-server[106926]: DEBUG neutron.api.rpc.handlers.resources_rpc [None req-d28302e9-db15-4e1f-9db6-e0685023a36f admin admin] Pushing event updated for resources: {'Network': ['ID=b8051544-65b4-4ff2-a728-2506ad01469f,revision_number=1']} {{(pid=106926) push /opt/stack/neutron/neutron/api/rpc/handlers/resources_rpc.py:237}}
Sep 05 14:34:12.683861 dv-cinder-842905-3-iscsi neutron-server[106925]: DEBUG dbcounter [-] [106925] Writing DB stats neutron:SELECT=95,neutron:INSERT=5 {{(pid=106925) stat_writer /usr/local/lib/python3.8/dist-packages/dbcounter.py:114}}
Sep 05 14:34:12.683861 dv-cinder-842905-3-iscsi neutron-server[106925]: DEBUG neutron.pecan_wsgi.hooks.quota_enforcement [None req-ddd094c9-9c14-446f-b0b7-0d2c3c4d5c1f admin admin] Made reservation on behalf of 3c30f843007d4200ac64e2189003698f for: {'subnet': 1} {{(pid=106925) before /opt/stack/neutron/neutron/pecan_wsgi/hooks/quota_enforcement.py:53}}
Sep 05 14:34:12.683861 dv-cinder-842905-3-iscsi neutron-server[106925]: DEBUG neutron_lib.callbacks.manager [None req-ddd094c9-9c14-446f-b0b7-0d2c3c4d5c1f admin admin] Publish callbacks [] for subnet (None), before_create {{(pid=106925) _notify_loop /usr/local/lib/python3.8/dist-packages/neutron_lib/callbacks/manager.py:176}}
Sep 05 14:34:12.684414 dv-cinder-842905-3-iscsi neutron-server[106927]: DEBUG neutron.plugins.ml2.rpc [None req-628c9e08-25e6-4a79-b5f5-6490bd16632f None None] Network b8051544-65b4-4ff2-a728-2506ad01469f details requested by agent ovs-agent-dv-cinder-842905-3-iscsi with host dv-cinder-842905-3-iscsi {{(pid=106927) get_network_details /opt/stack/neutron/neutron/plugins/ml2/rpc.py:248}}
Sep 05 14:34:12.760875 dv-cinder-842905-3-iscsi neutron-server[106927]: DEBUG neutron.db.provisioning_blocks [None req-91e9d546-00e0-4b83-b09f-190874caff20 None None] Provisioning complete for port 065403c7-796d-4821-a38a-5cb06be0846f triggered by entity DHCP. {{(pid=106927) provisioning_complete /opt/stack/neutron/neutron/db/provisioning_blocks.py:144}}
Sep 05 14:34:12.761295 dv-cinder-842905-3-iscsi neutron-server[106927]: DEBUG neutron_lib.callbacks.manager [None req-91e9d546-00e0-4b83-b09f-190874caff20 None None] Publish callbacks ['neutron.plugins.ml2.plugin.Ml2Plugin._port_provisioned-3446299'] for port (065403c7-796d-4821-a38a-5cb06be0846f), provisioning_complete {{(pid=106927) _notify_loop /usr/local/lib/python3.8/dist-packages/neutron_lib/callbacks/manager.py:176}}
Sep 05 14:34:12.860775 dv-cinder-842905-3-iscsi neutron-server[106927]: DEBUG neutron.db.provisioning_blocks [None req-628c9e08-25e6-4a79-b5f5-6490bd16632f None None] Provisioning complete for port 065403c7-796d-4821-a38a-5cb06be0846f triggered by entity L2. {{(pid=106927) provisioning_complete /opt/stack/neutron/neutron/db/provisioning_blocks.py:144}}
Sep 05 14:34:12.861169 dv-cinder-842905-3-iscsi neutron-server[106927]: DEBUG neutron_lib.callbacks.manager [None req-628c9e08-25e6-4a79-b5f5-6490bd16632f None None] Publish callbacks ['neutron.plugins.ml2.plugin.Ml2Plugin._port_provisioned-3446299'] for port (065403c7-796d-4821-a38a-5cb06be0846f), provisioning_complete {{(pid=106927) _notify_loop /usr/local/lib/python3.8/dist-packages/neutron_lib/callbacks/manager.py:176}}
Sep 05 14:34:12.917490 dv-cinder-842905-3-iscsi neutron-server[106925]: DEBUG neutron.api.rpc.agentnotifiers.l3_rpc_agent_api [None req-ee3d8b62-6f02-4722-9eb8-2b22377d1833 admin admin] Notify agent at l3_agent.dv-cinder-842905-3-iscsi the message routers_updated {{(pid=106925) _agent_notification /opt/stack/neutron/neutron/api/rpc/agentnotifiers/l3_rpc_agent_api.py:65}}
Sep 05 14:34:12.947071 dv-cinder-842905-3-iscsi neutron-server[106928]: DEBUG neutron.api.rpc.handlers.l3_rpc [None req-1dc3a48b-1a21-4748-8011-8d74844cc31a None None] Sync routers for ids ['3511a606-f049-4bb2-a616-d8f27b92e2ef'] in dv-cinder-842905-3-iscsi {{(pid=106928) sync_routers /opt/stack/neutron/neutron/api/rpc/handlers/l3_rpc.py:125}}
Sep 05 14:34:12.965682 dv-cinder-842905-3-iscsi neutron-server[106926]: DEBUG neutron_lib.callbacks.manager [None req-610140b4-9225-4ea7-8373-469c52dd8f1c admin admin] Publish callbacks ['neutron.plugins.ml2.ovo_rpc._ObjectChangeHandler.handle_event-426477', 'neutron.api.rpc.agentnotifiers.dhcp_rpc_agent_api.DhcpAgentNotifyAPI._native_event_send_dhcp_notification-548577'] for subnet (b2b482c9-9a92-445a-b87a-59a4a2319279), after_create {{(pid=106926) _notify_loop /usr/local/lib/python3.8/dist-packages/neutron_lib/callbacks/manager.py:176}}
Sep 05 14:34:12.979790 dv-cinder-842905-3-iscsi neutron-server[106928]: DEBUG neutron.db.l3_dvrscheduler_db [None req-1dc3a48b-1a21-4748-8011-8d74844cc31a None None] Routers {'3511a606-f049-4bb2-a616-d8f27b92e2ef'} bound to L3 agent in host dv-cinder-842905-3-iscsi {{(pid=106928) _get_router_ids_for_agent /opt/stack/neutron/neutron/db/l3_dvrscheduler_db.py:422}}
Sep 05 14:34:12.981221 dv-cinder-842905-3-iscsi neutron-server[106927]: DEBUG dbcounter [-] [106927] Writing DB stats neutron:SELECT=100 {{(pid=106927) stat_writer /usr/local/lib/python3.8/dist-packages/dbcounter.py:114}}
Sep 05 14:34:12.982226 dv-cinder-842905-3-iscsi neutron-server[106928]: DEBUG neutron.db.l3_hamode_db [None req-1dc3a48b-1a21-4748-8011-8d74844cc31a None None] neutron.services.l3_router.l3_router_plugin.L3RouterPlugin method get_ha_sync_data_for_host called with arguments (, 'dv-cinder-842905-3-iscsi', Agent(admin_state_up=True,agent_type='L3 agent',availability_zone='nova',binary='neutron-l3-agent',configurations={"agent_mode": "legacy", "ex_gw_ports": 1, "extensions": [], "floating_ips": 0, "handle_internal_only_routers": true, "interface_driver": "openvswitch", "interfaces": 1, "log_agent_heartbeats": false, "routers": 1},created_at=2022-09-05T14:26:04Z,description=,heartbeat_timestamp=2022-09-05T14:34:04Z,host='dv-cinder-842905-3-iscsi',id=a67011f1-a561-415a-84fb-6ac6caf20d5e,load=0,resource_versions=,resources_synced=,started_at=2022-09-05T14:26:04Z,topic='l3_agent')) {'router_ids': ['3511a606-f049-4bb2-a616-d8f27b92e2ef'], 'active': True} {{(pid=106928) wrapper /usr/local/lib/python3.8/dist-packages/oslo_log/helpers.py:65}}
Sep 05 14:34:13.032227 dv-cinder-842905-3-iscsi neutron-server[106927]: DEBUG neutron.plugins.ml2.plugin [None req-91e9d546-00e0-4b83-b09f-190874caff20 None None] Current status of the port 065403c7-796d-4821-a38a-5cb06be0846f is: DOWN; New status is: ACTIVE {{(pid=106927) _update_individual_port_db_status /opt/stack/neutron/neutron/plugins/ml2/plugin.py:2302}}
Sep 05 14:34:13.032744 dv-cinder-842905-3-iscsi neutron-server[106927]: DEBUG neutron_lib.callbacks.manager [None req-91e9d546-00e0-4b83-b09f-190874caff20 None None] Publish callbacks ['neutron.plugins.ml2.plugin.SecurityGroupDbMixin._ensure_default_security_group_handler-3853995'] for port (065403c7-796d-4821-a38a-5cb06be0846f), before_update {{(pid=106927) _notify_loop /usr/local/lib/python3.8/dist-packages/neutron_lib/callbacks/manager.py:176}}
Sep 05 14:34:13.057268 dv-cinder-842905-3-iscsi neutron-server[106927]: DEBUG neutron.plugins.ml2.plugin [None req-628c9e08-25e6-4a79-b5f5-6490bd16632f None None] Current status of the port 065403c7-796d-4821-a38a-5cb06be0846f is: DOWN; New status is: ACTIVE {{(pid=106927) _update_individual_port_db_status /opt/stack/neutron/neutron/plugins/ml2/plugin.py:2302}}
Sep 05 14:34:13.057654 dv-cinder-842905-3-iscsi neutron-server[106927]: DEBUG neutron_lib.callbacks.manager [None req-628c9e08-25e6-4a79-b5f5-6490bd16632f None None] Publish callbacks ['neutron.plugins.ml2.plugin.SecurityGroupDbMixin._ensure_default_security_group_handler-3853995'] for port (065403c7-796d-4821-a38a-5cb06be0846f), before_update {{(pid=106927) _notify_loop /usr/local/lib/python3.8/dist-packages/neutron_lib/callbacks/manager.py:176}}
Sep 05 14:34:13.149282 dv-cinder-842905-3-iscsi neutron-server[106926]: DEBUG neutron.api.rpc.handlers.resources_rpc [None req-610140b4-9225-4ea7-8373-469c52dd8f1c admin admin] Pushing event updated for resources: {'Subnet': ['ID=b2b482c9-9a92-445a-b87a-59a4a2319279,revision_number=0']} {{(pid=106926) push /opt/stack/neutron/neutron/api/rpc/handlers/resources_rpc.py:237}}
Sep 05 14:34:13.160637 dv-cinder-842905-3-iscsi neutron-server[106927]: DEBUG neutron.plugins.ml2.db [None req-91e9d546-00e0-4b83-b09f-190874caff20 None None] For port 065403c7-796d-4821-a38a-5cb06be0846f, host dv-cinder-842905-3-iscsi, got binding levels [PortBindingLevel(driver='openvswitch',host='dv-cinder-842905-3-iscsi',level=0,port_id=065403c7-796d-4821-a38a-5cb06be0846f,segment=NetworkSegment(a208b1b7-159d-43c5-a7d3-363e15d7863d),segment_id=a208b1b7-159d-43c5-a7d3-363e15d7863d)] {{(pid=106927) get_binding_level_objs /opt/stack/neutron/neutron/plugins/ml2/db.py:74}}
Sep 05 14:34:13.163371 dv-cinder-842905-3-iscsi neutron-server[106925]: DEBUG neutron_lib.callbacks.manager [None req-ee3d8b62-6f02-4722-9eb8-2b22377d1833 admin admin] Publish callbacks [] for router (None), before_response {{(pid=106925) _notify_loop /usr/local/lib/python3.8/dist-packages/neutron_lib/callbacks/manager.py:176}}
Sep 05 14:34:13.164737 dv-cinder-842905-3-iscsi neutron-server[106925]: INFO neutron.wsgi [None req-ee3d8b62-6f02-4722-9eb8-2b22377d1833 admin admin] 10.222.0.15 "POST /networking/v2.0/routers HTTP/1.1" status: 201 len: 925 time: 3.3000820
Sep 05 14:34:13.166216 dv-cinder-842905-3-iscsi neutron-server[106925]: DEBUG neutron_lib.callbacks.manager [None req-6d547e85-5aaf-43d7-86fe-d78992dab7f6 admin admin] Publish callbacks ['neutron.plugins.ml2.ovo_rpc._ObjectChangeHandler.handle_event-426477', 'neutron.api.rpc.agentnotifiers.dhcp_rpc_agent_api.DhcpAgentNotifyAPI._native_event_send_dhcp_notification-548577'] for subnet (f0e4414e-a8cf-4b3c-bce3-f97db8435a67), after_create {{(pid=106925) _notify_loop /usr/local/lib/python3.8/dist-packages/neutron_lib/callbacks/manager.py:176}}
Sep 05 14:34:13.173425 dv-cinder-842905-3-iscsi neutron-server[106926]: DEBUG neutron.wsgi [-] (106926) accepted ('10.222.0.15', 48316) {{(pid=106926) server /usr/local/lib/python3.8/dist-packages/eventlet/wsgi.py:1004}}
Sep 05 14:34:13.182612 dv-cinder-842905-3-iscsi neutron-server[106926]: DEBUG neutron.plugins.ml2.drivers.mech_agent [None req-610140b4-9225-4ea7-8373-469c52dd8f1c admin admin] Checking segment: {'id': 'd047899e-2baf-44c1-8a7b-8ce8c4bc14cb', 'network_type': 'vlan', 'physical_network': 'physnet1', 'segmentation_id': 117, 'network_id': 'b4150a16-af6f-4e15-ada3-1b778d9ea7f0'} for mappings: {'physnet1': 'br-data'} with network types: ['local', 'flat', 'vlan'] {{(pid=106926) check_segment_for_agent /opt/stack/neutron/neutron/plugins/ml2/drivers/mech_agent.py:399}}
Sep 05 14:34:13.183042 dv-cinder-842905-3-iscsi neutron-server[106926]: DEBUG neutron.scheduler.dhcp_agent_scheduler [None req-610140b4-9225-4ea7-8373-469c52dd8f1c admin admin] Network hostable DHCP agents. Network: b4150a16-af6f-4e15-ada3-1b778d9ea7f0, hostable agents: ['c605c1b1-4ba2-4835-8b1c-a0b46c923a13'], hosted agents: [] {{(pid=106926) _get_network_hostable_dhcp_agents /opt/stack/neutron/neutron/scheduler/dhcp_agent_scheduler.py:329}}
Sep 05 14:34:13.199986 dv-cinder-842905-3-iscsi neutron-server[106925]: DEBUG dbcounter [-] [106925] Writing DB stats neutron:SELECT=85,neutron:INSERT=11,neutron:UPDATE=2,neutron:DELETE=2 {{(pid=106925) stat_writer /usr/local/lib/python3.8/dist-packages/dbcounter.py:114}}
Sep 05 14:34:13.237664 dv-cinder-842905-3-iscsi neutron-server[106927]: DEBUG neutron_lib.callbacks.manager [None req-91e9d546-00e0-4b83-b09f-190874caff20 None None] Publish callbacks ['neutron.plugins.ml2.plugin.SecurityGroupServerNotifierRpcMixin._notify_sg_on_port_change-3854056', 'neutron.plugins.ml2.ovo_rpc._ObjectChangeHandler.handle_event-216642', 'neutron.api.rpc.agentnotifiers.dhcp_rpc_agent_api.DhcpAgentNotifyAPI._native_event_send_dhcp_notification-548577', 'neutron.db.l3_db.L3RpcNotifierMixin._notify_gateway_port_ip_changed-8768219194754', 'neutron.db.l3_dvrscheduler_db._notify_l3_agent_port_update-8768218751398', 'neutron.db.l3_hascheduler_db._notify_l3_agent_ha_port_update-8768218751416'] for port (065403c7-796d-4821-a38a-5cb06be0846f), after_update {{(pid=106927) _notify_loop /usr/local/lib/python3.8/dist-packages/neutron_lib/callbacks/manager.py:176}}
Sep 05 14:34:13.287123 dv-cinder-842905-3-iscsi neutron-server[106925]: DEBUG neutron.plugins.ml2.drivers.mech_agent [None req-6d547e85-5aaf-43d7-86fe-d78992dab7f6 admin admin] Checking segment: {'id': '1230ea1d-c39a-4767-8c0d-b0726c39dbcf', 'network_type': 'vlan', 'physical_network': 'physnet1', 'segmentation_id': 111, 'network_id': '5252f8af-c73a-406a-9ef0-2603b8718d5e'} for mappings: {'physnet1': 'br-data'} with network types: ['local', 'flat', 'vlan'] {{(pid=106925) check_segment_for_agent /opt/stack/neutron/neutron/plugins/ml2/drivers/mech_agent.py:399}}
Sep 05 14:34:13.287691 dv-cinder-842905-3-iscsi neutron-server[106925]: DEBUG neutron.scheduler.dhcp_agent_scheduler [None req-6d547e85-5aaf-43d7-86fe-d78992dab7f6 admin admin] Network hostable DHCP agents. Network: 5252f8af-c73a-406a-9ef0-2603b8718d5e, hostable agents: ['c605c1b1-4ba2-4835-8b1c-a0b46c923a13'], hosted agents: [] {{(pid=106925) _get_network_hostable_dhcp_agents /opt/stack/neutron/neutron/scheduler/dhcp_agent_scheduler.py:329}}
Sep 05 14:34:13.299406 dv-cinder-842905-3-iscsi neutron-server[106925]: DEBUG neutron_lib.callbacks.manager [None req-ddd094c9-9c14-446f-b0b7-0d2c3c4d5c1f admin admin] Publish callbacks ['neutron.plugins.ml2.ovo_rpc._ObjectChangeHandler.handle_event-426477', 'neutron.api.rpc.agentnotifiers.dhcp_rpc_agent_api.DhcpAgentNotifyAPI._native_event_send_dhcp_notification-548577'] for subnet (cf7ba8ed-1e1a-44b2-8de3-c6c857541abf), after_create {{(pid=106925) _notify_loop /usr/local/lib/python3.8/dist-packages/neutron_lib/callbacks/manager.py:176}}
Sep 05 14:34:13.336150 dv-cinder-842905-3-iscsi neutron-server[106928]: DEBUG neutron.db.l3_dvr_db [None req-1dc3a48b-1a21-4748-8011-8d74844cc31a None None] Set router 3511a606-f049-4bb2-a616-d8f27b92e2ef gateway port host: dv-cinder-842905-3-iscsi {{(pid=106928) _build_routers_list /opt/stack/neutron/neutron/db/l3_dvr_db.py:907}}
Sep 05 14:34:13.381734 dv-cinder-842905-3-iscsi neutron-server[106925]: DEBUG neutron.api.rpc.handlers.resources_rpc [None req-6d547e85-5aaf-43d7-86fe-d78992dab7f6 admin admin] Pushing event updated for resources: {'Subnet': ['ID=f0e4414e-a8cf-4b3c-bce3-f97db8435a67,revision_number=0']} {{(pid=106925) push /opt/stack/neutron/neutron/api/rpc/handlers/resources_rpc.py:237}}
Sep 05 14:34:13.433774 dv-cinder-842905-3-iscsi neutron-server[106925]: DEBUG neutron.scheduler.dhcp_agent_scheduler [None req-6d547e85-5aaf-43d7-86fe-d78992dab7f6 admin admin] Network 5252f8af-c73a-406a-9ef0-2603b8718d5e is scheduled to be hosted by DHCP agent c605c1b1-4ba2-4835-8b1c-a0b46c923a13 with binding_index 1 {{(pid=106925) bind /opt/stack/neutron/neutron/scheduler/dhcp_agent_scheduler.py:227}}
Sep 05 14:34:13.468839 dv-cinder-842905-3-iscsi neutron-server[106925]: DEBUG neutron.plugins.ml2.drivers.mech_agent [None req-ddd094c9-9c14-446f-b0b7-0d2c3c4d5c1f admin admin] Checking segment: {'id': 'bc67a2ed-f3b0-4575-9f4c-8f95aefebd46', 'network_type': 'vlan', 'physical_network': 'physnet1', 'segmentation_id': 132, 'network_id': 'b8051544-65b4-4ff2-a728-2506ad01469f'} for mappings: {'physnet1': 'br-data'} with network types: ['local', 'flat', 'vlan'] {{(pid=106925) check_segment_for_agent /opt/stack/neutron/neutron/plugins/ml2/drivers/mech_agent.py:399}}
Sep 05 14:34:13.469335 dv-cinder-842905-3-iscsi neutron-server[106925]: DEBUG neutron.scheduler.dhcp_agent_scheduler [None req-ddd094c9-9c14-446f-b0b7-0d2c3c4d5c1f admin admin] Network hostable DHCP agents. Network: b8051544-65b4-4ff2-a728-2506ad01469f, hostable agents: ['c605c1b1-4ba2-4835-8b1c-a0b46c923a13'], hosted agents: [] {{(pid=106925) _get_network_hostable_dhcp_agents /opt/stack/neutron/neutron/scheduler/dhcp_agent_scheduler.py:329}}
Sep 05 14:34:13.477118 dv-cinder-842905-3-iscsi neutron-server[106925]: DEBUG neutron.api.rpc.handlers.resources_rpc [None req-ddd094c9-9c14-446f-b0b7-0d2c3c4d5c1f admin admin] Pushing event updated for resources: {'Subnet': ['ID=cf7ba8ed-1e1a-44b2-8de3-c6c857541abf,revision_number=0']} {{(pid=106925) push /opt/stack/neutron/neutron/api/rpc/handlers/resources_rpc.py:237}}
Sep 05 14:34:13.517290 dv-cinder-842905-3-iscsi neutron-server[106925]: DEBUG neutron.scheduler.base_scheduler [None req-6d547e85-5aaf-43d7-86fe-d78992dab7f6 admin admin] Resources bound (agent type, host, resource id): (DHCP agent, dv-cinder-842905-3-iscsi, 5252f8af-c73a-406a-9ef0-2603b8718d5e) {{(pid=106925) schedule /opt/stack/neutron/neutron/scheduler/base_scheduler.py:57}}
Sep 05 14:34:13.540579 dv-cinder-842905-3-iscsi neutron-server[106927]: DEBUG neutron_lib.db.api [None req-628c9e08-25e6-4a79-b5f5-6490bd16632f None None] Retry wrapper got retriable exception: UPDATE statement on table 'standardattributes' expected to update 1 row(s); 0 were matched. {{(pid=106927) wrapped /usr/local/lib/python3.8/dist-packages/neutron_lib/db/api.py:188}}
Sep 05 14:34:13.541022 dv-cinder-842905-3-iscsi neutron-server[106927]: DEBUG oslo_db.api [None req-628c9e08-25e6-4a79-b5f5-6490bd16632f None None] Performing DB retry for function neutron.plugins.ml2.plugin.Ml2Plugin.update_port_statuses {{(pid=106927) wrapper /usr/local/lib/python3.8/dist-packages/oslo_db/api.py:155}}
Sep 05 14:34:13.545173 dv-cinder-842905-3-iscsi neutron-server[106925]: DEBUG neutron.pecan_wsgi.hooks.policy_enforcement [None req-6d547e85-5aaf-43d7-86fe-d78992dab7f6 admin admin] Attributes excluded by policy engine: ['standard_attr_id', 'shared', 'network'] {{(pid=106925) _exclude_attributes_by_policy /opt/stack/neutron/neutron/pecan_wsgi/hooks/policy_enforcement.py:259}}
Sep 05 14:34:13.547248 dv-cinder-842905-3-iscsi neutron-server[106925]: DEBUG neutron_lib.callbacks.manager [None req-6d547e85-5aaf-43d7-86fe-d78992dab7f6 admin admin] Publish callbacks ['neutron.api.rpc.agentnotifiers.dhcp_rpc_agent_api.DhcpAgentNotifyAPI._send_dhcp_notification-546075'] for subnet (None), before_response {{(pid=106925) _notify_loop /usr/local/lib/python3.8/dist-packages/neutron_lib/callbacks/manager.py:176}}
Sep 05 14:34:13.547466 dv-cinder-842905-3-iscsi neutron-server[106927]: DEBUG neutron.api.rpc.handlers.dhcp_rpc [None req-e31b44b5-7763-45b7-8ab8-d5c8872b7d71 None None] Network 5252f8af-c73a-406a-9ef0-2603b8718d5e requested from dv-cinder-842905-3-iscsi {{(pid=106927) get_network_info /opt/stack/neutron/neutron/api/rpc/handlers/dhcp_rpc.py:193}}
Sep 05 14:34:13.564911 dv-cinder-842905-3-iscsi neutron-server[106926]: DEBUG dbcounter [-] [106926] Writing DB stats neutron:SELECT=84,neutron:UPDATE=3,neutron:INSERT=7,neutron:DELETE=6 {{(pid=106926) stat_writer /usr/local/lib/python3.8/dist-packages/dbcounter.py:114}}
Sep 05 14:34:13.575232 dv-cinder-842905-3-iscsi neutron-server[106927]: DEBUG neutron.api.rpc.handlers.resources_rpc [None req-91e9d546-00e0-4b83-b09f-190874caff20 None None] Pushing event updated for resources: {'Port': ['ID=065403c7-796d-4821-a38a-5cb06be0846f,revision_number=3']} {{(pid=106927) push /opt/stack/neutron/neutron/api/rpc/handlers/resources_rpc.py:237}}
Sep 05 14:34:13.578411 dv-cinder-842905-3-iscsi neutron-server[106927]: DEBUG neutron.db.provisioning_blocks [None req-1401608a-a17c-4f01-929d-36a9c1abbe9c None None] Provisioning complete for port 065403c7-796d-4821-a38a-5cb06be0846f triggered by entity DHCP. {{(pid=106927) provisioning_complete /opt/stack/neutron/neutron/db/provisioning_blocks.py:144}}
Sep 05 14:34:13.578829 dv-cinder-842905-3-iscsi neutron-server[106927]: DEBUG neutron_lib.callbacks.manager [None req-1401608a-a17c-4f01-929d-36a9c1abbe9c None None] Publish callbacks ['neutron.plugins.ml2.plugin.Ml2Plugin._port_provisioned-3446299'] for port (065403c7-796d-4821-a38a-5cb06be0846f), provisioning_complete {{(pid=106927) _notify_loop /usr/local/lib/python3.8/dist-packages/neutron_lib/callbacks/manager.py:176}}
Sep 05 14:34:13.603529 dv-cinder-842905-3-iscsi neutron-server[106925]: DEBUG neutron.scheduler.dhcp_agent_scheduler [None req-ddd094c9-9c14-446f-b0b7-0d2c3c4d5c1f admin admin] Network b8051544-65b4-4ff2-a728-2506ad01469f is scheduled to be hosted by DHCP agent c605c1b1-4ba2-4835-8b1c-a0b46c923a13 with binding_index 1 {{(pid=106925) bind /opt/stack/neutron/neutron/scheduler/dhcp_agent_scheduler.py:227}}
Sep 05 14:34:13.607150 dv-cinder-842905-3-iscsi neutron-server[106925]: DEBUG neutron.scheduler.base_scheduler [None req-ddd094c9-9c14-446f-b0b7-0d2c3c4d5c1f admin admin] Resources bound (agent type, host, resource id): (DHCP agent, dv-cinder-842905-3-iscsi, b8051544-65b4-4ff2-a728-2506ad01469f) {{(pid=106925) schedule /opt/stack/neutron/neutron/scheduler/base_scheduler.py:57}}
Sep 05 14:34:13.622625 dv-cinder-842905-3-iscsi neutron-server[106925]: DEBUG neutron.pecan_wsgi.hooks.policy_enforcement [None req-ddd094c9-9c14-446f-b0b7-0d2c3c4d5c1f admin admin] Attributes excluded by policy engine: ['standard_attr_id', 'shared', 'network'] {{(pid=106925) _exclude_attributes_by_policy /opt/stack/neutron/neutron/pecan_wsgi/hooks/policy_enforcement.py:259}}
