May 19 22:07:11.776946 dv-cinder-842633-1-smb devstack@c-api.service[110911]: DEBUG cinder.api.openstack.wsgi [None req-d293cfb3-08fc-4a0d-ab44-c26116348315 tempest-VolumeQuotasAdminTestJSON-166346152 tempest-VolumeQuotasAdminTestJSON-166346152-project] Empty body provided in request {{(pid=110911) get_body /opt/stack/cinder/cinder/api/openstack/wsgi.py:715}}
May 19 22:07:11.777514 dv-cinder-842633-1-smb devstack@c-api.service[110911]: DEBUG cinder.api.openstack.wsgi [None req-d293cfb3-08fc-4a0d-ab44-c26116348315 tempest-VolumeQuotasAdminTestJSON-166346152 tempest-VolumeQuotasAdminTestJSON-166346152-project] Calling method 'show' {{(pid=110911) _process_stack /opt/stack/cinder/cinder/api/openstack/wsgi.py:868}}
May 19 22:07:11.794132 dv-cinder-842633-1-smb devstack@c-api.service[110911]: /usr/local/lib/python3.8/dist-packages/oslo_context/context.py:100: DeprecationWarning: Policy enforcement is depending on the value of is_admin. This key is deprecated. Please update your policy file to use the standard policy values.
May 19 22:07:11.794132 dv-cinder-842633-1-smb devstack@c-api.service[110911]: warnings.warn('Policy enforcement is depending on the value of '
May 19 22:07:11.803952 dv-cinder-842633-1-smb devstack@c-api.service[110911]: INFO cinder.volume.api [None req-d293cfb3-08fc-4a0d-ab44-c26116348315 tempest-VolumeQuotasAdminTestJSON-166346152 tempest-VolumeQuotasAdminTestJSON-166346152-project] Volume info retrieved successfully.
May 19 22:07:11.818233 dv-cinder-842633-1-smb devstack@c-api.service[110911]: INFO cinder.api.openstack.wsgi [None req-d293cfb3-08fc-4a0d-ab44-c26116348315 tempest-VolumeQuotasAdminTestJSON-166346152 tempest-VolumeQuotasAdminTestJSON-166346152-project] http://10.222.0.76/volume/v3/f207f1addadb4826a42d781c48bb2639/volumes/03d04b00-5553-43a0-b0f6-f12d0253cbaf returned with HTTP 200
May 19 22:07:11.819312 dv-cinder-842633-1-smb devstack@c-api.service[110911]: [pid: 110911|app: 0|req: 91/186] 10.222.0.76 () {58 vars in 1324 bytes} [Thu May 19 22:07:11 2022] GET /volume/v3/f207f1addadb4826a42d781c48bb2639/volumes/03d04b00-5553-43a0-b0f6-f12d0253cbaf => generated 917 bytes in 49 msecs (HTTP/1.1 200) 7 headers in 285 bytes (1 switches on core 0)
May 19 22:07:11.833032 dv-cinder-842633-1-smb devstack@c-api.service[110911]: DEBUG cinder.api.middleware.request_id [None req-d81b5eb7-282f-41a1-86f9-66f65fdfac1e None None] RequestId filter calling following filter/app {{(pid=110911) _context_setter /opt/stack/cinder/cinder/api/middleware/request_id.py:62}}
May 19 22:07:11.837618 dv-cinder-842633-1-smb devstack@c-api.service[110911]: INFO cinder.api.openstack.wsgi [None req-d81b5eb7-282f-41a1-86f9-66f65fdfac1e tempest-GroupSnapshotsTest-1141341364 tempest-GroupSnapshotsTest-1141341364-project] GET http://10.222.0.76/volume/v3/9905dc5f070e4cb9b3115f75026993eb/volumes/cbf62cb2-1b77-48e0-8c6c-056623bfd79f
May 19 22:07:11.838548 dv-cinder-842633-1-smb devstack@c-api.service[110911]: DEBUG cinder.api.openstack.wsgi [None req-d81b5eb7-282f-41a1-86f9-66f65fdfac1e tempest-GroupSnapshotsTest-1141341364 tempest-GroupSnapshotsTest-1141341364-project] Empty body provided in request {{(pid=110911) get_body /opt/stack/cinder/cinder/api/openstack/wsgi.py:715}}
May 19 22:07:11.839571 dv-cinder-842633-1-smb devstack@c-api.service[110911]: DEBUG cinder.api.openstack.wsgi [None req-d81b5eb7-282f-41a1-86f9-66f65fdfac1e tempest-GroupSnapshotsTest-1141341364 tempest-GroupSnapshotsTest-1141341364-project] Calling method 'show' {{(pid=110911) _process_stack /opt/stack/cinder/cinder/api/openstack/wsgi.py:868}}
May 19 22:07:11.855367 dv-cinder-842633-1-smb devstack@c-api.service[110911]: INFO cinder.api.openstack.wsgi [None req-d81b5eb7-282f-41a1-86f9-66f65fdfac1e tempest-GroupSnapshotsTest-1141341364 tempest-GroupSnapshotsTest-1141341364-project] http://10.222.0.76/volume/v3/9905dc5f070e4cb9b3115f75026993eb/volumes/cbf62cb2-1b77-48e0-8c6c-056623bfd79f returned with HTTP 404
May 19 22:07:11.856679 dv-cinder-842633-1-smb devstack@c-api.service[110911]: [pid: 110911|app: 0|req: 92/187] 10.222.0.76 () {60 vars in 1365 bytes} [Thu May 19 22:07:11 2022] GET /volume/v3/9905dc5f070e4cb9b3115f75026993eb/volumes/cbf62cb2-1b77-48e0-8c6c-056623bfd79f => generated 109 bytes in 37 msecs (HTTP/1.1 404) 7 headers in 293 bytes (1 switches on core 0)
May 19 22:07:11.858749 dv-cinder-842633-1-smb devstack@c-api.service[110911]: DEBUG cinder.api.middleware.request_id [None req-b84c9ec4-db85-4dcf-9cb3-a13f692f1ac5 None None] RequestId filter calling following filter/app {{(pid=110911) _context_setter /opt/stack/cinder/cinder/api/middleware/request_id.py:62}}
May 19 22:07:11.864028 dv-cinder-842633-1-smb devstack@c-api.service[110911]: INFO cinder.api.openstack.wsgi [None req-b84c9ec4-db85-4dcf-9cb3-a13f692f1ac5 tempest-DeleteServersTestJSON-1990142580 tempest-DeleteServersTestJSON-1990142580-project] GET http://10.222.0.76/volume/v3/df70324427a54f05884c6afe9207fd02/volumes/79bc54a4-4b70-4b65-a47b-dc7f947b8db8
May 19 22:07:11.864643 dv-cinder-842633-1-smb devstack@c-api.service[110911]: DEBUG cinder.api.openstack.wsgi [None req-b84c9ec4-db85-4dcf-9cb3-a13f692f1ac5 tempest-DeleteServersTestJSON-1990142580 tempest-DeleteServersTestJSON-1990142580-project] Empty body provided in request {{(pid=110911) get_body /opt/stack/cinder/cinder/api/openstack/wsgi.py:715}}
May 19 22:07:11.865199 dv-cinder-842633-1-smb devstack@c-api.service[110911]: DEBUG cinder.api.openstack.wsgi [None req-b84c9ec4-db85-4dcf-9cb3-a13f692f1ac5 tempest-DeleteServersTestJSON-1990142580 tempest-DeleteServersTestJSON-1990142580-project] Calling method 'show' {{(pid=110911) _process_stack /opt/stack/cinder/cinder/api/openstack/wsgi.py:868}}
May 19 22:07:11.892073 dv-cinder-842633-1-smb devstack@c-api.service[110911]: /usr/local/lib/python3.8/dist-packages/oslo_context/context.py:100: DeprecationWarning: Policy enforcement is depending on the value of is_admin. This key is deprecated. Please update your policy file to use the standard policy values.
May 19 22:07:11.892073 dv-cinder-842633-1-smb devstack@c-api.service[110911]: warnings.warn('Policy enforcement is depending on the value of '
May 19 22:07:11.908186 dv-cinder-842633-1-smb devstack@c-api.service[110911]: INFO cinder.volume.api [None req-b84c9ec4-db85-4dcf-9cb3-a13f692f1ac5 tempest-DeleteServersTestJSON-1990142580 tempest-DeleteServersTestJSON-1990142580-project] Volume info retrieved successfully.
May 19 22:07:11.942634 dv-cinder-842633-1-smb devstack@c-api.service[110911]: INFO cinder.api.openstack.wsgi [None req-b84c9ec4-db85-4dcf-9cb3-a13f692f1ac5 tempest-DeleteServersTestJSON-1990142580 tempest-DeleteServersTestJSON-1990142580-project] http://10.222.0.76/volume/v3/df70324427a54f05884c6afe9207fd02/volumes/79bc54a4-4b70-4b65-a47b-dc7f947b8db8 returned with HTTP 200
May 19 22:07:11.950674 dv-cinder-842633-1-smb devstack@c-api.service[110911]: [pid: 110911|app: 0|req: 93/188] 10.222.0.76 () {58 vars in 1324 bytes} [Thu May 19 22:07:11 2022] GET /volume/v3/df70324427a54f05884c6afe9207fd02/volumes/79bc54a4-4b70-4b65-a47b-dc7f947b8db8 => generated 889 bytes in 93 msecs (HTTP/1.1 200) 7 headers in 285 bytes (1 switches on core 0)
May 19 22:07:11.955414 dv-cinder-842633-1-smb devstack@c-api.service[110911]: DEBUG cinder.api.middleware.request_id [None req-be473756-3d48-491a-a8ca-8485050d7df6 None None] RequestId filter calling following filter/app {{(pid=110911) _context_setter /opt/stack/cinder/cinder/api/middleware/request_id.py:62}}
May 19 22:07:11.972806 dv-cinder-842633-1-smb devstack@c-api.service[110911]: INFO cinder.api.openstack.wsgi [None req-be473756-3d48-491a-a8ca-8485050d7df6 tempest-VolumeQuotasAdminTestJSON-2121447417 tempest-VolumeQuotasAdminTestJSON-2121447417-project-admin] GET http://10.222.0.76/volume/v3/0bf011da58884d658c1765248b4a7c9f/os-quota-sets/c3d3c4f98ae84229b994338c750e8b1f?usage=True
May 19 22:07:11.973284 dv-cinder-842633-1-smb devstack@c-api.service[110911]: DEBUG cinder.api.openstack.wsgi [None req-be473756-3d48-491a-a8ca-8485050d7df6 tempest-VolumeQuotasAdminTestJSON-2121447417 tempest-VolumeQuotasAdminTestJSON-2121447417-project-admin] Empty body provided in request {{(pid=110911) get_body /opt/stack/cinder/cinder/api/openstack/wsgi.py:715}}
May 19 22:07:11.973756 dv-cinder-842633-1-smb devstack@c-api.service[110911]: DEBUG cinder.api.openstack.wsgi [None req-be473756-3d48-491a-a8ca-8485050d7df6 tempest-VolumeQuotasAdminTestJSON-2121447417 tempest-VolumeQuotasAdminTestJSON-2121447417-project-admin] Calling method 'show' {{(pid=110911) _process_stack /opt/stack/cinder/cinder/api/openstack/wsgi.py:868}}
May 19 22:07:12.014890 dv-cinder-842633-1-smb devstack@c-api.service[110912]: DEBUG cinder.volume.api [None req-b9db67f8-4b31-4502-8598-ad7f97883b39 tempest-VolumeQuotasNegativeTestJSON-1213962304 tempest-VolumeQuotasNegativeTestJSON-1213962304-project] Task 'cinder.volume.flows.api.create_volume.EntryCreateTask;volume:create' (f1bd61fe-18be-4e19-9128-62fd7dec6b9e) transitioned into state 'SUCCESS' from state 'RUNNING' with result '{'volume_id': 'c17a2a2c-1fb1-4c0c-965a-b41971c93b64', 'volume_properties': VolumeProperties(attach_status='detached',availability_zone='nova',cgsnapshot_id=None,consistencygroup_id=None,display_description=None,display_name='tempest-VolumeQuotasNegativeTestJSON-Volume-97171446',encryption_key_id=None,group_id=None,group_type_id=,metadata={},multiattach=False,project_id='5463151c423c4bc3bf40946f711562e5',qos_specs=None,replication_status=,reservations=['109e25ee-a08f-4436-b657-7edfd26245ac','7d381ef0-eab5-46fc-b67d-3a6e324eccc9','4f935455-dffc-494b-abfa-e8278610e536','0abad473-a2b7-4534-9d89-8e1dd796b9b8'],size=1,snapshot_id=None,source_replicaid=,source_volid=None,status='creating',user_id='4f40d789921f4300ada32a81db71603d',volume_type_id=bd42b84f-b878-4138-b789-4ee66727a24b), 'volume': Volume(_name_id=None,admin_metadata=,attach_status='detached',availability_zone='nova',bootable=False,cluster=,cluster_name=None,consistencygroup=,consistencygroup_id=None,created_at=2022-05-19T22:07:11Z,deleted=False,deleted_at=None,display_description=None,display_name='tempest-VolumeQuotasNegativeTestJSON-Volume-97171446',ec2_id=None,encryption_key_id=None,glance_metadata=,group=,group_id=None,host=None,id=c17a2a2c-1fb1-4c0c-965a-b41971c93b64,launched_at=None,metadata={},migration_status=None,multiattach=False,previous_status=None,project_id='5463151c423c4bc3bf40946f711562e5',provider_auth=None,provider_geometry=None,provider_id=None,provider_location=None,replication_driver_data=None,replication_extended_status=None,replication_status=None,scheduled_at=None,service_uuid=None,shared_targets=True,size=1,snapshot_id=None,snapshots=,source_volid=None,status='creating',terminated_at=None,updated_at=None,use_quota=True,user_id='4f40d789921f4300ada32a81db71603d',volume_attachment=VolumeAttachmentList,volume_type=VolumeType(bd42b84f-b878-4138-b789-4ee66727a24b),volume_type_id=bd42b84f-b878-4138-b789-4ee66727a24b)}' {{(pid=110912) _task_receiver /usr/local/lib/python3.8/dist-packages/taskflow/listeners/logging.py:178}}
May 19 22:07:12.016878 dv-cinder-842633-1-smb devstack@c-api.service[110912]: DEBUG cinder.volume.api [None req-b9db67f8-4b31-4502-8598-ad7f97883b39 tempest-VolumeQuotasNegativeTestJSON-1213962304 tempest-VolumeQuotasNegativeTestJSON-1213962304-project] Task 'cinder.volume.flows.api.create_volume.QuotaCommitTask;volume:create' (15ea7510-74c7-470d-8320-7a03b10050a6) transitioned into state 'RUNNING' from state 'PENDING' {{(pid=110912) _task_receiver /usr/local/lib/python3.8/dist-packages/taskflow/listeners/logging.py:190}}
May 19 22:07:12.048080 dv-cinder-842633-1-smb devstack@c-api.service[110911]: INFO cinder.api.openstack.wsgi [None req-be473756-3d48-491a-a8ca-8485050d7df6 tempest-VolumeQuotasAdminTestJSON-2121447417 tempest-VolumeQuotasAdminTestJSON-2121447417-project-admin] http://10.222.0.76/volume/v3/0bf011da58884d658c1765248b4a7c9f/os-quota-sets/c3d3c4f98ae84229b994338c750e8b1f?usage=True returned with HTTP 200
May 19 22:07:12.048938 dv-cinder-842633-1-smb devstack@c-api.service[110911]: [pid: 110911|app: 0|req: 94/189] 10.222.0.76 () {58 vars in 1351 bytes} [Thu May 19 22:07:11 2022] GET /volume/v3/0bf011da58884d658c1765248b4a7c9f/os-quota-sets/c3d3c4f98ae84229b994338c750e8b1f?usage=True => generated 1178 bytes in 98 msecs (HTTP/1.1 200) 7 headers in 286 bytes (1 switches on core 0)
May 19 22:07:12.051018 dv-cinder-842633-1-smb devstack@c-api.service[110911]: DEBUG cinder.api.middleware.request_id [None req-84a096c6-3086-460f-9552-5989107c2846 None None] RequestId filter calling following filter/app {{(pid=110911) _context_setter /opt/stack/cinder/cinder/api/middleware/request_id.py:62}}
May 19 22:07:12.056217 dv-cinder-842633-1-smb devstack@c-api.service[110911]: INFO cinder.api.openstack.wsgi [None req-84a096c6-3086-460f-9552-5989107c2846 tempest-GroupSnapshotsTest-1141341364 tempest-GroupSnapshotsTest-1141341364-project] GET http://10.222.0.76/volume/v3/9905dc5f070e4cb9b3115f75026993eb/groups/86d8d9d6-fa56-4173-832d-ab17e0b3cc13
May 19 22:07:12.056749 dv-cinder-842633-1-smb devstack@c-api.service[110911]: DEBUG cinder.api.openstack.wsgi [None req-84a096c6-3086-460f-9552-5989107c2846 tempest-GroupSnapshotsTest-1141341364 tempest-GroupSnapshotsTest-1141341364-project] Empty body provided in request {{(pid=110911) get_body /opt/stack/cinder/cinder/api/openstack/wsgi.py:715}}
May 19 22:07:12.057297 dv-cinder-842633-1-smb devstack@c-api.service[110911]: DEBUG cinder.api.openstack.wsgi [None req-84a096c6-3086-460f-9552-5989107c2846 tempest-GroupSnapshotsTest-1141341364 tempest-GroupSnapshotsTest-1141341364-project] Calling method 'version_select' {{(pid=110911) _process_stack /opt/stack/cinder/cinder/api/openstack/wsgi.py:868}}
May 19 22:07:12.057791 dv-cinder-842633-1-smb devstack@c-api.service[110911]: DEBUG cinder.api.v3.groups [None req-84a096c6-3086-460f-9552-5989107c2846 tempest-GroupSnapshotsTest-1141341364 tempest-GroupSnapshotsTest-1141341364-project] show called for member 86d8d9d6-fa56-4173-832d-ab17e0b3cc13 {{(pid=110911) show /opt/stack/cinder/cinder/api/v3/groups.py:58}}
May 19 22:07:12.064994 dv-cinder-842633-1-smb devstack@c-api.service[110911]: INFO cinder.api.openstack.wsgi [None req-84a096c6-3086-460f-9552-5989107c2846 tempest-GroupSnapshotsTest-1141341364 tempest-GroupSnapshotsTest-1141341364-project] http://10.222.0.76/volume/v3/9905dc5f070e4cb9b3115f75026993eb/groups/86d8d9d6-fa56-4173-832d-ab17e0b3cc13 returned with HTTP 404
May 19 22:07:12.065851 dv-cinder-842633-1-smb devstack@c-api.service[110911]: [pid: 110911|app: 0|req: 95/190] 10.222.0.76 () {60 vars in 1362 bytes} [Thu May 19 22:07:12 2022] GET /volume/v3/9905dc5f070e4cb9b3115f75026993eb/groups/86d8d9d6-fa56-4173-832d-ab17e0b3cc13 => generated 108 bytes in 16 msecs (HTTP/1.1 404) 7 headers in 293 bytes (1 switches on core 0)
May 19 22:07:12.067213 dv-cinder-842633-1-smb devstack@c-api.service[110911]: DEBUG cinder.api.middleware.request_id [None req-c3599cd2-3641-4c26-a4b1-7bf74994d5bf None None] RequestId filter calling following filter/app {{(pid=110911) _context_setter /opt/stack/cinder/cinder/api/middleware/request_id.py:62}}
May 19 22:07:12.071226 dv-cinder-842633-1-smb devstack@c-api.service[110911]: INFO cinder.api.openstack.wsgi [None req-c3599cd2-3641-4c26-a4b1-7bf74994d5bf tempest-VolumesDeleteCascade-1047760130 tempest-VolumesDeleteCascade-1047760130-project] GET http://10.222.0.76/volume/v3/04f541640df94a828f65224a7100c2ef/snapshots/4eef2d60-2fa4-4bb0-9946-eb6a9582d836
May 19 22:07:12.071675 dv-cinder-842633-1-smb devstack@c-api.service[110911]: DEBUG cinder.api.openstack.wsgi [None req-c3599cd2-3641-4c26-a4b1-7bf74994d5bf tempest-VolumesDeleteCascade-1047760130 tempest-VolumesDeleteCascade-1047760130-project] Empty body provided in request {{(pid=110911) get_body /opt/stack/cinder/cinder/api/openstack/wsgi.py:715}}
May 19 22:07:12.072409 dv-cinder-842633-1-smb devstack@c-api.service[110911]: DEBUG cinder.api.openstack.wsgi [None req-c3599cd2-3641-4c26-a4b1-7bf74994d5bf tempest-VolumesDeleteCascade-1047760130 tempest-VolumesDeleteCascade-1047760130-project] Calling method 'show' {{(pid=110911) _process_stack /opt/stack/cinder/cinder/api/openstack/wsgi.py:868}}
May 19 22:07:12.074457 dv-cinder-842633-1-smb devstack@c-api.service[110912]: DEBUG cinder.volume.api [None req-b9db67f8-4b31-4502-8598-ad7f97883b39 tempest-VolumeQuotasNegativeTestJSON-1213962304 tempest-VolumeQuotasNegativeTestJSON-1213962304-project] Task 'cinder.volume.flows.api.create_volume.QuotaCommitTask;volume:create' (15ea7510-74c7-470d-8320-7a03b10050a6) transitioned into state 'SUCCESS' from state 'RUNNING' with result '{'volume_properties': VolumeProperties(attach_status='detached',availability_zone='nova',cgsnapshot_id=None,consistencygroup_id=None,display_description=None,display_name='tempest-VolumeQuotasNegativeTestJSON-Volume-97171446',encryption_key_id=None,group_id=None,group_type_id=,metadata={},multiattach=False,project_id='5463151c423c4bc3bf40946f711562e5',qos_specs=None,replication_status=,reservations=['109e25ee-a08f-4436-b657-7edfd26245ac','7d381ef0-eab5-46fc-b67d-3a6e324eccc9','4f935455-dffc-494b-abfa-e8278610e536','0abad473-a2b7-4534-9d89-8e1dd796b9b8'],size=1,snapshot_id=None,source_replicaid=,source_volid=None,status='creating',user_id='4f40d789921f4300ada32a81db71603d',volume_type_id=bd42b84f-b878-4138-b789-4ee66727a24b)}' {{(pid=110912) _task_receiver /usr/local/lib/python3.8/dist-packages/taskflow/listeners/logging.py:178}}
May 19 22:07:12.076664 dv-cinder-842633-1-smb devstack@c-api.service[110912]: DEBUG cinder.volume.api [None req-b9db67f8-4b31-4502-8598-ad7f97883b39 tempest-VolumeQuotasNegativeTestJSON-1213962304 tempest-VolumeQuotasNegativeTestJSON-1213962304-project] Task 'cinder.volume.flows.api.create_volume.VolumeCastTask;volume:create' (07703fb9-756e-4b1e-9980-1f68086bb909) transitioned into state 'RUNNING' from state 'PENDING' {{(pid=110912) _task_receiver /usr/local/lib/python3.8/dist-packages/taskflow/listeners/logging.py:190}}
May 19 22:07:12.085575 dv-cinder-842633-1-smb devstack@c-api.service[110911]: /usr/local/lib/python3.8/dist-packages/oslo_context/context.py:100: DeprecationWarning: Policy enforcement is depending on the value of is_admin. This key is deprecated. Please update your policy file to use the standard policy values.
May 19 22:07:12.085575 dv-cinder-842633-1-smb devstack@c-api.service[110911]: warnings.warn('Policy enforcement is depending on the value of '
May 19 22:07:12.086572 dv-cinder-842633-1-smb devstack@c-api.service[110911]: INFO cinder.volume.api [None req-c3599cd2-3641-4c26-a4b1-7bf74994d5bf tempest-VolumesDeleteCascade-1047760130 tempest-VolumesDeleteCascade-1047760130-project] Snapshot retrieved successfully.
May 19 22:07:12.088590 dv-cinder-842633-1-smb devstack@c-api.service[110911]: INFO cinder.api.openstack.wsgi [None req-c3599cd2-3641-4c26-a4b1-7bf74994d5bf tempest-VolumesDeleteCascade-1047760130 tempest-VolumesDeleteCascade-1047760130-project] http://10.222.0.76/volume/v3/04f541640df94a828f65224a7100c2ef/snapshots/4eef2d60-2fa4-4bb0-9946-eb6a9582d836 returned with HTTP 200
May 19 22:07:12.089705 dv-cinder-842633-1-smb devstack@c-api.service[110911]: [pid: 110911|app: 0|req: 96/191] 10.222.0.76 () {58 vars in 1330 bytes} [Thu May 19 22:07:12 2022] GET /volume/v3/04f541640df94a828f65224a7100c2ef/snapshots/4eef2d60-2fa4-4bb0-9946-eb6a9582d836 => generated 531 bytes in 23 msecs (HTTP/1.1 200) 7 headers in 285 bytes (1 switches on core 0)
May 19 22:07:12.090887 dv-cinder-842633-1-smb devstack@c-api.service[110911]: DEBUG cinder.api.middleware.request_id [None req-41a0167b-1bef-450b-af17-9420ba72a34d None None] RequestId filter calling following filter/app {{(pid=110911) _context_setter /opt/stack/cinder/cinder/api/middleware/request_id.py:62}}
May 19 22:07:12.096866 dv-cinder-842633-1-smb devstack@c-api.service[110911]: INFO cinder.api.openstack.wsgi [None req-41a0167b-1bef-450b-af17-9420ba72a34d tempest-VolumeQuotasAdminTestJSON-2121447417 tempest-VolumeQuotasAdminTestJSON-2121447417-project-admin] GET http://10.222.0.76/volume/v3/0bf011da58884d658c1765248b4a7c9f/os-quota-sets/f207f1addadb4826a42d781c48bb2639?usage=True
May 19 22:07:12.096866 dv-cinder-842633-1-smb devstack@c-api.service[110911]: DEBUG cinder.api.openstack.wsgi [None req-41a0167b-1bef-450b-af17-9420ba72a34d tempest-VolumeQuotasAdminTestJSON-2121447417 tempest-VolumeQuotasAdminTestJSON-2121447417-project-admin] Empty body provided in request {{(pid=110911) get_body /opt/stack/cinder/cinder/api/openstack/wsgi.py:715}}
May 19 22:07:12.097560 dv-cinder-842633-1-smb devstack@c-api.service[110911]: DEBUG cinder.api.openstack.wsgi [None req-41a0167b-1bef-450b-af17-9420ba72a34d tempest-VolumeQuotasAdminTestJSON-2121447417 tempest-VolumeQuotasAdminTestJSON-2121447417-project-admin] Calling method 'show' {{(pid=110911) _process_stack /opt/stack/cinder/cinder/api/openstack/wsgi.py:868}}
May 19 22:07:12.130274 dv-cinder-842633-1-smb devstack@c-api.service[110912]: DEBUG cinder.volume.api [None req-b9db67f8-4b31-4502-8598-ad7f97883b39 tempest-VolumeQuotasNegativeTestJSON-1213962304 tempest-VolumeQuotasNegativeTestJSON-1213962304-project] Task 'cinder.volume.flows.api.create_volume.VolumeCastTask;volume:create' (07703fb9-756e-4b1e-9980-1f68086bb909) transitioned into state 'SUCCESS' from state 'RUNNING' with result 'None' {{(pid=110912) _task_receiver /usr/local/lib/python3.8/dist-packages/taskflow/listeners/logging.py:178}}
May 19 22:07:12.132674 dv-cinder-842633-1-smb devstack@c-api.service[110912]: DEBUG cinder.volume.api [None req-b9db67f8-4b31-4502-8598-ad7f97883b39 tempest-VolumeQuotasNegativeTestJSON-1213962304 tempest-VolumeQuotasNegativeTestJSON-1213962304-project] Flow 'volume_create_api' (7bc44e0d-a80c-4c49-989f-65da7dc66b22) transitioned into state 'SUCCESS' from state 'RUNNING' {{(pid=110912) _flow_receiver /usr/local/lib/python3.8/dist-packages/taskflow/listeners/logging.py:141}}
May 19 22:07:12.141953 dv-cinder-842633-1-smb devstack@c-api.service[110912]: INFO cinder.volume.api [None req-b9db67f8-4b31-4502-8598-ad7f97883b39 tempest-VolumeQuotasNegativeTestJSON-1213962304 tempest-VolumeQuotasNegativeTestJSON-1213962304-project] Create volume request issued successfully.
May 19 22:07:12.141953 dv-cinder-842633-1-smb devstack@c-api.service[110912]: INFO cinder.api.openstack.wsgi [None req-b9db67f8-4b31-4502-8598-ad7f97883b39 tempest-VolumeQuotasNegativeTestJSON-1213962304 tempest-VolumeQuotasNegativeTestJSON-1213962304-project] http://10.222.0.76/volume/v3/5463151c423c4bc3bf40946f711562e5/volumes returned with HTTP 202
May 19 22:07:12.141953 dv-cinder-842633-1-smb devstack@c-api.service[110912]: [pid: 110912|app: 0|req: 96/192] 10.222.0.76 () {60 vars in 1234 bytes} [Thu May 19 22:07:11 2022] POST /volume/v3/5463151c423c4bc3bf40946f711562e5/volumes => generated 826 bytes in 735 msecs (HTTP/1.1 202) 7 headers in 291 bytes (1 switches on core 0)
May 19 22:07:12.150616 dv-cinder-842633-1-smb devstack@c-api.service[110912]: DEBUG cinder.api.middleware.request_id [None req-3aab0c5c-e8fb-4bea-bd74-d2d98e257cf5 None None] RequestId filter calling following filter/app {{(pid=110912) _context_setter /opt/stack/cinder/cinder/api/middleware/request_id.py:62}}
May 19 22:07:12.177522 dv-cinder-842633-1-smb devstack@c-api.service[110912]: INFO cinder.api.openstack.wsgi [None req-3aab0c5c-e8fb-4bea-bd74-d2d98e257cf5 tempest-GroupSnapshotsTest-1141341364 tempest-GroupSnapshotsTest-1141341364-project] DELETE http://10.222.0.76/volume/v3/9905dc5f070e4cb9b3115f75026993eb/group_snapshots/a724aaa0-2569-4636-bde8-894ac6be06f0
May 19 22:07:12.178306 dv-cinder-842633-1-smb devstack@c-api.service[110912]: DEBUG cinder.api.openstack.wsgi [None req-3aab0c5c-e8fb-4bea-bd74-d2d98e257cf5 tempest-GroupSnapshotsTest-1141341364 tempest-GroupSnapshotsTest-1141341364-project] Empty body provided in request {{(pid=110912) get_body /opt/stack/cinder/cinder/api/openstack/wsgi.py:715}}
May 19 22:07:12.178665 dv-cinder-842633-1-smb devstack@c-api.service[110912]: DEBUG cinder.api.openstack.wsgi [None req-3aab0c5c-e8fb-4bea-bd74-d2d98e257cf5 tempest-GroupSnapshotsTest-1141341364 tempest-GroupSnapshotsTest-1141341364-project] Calling method 'version_select' {{(pid=110912) _process_stack /opt/stack/cinder/cinder/api/openstack/wsgi.py:868}}
May 19 22:07:12.179012 dv-cinder-842633-1-smb devstack@c-api.service[110912]: DEBUG cinder.api.v3.group_snapshots [None req-3aab0c5c-e8fb-4bea-bd74-d2d98e257cf5 tempest-GroupSnapshotsTest-1141341364 tempest-GroupSnapshotsTest-1141341364-project] delete called for member a724aaa0-2569-4636-bde8-894ac6be06f0 {{(pid=110912) delete /opt/stack/cinder/cinder/api/v3/group_snapshots.py:72}}
May 19 22:07:12.179307 dv-cinder-842633-1-smb devstack@c-api.service[110912]: INFO cinder.api.v3.group_snapshots [None req-3aab0c5c-e8fb-4bea-bd74-d2d98e257cf5 tempest-GroupSnapshotsTest-1141341364 tempest-GroupSnapshotsTest-1141341364-project] Delete group_snapshot with id: a724aaa0-2569-4636-bde8-894ac6be06f0
May 19 22:07:12.196375 dv-cinder-842633-1-smb devstack@c-api.service[110911]: INFO cinder.api.openstack.wsgi [None req-41a0167b-1bef-450b-af17-9420ba72a34d tempest-VolumeQuotasAdminTestJSON-2121447417 tempest-VolumeQuotasAdminTestJSON-2121447417-project-admin] http://10.222.0.76/volume/v3/0bf011da58884d658c1765248b4a7c9f/os-quota-sets/f207f1addadb4826a42d781c48bb2639?usage=True returned with HTTP 200
May 19 22:07:12.198745 dv-cinder-842633-1-smb devstack@c-api.service[110911]: [pid: 110911|app: 0|req: 97/193] 10.222.0.76 () {58 vars in 1351 bytes} [Thu May 19 22:07:12 2022] GET /volume/v3/0bf011da58884d658c1765248b4a7c9f/os-quota-sets/f207f1addadb4826a42d781c48bb2639?usage=True => generated 1178 bytes in 108 msecs (HTTP/1.1 200) 7 headers in 286 bytes (1 switches on core 0)
May 19 22:07:12.200414 dv-cinder-842633-1-smb devstack@c-api.service[110911]: DEBUG cinder.api.middleware.request_id [None req-18cf5b8a-31ea-4932-9279-1c34185b0f99 None None] RequestId filter calling following filter/app {{(pid=110911) _context_setter /opt/stack/cinder/cinder/api/middleware/request_id.py:62}}
May 19 22:07:12.200909 dv-cinder-842633-1-smb devstack@c-api.service[110912]: /usr/local/lib/python3.8/dist-packages/oslo_context/context.py:100: DeprecationWarning: Policy enforcement is depending on the value of is_admin. This key is deprecated. Please update your policy file to use the standard policy values.
May 19 22:07:12.200909 dv-cinder-842633-1-smb devstack@c-api.service[110912]: warnings.warn('Policy enforcement is depending on the value of '
May 19 22:07:12.209555 dv-cinder-842633-1-smb devstack@c-api.service[110911]: INFO cinder.api.openstack.wsgi [None req-18cf5b8a-31ea-4932-9279-1c34185b0f99 tempest-VolumesDeleteCascade-1047760130 tempest-VolumesDeleteCascade-1047760130-project] POST http://10.222.0.76/volume/v3/04f541640df94a828f65224a7100c2ef/snapshots
May 19 22:07:12.209963 dv-cinder-842633-1-smb devstack@c-api.service[110911]: DEBUG cinder.api.openstack.wsgi [None req-18cf5b8a-31ea-4932-9279-1c34185b0f99 tempest-VolumesDeleteCascade-1047760130 tempest-VolumesDeleteCascade-1047760130-project] Action: 'create', calling method: create, body: {"snapshot": {"volume_id": "f294deff-881a-451e-9d6e-4884b8ad7d36", "name": "tempest-VolumesDeleteCascade-Snapshot-1412485938"}} {{(pid=110911) _process_stack /opt/stack/cinder/cinder/api/openstack/wsgi.py:866}}
May 19 22:07:12.228671 dv-cinder-842633-1-smb devstack@c-api.service[110911]: /usr/local/lib/python3.8/dist-packages/oslo_context/context.py:100: DeprecationWarning: Policy enforcement is depending on the value of is_admin. This key is deprecated. Please update your policy file to use the standard policy values.
May 19 22:07:12.228671 dv-cinder-842633-1-smb devstack@c-api.service[110911]: warnings.warn('Policy enforcement is depending on the value of '
May 19 22:07:12.230130 dv-cinder-842633-1-smb devstack@c-api.service[110911]: INFO cinder.volume.api [None req-18cf5b8a-31ea-4932-9279-1c34185b0f99 tempest-VolumesDeleteCascade-1047760130 tempest-VolumesDeleteCascade-1047760130-project] Volume info retrieved successfully.
May 19 22:07:12.230532 dv-cinder-842633-1-smb devstack@c-api.service[110911]: INFO cinder.api.v3.snapshots [None req-18cf5b8a-31ea-4932-9279-1c34185b0f99 tempest-VolumesDeleteCascade-1047760130 tempest-VolumesDeleteCascade-1047760130-project] Create snapshot from volume f294deff-881a-451e-9d6e-4884b8ad7d36
May 19 22:07:12.325679 dv-cinder-842633-1-smb devstack@c-api.service[110912]: INFO cinder.api.openstack.wsgi [None req-3aab0c5c-e8fb-4bea-bd74-d2d98e257cf5 tempest-GroupSnapshotsTest-1141341364 tempest-GroupSnapshotsTest-1141341364-project] http://10.222.0.76/volume/v3/9905dc5f070e4cb9b3115f75026993eb/group_snapshots/a724aaa0-2569-4636-bde8-894ac6be06f0 returned with HTTP 202
May 19 22:07:12.326808 dv-cinder-842633-1-smb devstack@c-api.service[110912]: [pid: 110912|app: 0|req: 97/194] 10.222.0.76 () {60 vars in 1392 bytes} [Thu May 19 22:07:12 2022] DELETE /volume/v3/9905dc5f070e4cb9b3115f75026993eb/group_snapshots/a724aaa0-2569-4636-bde8-894ac6be06f0 => generated 0 bytes in 187 msecs (HTTP/1.1 202) 6 headers in 234 bytes (1 switches on core 0)
May 19 22:07:12.333683 dv-cinder-842633-1-smb devstack@c-api.service[110912]: DEBUG cinder.api.middleware.request_id [None req-af0bf257-3f5e-494a-a542-a243575e4cc3 None None] RequestId filter calling following filter/app {{(pid=110912) _context_setter /opt/stack/cinder/cinder/api/middleware/request_id.py:62}}
May 19 22:07:12.339126 dv-cinder-842633-1-smb devstack@c-api.service[110911]: DEBUG cinder.quota [None req-18cf5b8a-31ea-4932-9279-1c34185b0f99 tempest-VolumesDeleteCascade-1047760130 tempest-VolumesDeleteCascade-1047760130-project] Created reservations ['876f3901-334f-47c8-a02b-056b975611d0', 'a8442d0a-aab3-4380-96f2-c3f8db3fa272', 'be4e200a-9d12-4681-b273-b5996c9a8dcc', '024ce77f-4cf3-42a1-8b6f-19b0c6ec4b9e'] {{(pid=110911) reserve /opt/stack/cinder/cinder/quota.py:755}}
May 19 22:07:12.346415 dv-cinder-842633-1-smb devstack@c-api.service[110912]: INFO cinder.api.openstack.wsgi [None req-af0bf257-3f5e-494a-a542-a243575e4cc3 tempest-VolumeQuotasNegativeTestJSON-1213962304 tempest-VolumeQuotasNegativeTestJSON-1213962304-project] GET http://10.222.0.76/volume/v3/5463151c423c4bc3bf40946f711562e5/volumes/c17a2a2c-1fb1-4c0c-965a-b41971c93b64
May 19 22:07:12.346782 dv-cinder-842633-1-smb devstack@c-api.service[110912]: DEBUG cinder.api.openstack.wsgi [None req-af0bf257-3f5e-494a-a542-a243575e4cc3 tempest-VolumeQuotasNegativeTestJSON-1213962304 tempest-VolumeQuotasNegativeTestJSON-1213962304-project] Empty body provided in request {{(pid=110912) get_body /opt/stack/cinder/cinder/api/openstack/wsgi.py:715}}
May 19 22:07:12.350635 dv-cinder-842633-1-smb devstack@c-api.service[110912]: DEBUG cinder.api.openstack.wsgi [None req-af0bf257-3f5e-494a-a542-a243575e4cc3 tempest-VolumeQuotasNegativeTestJSON-1213962304 tempest-VolumeQuotasNegativeTestJSON-1213962304-project] Calling method 'show' {{(pid=110912) _process_stack /opt/stack/cinder/cinder/api/openstack/wsgi.py:868}}
May 19 22:07:12.386107 dv-cinder-842633-1-smb devstack@c-api.service[110912]: /usr/local/lib/python3.8/dist-packages/oslo_context/context.py:100: DeprecationWarning: Policy enforcement is depending on the value of is_admin. This key is deprecated. Please update your policy file to use the standard policy values.
May 19 22:07:12.386107 dv-cinder-842633-1-smb devstack@c-api.service[110912]: warnings.warn('Policy enforcement is depending on the value of '
May 19 22:07:12.407393 dv-cinder-842633-1-smb devstack@c-api.service[110912]: INFO cinder.volume.api [None req-af0bf257-3f5e-494a-a542-a243575e4cc3 tempest-VolumeQuotasNegativeTestJSON-1213962304 tempest-VolumeQuotasNegativeTestJSON-1213962304-project] Volume info retrieved successfully.
May 19 22:07:12.433811 dv-cinder-842633-1-smb devstack@c-api.service[110912]: INFO cinder.api.openstack.wsgi [None req-af0bf257-3f5e-494a-a542-a243575e4cc3 tempest-VolumeQuotasNegativeTestJSON-1213962304 tempest-VolumeQuotasNegativeTestJSON-1213962304-project] http://10.222.0.76/volume/v3/5463151c423c4bc3bf40946f711562e5/volumes/c17a2a2c-1fb1-4c0c-965a-b41971c93b64 returned with HTTP 200
May 19 22:07:12.443644 dv-cinder-842633-1-smb devstack@c-api.service[110912]: [pid: 110912|app: 0|req: 98/195] 10.222.0.76 () {58 vars in 1324 bytes} [Thu May 19 22:07:12 2022] GET /volume/v3/5463151c423c4bc3bf40946f711562e5/volumes/c17a2a2c-1fb1-4c0c-965a-b41971c93b64 => generated 918 bytes in 107 msecs (HTTP/1.1 200) 7 headers in 285 bytes (1 switches on core 0)
May 19 22:07:12.443644 dv-cinder-842633-1-smb devstack@c-api.service[110912]: DEBUG cinder.api.middleware.request_id [None req-aa4987ef-ee9e-4c3c-ac43-1e9561374149 None None] RequestId filter calling following filter/app {{(pid=110912) _context_setter /opt/stack/cinder/cinder/api/middleware/request_id.py:62}}
May 19 22:07:12.443644 dv-cinder-842633-1-smb devstack@c-api.service[110912]: INFO cinder.api.openstack.wsgi [None req-aa4987ef-ee9e-4c3c-ac43-1e9561374149 tempest-VolumeQuotasAdminTestJSON-2121447417 tempest-VolumeQuotasAdminTestJSON-2121447417-project-admin] DELETE http://10.222.0.76/volume/v3/0bf011da58884d658c1765248b4a7c9f/volumes/03d04b00-5553-43a0-b0f6-f12d0253cbaf
May 19 22:07:12.443644 dv-cinder-842633-1-smb devstack@c-api.service[110912]: DEBUG cinder.api.openstack.wsgi [None req-aa4987ef-ee9e-4c3c-ac43-1e9561374149 tempest-VolumeQuotasAdminTestJSON-2121447417 tempest-VolumeQuotasAdminTestJSON-2121447417-project-admin] Empty body provided in request {{(pid=110912) get_body /opt/stack/cinder/cinder/api/openstack/wsgi.py:715}}
May 19 22:07:12.443644 dv-cinder-842633-1-smb devstack@c-api.service[110912]: DEBUG cinder.api.openstack.wsgi [None req-aa4987ef-ee9e-4c3c-ac43-1e9561374149 tempest-VolumeQuotasAdminTestJSON-2121447417 tempest-VolumeQuotasAdminTestJSON-2121447417-project-admin] Calling method 'delete' {{(pid=110912) _process_stack /opt/stack/cinder/cinder/api/openstack/wsgi.py:868}}
May 19 22:07:12.443644 dv-cinder-842633-1-smb devstack@c-api.service[110912]: INFO cinder.api.v3.volumes [None req-aa4987ef-ee9e-4c3c-ac43-1e9561374149 tempest-VolumeQuotasAdminTestJSON-2121447417 tempest-VolumeQuotasAdminTestJSON-2121447417-project-admin] Delete volume with id: 03d04b00-5553-43a0-b0f6-f12d0253cbaf
May 19 22:07:12.453285 dv-cinder-842633-1-smb devstack@c-api.service[110911]: INFO cinder.volume.api [None req-18cf5b8a-31ea-4932-9279-1c34185b0f99 tempest-VolumesDeleteCascade-1047760130 tempest-VolumesDeleteCascade-1047760130-project] Snapshot create request issued successfully.
May 19 22:07:12.454395 dv-cinder-842633-1-smb devstack@c-api.service[110911]: INFO cinder.api.openstack.wsgi [None req-18cf5b8a-31ea-4932-9279-1c34185b0f99 tempest-VolumesDeleteCascade-1047760130 tempest-VolumesDeleteCascade-1047760130-project] http://10.222.0.76/volume/v3/04f541640df94a828f65224a7100c2ef/snapshots returned with HTTP 202
May 19 22:07:12.455371 dv-cinder-842633-1-smb devstack@c-api.service[110911]: [pid: 110911|app: 0|req: 98/196] 10.222.0.76 () {60 vars in 1241 bytes} [Thu May 19 22:07:12 2022] POST /volume/v3/04f541640df94a828f65224a7100c2ef/snapshots => generated 307 bytes in 256 msecs (HTTP/1.1 202) 7 headers in 291 bytes (1 switches on core 0)
May 19 22:07:12.457753 dv-cinder-842633-1-smb devstack@c-api.service[110911]: DEBUG cinder.api.middleware.request_id [None req-8a67ac4a-ee93-4344-8ef0-726c86f4a03f None None] RequestId filter calling following filter/app {{(pid=110911) _context_setter /opt/stack/cinder/cinder/api/middleware/request_id.py:62}}
May 19 22:07:12.462732 dv-cinder-842633-1-smb devstack@c-api.service[110911]: INFO cinder.api.openstack.wsgi [None req-8a67ac4a-ee93-4344-8ef0-726c86f4a03f tempest-GroupSnapshotsTest-1141341364 tempest-GroupSnapshotsTest-1141341364-project] GET http://10.222.0.76/volume/v3/9905dc5f070e4cb9b3115f75026993eb/volumes/detail
May 19 22:07:12.463511 dv-cinder-842633-1-smb devstack@c-api.service[110911]: DEBUG cinder.api.openstack.wsgi [None req-8a67ac4a-ee93-4344-8ef0-726c86f4a03f tempest-GroupSnapshotsTest-1141341364 tempest-GroupSnapshotsTest-1141341364-project] Empty body provided in request {{(pid=110911) get_body /opt/stack/cinder/cinder/api/openstack/wsgi.py:715}}
May 19 22:07:12.464269 dv-cinder-842633-1-smb devstack@c-api.service[110911]: DEBUG cinder.api.openstack.wsgi [None req-8a67ac4a-ee93-4344-8ef0-726c86f4a03f tempest-GroupSnapshotsTest-1141341364 tempest-GroupSnapshotsTest-1141341364-project] Calling method 'detail' {{(pid=110911) _process_stack /opt/stack/cinder/cinder/api/openstack/wsgi.py:868}}
May 19 22:07:12.464955 dv-cinder-842633-1-smb devstack@c-api.service[110911]: DEBUG cinder.api.api_utils [None req-8a67ac4a-ee93-4344-8ef0-726c86f4a03f tempest-GroupSnapshotsTest-1141341364 tempest-GroupSnapshotsTest-1141341364-project] Removing options '' from query. {{(pid=110911) remove_invalid_filter_options /opt/stack/cinder/cinder/api/api_utils.py:73}}
May 19 22:07:12.465789 dv-cinder-842633-1-smb devstack@c-api.service[110911]: /usr/local/lib/python3.8/dist-packages/oslo_context/context.py:100: DeprecationWarning: Policy enforcement is depending on the value of is_admin. This key is deprecated. Please update your policy file to use the standard policy values.
May 19 22:07:12.465789 dv-cinder-842633-1-smb devstack@c-api.service[110911]: warnings.warn('Policy enforcement is depending on the value of '
May 19 22:07:12.466832 dv-cinder-842633-1-smb devstack@c-api.service[110911]: DEBUG cinder.volume.api [None req-8a67ac4a-ee93-4344-8ef0-726c86f4a03f tempest-GroupSnapshotsTest-1141341364 tempest-GroupSnapshotsTest-1141341364-project] Searching by: MultiDict([('no_migration_targets', True)]). {{(pid=110911) get_all /opt/stack/cinder/cinder/volume/api.py:664}}
May 19 22:07:12.487433 dv-cinder-842633-1-smb devstack@c-api.service[110912]: /usr/local/lib/python3.8/dist-packages/oslo_context/context.py:100: DeprecationWarning: Policy enforcement is depending on the value of is_admin. This key is deprecated. Please update your policy file to use the standard policy values.
May 19 22:07:12.487433 dv-cinder-842633-1-smb devstack@c-api.service[110912]: warnings.warn('Policy enforcement is depending on the value of '
May 19 22:07:12.489809 dv-cinder-842633-1-smb devstack@c-api.service[110912]: INFO cinder.volume.api [None req-aa4987ef-ee9e-4c3c-ac43-1e9561374149 tempest-VolumeQuotasAdminTestJSON-2121447417 tempest-VolumeQuotasAdminTestJSON-2121447417-project-admin] Volume info retrieved successfully.
May 19 22:07:12.524117 dv-cinder-842633-1-smb devstack@c-api.service[110912]: DEBUG dbcounter [-] [110912] Writing DB stats cinder:SELECT=75,cinder:INSERT=10,cinder:UPDATE=15 {{(pid=110912) stat_writer /usr/local/lib/python3.8/dist-packages/dbcounter.py:114}}
May 19 22:07:12.533196 dv-cinder-842633-1-smb devstack@c-api.service[110911]: INFO cinder.volume.api [None req-8a67ac4a-ee93-4344-8ef0-726c86f4a03f tempest-GroupSnapshotsTest-1141341364 tempest-GroupSnapshotsTest-1141341364-project] Get all volumes completed successfully.
May 19 22:07:12.535544 dv-cinder-842633-1-smb devstack@c-api.service[110911]: WARNING stevedore.named [None req-8a67ac4a-ee93-4344-8ef0-726c86f4a03f tempest-GroupSnapshotsTest-1141341364 tempest-GroupSnapshotsTest-1141341364-project] Could not load cinder.keymgr.conf_key_mgr.ConfKeyManager
May 19 22:07:12.537659 dv-cinder-842633-1-smb devstack@c-api.service[110911]: WARNING castellan.key_manager [None req-8a67ac4a-ee93-4344-8ef0-726c86f4a03f tempest-GroupSnapshotsTest-1141341364 tempest-GroupSnapshotsTest-1141341364-project] Deprecation Warning : cinder.keymgr.conf_key_mgr.ConfKeyManager is not a stevedore based driver, trying to load it as a class: stevedore.exception.NoMatches: No 'castellan.drivers' driver found, looking for 'cinder.keymgr.conf_key_mgr.ConfKeyManager'
May 19 22:07:12.546655 dv-cinder-842633-1-smb devstack@c-api.service[110912]: INFO cinder.volume.api [None req-aa4987ef-ee9e-4c3c-ac43-1e9561374149 tempest-VolumeQuotasAdminTestJSON-2121447417 tempest-VolumeQuotasAdminTestJSON-2121447417-project-admin] Delete volume request issued successfully.
May 19 22:07:12.547601 dv-cinder-842633-1-smb devstack@c-api.service[110912]: INFO cinder.api.openstack.wsgi [None req-aa4987ef-ee9e-4c3c-ac43-1e9561374149 tempest-VolumeQuotasAdminTestJSON-2121447417 tempest-VolumeQuotasAdminTestJSON-2121447417-project-admin] http://10.222.0.76/volume/v3/0bf011da58884d658c1765248b4a7c9f/volumes/03d04b00-5553-43a0-b0f6-f12d0253cbaf returned with HTTP 202
May 19 22:07:12.548903 dv-cinder-842633-1-smb devstack@c-api.service[110912]: [pid: 110912|app: 0|req: 99/197] 10.222.0.76 () {58 vars in 1327 bytes} [Thu May 19 22:07:12 2022] DELETE /volume/v3/0bf011da58884d658c1765248b4a7c9f/volumes/03d04b00-5553-43a0-b0f6-f12d0253cbaf => generated 0 bytes in 114 msecs (HTTP/1.1 202) 6 headers in 233 bytes (1 switches on core 0)
May 19 22:07:12.550543 dv-cinder-842633-1-smb devstack@c-api.service[110912]: DEBUG cinder.api.middleware.request_id [None req-bb29faeb-6eae-460e-adfc-a9aa00dedbd8 None None] RequestId filter calling following filter/app {{(pid=110912) _context_setter /opt/stack/cinder/cinder/api/middleware/request_id.py:62}}
May 19 22:07:12.556581 dv-cinder-842633-1-smb devstack@c-api.service[110912]: INFO cinder.api.openstack.wsgi [None req-bb29faeb-6eae-460e-adfc-a9aa00dedbd8 tempest-VolumesDeleteCascade-1047760130 tempest-VolumesDeleteCascade-1047760130-project] GET http://10.222.0.76/volume/v3/04f541640df94a828f65224a7100c2ef/snapshots/0317ebc3-1efd-4cf8-98eb-5e1f8f350879
May 19 22:07:12.556713 dv-cinder-842633-1-smb devstack@c-api.service[110911]: DEBUG oslo_db.sqlalchemy.engines [None req-8a67ac4a-ee93-4344-8ef0-726c86f4a03f tempest-GroupSnapshotsTest-1141341364 tempest-GroupSnapshotsTest-1141341364-project] MySQL server mode set to STRICT_TRANS_TABLES,STRICT_ALL_TABLES,NO_ZERO_IN_DATE,NO_ZERO_DATE,ERROR_FOR_DIVISION_BY_ZERO,TRADITIONAL,NO_ENGINE_SUBSTITUTION {{(pid=110911) _check_effective_sql_mode /usr/local/lib/python3.8/dist-packages/oslo_db/sqlalchemy/engines.py:314}}
May 19 22:07:12.557356 dv-cinder-842633-1-smb devstack@c-api.service[110912]: DEBUG cinder.api.openstack.wsgi [None req-bb29faeb-6eae-460e-adfc-a9aa00dedbd8 tempest-VolumesDeleteCascade-1047760130 tempest-VolumesDeleteCascade-1047760130-project] Empty body provided in request {{(pid=110912) get_body /opt/stack/cinder/cinder/api/openstack/wsgi.py:715}}
May 19 22:07:12.558014 dv-cinder-842633-1-smb devstack@c-api.service[110912]: DEBUG cinder.api.openstack.wsgi [None req-bb29faeb-6eae-460e-adfc-a9aa00dedbd8 tempest-VolumesDeleteCascade-1047760130 tempest-VolumesDeleteCascade-1047760130-project] Calling method 'show' {{(pid=110912) _process_stack /opt/stack/cinder/cinder/api/openstack/wsgi.py:868}}
May 19 22:07:12.568899 dv-cinder-842633-1-smb devstack@c-api.service[110911]: /usr/local/lib/python3.8/dist-packages/oslo_context/context.py:100: DeprecationWarning: Policy enforcement is depending on the value of is_admin. This key is deprecated. Please update your policy file to use the standard policy values.
May 19 22:07:12.568899 dv-cinder-842633-1-smb devstack@c-api.service[110911]: warnings.warn('Policy enforcement is depending on the value of '
May 19 22:07:12.574820 dv-cinder-842633-1-smb devstack@c-api.service[110912]: /usr/local/lib/python3.8/dist-packages/oslo_context/context.py:100: DeprecationWarning: Policy enforcement is depending on the value of is_admin. This key is deprecated. Please update your policy file to use the standard policy values.
May 19 22:07:12.574820 dv-cinder-842633-1-smb devstack@c-api.service[110912]: warnings.warn('Policy enforcement is depending on the value of '
May 19 22:07:12.575961 dv-cinder-842633-1-smb devstack@c-api.service[110912]: INFO cinder.volume.api [None req-bb29faeb-6eae-460e-adfc-a9aa00dedbd8 tempest-VolumesDeleteCascade-1047760130 tempest-VolumesDeleteCascade-1047760130-project] Snapshot retrieved successfully.
May 19 22:07:12.590604 dv-cinder-842633-1-smb devstack@c-api.service[110912]: INFO cinder.api.openstack.wsgi [None req-bb29faeb-6eae-460e-adfc-a9aa00dedbd8 tempest-VolumesDeleteCascade-1047760130 tempest-VolumesDeleteCascade-1047760130-project] http://10.222.0.76/volume/v3/04f541640df94a828f65224a7100c2ef/snapshots/0317ebc3-1efd-4cf8-98eb-5e1f8f350879 returned with HTTP 200
May 19 22:07:12.597159 dv-cinder-842633-1-smb devstack@c-api.service[110912]: [pid: 110912|app: 0|req: 100/198] 10.222.0.76 () {58 vars in 1330 bytes} [Thu May 19 22:07:12 2022] GET /volume/v3/04f541640df94a828f65224a7100c2ef/snapshots/0317ebc3-1efd-4cf8-98eb-5e1f8f350879 => generated 439 bytes in 47 msecs (HTTP/1.1 200) 7 headers in 285 bytes (1 switches on core 0)
May 19 22:07:12.598627 dv-cinder-842633-1-smb devstack@c-api.service[110912]: DEBUG cinder.api.middleware.request_id [None req-5e8dfc55-a0c5-485c-b8d8-bc021c3a7900 None None] RequestId filter calling following filter/app {{(pid=110912) _context_setter /opt/stack/cinder/cinder/api/middleware/request_id.py:62}}
May 19 22:07:12.605492 dv-cinder-842633-1-smb devstack@c-api.service[110911]: INFO cinder.api.openstack.wsgi [None req-8a67ac4a-ee93-4344-8ef0-726c86f4a03f tempest-GroupSnapshotsTest-1141341364 tempest-GroupSnapshotsTest-1141341364-project] http://10.222.0.76/volume/v3/9905dc5f070e4cb9b3115f75026993eb/volumes/detail returned with HTTP 200
May 19 22:07:12.607037 dv-cinder-842633-1-smb devstack@c-api.service[110912]: INFO cinder.api.openstack.wsgi [None req-5e8dfc55-a0c5-485c-b8d8-bc021c3a7900 tempest-VolumeQuotasAdminTestJSON-2121447417 tempest-VolumeQuotasAdminTestJSON-2121447417-project-admin] GET http://10.222.0.76/volume/v3/0bf011da58884d658c1765248b4a7c9f/volumes/03d04b00-5553-43a0-b0f6-f12d0253cbaf
May 19 22:07:12.607520 dv-cinder-842633-1-smb devstack@c-api.service[110912]: DEBUG cinder.api.openstack.wsgi [None req-5e8dfc55-a0c5-485c-b8d8-bc021c3a7900 tempest-VolumeQuotasAdminTestJSON-2121447417 tempest-VolumeQuotasAdminTestJSON-2121447417-project-admin] Empty body provided in request {{(pid=110912) get_body /opt/stack/cinder/cinder/api/openstack/wsgi.py:715}}
May 19 22:07:12.608197 dv-cinder-842633-1-smb devstack@c-api.service[110912]: DEBUG cinder.api.openstack.wsgi [None req-5e8dfc55-a0c5-485c-b8d8-bc021c3a7900 tempest-VolumeQuotasAdminTestJSON-2121447417 tempest-VolumeQuotasAdminTestJSON-2121447417-project-admin] Calling method 'show' {{(pid=110912) _process_stack /opt/stack/cinder/cinder/api/openstack/wsgi.py:868}}
May 19 22:07:12.613086 dv-cinder-842633-1-smb devstack@c-api.service[110911]: [pid: 110911|app: 0|req: 99/199] 10.222.0.76 () {60 vars in 1275 bytes} [Thu May 19 22:07:12 2022] GET /volume/v3/9905dc5f070e4cb9b3115f75026993eb/volumes/detail => generated 1002 bytes in 157 msecs (HTTP/1.1 200) 7 headers in 287 bytes (1 switches on core 0)
May 19 22:07:12.629942 dv-cinder-842633-1-smb devstack@c-api.service[110912]: /usr/local/lib/python3.8/dist-packages/oslo_context/context.py:100: DeprecationWarning: Policy enforcement is depending on the value of is_admin. This key is deprecated. Please update your policy file to use the standard policy values.
May 19 22:07:12.629942 dv-cinder-842633-1-smb devstack@c-api.service[110912]: warnings.warn('Policy enforcement is depending on the value of '
May 19 22:07:12.632791 dv-cinder-842633-1-smb devstack@c-api.service[110911]: DEBUG cinder.api.middleware.request_id [None req-99b91635-0ace-49b9-8197-84e24589cdfa None None] RequestId filter calling following filter/app {{(pid=110911) _context_setter /opt/stack/cinder/cinder/api/middleware/request_id.py:62}}
May 19 22:07:12.638880 dv-cinder-842633-1-smb devstack@c-api.service[110911]: INFO cinder.api.openstack.wsgi [None req-99b91635-0ace-49b9-8197-84e24589cdfa tempest-GroupSnapshotsTest-1141341364 tempest-GroupSnapshotsTest-1141341364-project] GET http://10.222.0.76/volume/v3/9905dc5f070e4cb9b3115f75026993eb/snapshots/detail
May 19 22:07:12.639534 dv-cinder-842633-1-smb devstack@c-api.service[110911]: DEBUG cinder.api.openstack.wsgi [None req-99b91635-0ace-49b9-8197-84e24589cdfa tempest-GroupSnapshotsTest-1141341364 tempest-GroupSnapshotsTest-1141341364-project] Empty body provided in request {{(pid=110911) get_body /opt/stack/cinder/cinder/api/openstack/wsgi.py:715}}
May 19 22:07:12.640161 dv-cinder-842633-1-smb devstack@c-api.service[110911]: DEBUG cinder.api.openstack.wsgi [None req-99b91635-0ace-49b9-8197-84e24589cdfa tempest-GroupSnapshotsTest-1141341364 tempest-GroupSnapshotsTest-1141341364-project] Calling method 'detail' {{(pid=110911) _process_stack /opt/stack/cinder/cinder/api/openstack/wsgi.py:868}}
May 19 22:07:12.640946 dv-cinder-842633-1-smb devstack@c-api.service[110911]: DEBUG cinder.api.api_utils [None req-99b91635-0ace-49b9-8197-84e24589cdfa tempest-GroupSnapshotsTest-1141341364 tempest-GroupSnapshotsTest-1141341364-project] Removing options '' from query. {{(pid=110911) remove_invalid_filter_options /opt/stack/cinder/cinder/api/api_utils.py:73}}
May 19 22:07:12.645655 dv-cinder-842633-1-smb devstack@c-api.service[110912]: INFO cinder.volume.api [None req-5e8dfc55-a0c5-485c-b8d8-bc021c3a7900 tempest-VolumeQuotasAdminTestJSON-2121447417 tempest-VolumeQuotasAdminTestJSON-2121447417-project-admin] Volume info retrieved successfully.
May 19 22:07:12.645818 dv-cinder-842633-1-smb devstack@c-api.service[110911]: DEBUG cinder.db.sqlalchemy.api [None req-99b91635-0ace-49b9-8197-84e24589cdfa tempest-GroupSnapshotsTest-1141341364 tempest-GroupSnapshotsTest-1141341364-project] Building query based on filter {{(pid=110911) _process_snaps_filters /opt/stack/cinder/cinder/db/sqlalchemy/api.py:3773}}
