Aug 23 22:32:13.659876 dv-cinder-842542-4-iscsi neutron-server[106769]: DEBUG neutron.pecan_wsgi.hooks.policy_enforcement [req-3b866e44-5981-4276-a0cd-bfa64b5d1c81 req-aa6caef1-9589-41df-8b1c-cae00e1d1626 tempest-ServerRescueNegativeTestJSON-1258292528 tempest-ServerRescueNegativeTestJSON-1258292528-project] Attributes excluded by policy engine: ['standard_attr_id', 'binding:profile', 'binding:host_id', 'binding:vif_type', 'binding:vif_details'] {{(pid=106769) _exclude_attributes_by_policy /opt/stack/neutron/neutron/pecan_wsgi/hooks/policy_enforcement.py:259}}
Aug 23 22:32:13.661516 dv-cinder-842542-4-iscsi neutron-server[106769]: INFO neutron.wsgi [req-3b866e44-5981-4276-a0cd-bfa64b5d1c81 req-aa6caef1-9589-41df-8b1c-cae00e1d1626 tempest-ServerRescueNegativeTestJSON-1258292528 tempest-ServerRescueNegativeTestJSON-1258292528-project] 10.222.0.73 "GET /networking/v2.0/ports?device_id=be5efd28-1582-46ac-b8b3-5a2c48232b38 HTTP/1.1" status: 200 len: 945 time: 0.0643082
Aug 23 22:32:13.728437 dv-cinder-842542-4-iscsi neutron-server[106769]: INFO neutron.wsgi [req-3b866e44-5981-4276-a0cd-bfa64b5d1c81 req-5b3c56b0-dde7-4c23-ba67-73229a554089 tempest-ServerRescueNegativeTestJSON-1258292528 tempest-ServerRescueNegativeTestJSON-1258292528-project] 10.222.0.73 "GET /networking/v2.0/security-groups?id=c1c04889-2b9f-4b1a-aeb3-78e46ce87660&fields=id&fields=name HTTP/1.1" status: 200 len: 286 time: 0.0608871
Aug 23 22:32:13.835381 dv-cinder-842542-4-iscsi neutron-server[106768]: DEBUG neutron.pecan_wsgi.hooks.policy_enforcement [req-b59ab79d-3bc3-4aae-b970-88056eee4345 req-08d77f52-861f-41a2-ae61-42a610be2f35 tempest-AttachVolumeTestJSON-1883503509 tempest-AttachVolumeTestJSON-1883503509-project] Attributes excluded by policy engine: ['standard_attr_id', 'binding:profile', 'binding:host_id', 'binding:vif_type', 'binding:vif_details'] {{(pid=106768) _exclude_attributes_by_policy /opt/stack/neutron/neutron/pecan_wsgi/hooks/policy_enforcement.py:259}}
Aug 23 22:32:13.836963 dv-cinder-842542-4-iscsi neutron-server[106768]: INFO neutron.wsgi [req-b59ab79d-3bc3-4aae-b970-88056eee4345 req-08d77f52-861f-41a2-ae61-42a610be2f35 tempest-AttachVolumeTestJSON-1883503509 tempest-AttachVolumeTestJSON-1883503509-project] 10.222.0.73 "GET /networking/v2.0/ports?device_id=bb8f6ad2-07f8-4f77-81d2-70e697b1e275 HTTP/1.1" status: 200 len: 945 time: 0.0872118
Aug 23 22:32:13.898563 dv-cinder-842542-4-iscsi neutron-server[106768]: INFO neutron.wsgi [req-b59ab79d-3bc3-4aae-b970-88056eee4345 req-c9775bad-2e65-4839-a34b-1242d163781e tempest-AttachVolumeTestJSON-1883503509 tempest-AttachVolumeTestJSON-1883503509-project] 10.222.0.73 "GET /networking/v2.0/security-groups?id=7e47b862-97e1-4458-8c0a-b8ff50f21e28&fields=id&fields=name HTTP/1.1" status: 200 len: 313 time: 0.0540504
Aug 23 22:32:13.926759 dv-cinder-842542-4-iscsi neutron-server[106769]: INFO neutron.wsgi [req-36b082a0-5667-4bc9-8f6b-d04d6a264651 req-1ff380e4-052f-4c7d-a9c1-a041cd78c91b service neutron] 10.222.0.64 "GET /networking/v2.0/security-groups?id=c1c04889-2b9f-4b1a-aeb3-78e46ce87660&fields=id&fields=name HTTP/1.1" status: 200 len: 286 time: 0.0766277
Aug 23 22:32:14.085393 dv-cinder-842542-4-iscsi neutron-server[106768]: DEBUG neutron.wsgi [-] (106768) accepted ('10.222.0.73', 53440) {{(pid=106768) server /usr/local/lib/python3.8/dist-packages/eventlet/wsgi.py:1004}}
Aug 23 22:32:14.194951 dv-cinder-842542-4-iscsi neutron-server[106768]: DEBUG neutron_lib.callbacks.manager [None req-053cb3a4-6418-4865-be2d-e4f924e5136b admin admin] Publish callbacks [] for security_group (None), before_create {{(pid=106768) _notify_loop /usr/local/lib/python3.8/dist-packages/neutron_lib/callbacks/manager.py:176}}
Aug 23 22:32:14.271302 dv-cinder-842542-4-iscsi neutron-server[106768]: DEBUG neutron_lib.callbacks.manager [None req-053cb3a4-6418-4865-be2d-e4f924e5136b admin admin] Publish callbacks [] for security_group (55a9e4da-1056-4995-91b3-b50d73f0cdf4), precommit_create {{(pid=106768) _notify_loop /usr/local/lib/python3.8/dist-packages/neutron_lib/callbacks/manager.py:176}}
Aug 23 22:32:14.416349 dv-cinder-842542-4-iscsi neutron-server[106768]: DEBUG neutron_lib.callbacks.manager [None req-053cb3a4-6418-4865-be2d-e4f924e5136b admin admin] Publish callbacks ['neutron.plugins.ml2.ovo_rpc._ObjectChangeHandler.handle_event-453037'] for security_group (55a9e4da-1056-4995-91b3-b50d73f0cdf4), after_create {{(pid=106768) _notify_loop /usr/local/lib/python3.8/dist-packages/neutron_lib/callbacks/manager.py:176}}
Aug 23 22:32:14.457487 dv-cinder-842542-4-iscsi neutron-server[106768]: INFO neutron.wsgi [None req-053cb3a4-6418-4865-be2d-e4f924e5136b admin admin] 10.222.0.73 "GET /networking/v2.0/security-groups?tenant_id=b350070a98b44506982b1ff59c586958&name=default HTTP/1.1" status: 200 len: 2996 time: 0.3708441
Aug 23 22:32:14.458380 dv-cinder-842542-4-iscsi neutron-server[106768]: DEBUG neutron.api.rpc.handlers.resources_rpc [None req-053cb3a4-6418-4865-be2d-e4f924e5136b admin admin] Pushing event updated for resources: {'SecurityGroup': ['ID=55a9e4da-1056-4995-91b3-b50d73f0cdf4,revision_number=1']} {{(pid=106768) push /opt/stack/neutron/neutron/api/rpc/handlers/resources_rpc.py:237}}
Aug 23 22:32:14.461177 dv-cinder-842542-4-iscsi neutron-server[106769]: DEBUG neutron.wsgi [-] (106769) accepted ('10.222.0.73', 53446) {{(pid=106769) server /usr/local/lib/python3.8/dist-packages/eventlet/wsgi.py:1004}}
Aug 23 22:32:14.552366 dv-cinder-842542-4-iscsi neutron-server[106769]: DEBUG neutron_lib.callbacks.manager [None req-a8342c4a-f70c-4930-b170-310ac230705b admin admin] Publish callbacks [] for security_group (55a9e4da-1056-4995-91b3-b50d73f0cdf4), before_delete {{(pid=106769) _notify_loop /usr/local/lib/python3.8/dist-packages/neutron_lib/callbacks/manager.py:176}}
Aug 23 22:32:14.589052 dv-cinder-842542-4-iscsi neutron-server[106769]: DEBUG neutron_lib.callbacks.manager [None req-a8342c4a-f70c-4930-b170-310ac230705b admin admin] Publish callbacks [] for security_group (55a9e4da-1056-4995-91b3-b50d73f0cdf4), precommit_delete {{(pid=106769) _notify_loop /usr/local/lib/python3.8/dist-packages/neutron_lib/callbacks/manager.py:176}}
Aug 23 22:32:14.637231 dv-cinder-842542-4-iscsi neutron-server[106768]: DEBUG neutron.pecan_wsgi.hooks.policy_enforcement [req-f77593aa-f1cc-4cba-8138-a8a1b2e924db req-e15d0e9a-2430-4840-95af-7be052444ff9 tempest-ServerRescueNegativeTestJSON-1258292528 tempest-ServerRescueNegativeTestJSON-1258292528-project] Attributes excluded by policy engine: ['standard_attr_id', 'binding:profile', 'binding:host_id', 'binding:vif_type', 'binding:vif_details'] {{(pid=106768) _exclude_attributes_by_policy /opt/stack/neutron/neutron/pecan_wsgi/hooks/policy_enforcement.py:259}}
Aug 23 22:32:14.638896 dv-cinder-842542-4-iscsi neutron-server[106768]: INFO neutron.wsgi [req-f77593aa-f1cc-4cba-8138-a8a1b2e924db req-e15d0e9a-2430-4840-95af-7be052444ff9 tempest-ServerRescueNegativeTestJSON-1258292528 tempest-ServerRescueNegativeTestJSON-1258292528-project] 10.222.0.73 "GET /networking/v2.0/ports?device_id=be5efd28-1582-46ac-b8b3-5a2c48232b38 HTTP/1.1" status: 200 len: 945 time: 0.0539031
Aug 23 22:32:14.646392 dv-cinder-842542-4-iscsi neutron-server[106769]: DEBUG neutron.pecan_wsgi.hooks.policy_enforcement [req-3f43afd9-6123-4712-b3d5-03baf3cccf0a req-66c92150-a80e-4af5-89c9-bb658bab1cc4 service neutron] Attributes excluded by policy engine: ['standard_attr_id'] {{(pid=106769) _exclude_attributes_by_policy /opt/stack/neutron/neutron/pecan_wsgi/hooks/policy_enforcement.py:259}}
Aug 23 22:32:14.647766 dv-cinder-842542-4-iscsi neutron-server[106769]: INFO neutron.wsgi [req-3f43afd9-6123-4712-b3d5-03baf3cccf0a req-66c92150-a80e-4af5-89c9-bb658bab1cc4 service neutron] 10.222.0.64 "GET /networking/v2.0/ports?device_id=bb8f6ad2-07f8-4f77-81d2-70e697b1e275 HTTP/1.1" status: 200 len: 1129 time: 0.0697558
Aug 23 22:32:14.703885 dv-cinder-842542-4-iscsi neutron-server[106768]: INFO neutron.wsgi [req-f77593aa-f1cc-4cba-8138-a8a1b2e924db req-16cc632a-d98e-4ff8-80fd-a79ad2def34b tempest-ServerRescueNegativeTestJSON-1258292528 tempest-ServerRescueNegativeTestJSON-1258292528-project] 10.222.0.73 "GET /networking/v2.0/security-groups?id=c1c04889-2b9f-4b1a-aeb3-78e46ce87660&fields=id&fields=name HTTP/1.1" status: 200 len: 286 time: 0.0560544
Aug 23 22:32:14.770491 dv-cinder-842542-4-iscsi neutron-server[106769]: DEBUG neutron_lib.callbacks.manager [None req-a8342c4a-f70c-4930-b170-310ac230705b admin admin] Publish callbacks ['neutron.plugins.ml2.ovo_rpc._ObjectChangeHandler.handle_event-453037'] for security_group (55a9e4da-1056-4995-91b3-b50d73f0cdf4), after_delete {{(pid=106769) _notify_loop /usr/local/lib/python3.8/dist-packages/neutron_lib/callbacks/manager.py:176}}
Aug 23 22:32:14.773110 dv-cinder-842542-4-iscsi neutron-server[106769]: DEBUG neutron_lib.callbacks.manager [None req-a8342c4a-f70c-4930-b170-310ac230705b admin admin] Publish callbacks [] for security_group (None), before_response {{(pid=106769) _notify_loop /usr/local/lib/python3.8/dist-packages/neutron_lib/callbacks/manager.py:176}}
Aug 23 22:32:14.780123 dv-cinder-842542-4-iscsi neutron-server[106769]: INFO neutron.wsgi [None req-a8342c4a-f70c-4930-b170-310ac230705b admin admin] 10.222.0.73 "DELETE /networking/v2.0/security-groups/55a9e4da-1056-4995-91b3-b50d73f0cdf4 HTTP/1.1" status: 204 len: 168 time: 0.3144383
Aug 23 22:32:14.785776 dv-cinder-842542-4-iscsi neutron-server[106769]: DEBUG neutron.api.rpc.handlers.resources_rpc [None req-a8342c4a-f70c-4930-b170-310ac230705b admin admin] Pushing event deleted for resources: {'SecurityGroup': ['ID=55a9e4da-1056-4995-91b3-b50d73f0cdf4,revision_number=None']} {{(pid=106769) push /opt/stack/neutron/neutron/api/rpc/handlers/resources_rpc.py:237}}
Aug 23 22:32:14.797274 dv-cinder-842542-4-iscsi neutron-server[106770]: DEBUG dbcounter [-] [106770] Writing DB stats neutron:SELECT=95,neutron:UPDATE=5 {{(pid=106770) stat_writer /usr/local/lib/python3.8/dist-packages/dbcounter.py:114}}
Aug 23 22:32:15.043914 dv-cinder-842542-4-iscsi neutron-server[106769]: DEBUG neutron.pecan_wsgi.hooks.policy_enforcement [req-7054a6ac-ba0f-4d47-bd02-6d02c62d978e req-5e2cc872-be20-473b-b7a2-e82a29828629 tempest-AttachVolumeTestJSON-1883503509 tempest-AttachVolumeTestJSON-1883503509-project] Attributes excluded by policy engine: ['standard_attr_id', 'binding:profile', 'binding:host_id', 'binding:vif_type', 'binding:vif_details'] {{(pid=106769) _exclude_attributes_by_policy /opt/stack/neutron/neutron/pecan_wsgi/hooks/policy_enforcement.py:259}}
Aug 23 22:32:15.045562 dv-cinder-842542-4-iscsi neutron-server[106769]: INFO neutron.wsgi [req-7054a6ac-ba0f-4d47-bd02-6d02c62d978e req-5e2cc872-be20-473b-b7a2-e82a29828629 tempest-AttachVolumeTestJSON-1883503509 tempest-AttachVolumeTestJSON-1883503509-project] 10.222.0.73 "GET /networking/v2.0/ports?device_id=bb8f6ad2-07f8-4f77-81d2-70e697b1e275 HTTP/1.1" status: 200 len: 945 time: 0.0700781
Aug 23 22:32:15.105172 dv-cinder-842542-4-iscsi neutron-server[106769]: INFO neutron.wsgi [req-7054a6ac-ba0f-4d47-bd02-6d02c62d978e req-2b26f331-dd80-4697-925d-2633ac58b57b tempest-AttachVolumeTestJSON-1883503509 tempest-AttachVolumeTestJSON-1883503509-project] 10.222.0.73 "GET /networking/v2.0/security-groups?id=7e47b862-97e1-4458-8c0a-b8ff50f21e28&fields=id&fields=name HTTP/1.1" status: 200 len: 313 time: 0.0534415
Aug 23 22:32:15.316340 dv-cinder-842542-4-iscsi neutron-server[106769]: INFO neutron.wsgi [req-3f43afd9-6123-4712-b3d5-03baf3cccf0a req-9db2ea12-8ee6-4fe4-a832-c5c67367c9bd service neutron] 10.222.0.64 "GET /networking/v2.0/security-groups?id=7e47b862-97e1-4458-8c0a-b8ff50f21e28&fields=id&fields=name HTTP/1.1" status: 200 len: 313 time: 0.0512476
Aug 23 22:32:15.327318 dv-cinder-842542-4-iscsi neutron-server[106768]: DEBUG neutron.pecan_wsgi.hooks.policy_enforcement [req-6fda6d0e-e9a8-4418-bfa8-a1ee8fd0b3d3 req-8889a771-f4a5-4e4b-8679-c0d8682ac1a9 service neutron] Attributes excluded by policy engine: ['standard_attr_id'] {{(pid=106768) _exclude_attributes_by_policy /opt/stack/neutron/neutron/pecan_wsgi/hooks/policy_enforcement.py:259}}
Aug 23 22:32:15.328957 dv-cinder-842542-4-iscsi neutron-server[106768]: INFO neutron.wsgi [req-6fda6d0e-e9a8-4418-bfa8-a1ee8fd0b3d3 req-8889a771-f4a5-4e4b-8679-c0d8682ac1a9 service neutron] 10.222.0.64 "GET /networking/v2.0/ports?tenant_id=f4f9539894f147e0912a72a1855d31bc&device_id=be5efd28-1582-46ac-b8b3-5a2c48232b38 HTTP/1.1" status: 200 len: 1129 time: 0.0410893
Aug 23 22:32:15.773117 dv-cinder-842542-4-iscsi neutron-server[106769]: DEBUG neutron.wsgi [-] (106769) accepted ('10.222.0.73', 53494) {{(pid=106769) server /usr/local/lib/python3.8/dist-packages/eventlet/wsgi.py:1004}}
Aug 23 22:32:15.788036 dv-cinder-842542-4-iscsi neutron-server[106769]: DEBUG neutron_lib.callbacks.manager [None req-e0a61986-ae80-438a-aec2-a789eb1ac35d admin admin] Publish callbacks [] for security_group (None), before_create {{(pid=106769) _notify_loop /usr/local/lib/python3.8/dist-packages/neutron_lib/callbacks/manager.py:176}}
Aug 23 22:32:15.824996 dv-cinder-842542-4-iscsi neutron-server[106768]: DEBUG dbcounter [-] [106768] Writing DB stats neutron:SELECT=95,neutron:INSERT=4,neutron:UPDATE=1 {{(pid=106768) stat_writer /usr/local/lib/python3.8/dist-packages/dbcounter.py:114}}
Aug 23 22:32:15.836878 dv-cinder-842542-4-iscsi neutron-server[106768]: DEBUG neutron.pecan_wsgi.hooks.policy_enforcement [req-cd89ec07-0797-4310-b65c-4704a004dce2 req-1d573b78-8620-4670-84b6-ed8e6fb326d0 tempest-ServerRescueNegativeTestJSON-1258292528 tempest-ServerRescueNegativeTestJSON-1258292528-project] Attributes excluded by policy engine: ['standard_attr_id', 'binding:profile', 'binding:host_id', 'binding:vif_type', 'binding:vif_details'] {{(pid=106768) _exclude_attributes_by_policy /opt/stack/neutron/neutron/pecan_wsgi/hooks/policy_enforcement.py:259}}
Aug 23 22:32:15.841241 dv-cinder-842542-4-iscsi neutron-server[106768]: INFO neutron.wsgi [req-cd89ec07-0797-4310-b65c-4704a004dce2 req-1d573b78-8620-4670-84b6-ed8e6fb326d0 tempest-ServerRescueNegativeTestJSON-1258292528 tempest-ServerRescueNegativeTestJSON-1258292528-project] 10.222.0.73 "GET /networking/v2.0/ports?device_id=be5efd28-1582-46ac-b8b3-5a2c48232b38 HTTP/1.1" status: 200 len: 945 time: 0.0596704
Aug 23 22:32:15.851909 dv-cinder-842542-4-iscsi neutron-server[106769]: DEBUG dbcounter [-] [106769] Writing DB stats neutron:SELECT=92,neutron:DELETE=3,neutron:INSERT=5 {{(pid=106769) stat_writer /usr/local/lib/python3.8/dist-packages/dbcounter.py:114}}
Aug 23 22:32:15.866891 dv-cinder-842542-4-iscsi neutron-server[106769]: DEBUG dbcounter [-] [106769] Writing DB stats neutron:DELETE=3,neutron:SELECT=90,neutron:INSERT=6,neutron:UPDATE=1 {{(pid=106769) stat_writer /usr/local/lib/python3.8/dist-packages/dbcounter.py:114}}
Aug 23 22:32:15.871489 dv-cinder-842542-4-iscsi neutron-server[106769]: DEBUG neutron_lib.callbacks.manager [None req-e0a61986-ae80-438a-aec2-a789eb1ac35d admin admin] Publish callbacks [] for security_group (ac08a244-ba6a-432a-9f28-eff7410a30b4), precommit_create {{(pid=106769) _notify_loop /usr/local/lib/python3.8/dist-packages/neutron_lib/callbacks/manager.py:176}}
Aug 23 22:32:15.899526 dv-cinder-842542-4-iscsi neutron-server[106768]: INFO neutron.wsgi [req-cd89ec07-0797-4310-b65c-4704a004dce2 req-ea7db43d-00eb-44fb-866b-e581773f52fd tempest-ServerRescueNegativeTestJSON-1258292528 tempest-ServerRescueNegativeTestJSON-1258292528-project] 10.222.0.73 "GET /networking/v2.0/security-groups?id=c1c04889-2b9f-4b1a-aeb3-78e46ce87660&fields=id&fields=name HTTP/1.1" status: 200 len: 286 time: 0.0499225
Aug 23 22:32:15.941936 dv-cinder-842542-4-iscsi neutron-server[106769]: DEBUG neutron_lib.callbacks.manager [None req-e0a61986-ae80-438a-aec2-a789eb1ac35d admin admin] Publish callbacks ['neutron.plugins.ml2.ovo_rpc._ObjectChangeHandler.handle_event-453037'] for security_group (ac08a244-ba6a-432a-9f28-eff7410a30b4), after_create {{(pid=106769) _notify_loop /usr/local/lib/python3.8/dist-packages/neutron_lib/callbacks/manager.py:176}}
Aug 23 22:32:15.982380 dv-cinder-842542-4-iscsi neutron-server[106769]: INFO neutron.wsgi [None req-e0a61986-ae80-438a-aec2-a789eb1ac35d admin admin] 10.222.0.73 "GET /networking/v2.0/security-groups?tenant_id=5fad6fba867547498a9aa089dd3d4883&name=default HTTP/1.1" status: 200 len: 2996 time: 0.2091701
Aug 23 22:32:15.983248 dv-cinder-842542-4-iscsi neutron-server[106769]: DEBUG neutron.api.rpc.handlers.resources_rpc [None req-e0a61986-ae80-438a-aec2-a789eb1ac35d admin admin] Pushing event updated for resources: {'SecurityGroup': ['ID=ac08a244-ba6a-432a-9f28-eff7410a30b4,revision_number=1']} {{(pid=106769) push /opt/stack/neutron/neutron/api/rpc/handlers/resources_rpc.py:237}}
Aug 23 22:32:15.985111 dv-cinder-842542-4-iscsi neutron-server[106768]: DEBUG neutron.wsgi [-] (106768) accepted ('10.222.0.73', 53496) {{(pid=106768) server /usr/local/lib/python3.8/dist-packages/eventlet/wsgi.py:1004}}
Aug 23 22:32:16.041749 dv-cinder-842542-4-iscsi neutron-server[106768]: DEBUG neutron_lib.callbacks.manager [None req-73a2bf76-c029-41fe-b372-3b3b0e31a673 admin admin] Publish callbacks [] for security_group (ac08a244-ba6a-432a-9f28-eff7410a30b4), before_delete {{(pid=106768) _notify_loop /usr/local/lib/python3.8/dist-packages/neutron_lib/callbacks/manager.py:176}}
Aug 23 22:32:16.066120 dv-cinder-842542-4-iscsi neutron-server[106768]: DEBUG neutron_lib.callbacks.manager [None req-73a2bf76-c029-41fe-b372-3b3b0e31a673 admin admin] Publish callbacks [] for security_group (ac08a244-ba6a-432a-9f28-eff7410a30b4), precommit_delete {{(pid=106768) _notify_loop /usr/local/lib/python3.8/dist-packages/neutron_lib/callbacks/manager.py:176}}
Aug 23 22:32:16.080467 dv-cinder-842542-4-iscsi neutron-server[106768]: DEBUG dbcounter [-] [106768] Writing DB stats neutron:SELECT=93,neutron:INSERT=7 {{(pid=106768) stat_writer /usr/local/lib/python3.8/dist-packages/dbcounter.py:114}}
Aug 23 22:32:16.239322 dv-cinder-842542-4-iscsi neutron-server[106768]: DEBUG neutron_lib.callbacks.manager [None req-73a2bf76-c029-41fe-b372-3b3b0e31a673 admin admin] Publish callbacks ['neutron.plugins.ml2.ovo_rpc._ObjectChangeHandler.handle_event-453037'] for security_group (ac08a244-ba6a-432a-9f28-eff7410a30b4), after_delete {{(pid=106768) _notify_loop /usr/local/lib/python3.8/dist-packages/neutron_lib/callbacks/manager.py:176}}
Aug 23 22:32:16.255876 dv-cinder-842542-4-iscsi neutron-server[106768]: DEBUG neutron_lib.callbacks.manager [None req-73a2bf76-c029-41fe-b372-3b3b0e31a673 admin admin] Publish callbacks [] for security_group (None), before_response {{(pid=106768) _notify_loop /usr/local/lib/python3.8/dist-packages/neutron_lib/callbacks/manager.py:176}}
Aug 23 22:32:16.255876 dv-cinder-842542-4-iscsi neutron-server[106768]: INFO neutron.wsgi [None req-73a2bf76-c029-41fe-b372-3b3b0e31a673 admin admin] 10.222.0.73 "DELETE /networking/v2.0/security-groups/ac08a244-ba6a-432a-9f28-eff7410a30b4 HTTP/1.1" status: 204 len: 168 time: 0.2609520
Aug 23 22:32:16.260268 dv-cinder-842542-4-iscsi neutron-server[106768]: DEBUG neutron.api.rpc.handlers.resources_rpc [None req-73a2bf76-c029-41fe-b372-3b3b0e31a673 admin admin] Pushing event deleted for resources: {'SecurityGroup': ['ID=ac08a244-ba6a-432a-9f28-eff7410a30b4,revision_number=None']} {{(pid=106768) push /opt/stack/neutron/neutron/api/rpc/handlers/resources_rpc.py:237}}
Aug 23 22:32:16.433835 dv-cinder-842542-4-iscsi neutron-server[106769]: DEBUG neutron.pecan_wsgi.hooks.policy_enforcement [req-2ee4266d-127d-4b88-adce-de0ae3f6d570 req-e33882f4-12e1-490c-8219-131ab585dde9 tempest-AttachVolumeTestJSON-1883503509 tempest-AttachVolumeTestJSON-1883503509-project] Attributes excluded by policy engine: ['standard_attr_id', 'binding:profile', 'binding:host_id', 'binding:vif_type', 'binding:vif_details'] {{(pid=106769) _exclude_attributes_by_policy /opt/stack/neutron/neutron/pecan_wsgi/hooks/policy_enforcement.py:259}}
Aug 23 22:32:16.435278 dv-cinder-842542-4-iscsi neutron-server[106769]: INFO neutron.wsgi [req-2ee4266d-127d-4b88-adce-de0ae3f6d570 req-e33882f4-12e1-490c-8219-131ab585dde9 tempest-AttachVolumeTestJSON-1883503509 tempest-AttachVolumeTestJSON-1883503509-project] 10.222.0.73 "GET /networking/v2.0/ports?device_id=bb8f6ad2-07f8-4f77-81d2-70e697b1e275 HTTP/1.1" status: 200 len: 945 time: 0.2300749
Aug 23 22:32:16.485628 dv-cinder-842542-4-iscsi neutron-server[106769]: INFO neutron.wsgi [req-2ee4266d-127d-4b88-adce-de0ae3f6d570 req-f9591aac-bedf-4a99-9928-64e73f692e42 tempest-AttachVolumeTestJSON-1883503509 tempest-AttachVolumeTestJSON-1883503509-project] 10.222.0.73 "GET /networking/v2.0/security-groups?id=7e47b862-97e1-4458-8c0a-b8ff50f21e28&fields=id&fields=name HTTP/1.1" status: 200 len: 313 time: 0.0436566
Aug 23 22:32:16.520849 dv-cinder-842542-4-iscsi neutron-server[106768]: DEBUG neutron.pecan_wsgi.hooks.policy_enforcement [req-6fda6d0e-e9a8-4418-bfa8-a1ee8fd0b3d3 req-ba2274cb-0ab6-449d-9cc5-f79539c8e30b service neutron] Attributes excluded by policy engine: ['standard_attr_id', 'vlan_transparent'] {{(pid=106768) _exclude_attributes_by_policy /opt/stack/neutron/neutron/pecan_wsgi/hooks/policy_enforcement.py:259}}
Aug 23 22:32:16.522342 dv-cinder-842542-4-iscsi neutron-server[106768]: INFO neutron.wsgi [req-6fda6d0e-e9a8-4418-bfa8-a1ee8fd0b3d3 req-ba2274cb-0ab6-449d-9cc5-f79539c8e30b service neutron] 10.222.0.64 "GET /networking/v2.0/networks?id=604e815b-4af0-46a7-bceb-7b7ccb3f41e0 HTTP/1.1" status: 200 len: 920 time: 0.0974720
Aug 23 22:32:17.023782 dv-cinder-842542-4-iscsi neutron-server[106769]: DEBUG neutron.pecan_wsgi.hooks.policy_enforcement [req-9513d22e-2fb5-4235-91c0-23432a3c62c6 req-6c52539b-7591-4a32-a16d-63300541e135 tempest-ServerRescueNegativeTestJSON-1258292528 tempest-ServerRescueNegativeTestJSON-1258292528-project] Attributes excluded by policy engine: ['standard_attr_id', 'binding:profile', 'binding:host_id', 'binding:vif_type', 'binding:vif_details'] {{(pid=106769) _exclude_attributes_by_policy /opt/stack/neutron/neutron/pecan_wsgi/hooks/policy_enforcement.py:259}}
Aug 23 22:32:17.025316 dv-cinder-842542-4-iscsi neutron-server[106769]: INFO neutron.wsgi [req-9513d22e-2fb5-4235-91c0-23432a3c62c6 req-6c52539b-7591-4a32-a16d-63300541e135 tempest-ServerRescueNegativeTestJSON-1258292528 tempest-ServerRescueNegativeTestJSON-1258292528-project] 10.222.0.73 "GET /networking/v2.0/ports?device_id=be5efd28-1582-46ac-b8b3-5a2c48232b38 HTTP/1.1" status: 200 len: 945 time: 0.0490324
Aug 23 22:32:17.075191 dv-cinder-842542-4-iscsi neutron-server[106769]: INFO neutron.wsgi [req-9513d22e-2fb5-4235-91c0-23432a3c62c6 req-106e456c-1574-458a-99cd-9b1514191acd tempest-ServerRescueNegativeTestJSON-1258292528 tempest-ServerRescueNegativeTestJSON-1258292528-project] 10.222.0.73 "GET /networking/v2.0/security-groups?id=c1c04889-2b9f-4b1a-aeb3-78e46ce87660&fields=id&fields=name HTTP/1.1" status: 200 len: 286 time: 0.0440586
Aug 23 22:32:17.282819 dv-cinder-842542-4-iscsi neutron-server[106768]: DEBUG neutron.wsgi [-] (106768) accepted ('10.222.0.73', 53544) {{(pid=106768) server /usr/local/lib/python3.8/dist-packages/eventlet/wsgi.py:1004}}
Aug 23 22:32:17.297996 dv-cinder-842542-4-iscsi neutron-server[106768]: DEBUG neutron_lib.callbacks.manager [None req-8694ddea-633c-4bf6-85fa-071057fe7da7 admin admin] Publish callbacks [] for security_group (None), before_create {{(pid=106768) _notify_loop /usr/local/lib/python3.8/dist-packages/neutron_lib/callbacks/manager.py:176}}
Aug 23 22:32:17.382104 dv-cinder-842542-4-iscsi neutron-server[106768]: DEBUG neutron_lib.callbacks.manager [None req-8694ddea-633c-4bf6-85fa-071057fe7da7 admin admin] Publish callbacks [] for security_group (479542ec-0898-4214-b59a-be2488aab1c5), precommit_create {{(pid=106768) _notify_loop /usr/local/lib/python3.8/dist-packages/neutron_lib/callbacks/manager.py:176}}
Aug 23 22:32:17.482803 dv-cinder-842542-4-iscsi neutron-server[106769]: DEBUG neutron.wsgi [-] (106769) accepted ('10.222.0.73', 53548) {{(pid=106769) server /usr/local/lib/python3.8/dist-packages/eventlet/wsgi.py:1004}}
Aug 23 22:32:17.484635 dv-cinder-842542-4-iscsi neutron-server[106768]: DEBUG neutron_lib.callbacks.manager [None req-8694ddea-633c-4bf6-85fa-071057fe7da7 admin admin] Publish callbacks ['neutron.plugins.ml2.ovo_rpc._ObjectChangeHandler.handle_event-453037'] for security_group (479542ec-0898-4214-b59a-be2488aab1c5), after_create {{(pid=106768) _notify_loop /usr/local/lib/python3.8/dist-packages/neutron_lib/callbacks/manager.py:176}}
Aug 23 22:32:17.629274 dv-cinder-842542-4-iscsi neutron-server[106769]: DEBUG neutron_lib.callbacks.manager [None req-a26b8f7a-bcdf-4db9-8739-508775c78159 admin admin] Publish callbacks [] for security_group (None), before_create {{(pid=106769) _notify_loop /usr/local/lib/python3.8/dist-packages/neutron_lib/callbacks/manager.py:176}}
Aug 23 22:32:17.650006 dv-cinder-842542-4-iscsi neutron-server[106769]: DEBUG neutron.pecan_wsgi.hooks.policy_enforcement [req-5fad005b-31f9-41af-ab76-4c783f1552a6 req-e54c15dc-c2d3-40dd-bf86-ca96ed09b145 tempest-AttachVolumeTestJSON-1883503509 tempest-AttachVolumeTestJSON-1883503509-project] Attributes excluded by policy engine: ['standard_attr_id', 'binding:profile', 'binding:host_id', 'binding:vif_type', 'binding:vif_details'] {{(pid=106769) _exclude_attributes_by_policy /opt/stack/neutron/neutron/pecan_wsgi/hooks/policy_enforcement.py:259}}
Aug 23 22:32:17.651400 dv-cinder-842542-4-iscsi neutron-server[106769]: INFO neutron.wsgi [req-5fad005b-31f9-41af-ab76-4c783f1552a6 req-e54c15dc-c2d3-40dd-bf86-ca96ed09b145 tempest-AttachVolumeTestJSON-1883503509 tempest-AttachVolumeTestJSON-1883503509-project] 10.222.0.73 "GET /networking/v2.0/ports?device_id=bb8f6ad2-07f8-4f77-81d2-70e697b1e275 HTTP/1.1" status: 200 len: 945 time: 0.0700772
Aug 23 22:32:17.706870 dv-cinder-842542-4-iscsi neutron-server[106768]: INFO neutron.wsgi [None req-8694ddea-633c-4bf6-85fa-071057fe7da7 admin admin] 10.222.0.73 "GET /networking/v2.0/security-groups?tenant_id=31d95a2c960c4e5382e8bba52f79cee2&name=default HTTP/1.1" status: 200 len: 2996 time: 0.4220636
Aug 23 22:32:17.712879 dv-cinder-842542-4-iscsi neutron-server[106769]: DEBUG neutron.wsgi [-] (106769) accepted ('10.222.0.73', 53558) {{(pid=106769) server /usr/local/lib/python3.8/dist-packages/eventlet/wsgi.py:1004}}
Aug 23 22:32:17.727119 dv-cinder-842542-4-iscsi neutron-server[106768]: DEBUG neutron.api.rpc.handlers.resources_rpc [None req-8694ddea-633c-4bf6-85fa-071057fe7da7 admin admin] Pushing event updated for resources: {'SecurityGroup': ['ID=479542ec-0898-4214-b59a-be2488aab1c5,revision_number=1']} {{(pid=106768) push /opt/stack/neutron/neutron/api/rpc/handlers/resources_rpc.py:237}}
Aug 23 22:32:17.756710 dv-cinder-842542-4-iscsi neutron-server[106769]: INFO neutron.wsgi [req-5fad005b-31f9-41af-ab76-4c783f1552a6 req-73a919f1-7e5f-425c-8bd6-79f057e6921e tempest-AttachVolumeTestJSON-1883503509 tempest-AttachVolumeTestJSON-1883503509-project] 10.222.0.73 "GET /networking/v2.0/security-groups?id=7e47b862-97e1-4458-8c0a-b8ff50f21e28&fields=id&fields=name HTTP/1.1" status: 200 len: 313 time: 0.0990257
Aug 23 22:32:17.809687 dv-cinder-842542-4-iscsi neutron-server[106769]: DEBUG neutron_lib.callbacks.manager [None req-13ebf65d-75d6-4de0-b19b-a76493c3c8c5 admin admin] Publish callbacks [] for security_group (479542ec-0898-4214-b59a-be2488aab1c5), before_delete {{(pid=106769) _notify_loop /usr/local/lib/python3.8/dist-packages/neutron_lib/callbacks/manager.py:176}}
Aug 23 22:32:17.825029 dv-cinder-842542-4-iscsi neutron-server[106769]: DEBUG neutron_lib.callbacks.manager [None req-a26b8f7a-bcdf-4db9-8739-508775c78159 admin admin] Publish callbacks [] for security_group (329dfd31-8a7a-4a09-9695-df67ece6df29), precommit_create {{(pid=106769) _notify_loop /usr/local/lib/python3.8/dist-packages/neutron_lib/callbacks/manager.py:176}}
Aug 23 22:32:17.842745 dv-cinder-842542-4-iscsi neutron-server[106769]: DEBUG neutron_lib.callbacks.manager [None req-13ebf65d-75d6-4de0-b19b-a76493c3c8c5 admin admin] Publish callbacks [] for security_group (479542ec-0898-4214-b59a-be2488aab1c5), precommit_delete {{(pid=106769) _notify_loop /usr/local/lib/python3.8/dist-packages/neutron_lib/callbacks/manager.py:176}}
Aug 23 22:32:17.907293 dv-cinder-842542-4-iscsi neutron-server[106769]: DEBUG neutron_lib.callbacks.manager [None req-a26b8f7a-bcdf-4db9-8739-508775c78159 admin admin] Publish callbacks ['neutron.plugins.ml2.ovo_rpc._ObjectChangeHandler.handle_event-453037'] for security_group (329dfd31-8a7a-4a09-9695-df67ece6df29), after_create {{(pid=106769) _notify_loop /usr/local/lib/python3.8/dist-packages/neutron_lib/callbacks/manager.py:176}}
Aug 23 22:32:17.972963 dv-cinder-842542-4-iscsi neutron-server[106769]: DEBUG dbcounter [-] [106769] Writing DB stats neutron:SELECT=92,neutron:INSERT=7,neutron:UPDATE=1 {{(pid=106769) stat_writer /usr/local/lib/python3.8/dist-packages/dbcounter.py:114}}
Aug 23 22:32:17.977582 dv-cinder-842542-4-iscsi neutron-server[106769]: INFO neutron.wsgi [None req-a26b8f7a-bcdf-4db9-8739-508775c78159 admin admin] 10.222.0.73 "GET /networking/v2.0/security-groups?tenant_id=b9c2d257fce4491592646792ba64efd7&name=default HTTP/1.1" status: 200 len: 2996 time: 0.4936421
Aug 23 22:32:17.979648 dv-cinder-842542-4-iscsi neutron-server[106769]: DEBUG neutron.api.rpc.handlers.resources_rpc [None req-a26b8f7a-bcdf-4db9-8739-508775c78159 admin admin] Pushing event updated for resources: {'SecurityGroup': ['ID=329dfd31-8a7a-4a09-9695-df67ece6df29,revision_number=1']} {{(pid=106769) push /opt/stack/neutron/neutron/api/rpc/handlers/resources_rpc.py:237}}
Aug 23 22:32:17.980499 dv-cinder-842542-4-iscsi neutron-server[106768]: DEBUG neutron.wsgi [-] (106768) accepted ('10.222.0.73', 53562) {{(pid=106768) server /usr/local/lib/python3.8/dist-packages/eventlet/wsgi.py:1004}}
Aug 23 22:32:18.035183 dv-cinder-842542-4-iscsi neutron-server[106768]: DEBUG neutron_lib.callbacks.manager [None req-7a7bd5f6-4341-4919-9956-f739ef6e33a5 admin admin] Publish callbacks [] for security_group (329dfd31-8a7a-4a09-9695-df67ece6df29), before_delete {{(pid=106768) _notify_loop /usr/local/lib/python3.8/dist-packages/neutron_lib/callbacks/manager.py:176}}
Aug 23 22:32:18.056750 dv-cinder-842542-4-iscsi neutron-server[106768]: DEBUG neutron_lib.callbacks.manager [None req-7a7bd5f6-4341-4919-9956-f739ef6e33a5 admin admin] Publish callbacks [] for security_group (329dfd31-8a7a-4a09-9695-df67ece6df29), precommit_delete {{(pid=106768) _notify_loop /usr/local/lib/python3.8/dist-packages/neutron_lib/callbacks/manager.py:176}}
Aug 23 22:32:18.072958 dv-cinder-842542-4-iscsi neutron-server[106769]: DEBUG neutron_lib.callbacks.manager [None req-13ebf65d-75d6-4de0-b19b-a76493c3c8c5 admin admin] Publish callbacks ['neutron.plugins.ml2.ovo_rpc._ObjectChangeHandler.handle_event-453037'] for security_group (479542ec-0898-4214-b59a-be2488aab1c5), after_delete {{(pid=106769) _notify_loop /usr/local/lib/python3.8/dist-packages/neutron_lib/callbacks/manager.py:176}}
Aug 23 22:32:18.075975 dv-cinder-842542-4-iscsi neutron-server[106769]: DEBUG neutron_lib.callbacks.manager [None req-13ebf65d-75d6-4de0-b19b-a76493c3c8c5 admin admin] Publish callbacks [] for security_group (None), before_response {{(pid=106769) _notify_loop /usr/local/lib/python3.8/dist-packages/neutron_lib/callbacks/manager.py:176}}
Aug 23 22:32:18.077193 dv-cinder-842542-4-iscsi neutron-server[106769]: INFO neutron.wsgi [None req-13ebf65d-75d6-4de0-b19b-a76493c3c8c5 admin admin] 10.222.0.73 "DELETE /networking/v2.0/security-groups/479542ec-0898-4214-b59a-be2488aab1c5 HTTP/1.1" status: 204 len: 168 time: 0.3632836
Aug 23 22:32:18.090747 dv-cinder-842542-4-iscsi neutron-server[106769]: DEBUG neutron.api.rpc.handlers.resources_rpc [None req-13ebf65d-75d6-4de0-b19b-a76493c3c8c5 admin admin] Pushing event deleted for resources: {'SecurityGroup': ['ID=479542ec-0898-4214-b59a-be2488aab1c5,revision_number=None']} {{(pid=106769) push /opt/stack/neutron/neutron/api/rpc/handlers/resources_rpc.py:237}}
Aug 23 22:32:18.206310 dv-cinder-842542-4-iscsi neutron-server[106769]: DEBUG neutron.pecan_wsgi.hooks.policy_enforcement [req-31cccf70-c60a-4dac-bbb2-770f121fab9b req-475aa543-3bd0-4a16-99ad-fd9a8020b7f8 tempest-ServerRescueNegativeTestJSON-1258292528 tempest-ServerRescueNegativeTestJSON-1258292528-project] Attributes excluded by policy engine: ['standard_attr_id', 'binding:profile', 'binding:host_id', 'binding:vif_type', 'binding:vif_details'] {{(pid=106769) _exclude_attributes_by_policy /opt/stack/neutron/neutron/pecan_wsgi/hooks/policy_enforcement.py:259}}
Aug 23 22:32:18.209371 dv-cinder-842542-4-iscsi neutron-server[106769]: INFO neutron.wsgi [req-31cccf70-c60a-4dac-bbb2-770f121fab9b req-475aa543-3bd0-4a16-99ad-fd9a8020b7f8 tempest-ServerRescueNegativeTestJSON-1258292528 tempest-ServerRescueNegativeTestJSON-1258292528-project] 10.222.0.73 "GET /networking/v2.0/ports?device_id=be5efd28-1582-46ac-b8b3-5a2c48232b38 HTTP/1.1" status: 200 len: 945 time: 0.0502405
Aug 23 22:32:18.227338 dv-cinder-842542-4-iscsi neutron-server[106768]: DEBUG neutron_lib.callbacks.manager [None req-7a7bd5f6-4341-4919-9956-f739ef6e33a5 admin admin] Publish callbacks ['neutron.plugins.ml2.ovo_rpc._ObjectChangeHandler.handle_event-453037'] for security_group (329dfd31-8a7a-4a09-9695-df67ece6df29), after_delete {{(pid=106768) _notify_loop /usr/local/lib/python3.8/dist-packages/neutron_lib/callbacks/manager.py:176}}
Aug 23 22:32:18.229897 dv-cinder-842542-4-iscsi neutron-server[106768]: DEBUG neutron_lib.callbacks.manager [None req-7a7bd5f6-4341-4919-9956-f739ef6e33a5 admin admin] Publish callbacks [] for security_group (None), before_response {{(pid=106768) _notify_loop /usr/local/lib/python3.8/dist-packages/neutron_lib/callbacks/manager.py:176}}
Aug 23 22:32:18.231427 dv-cinder-842542-4-iscsi neutron-server[106768]: INFO neutron.wsgi [None req-7a7bd5f6-4341-4919-9956-f739ef6e33a5 admin admin] 10.222.0.73 "DELETE /networking/v2.0/security-groups/329dfd31-8a7a-4a09-9695-df67ece6df29 HTTP/1.1" status: 204 len: 168 time: 0.2498577
Aug 23 22:32:18.241405 dv-cinder-842542-4-iscsi neutron-server[106768]: DEBUG neutron.api.rpc.handlers.resources_rpc [None req-7a7bd5f6-4341-4919-9956-f739ef6e33a5 admin admin] Pushing event deleted for resources: {'SecurityGroup': ['ID=329dfd31-8a7a-4a09-9695-df67ece6df29,revision_number=None']} {{(pid=106768) push /opt/stack/neutron/neutron/api/rpc/handlers/resources_rpc.py:237}}
Aug 23 22:32:18.280641 dv-cinder-842542-4-iscsi neutron-server[106769]: INFO neutron.wsgi [req-31cccf70-c60a-4dac-bbb2-770f121fab9b req-010456de-9d26-47e7-8f42-e74ad4877701 tempest-ServerRescueNegativeTestJSON-1258292528 tempest-ServerRescueNegativeTestJSON-1258292528-project] 10.222.0.73 "GET /networking/v2.0/security-groups?id=c1c04889-2b9f-4b1a-aeb3-78e46ce87660&fields=id&fields=name HTTP/1.1" status: 200 len: 286 time: 0.0665557
Aug 23 22:32:18.898738 dv-cinder-842542-4-iscsi neutron-server[106769]: DEBUG neutron.pecan_wsgi.hooks.policy_enforcement [req-e769d13b-657f-4132-a3cd-4d292c7324ff req-c4f89ddf-2be7-4eaa-ba71-4914d43676dd tempest-AttachVolumeTestJSON-1883503509 tempest-AttachVolumeTestJSON-1883503509-project] Attributes excluded by policy engine: ['standard_attr_id', 'binding:profile', 'binding:host_id', 'binding:vif_type', 'binding:vif_details'] {{(pid=106769) _exclude_attributes_by_policy /opt/stack/neutron/neutron/pecan_wsgi/hooks/policy_enforcement.py:259}}
Aug 23 22:32:18.905944 dv-cinder-842542-4-iscsi neutron-server[106769]: INFO neutron.wsgi [req-e769d13b-657f-4132-a3cd-4d292c7324ff req-c4f89ddf-2be7-4eaa-ba71-4914d43676dd tempest-AttachVolumeTestJSON-1883503509 tempest-AttachVolumeTestJSON-1883503509-project] 10.222.0.73 "GET /networking/v2.0/ports?device_id=bb8f6ad2-07f8-4f77-81d2-70e697b1e275 HTTP/1.1" status: 200 len: 945 time: 0.0615027
Aug 23 22:32:18.954238 dv-cinder-842542-4-iscsi neutron-server[106769]: INFO neutron.wsgi [req-e769d13b-657f-4132-a3cd-4d292c7324ff req-146d367d-6c04-4f4a-a7a2-93c4e5d25df9 tempest-AttachVolumeTestJSON-1883503509 tempest-AttachVolumeTestJSON-1883503509-project] 10.222.0.73 "GET /networking/v2.0/security-groups?id=7e47b862-97e1-4458-8c0a-b8ff50f21e28&fields=id&fields=name HTTP/1.1" status: 200 len: 313 time: 0.0474396
Aug 23 22:32:19.020634 dv-cinder-842542-4-iscsi neutron-server[106769]: DEBUG neutron.wsgi [-] (106769) accepted ('10.222.0.73', 53594) {{(pid=106769) server /usr/local/lib/python3.8/dist-packages/eventlet/wsgi.py:1004}}
Aug 23 22:32:19.034995 dv-cinder-842542-4-iscsi neutron-server[106769]: DEBUG neutron_lib.callbacks.manager [None req-2e2fc803-b997-44a0-aee8-143f27a26532 admin admin] Publish callbacks [] for security_group (None), before_create {{(pid=106769) _notify_loop /usr/local/lib/python3.8/dist-packages/neutron_lib/callbacks/manager.py:176}}
Aug 23 22:32:19.055809 dv-cinder-842542-4-iscsi neutron-server[106769]: DEBUG dbcounter [-] [106769] Writing DB stats neutron:SELECT=91,neutron:INSERT=5,neutron:DELETE=4 {{(pid=106769) stat_writer /usr/local/lib/python3.8/dist-packages/dbcounter.py:114}}
Aug 23 22:32:19.115494 dv-cinder-842542-4-iscsi neutron-server[106769]: DEBUG neutron_lib.callbacks.manager [None req-2e2fc803-b997-44a0-aee8-143f27a26532 admin admin] Publish callbacks [] for security_group (c8843fc6-36c4-4561-9493-7af069698d1d), precommit_create {{(pid=106769) _notify_loop /usr/local/lib/python3.8/dist-packages/neutron_lib/callbacks/manager.py:176}}
Aug 23 22:32:19.227512 dv-cinder-842542-4-iscsi neutron-server[106769]: DEBUG neutron_lib.callbacks.manager [None req-2e2fc803-b997-44a0-aee8-143f27a26532 admin admin] Publish callbacks ['neutron.plugins.ml2.ovo_rpc._ObjectChangeHandler.handle_event-453037'] for security_group (c8843fc6-36c4-4561-9493-7af069698d1d), after_create {{(pid=106769) _notify_loop /usr/local/lib/python3.8/dist-packages/neutron_lib/callbacks/manager.py:176}}
Aug 23 22:32:19.266641 dv-cinder-842542-4-iscsi neutron-server[106769]: INFO neutron.wsgi [None req-2e2fc803-b997-44a0-aee8-143f27a26532 admin admin] 10.222.0.73 "GET /networking/v2.0/security-groups?tenant_id=f3858372d93b45e4b35a15fa2a8b76d8&name=default HTTP/1.1" status: 200 len: 2996 time: 0.2448006
Aug 23 22:32:19.267533 dv-cinder-842542-4-iscsi neutron-server[106769]: DEBUG neutron.api.rpc.handlers.resources_rpc [None req-2e2fc803-b997-44a0-aee8-143f27a26532 admin admin] Pushing event updated for resources: {'SecurityGroup': ['ID=c8843fc6-36c4-4561-9493-7af069698d1d,revision_number=1']} {{(pid=106769) push /opt/stack/neutron/neutron/api/rpc/handlers/resources_rpc.py:237}}
Aug 23 22:32:19.270297 dv-cinder-842542-4-iscsi neutron-server[106768]: DEBUG neutron.wsgi [-] (106768) accepted ('10.222.0.73', 53602) {{(pid=106768) server /usr/local/lib/python3.8/dist-packages/eventlet/wsgi.py:1004}}
Aug 23 22:32:19.298918 dv-cinder-842542-4-iscsi neutron-server[106768]: DEBUG dbcounter [-] [106768] Writing DB stats neutron:SELECT=82,neutron:DELETE=6,neutron:INSERT=11,neutron:UPDATE=1 {{(pid=106768) stat_writer /usr/local/lib/python3.8/dist-packages/dbcounter.py:114}}
Aug 23 22:32:19.320996 dv-cinder-842542-4-iscsi neutron-server[106768]: DEBUG neutron_lib.callbacks.manager [None req-52084202-810e-4092-8776-b90d1348d2b1 admin admin] Publish callbacks [] for security_group (c8843fc6-36c4-4561-9493-7af069698d1d), before_delete {{(pid=106768) _notify_loop /usr/local/lib/python3.8/dist-packages/neutron_lib/callbacks/manager.py:176}}
Aug 23 22:32:19.368470 dv-cinder-842542-4-iscsi neutron-server[106768]: DEBUG neutron_lib.callbacks.manager [None req-52084202-810e-4092-8776-b90d1348d2b1 admin admin] Publish callbacks [] for security_group (c8843fc6-36c4-4561-9493-7af069698d1d), precommit_delete {{(pid=106768) _notify_loop /usr/local/lib/python3.8/dist-packages/neutron_lib/callbacks/manager.py:176}}
Aug 23 22:32:19.410345 dv-cinder-842542-4-iscsi neutron-server[106769]: DEBUG neutron.pecan_wsgi.hooks.policy_enforcement [req-d72ab6dd-f14c-4e5c-bcd4-e0c06c43142b req-381a8ec5-47f9-4c76-8d72-bdc5ec307d0e tempest-ServerRescueNegativeTestJSON-1258292528 tempest-ServerRescueNegativeTestJSON-1258292528-project] Attributes excluded by policy engine: ['standard_attr_id', 'binding:profile', 'binding:host_id', 'binding:vif_type', 'binding:vif_details'] {{(pid=106769) _exclude_attributes_by_policy /opt/stack/neutron/neutron/pecan_wsgi/hooks/policy_enforcement.py:259}}
Aug 23 22:32:19.411708 dv-cinder-842542-4-iscsi neutron-server[106769]: INFO neutron.wsgi [req-d72ab6dd-f14c-4e5c-bcd4-e0c06c43142b req-381a8ec5-47f9-4c76-8d72-bdc5ec307d0e tempest-ServerRescueNegativeTestJSON-1258292528 tempest-ServerRescueNegativeTestJSON-1258292528-project] 10.222.0.73 "GET /networking/v2.0/ports?device_id=be5efd28-1582-46ac-b8b3-5a2c48232b38 HTTP/1.1" status: 200 len: 945 time: 0.0536208
Aug 23 22:32:19.461718 dv-cinder-842542-4-iscsi neutron-server[106769]: INFO neutron.wsgi [req-d72ab6dd-f14c-4e5c-bcd4-e0c06c43142b req-342b377b-fc42-4f52-b6e0-ba4bc5bc10b4 tempest-ServerRescueNegativeTestJSON-1258292528 tempest-ServerRescueNegativeTestJSON-1258292528-project] 10.222.0.73 "GET /networking/v2.0/security-groups?id=c1c04889-2b9f-4b1a-aeb3-78e46ce87660&fields=id&fields=name HTTP/1.1" status: 200 len: 286 time: 0.0442724
Aug 23 22:32:19.604649 dv-cinder-842542-4-iscsi neutron-server[106768]: DEBUG neutron_lib.callbacks.manager [None req-52084202-810e-4092-8776-b90d1348d2b1 admin admin] Publish callbacks ['neutron.plugins.ml2.ovo_rpc._ObjectChangeHandler.handle_event-453037'] for security_group (c8843fc6-36c4-4561-9493-7af069698d1d), after_delete {{(pid=106768) _notify_loop /usr/local/lib/python3.8/dist-packages/neutron_lib/callbacks/manager.py:176}}
Aug 23 22:32:19.607429 dv-cinder-842542-4-iscsi neutron-server[106768]: DEBUG neutron_lib.callbacks.manager [None req-52084202-810e-4092-8776-b90d1348d2b1 admin admin] Publish callbacks [] for security_group (None), before_response {{(pid=106768) _notify_loop /usr/local/lib/python3.8/dist-packages/neutron_lib/callbacks/manager.py:176}}
Aug 23 22:32:19.608556 dv-cinder-842542-4-iscsi neutron-server[106768]: INFO neutron.wsgi [None req-52084202-810e-4092-8776-b90d1348d2b1 admin admin] 10.222.0.73 "DELETE /networking/v2.0/security-groups/c8843fc6-36c4-4561-9493-7af069698d1d HTTP/1.1" status: 204 len: 168 time: 0.3372459
Aug 23 22:32:19.616886 dv-cinder-842542-4-iscsi neutron-server[106768]: DEBUG neutron.api.rpc.handlers.resources_rpc [None req-52084202-810e-4092-8776-b90d1348d2b1 admin admin] Pushing event deleted for resources: {'SecurityGroup': ['ID=c8843fc6-36c4-4561-9493-7af069698d1d,revision_number=None']} {{(pid=106768) push /opt/stack/neutron/neutron/api/rpc/handlers/resources_rpc.py:237}}
Aug 23 22:32:20.090067 dv-cinder-842542-4-iscsi neutron-server[106769]: DEBUG neutron.pecan_wsgi.hooks.policy_enforcement [req-c3a7cea4-eb39-4191-94cb-5811584c7d7d req-1f0c8d12-c555-4dca-984e-ab0cd8c7c216 tempest-AttachVolumeTestJSON-1883503509 tempest-AttachVolumeTestJSON-1883503509-project] Attributes excluded by policy engine: ['standard_attr_id', 'binding:profile', 'binding:host_id', 'binding:vif_type', 'binding:vif_details'] {{(pid=106769) _exclude_attributes_by_policy /opt/stack/neutron/neutron/pecan_wsgi/hooks/policy_enforcement.py:259}}
Aug 23 22:32:20.091986 dv-cinder-842542-4-iscsi neutron-server[106769]: INFO neutron.wsgi [req-c3a7cea4-eb39-4191-94cb-5811584c7d7d req-1f0c8d12-c555-4dca-984e-ab0cd8c7c216 tempest-AttachVolumeTestJSON-1883503509 tempest-AttachVolumeTestJSON-1883503509-project] 10.222.0.73 "GET /networking/v2.0/ports?device_id=bb8f6ad2-07f8-4f77-81d2-70e697b1e275 HTTP/1.1" status: 200 len: 945 time: 0.0579109
Aug 23 22:32:20.156530 dv-cinder-842542-4-iscsi neutron-server[106769]: INFO neutron.wsgi [req-c3a7cea4-eb39-4191-94cb-5811584c7d7d req-2cb84dd5-b8be-4196-b46f-f3aa01692afb tempest-AttachVolumeTestJSON-1883503509 tempest-AttachVolumeTestJSON-1883503509-project] 10.222.0.73 "GET /networking/v2.0/security-groups?id=7e47b862-97e1-4458-8c0a-b8ff50f21e28&fields=id&fields=name HTTP/1.1" status: 200 len: 313 time: 0.0568979
Aug 23 22:32:20.595630 dv-cinder-842542-4-iscsi neutron-server[106769]: DEBUG neutron.pecan_wsgi.hooks.policy_enforcement [req-bb639afa-94ab-43f2-8060-0eb716200ea6 req-edf3a54d-2b54-4ef0-8d86-265ec2512ff9 tempest-ServerRescueNegativeTestJSON-1258292528 tempest-ServerRescueNegativeTestJSON-1258292528-project] Attributes excluded by policy engine: ['standard_attr_id', 'binding:profile', 'binding:host_id', 'binding:vif_type', 'binding:vif_details'] {{(pid=106769) _exclude_attributes_by_policy /opt/stack/neutron/neutron/pecan_wsgi/hooks/policy_enforcement.py:259}}
Aug 23 22:32:20.598140 dv-cinder-842542-4-iscsi neutron-server[106769]: INFO neutron.wsgi [req-bb639afa-94ab-43f2-8060-0eb716200ea6 req-edf3a54d-2b54-4ef0-8d86-265ec2512ff9 tempest-ServerRescueNegativeTestJSON-1258292528 tempest-ServerRescueNegativeTestJSON-1258292528-project] 10.222.0.73 "GET /networking/v2.0/ports?device_id=be5efd28-1582-46ac-b8b3-5a2c48232b38 HTTP/1.1" status: 200 len: 945 time: 0.0493631
Aug 23 22:32:20.649593 dv-cinder-842542-4-iscsi neutron-server[106769]: INFO neutron.wsgi [req-bb639afa-94ab-43f2-8060-0eb716200ea6 req-17603f30-34a9-4186-a792-dab758887cb1 tempest-ServerRescueNegativeTestJSON-1258292528 tempest-ServerRescueNegativeTestJSON-1258292528-project] 10.222.0.73 "GET /networking/v2.0/security-groups?id=c1c04889-2b9f-4b1a-aeb3-78e46ce87660&fields=id&fields=name HTTP/1.1" status: 200 len: 286 time: 0.0456305
Aug 23 22:32:21.279387 dv-cinder-842542-4-iscsi neutron-server[106769]: DEBUG neutron.pecan_wsgi.hooks.policy_enforcement [req-32468eac-1d12-4f89-ad64-f5569d1c885a req-cd44c35d-8745-4eeb-b2f6-3a2735ff7bd6 tempest-AttachVolumeTestJSON-1883503509 tempest-AttachVolumeTestJSON-1883503509-project] Attributes excluded by policy engine: ['standard_attr_id', 'binding:profile', 'binding:host_id', 'binding:vif_type', 'binding:vif_details'] {{(pid=106769) _exclude_attributes_by_policy /opt/stack/neutron/neutron/pecan_wsgi/hooks/policy_enforcement.py:259}}
Aug 23 22:32:21.280865 dv-cinder-842542-4-iscsi neutron-server[106769]: INFO neutron.wsgi [req-32468eac-1d12-4f89-ad64-f5569d1c885a req-cd44c35d-8745-4eeb-b2f6-3a2735ff7bd6 tempest-AttachVolumeTestJSON-1883503509 tempest-AttachVolumeTestJSON-1883503509-project] 10.222.0.73 "GET /networking/v2.0/ports?device_id=bb8f6ad2-07f8-4f77-81d2-70e697b1e275 HTTP/1.1" status: 200 len: 945 time: 0.0491555
Aug 23 22:32:21.333101 dv-cinder-842542-4-iscsi neutron-server[106769]: INFO neutron.wsgi [req-32468eac-1d12-4f89-ad64-f5569d1c885a req-243f0114-311e-41a6-990f-4dafaa02509d tempest-AttachVolumeTestJSON-1883503509 tempest-AttachVolumeTestJSON-1883503509-project] 10.222.0.73 "GET /networking/v2.0/security-groups?id=7e47b862-97e1-4458-8c0a-b8ff50f21e28&fields=id&fields=name HTTP/1.1" status: 200 len: 313 time: 0.0461228
Aug 23 22:32:21.783968 dv-cinder-842542-4-iscsi neutron-server[106769]: DEBUG neutron.pecan_wsgi.hooks.policy_enforcement [req-6087a0ce-4313-434e-be25-b97db8550fd7 req-0a94bc04-d6dc-4e2b-aa7c-ea3abc41ea5b tempest-ServerRescueNegativeTestJSON-1258292528 tempest-ServerRescueNegativeTestJSON-1258292528-project] Attributes excluded by policy engine: ['standard_attr_id', 'binding:profile', 'binding:host_id', 'binding:vif_type', 'binding:vif_details'] {{(pid=106769) _exclude_attributes_by_policy /opt/stack/neutron/neutron/pecan_wsgi/hooks/policy_enforcement.py:259}}
Aug 23 22:32:21.785457 dv-cinder-842542-4-iscsi neutron-server[106769]: INFO neutron.wsgi [req-6087a0ce-4313-434e-be25-b97db8550fd7 req-0a94bc04-d6dc-4e2b-aa7c-ea3abc41ea5b tempest-ServerRescueNegativeTestJSON-1258292528 tempest-ServerRescueNegativeTestJSON-1258292528-project] 10.222.0.73 "GET /networking/v2.0/ports?device_id=be5efd28-1582-46ac-b8b3-5a2c48232b38 HTTP/1.1" status: 200 len: 945 time: 0.0505311
Aug 23 22:32:21.811964 dv-cinder-842542-4-iscsi neutron-server[106769]: DEBUG dbcounter [-] [106769] Writing DB stats neutron:INSERT=10,neutron:SELECT=89,neutron:UPDATE=1 {{(pid=106769) stat_writer /usr/local/lib/python3.8/dist-packages/dbcounter.py:114}}
Aug 23 22:32:21.845265 dv-cinder-842542-4-iscsi neutron-server[106769]: INFO neutron.wsgi [req-6087a0ce-4313-434e-be25-b97db8550fd7 req-4246c968-408b-4fde-9420-50df20f00b86 tempest-ServerRescueNegativeTestJSON-1258292528 tempest-ServerRescueNegativeTestJSON-1258292528-project] 10.222.0.73 "GET /networking/v2.0/security-groups?id=c1c04889-2b9f-4b1a-aeb3-78e46ce87660&fields=id&fields=name HTTP/1.1" status: 200 len: 286 time: 0.0461063
Aug 23 22:32:22.461063 dv-cinder-842542-4-iscsi neutron-server[106769]: DEBUG neutron.pecan_wsgi.hooks.policy_enforcement [req-96a59728-9eb8-42b4-b05a-80dbac229746 req-ddbb092c-0f01-448b-bb8d-e97c77ae434e tempest-AttachVolumeTestJSON-1883503509 tempest-AttachVolumeTestJSON-1883503509-project] Attributes excluded by policy engine: ['standard_attr_id', 'binding:profile', 'binding:host_id', 'binding:vif_type', 'binding:vif_details'] {{(pid=106769) _exclude_attributes_by_policy /opt/stack/neutron/neutron/pecan_wsgi/hooks/policy_enforcement.py:259}}
Aug 23 22:32:22.462535 dv-cinder-842542-4-iscsi neutron-server[106769]: INFO neutron.wsgi [req-96a59728-9eb8-42b4-b05a-80dbac229746 req-ddbb092c-0f01-448b-bb8d-e97c77ae434e tempest-AttachVolumeTestJSON-1883503509 tempest-AttachVolumeTestJSON-1883503509-project] 10.222.0.73 "GET /networking/v2.0/ports?device_id=bb8f6ad2-07f8-4f77-81d2-70e697b1e275 HTTP/1.1" status: 200 len: 945 time: 0.0478082
Aug 23 22:32:22.469513 dv-cinder-842542-4-iscsi neutron-server[106768]: INFO neutron.wsgi [req-6fda6d0e-e9a8-4418-bfa8-a1ee8fd0b3d3 req-3bb35082-ec9c-477b-aead-148fce04dc89 service neutron] 10.222.0.64 "GET /networking/v2.0/floatingips?fixed_ip_address=172.20.0.9&port_id=5cf2dbc7-6648-4a0a-b19b-7f7b4fb5141d HTTP/1.1" status: 200 len: 217 time: 0.0329623
