May 27 15:17:04.156929 dv-cinder-842541-3-smb devstack@c-api.service[110837]: /usr/local/lib/python3.8/dist-packages/oslo_context/context.py:100: DeprecationWarning: Policy enforcement is depending on the value of is_admin. This key is deprecated. Please update your policy file to use the standard policy values.
May 27 15:17:04.156929 dv-cinder-842541-3-smb devstack@c-api.service[110837]: warnings.warn('Policy enforcement is depending on the value of '
May 27 15:17:04.196153 dv-cinder-842541-3-smb devstack@c-api.service[110837]: INFO cinder.api.openstack.wsgi [None req-1b25ecfe-7177-4642-bda1-132484ed8f70 tempest-GroupSnapshotsV319Test-140229079 tempest-GroupSnapshotsV319Test-140229079-project-admin] http://10.222.0.71/volume/v3/5c54fc9bfeb44a3a9654d367e1c38ab6/group_snapshots/5e98c0a2-4de9-4fc8-bac5-9c9e964f00ee/action returned with HTTP 202
May 27 15:17:04.199011 dv-cinder-842541-3-smb devstack@c-api.service[110837]: [pid: 110837|app: 0|req: 47/115] 10.222.0.71 () {62 vars in 1431 bytes} [Fri May 27 15:17:04 2022] POST /volume/v3/5c54fc9bfeb44a3a9654d367e1c38ab6/group_snapshots/5e98c0a2-4de9-4fc8-bac5-9c9e964f00ee/action => generated 0 bytes in 63 msecs (HTTP/1.1 202) 6 headers in 234 bytes (1 switches on core 0)
May 27 15:17:04.203723 dv-cinder-842541-3-smb devstack@c-api.service[110838]: DEBUG cinder.api.middleware.request_id [None req-e6fafc5b-b825-45b1-830c-9d771ae6250f None None] RequestId filter calling following filter/app {{(pid=110838) _context_setter /opt/stack/cinder/cinder/api/middleware/request_id.py:62}}
May 27 15:17:04.209041 dv-cinder-842541-3-smb devstack@c-api.service[110838]: INFO cinder.api.openstack.wsgi [None req-e6fafc5b-b825-45b1-830c-9d771ae6250f tempest-GroupSnapshotsV319Test-1424180820 tempest-GroupSnapshotsV319Test-1424180820-project] GET http://10.222.0.71/volume/v3/7de3a5850dd6451b93e05fe3d0db1d2a/group_snapshots/5e98c0a2-4de9-4fc8-bac5-9c9e964f00ee
May 27 15:17:04.209647 dv-cinder-842541-3-smb devstack@c-api.service[110838]: DEBUG cinder.api.openstack.wsgi [None req-e6fafc5b-b825-45b1-830c-9d771ae6250f tempest-GroupSnapshotsV319Test-1424180820 tempest-GroupSnapshotsV319Test-1424180820-project] Empty body provided in request {{(pid=110838) get_body /opt/stack/cinder/cinder/api/openstack/wsgi.py:715}}
May 27 15:17:04.210165 dv-cinder-842541-3-smb devstack@c-api.service[110838]: DEBUG cinder.api.openstack.wsgi [None req-e6fafc5b-b825-45b1-830c-9d771ae6250f tempest-GroupSnapshotsV319Test-1424180820 tempest-GroupSnapshotsV319Test-1424180820-project] Calling method 'version_select' {{(pid=110838) _process_stack /opt/stack/cinder/cinder/api/openstack/wsgi.py:868}}
May 27 15:17:04.210583 dv-cinder-842541-3-smb devstack@c-api.service[110838]: DEBUG cinder.api.v3.group_snapshots [None req-e6fafc5b-b825-45b1-830c-9d771ae6250f tempest-GroupSnapshotsV319Test-1424180820 tempest-GroupSnapshotsV319Test-1424180820-project] show called for member 5e98c0a2-4de9-4fc8-bac5-9c9e964f00ee {{(pid=110838) show /opt/stack/cinder/cinder/api/v3/group_snapshots.py:58}}
May 27 15:17:04.220653 dv-cinder-842541-3-smb devstack@c-api.service[110838]: /usr/local/lib/python3.8/dist-packages/oslo_context/context.py:100: DeprecationWarning: Policy enforcement is depending on the value of is_admin. This key is deprecated. Please update your policy file to use the standard policy values.
May 27 15:17:04.220653 dv-cinder-842541-3-smb devstack@c-api.service[110838]: warnings.warn('Policy enforcement is depending on the value of '
May 27 15:17:04.232692 dv-cinder-842541-3-smb devstack@c-api.service[110838]: INFO cinder.api.openstack.wsgi [None req-e6fafc5b-b825-45b1-830c-9d771ae6250f tempest-GroupSnapshotsV319Test-1424180820 tempest-GroupSnapshotsV319Test-1424180820-project] http://10.222.0.71/volume/v3/7de3a5850dd6451b93e05fe3d0db1d2a/group_snapshots/5e98c0a2-4de9-4fc8-bac5-9c9e964f00ee returned with HTTP 200
May 27 15:17:04.235505 dv-cinder-842541-3-smb devstack@c-api.service[110838]: [pid: 110838|app: 0|req: 69/116] 10.222.0.71 () {60 vars in 1389 bytes} [Fri May 27 15:17:04 2022] GET /volume/v3/7de3a5850dd6451b93e05fe3d0db1d2a/group_snapshots/5e98c0a2-4de9-4fc8-bac5-9c9e964f00ee => generated 330 bytes in 33 msecs (HTTP/1.1 200) 7 headers in 286 bytes (1 switches on core 0)
May 27 15:17:04.243658 dv-cinder-842541-3-smb devstack@c-api.service[110837]: DEBUG cinder.api.middleware.request_id [None req-57249c0b-984c-4fa3-ae4e-a6cf00ed4a12 None None] RequestId filter calling following filter/app {{(pid=110837) _context_setter /opt/stack/cinder/cinder/api/middleware/request_id.py:62}}
May 27 15:17:04.249685 dv-cinder-842541-3-smb devstack@c-api.service[110837]: INFO cinder.api.openstack.wsgi [None req-57249c0b-984c-4fa3-ae4e-a6cf00ed4a12 tempest-GroupSnapshotsV319Test-140229079 tempest-GroupSnapshotsV319Test-140229079-project-admin] POST http://10.222.0.71/volume/v3/5c54fc9bfeb44a3a9654d367e1c38ab6/group_snapshots/5e98c0a2-4de9-4fc8-bac5-9c9e964f00ee/action
May 27 15:17:04.250650 dv-cinder-842541-3-smb devstack@c-api.service[110837]: DEBUG cinder.api.openstack.wsgi [None req-57249c0b-984c-4fa3-ae4e-a6cf00ed4a12 tempest-GroupSnapshotsV319Test-140229079 tempest-GroupSnapshotsV319Test-140229079-project-admin] Action body: b'{"reset_status": {"status": "available"}}' {{(pid=110837) get_method /opt/stack/cinder/cinder/api/openstack/wsgi.py:983}}
May 27 15:17:04.251044 dv-cinder-842541-3-smb devstack@c-api.service[110837]: DEBUG cinder.api.openstack.wsgi [None req-57249c0b-984c-4fa3-ae4e-a6cf00ed4a12 tempest-GroupSnapshotsV319Test-140229079 tempest-GroupSnapshotsV319Test-140229079-project-admin] Action: 'action', calling method: reset_status, body: {"reset_status": {"status": "available"}} {{(pid=110837) _process_stack /opt/stack/cinder/cinder/api/openstack/wsgi.py:866}}
May 27 15:17:04.252274 dv-cinder-842541-3-smb devstack@c-api.service[110837]: DEBUG cinder.api.v3.group_snapshots [None req-57249c0b-984c-4fa3-ae4e-a6cf00ed4a12 tempest-GroupSnapshotsV319Test-140229079 tempest-GroupSnapshotsV319Test-140229079-project-admin] Updating group '5e98c0a2-4de9-4fc8-bac5-9c9e964f00ee' with 'available' {{(pid=110837) _reset_status /opt/stack/cinder/cinder/api/v3/group_snapshots.py:194}}
May 27 15:17:04.259564 dv-cinder-842541-3-smb devstack@c-api.service[110837]: /usr/local/lib/python3.8/dist-packages/oslo_context/context.py:100: DeprecationWarning: Policy enforcement is depending on the value of is_admin. This key is deprecated. Please update your policy file to use the standard policy values.
May 27 15:17:04.259564 dv-cinder-842541-3-smb devstack@c-api.service[110837]: warnings.warn('Policy enforcement is depending on the value of '
May 27 15:17:04.274745 dv-cinder-842541-3-smb devstack@c-api.service[110837]: INFO cinder.api.openstack.wsgi [None req-57249c0b-984c-4fa3-ae4e-a6cf00ed4a12 tempest-GroupSnapshotsV319Test-140229079 tempest-GroupSnapshotsV319Test-140229079-project-admin] http://10.222.0.71/volume/v3/5c54fc9bfeb44a3a9654d367e1c38ab6/group_snapshots/5e98c0a2-4de9-4fc8-bac5-9c9e964f00ee/action returned with HTTP 202
May 27 15:17:04.276238 dv-cinder-842541-3-smb devstack@c-api.service[110837]: [pid: 110837|app: 0|req: 48/117] 10.222.0.71 () {62 vars in 1431 bytes} [Fri May 27 15:17:04 2022] POST /volume/v3/5c54fc9bfeb44a3a9654d367e1c38ab6/group_snapshots/5e98c0a2-4de9-4fc8-bac5-9c9e964f00ee/action => generated 0 bytes in 34 msecs (HTTP/1.1 202) 6 headers in 234 bytes (1 switches on core 0)
May 27 15:17:04.281501 dv-cinder-842541-3-smb devstack@c-api.service[110838]: DEBUG cinder.api.middleware.request_id [None req-c6782a54-53f7-4985-9fd8-24e37703fb47 None None] RequestId filter calling following filter/app {{(pid=110838) _context_setter /opt/stack/cinder/cinder/api/middleware/request_id.py:62}}
May 27 15:17:04.286039 dv-cinder-842541-3-smb devstack@c-api.service[110838]: INFO cinder.api.openstack.wsgi [None req-c6782a54-53f7-4985-9fd8-24e37703fb47 tempest-GroupSnapshotsV319Test-1424180820 tempest-GroupSnapshotsV319Test-1424180820-project] GET http://10.222.0.71/volume/v3/7de3a5850dd6451b93e05fe3d0db1d2a/group_snapshots/5e98c0a2-4de9-4fc8-bac5-9c9e964f00ee
May 27 15:17:04.286795 dv-cinder-842541-3-smb devstack@c-api.service[110838]: DEBUG cinder.api.openstack.wsgi [None req-c6782a54-53f7-4985-9fd8-24e37703fb47 tempest-GroupSnapshotsV319Test-1424180820 tempest-GroupSnapshotsV319Test-1424180820-project] Empty body provided in request {{(pid=110838) get_body /opt/stack/cinder/cinder/api/openstack/wsgi.py:715}}
May 27 15:17:04.287383 dv-cinder-842541-3-smb devstack@c-api.service[110838]: DEBUG cinder.api.openstack.wsgi [None req-c6782a54-53f7-4985-9fd8-24e37703fb47 tempest-GroupSnapshotsV319Test-1424180820 tempest-GroupSnapshotsV319Test-1424180820-project] Calling method 'version_select' {{(pid=110838) _process_stack /opt/stack/cinder/cinder/api/openstack/wsgi.py:868}}
May 27 15:17:04.288418 dv-cinder-842541-3-smb devstack@c-api.service[110838]: DEBUG cinder.api.v3.group_snapshots [None req-c6782a54-53f7-4985-9fd8-24e37703fb47 tempest-GroupSnapshotsV319Test-1424180820 tempest-GroupSnapshotsV319Test-1424180820-project] show called for member 5e98c0a2-4de9-4fc8-bac5-9c9e964f00ee {{(pid=110838) show /opt/stack/cinder/cinder/api/v3/group_snapshots.py:58}}
May 27 15:17:04.298630 dv-cinder-842541-3-smb devstack@c-api.service[110838]: /usr/local/lib/python3.8/dist-packages/oslo_context/context.py:100: DeprecationWarning: Policy enforcement is depending on the value of is_admin. This key is deprecated. Please update your policy file to use the standard policy values.
May 27 15:17:04.298630 dv-cinder-842541-3-smb devstack@c-api.service[110838]: warnings.warn('Policy enforcement is depending on the value of '
May 27 15:17:04.308977 dv-cinder-842541-3-smb devstack@c-api.service[110838]: INFO cinder.api.openstack.wsgi [None req-c6782a54-53f7-4985-9fd8-24e37703fb47 tempest-GroupSnapshotsV319Test-1424180820 tempest-GroupSnapshotsV319Test-1424180820-project] http://10.222.0.71/volume/v3/7de3a5850dd6451b93e05fe3d0db1d2a/group_snapshots/5e98c0a2-4de9-4fc8-bac5-9c9e964f00ee returned with HTTP 200
May 27 15:17:04.310031 dv-cinder-842541-3-smb devstack@c-api.service[110838]: [pid: 110838|app: 0|req: 70/118] 10.222.0.71 () {60 vars in 1389 bytes} [Fri May 27 15:17:04 2022] GET /volume/v3/7de3a5850dd6451b93e05fe3d0db1d2a/group_snapshots/5e98c0a2-4de9-4fc8-bac5-9c9e964f00ee => generated 331 bytes in 29 msecs (HTTP/1.1 200) 7 headers in 286 bytes (1 switches on core 0)
May 27 15:17:04.317102 dv-cinder-842541-3-smb devstack@c-api.service[110837]: DEBUG cinder.api.middleware.request_id [None req-fe394fc5-ec85-42b5-98f1-6aab90fd5b5e None None] RequestId filter calling following filter/app {{(pid=110837) _context_setter /opt/stack/cinder/cinder/api/middleware/request_id.py:62}}
May 27 15:17:04.321701 dv-cinder-842541-3-smb devstack@c-api.service[110837]: INFO cinder.api.openstack.wsgi [None req-fe394fc5-ec85-42b5-98f1-6aab90fd5b5e tempest-GroupSnapshotsV319Test-140229079 tempest-GroupSnapshotsV319Test-140229079-project-admin] POST http://10.222.0.71/volume/v3/5c54fc9bfeb44a3a9654d367e1c38ab6/group_snapshots/5e98c0a2-4de9-4fc8-bac5-9c9e964f00ee/action
May 27 15:17:04.322478 dv-cinder-842541-3-smb devstack@c-api.service[110837]: DEBUG cinder.api.openstack.wsgi [None req-fe394fc5-ec85-42b5-98f1-6aab90fd5b5e tempest-GroupSnapshotsV319Test-140229079 tempest-GroupSnapshotsV319Test-140229079-project-admin] Action body: b'{"reset_status": {"status": "error"}}' {{(pid=110837) get_method /opt/stack/cinder/cinder/api/openstack/wsgi.py:983}}
May 27 15:17:04.322982 dv-cinder-842541-3-smb devstack@c-api.service[110837]: DEBUG cinder.api.openstack.wsgi [None req-fe394fc5-ec85-42b5-98f1-6aab90fd5b5e tempest-GroupSnapshotsV319Test-140229079 tempest-GroupSnapshotsV319Test-140229079-project-admin] Action: 'action', calling method: reset_status, body: {"reset_status": {"status": "error"}} {{(pid=110837) _process_stack /opt/stack/cinder/cinder/api/openstack/wsgi.py:866}}
May 27 15:17:04.323824 dv-cinder-842541-3-smb devstack@c-api.service[110837]: DEBUG cinder.api.v3.group_snapshots [None req-fe394fc5-ec85-42b5-98f1-6aab90fd5b5e tempest-GroupSnapshotsV319Test-140229079 tempest-GroupSnapshotsV319Test-140229079-project-admin] Updating group '5e98c0a2-4de9-4fc8-bac5-9c9e964f00ee' with 'error' {{(pid=110837) _reset_status /opt/stack/cinder/cinder/api/v3/group_snapshots.py:194}}
May 27 15:17:04.330867 dv-cinder-842541-3-smb devstack@c-api.service[110837]: /usr/local/lib/python3.8/dist-packages/oslo_context/context.py:100: DeprecationWarning: Policy enforcement is depending on the value of is_admin. This key is deprecated. Please update your policy file to use the standard policy values.
May 27 15:17:04.330867 dv-cinder-842541-3-smb devstack@c-api.service[110837]: warnings.warn('Policy enforcement is depending on the value of '
May 27 15:17:04.345950 dv-cinder-842541-3-smb devstack@c-api.service[110837]: INFO cinder.api.openstack.wsgi [None req-fe394fc5-ec85-42b5-98f1-6aab90fd5b5e tempest-GroupSnapshotsV319Test-140229079 tempest-GroupSnapshotsV319Test-140229079-project-admin] http://10.222.0.71/volume/v3/5c54fc9bfeb44a3a9654d367e1c38ab6/group_snapshots/5e98c0a2-4de9-4fc8-bac5-9c9e964f00ee/action returned with HTTP 202
May 27 15:17:04.353747 dv-cinder-842541-3-smb devstack@c-api.service[110838]: DEBUG cinder.api.middleware.request_id [None req-9afdc5b0-7e08-4132-8721-4b8c7d776d39 None None] RequestId filter calling following filter/app {{(pid=110838) _context_setter /opt/stack/cinder/cinder/api/middleware/request_id.py:62}}
May 27 15:17:04.359426 dv-cinder-842541-3-smb devstack@c-api.service[110837]: [pid: 110837|app: 0|req: 49/119] 10.222.0.71 () {62 vars in 1431 bytes} [Fri May 27 15:17:04 2022] POST /volume/v3/5c54fc9bfeb44a3a9654d367e1c38ab6/group_snapshots/5e98c0a2-4de9-4fc8-bac5-9c9e964f00ee/action => generated 0 bytes in 43 msecs (HTTP/1.1 202) 6 headers in 234 bytes (1 switches on core 0)
May 27 15:17:04.360439 dv-cinder-842541-3-smb devstack@c-api.service[110838]: INFO cinder.api.openstack.wsgi [None req-9afdc5b0-7e08-4132-8721-4b8c7d776d39 tempest-GroupSnapshotsV319Test-1424180820 tempest-GroupSnapshotsV319Test-1424180820-project] GET http://10.222.0.71/volume/v3/7de3a5850dd6451b93e05fe3d0db1d2a/group_snapshots/5e98c0a2-4de9-4fc8-bac5-9c9e964f00ee
May 27 15:17:04.362237 dv-cinder-842541-3-smb devstack@c-api.service[110838]: DEBUG cinder.api.openstack.wsgi [None req-9afdc5b0-7e08-4132-8721-4b8c7d776d39 tempest-GroupSnapshotsV319Test-1424180820 tempest-GroupSnapshotsV319Test-1424180820-project] Empty body provided in request {{(pid=110838) get_body /opt/stack/cinder/cinder/api/openstack/wsgi.py:715}}
May 27 15:17:04.362597 dv-cinder-842541-3-smb devstack@c-api.service[110838]: DEBUG cinder.api.openstack.wsgi [None req-9afdc5b0-7e08-4132-8721-4b8c7d776d39 tempest-GroupSnapshotsV319Test-1424180820 tempest-GroupSnapshotsV319Test-1424180820-project] Calling method 'version_select' {{(pid=110838) _process_stack /opt/stack/cinder/cinder/api/openstack/wsgi.py:868}}
May 27 15:17:04.363640 dv-cinder-842541-3-smb devstack@c-api.service[110838]: DEBUG cinder.api.v3.group_snapshots [None req-9afdc5b0-7e08-4132-8721-4b8c7d776d39 tempest-GroupSnapshotsV319Test-1424180820 tempest-GroupSnapshotsV319Test-1424180820-project] show called for member 5e98c0a2-4de9-4fc8-bac5-9c9e964f00ee {{(pid=110838) show /opt/stack/cinder/cinder/api/v3/group_snapshots.py:58}}
May 27 15:17:04.367093 dv-cinder-842541-3-smb devstack@c-api.service[110837]: DEBUG cinder.api.middleware.request_id [None req-84925595-c23b-48cd-91d9-48f0cd7adae1 None None] RequestId filter calling following filter/app {{(pid=110837) _context_setter /opt/stack/cinder/cinder/api/middleware/request_id.py:62}}
May 27 15:17:04.370328 dv-cinder-842541-3-smb devstack@c-api.service[110838]: /usr/local/lib/python3.8/dist-packages/oslo_context/context.py:100: DeprecationWarning: Policy enforcement is depending on the value of is_admin. This key is deprecated. Please update your policy file to use the standard policy values.
May 27 15:17:04.370328 dv-cinder-842541-3-smb devstack@c-api.service[110838]: warnings.warn('Policy enforcement is depending on the value of '
May 27 15:17:04.375968 dv-cinder-842541-3-smb devstack@c-api.service[110837]: INFO cinder.api.openstack.wsgi [None req-84925595-c23b-48cd-91d9-48f0cd7adae1 tempest-VolumeManageAdminTest-493817754 tempest-VolumeManageAdminTest-493817754-project] GET http://10.222.0.71/volume/v3/45433eb61f6845ee92f5865e0876da7c/volumes/9ee42905-3240-45cb-aea0-3825c8348288
May 27 15:17:04.376790 dv-cinder-842541-3-smb devstack@c-api.service[110837]: DEBUG cinder.api.openstack.wsgi [None req-84925595-c23b-48cd-91d9-48f0cd7adae1 tempest-VolumeManageAdminTest-493817754 tempest-VolumeManageAdminTest-493817754-project] Empty body provided in request {{(pid=110837) get_body /opt/stack/cinder/cinder/api/openstack/wsgi.py:715}}
May 27 15:17:04.378097 dv-cinder-842541-3-smb devstack@c-api.service[110838]: INFO cinder.api.openstack.wsgi [None req-9afdc5b0-7e08-4132-8721-4b8c7d776d39 tempest-GroupSnapshotsV319Test-1424180820 tempest-GroupSnapshotsV319Test-1424180820-project] http://10.222.0.71/volume/v3/7de3a5850dd6451b93e05fe3d0db1d2a/group_snapshots/5e98c0a2-4de9-4fc8-bac5-9c9e964f00ee returned with HTTP 200
May 27 15:17:04.378477 dv-cinder-842541-3-smb devstack@c-api.service[110837]: DEBUG cinder.api.openstack.wsgi [None req-84925595-c23b-48cd-91d9-48f0cd7adae1 tempest-VolumeManageAdminTest-493817754 tempest-VolumeManageAdminTest-493817754-project] Calling method 'show' {{(pid=110837) _process_stack /opt/stack/cinder/cinder/api/openstack/wsgi.py:868}}
May 27 15:17:04.386684 dv-cinder-842541-3-smb devstack@c-api.service[110838]: [pid: 110838|app: 0|req: 71/120] 10.222.0.71 () {60 vars in 1389 bytes} [Fri May 27 15:17:04 2022] GET /volume/v3/7de3a5850dd6451b93e05fe3d0db1d2a/group_snapshots/5e98c0a2-4de9-4fc8-bac5-9c9e964f00ee => generated 327 bytes in 34 msecs (HTTP/1.1 200) 7 headers in 286 bytes (1 switches on core 0)
May 27 15:17:04.388729 dv-cinder-842541-3-smb devstack@c-api.service[110838]: DEBUG cinder.api.middleware.request_id [None req-da1bb39f-5bfc-407d-861b-489c96b158f6 None None] RequestId filter calling following filter/app {{(pid=110838) _context_setter /opt/stack/cinder/cinder/api/middleware/request_id.py:62}}
May 27 15:17:04.396384 dv-cinder-842541-3-smb devstack@c-api.service[110838]: INFO cinder.api.openstack.wsgi [None req-da1bb39f-5bfc-407d-861b-489c96b158f6 tempest-GroupSnapshotsV319Test-140229079 tempest-GroupSnapshotsV319Test-140229079-project-admin] POST http://10.222.0.71/volume/v3/5c54fc9bfeb44a3a9654d367e1c38ab6/group_snapshots/5e98c0a2-4de9-4fc8-bac5-9c9e964f00ee/action
May 27 15:17:04.397974 dv-cinder-842541-3-smb devstack@c-api.service[110838]: DEBUG cinder.api.openstack.wsgi [None req-da1bb39f-5bfc-407d-861b-489c96b158f6 tempest-GroupSnapshotsV319Test-140229079 tempest-GroupSnapshotsV319Test-140229079-project-admin] Action body: b'{"reset_status": {"status": "available"}}' {{(pid=110838) get_method /opt/stack/cinder/cinder/api/openstack/wsgi.py:983}}
May 27 15:17:04.398575 dv-cinder-842541-3-smb devstack@c-api.service[110838]: DEBUG cinder.api.openstack.wsgi [None req-da1bb39f-5bfc-407d-861b-489c96b158f6 tempest-GroupSnapshotsV319Test-140229079 tempest-GroupSnapshotsV319Test-140229079-project-admin] Action: 'action', calling method: version_select, body: {"reset_status": {"status": "available"}} {{(pid=110838) _process_stack /opt/stack/cinder/cinder/api/openstack/wsgi.py:866}}
May 27 15:17:04.399155 dv-cinder-842541-3-smb devstack@c-api.service[110838]: DEBUG cinder.api.v3.group_snapshots [None req-da1bb39f-5bfc-407d-861b-489c96b158f6 tempest-GroupSnapshotsV319Test-140229079 tempest-GroupSnapshotsV319Test-140229079-project-admin] Updating group '5e98c0a2-4de9-4fc8-bac5-9c9e964f00ee' with 'available' {{(pid=110838) _reset_status /opt/stack/cinder/cinder/api/v3/group_snapshots.py:194}}
May 27 15:17:04.409207 dv-cinder-842541-3-smb devstack@c-api.service[110838]: /usr/local/lib/python3.8/dist-packages/oslo_context/context.py:100: DeprecationWarning: Policy enforcement is depending on the value of is_admin. This key is deprecated. Please update your policy file to use the standard policy values.
May 27 15:17:04.409207 dv-cinder-842541-3-smb devstack@c-api.service[110838]: warnings.warn('Policy enforcement is depending on the value of '
May 27 15:17:04.418915 dv-cinder-842541-3-smb devstack@c-api.service[110837]: /usr/local/lib/python3.8/dist-packages/oslo_context/context.py:100: DeprecationWarning: Policy enforcement is depending on the value of is_admin. This key is deprecated. Please update your policy file to use the standard policy values.
May 27 15:17:04.418915 dv-cinder-842541-3-smb devstack@c-api.service[110837]: warnings.warn('Policy enforcement is depending on the value of '
May 27 15:17:04.426058 dv-cinder-842541-3-smb devstack@c-api.service[110838]: INFO cinder.api.openstack.wsgi [None req-da1bb39f-5bfc-407d-861b-489c96b158f6 tempest-GroupSnapshotsV319Test-140229079 tempest-GroupSnapshotsV319Test-140229079-project-admin] http://10.222.0.71/volume/v3/5c54fc9bfeb44a3a9654d367e1c38ab6/group_snapshots/5e98c0a2-4de9-4fc8-bac5-9c9e964f00ee/action returned with HTTP 202
May 27 15:17:04.439421 dv-cinder-842541-3-smb devstack@c-api.service[110838]: [pid: 110838|app: 0|req: 72/121] 10.222.0.71 () {62 vars in 1431 bytes} [Fri May 27 15:17:04 2022] POST /volume/v3/5c54fc9bfeb44a3a9654d367e1c38ab6/group_snapshots/5e98c0a2-4de9-4fc8-bac5-9c9e964f00ee/action => generated 0 bytes in 52 msecs (HTTP/1.1 202) 6 headers in 234 bytes (1 switches on core 0)
May 27 15:17:04.440986 dv-cinder-842541-3-smb devstack@c-api.service[110838]: DEBUG cinder.api.middleware.request_id [None req-b6d6a6a9-a11d-41ba-a807-0643c1879c82 None None] RequestId filter calling following filter/app {{(pid=110838) _context_setter /opt/stack/cinder/cinder/api/middleware/request_id.py:62}}
May 27 15:17:04.445589 dv-cinder-842541-3-smb devstack@c-api.service[110838]: INFO cinder.api.openstack.wsgi [None req-b6d6a6a9-a11d-41ba-a807-0643c1879c82 tempest-GroupSnapshotsV319Test-1424180820 tempest-GroupSnapshotsV319Test-1424180820-project] GET http://10.222.0.71/volume/v3/7de3a5850dd6451b93e05fe3d0db1d2a/group_snapshots/5e98c0a2-4de9-4fc8-bac5-9c9e964f00ee
May 27 15:17:04.446026 dv-cinder-842541-3-smb devstack@c-api.service[110838]: DEBUG cinder.api.openstack.wsgi [None req-b6d6a6a9-a11d-41ba-a807-0643c1879c82 tempest-GroupSnapshotsV319Test-1424180820 tempest-GroupSnapshotsV319Test-1424180820-project] Empty body provided in request {{(pid=110838) get_body /opt/stack/cinder/cinder/api/openstack/wsgi.py:715}}
May 27 15:17:04.446463 dv-cinder-842541-3-smb devstack@c-api.service[110838]: DEBUG cinder.api.openstack.wsgi [None req-b6d6a6a9-a11d-41ba-a807-0643c1879c82 tempest-GroupSnapshotsV319Test-1424180820 tempest-GroupSnapshotsV319Test-1424180820-project] Calling method 'version_select' {{(pid=110838) _process_stack /opt/stack/cinder/cinder/api/openstack/wsgi.py:868}}
May 27 15:17:04.446809 dv-cinder-842541-3-smb devstack@c-api.service[110838]: DEBUG cinder.api.v3.group_snapshots [None req-b6d6a6a9-a11d-41ba-a807-0643c1879c82 tempest-GroupSnapshotsV319Test-1424180820 tempest-GroupSnapshotsV319Test-1424180820-project] show called for member 5e98c0a2-4de9-4fc8-bac5-9c9e964f00ee {{(pid=110838) show /opt/stack/cinder/cinder/api/v3/group_snapshots.py:58}}
May 27 15:17:04.463086 dv-cinder-842541-3-smb devstack@c-api.service[110838]: /usr/local/lib/python3.8/dist-packages/oslo_context/context.py:100: DeprecationWarning: Policy enforcement is depending on the value of is_admin. This key is deprecated. Please update your policy file to use the standard policy values.
May 27 15:17:04.463086 dv-cinder-842541-3-smb devstack@c-api.service[110838]: warnings.warn('Policy enforcement is depending on the value of '
May 27 15:17:04.465148 dv-cinder-842541-3-smb devstack@c-api.service[110837]: INFO cinder.volume.api [None req-84925595-c23b-48cd-91d9-48f0cd7adae1 tempest-VolumeManageAdminTest-493817754 tempest-VolumeManageAdminTest-493817754-project] Volume info retrieved successfully.
May 27 15:17:04.469990 dv-cinder-842541-3-smb devstack@c-api.service[110838]: INFO cinder.api.openstack.wsgi [None req-b6d6a6a9-a11d-41ba-a807-0643c1879c82 tempest-GroupSnapshotsV319Test-1424180820 tempest-GroupSnapshotsV319Test-1424180820-project] http://10.222.0.71/volume/v3/7de3a5850dd6451b93e05fe3d0db1d2a/group_snapshots/5e98c0a2-4de9-4fc8-bac5-9c9e964f00ee returned with HTTP 200
May 27 15:17:04.471246 dv-cinder-842541-3-smb devstack@c-api.service[110838]: [pid: 110838|app: 0|req: 73/122] 10.222.0.71 () {60 vars in 1389 bytes} [Fri May 27 15:17:04 2022] GET /volume/v3/7de3a5850dd6451b93e05fe3d0db1d2a/group_snapshots/5e98c0a2-4de9-4fc8-bac5-9c9e964f00ee => generated 331 bytes in 31 msecs (HTTP/1.1 200) 7 headers in 286 bytes (1 switches on core 0)
May 27 15:17:04.477975 dv-cinder-842541-3-smb devstack@c-api.service[110838]: DEBUG cinder.api.middleware.request_id [None req-823ecae5-1720-4f2b-a566-1e0c7de3d967 None None] RequestId filter calling following filter/app {{(pid=110838) _context_setter /opt/stack/cinder/cinder/api/middleware/request_id.py:62}}
May 27 15:17:04.487419 dv-cinder-842541-3-smb devstack@c-api.service[110838]: INFO cinder.api.openstack.wsgi [None req-823ecae5-1720-4f2b-a566-1e0c7de3d967 tempest-GroupSnapshotsV319Test-1424180820 tempest-GroupSnapshotsV319Test-1424180820-project] DELETE http://10.222.0.71/volume/v3/7de3a5850dd6451b93e05fe3d0db1d2a/group_snapshots/5e98c0a2-4de9-4fc8-bac5-9c9e964f00ee
May 27 15:17:04.487914 dv-cinder-842541-3-smb devstack@c-api.service[110838]: DEBUG cinder.api.openstack.wsgi [None req-823ecae5-1720-4f2b-a566-1e0c7de3d967 tempest-GroupSnapshotsV319Test-1424180820 tempest-GroupSnapshotsV319Test-1424180820-project] Empty body provided in request {{(pid=110838) get_body /opt/stack/cinder/cinder/api/openstack/wsgi.py:715}}
May 27 15:17:04.488368 dv-cinder-842541-3-smb devstack@c-api.service[110838]: DEBUG cinder.api.openstack.wsgi [None req-823ecae5-1720-4f2b-a566-1e0c7de3d967 tempest-GroupSnapshotsV319Test-1424180820 tempest-GroupSnapshotsV319Test-1424180820-project] Calling method 'version_select' {{(pid=110838) _process_stack /opt/stack/cinder/cinder/api/openstack/wsgi.py:868}}
May 27 15:17:04.488759 dv-cinder-842541-3-smb devstack@c-api.service[110838]: DEBUG cinder.api.v3.group_snapshots [None req-823ecae5-1720-4f2b-a566-1e0c7de3d967 tempest-GroupSnapshotsV319Test-1424180820 tempest-GroupSnapshotsV319Test-1424180820-project] delete called for member 5e98c0a2-4de9-4fc8-bac5-9c9e964f00ee {{(pid=110838) delete /opt/stack/cinder/cinder/api/v3/group_snapshots.py:72}}
May 27 15:17:04.489056 dv-cinder-842541-3-smb devstack@c-api.service[110838]: INFO cinder.api.v3.group_snapshots [None req-823ecae5-1720-4f2b-a566-1e0c7de3d967 tempest-GroupSnapshotsV319Test-1424180820 tempest-GroupSnapshotsV319Test-1424180820-project] Delete group_snapshot with id: 5e98c0a2-4de9-4fc8-bac5-9c9e964f00ee
May 27 15:17:04.493839 dv-cinder-842541-3-smb devstack@c-api.service[110837]: INFO cinder.api.openstack.wsgi [None req-84925595-c23b-48cd-91d9-48f0cd7adae1 tempest-VolumeManageAdminTest-493817754 tempest-VolumeManageAdminTest-493817754-project] http://10.222.0.71/volume/v3/45433eb61f6845ee92f5865e0876da7c/volumes/9ee42905-3240-45cb-aea0-3825c8348288 returned with HTTP 200
May 27 15:17:04.497097 dv-cinder-842541-3-smb devstack@c-api.service[110838]: /usr/local/lib/python3.8/dist-packages/oslo_context/context.py:100: DeprecationWarning: Policy enforcement is depending on the value of is_admin. This key is deprecated. Please update your policy file to use the standard policy values.
May 27 15:17:04.497097 dv-cinder-842541-3-smb devstack@c-api.service[110838]: warnings.warn('Policy enforcement is depending on the value of '
May 27 15:17:04.508459 dv-cinder-842541-3-smb devstack@c-api.service[110837]: [pid: 110837|app: 0|req: 50/123] 10.222.0.71 () {58 vars in 1324 bytes} [Fri May 27 15:17:04 2022] GET /volume/v3/45433eb61f6845ee92f5865e0876da7c/volumes/9ee42905-3240-45cb-aea0-3825c8348288 => generated 913 bytes in 144 msecs (HTTP/1.1 200) 7 headers in 285 bytes (1 switches on core 0)
May 27 15:17:04.521376 dv-cinder-842541-3-smb devstack@c-api.service[110837]: DEBUG cinder.api.middleware.request_id [None req-b9fded60-982b-48ba-afc7-acd121483eab None None] RequestId filter calling following filter/app {{(pid=110837) _context_setter /opt/stack/cinder/cinder/api/middleware/request_id.py:62}}
May 27 15:17:04.616327 dv-cinder-842541-3-smb devstack@c-api.service[110838]: INFO cinder.api.openstack.wsgi [None req-823ecae5-1720-4f2b-a566-1e0c7de3d967 tempest-GroupSnapshotsV319Test-1424180820 tempest-GroupSnapshotsV319Test-1424180820-project] http://10.222.0.71/volume/v3/7de3a5850dd6451b93e05fe3d0db1d2a/group_snapshots/5e98c0a2-4de9-4fc8-bac5-9c9e964f00ee returned with HTTP 202
May 27 15:17:04.618171 dv-cinder-842541-3-smb devstack@c-api.service[110838]: [pid: 110838|app: 0|req: 74/124] 10.222.0.71 () {60 vars in 1392 bytes} [Fri May 27 15:17:04 2022] DELETE /volume/v3/7de3a5850dd6451b93e05fe3d0db1d2a/group_snapshots/5e98c0a2-4de9-4fc8-bac5-9c9e964f00ee => generated 0 bytes in 141 msecs (HTTP/1.1 202) 6 headers in 234 bytes (2 switches on core 0)
May 27 15:17:04.623112 dv-cinder-842541-3-smb devstack@c-api.service[110838]: DEBUG cinder.api.middleware.request_id [None req-4114f950-a22c-40fe-9eab-0d155baf1c45 None None] RequestId filter calling following filter/app {{(pid=110838) _context_setter /opt/stack/cinder/cinder/api/middleware/request_id.py:62}}
May 27 15:17:04.631063 dv-cinder-842541-3-smb devstack@c-api.service[110838]: INFO cinder.api.openstack.wsgi [None req-4114f950-a22c-40fe-9eab-0d155baf1c45 tempest-GroupSnapshotsV319Test-1424180820 tempest-GroupSnapshotsV319Test-1424180820-project] GET http://10.222.0.71/volume/v3/7de3a5850dd6451b93e05fe3d0db1d2a/volumes/detail
May 27 15:17:04.631740 dv-cinder-842541-3-smb devstack@c-api.service[110838]: DEBUG cinder.api.openstack.wsgi [None req-4114f950-a22c-40fe-9eab-0d155baf1c45 tempest-GroupSnapshotsV319Test-1424180820 tempest-GroupSnapshotsV319Test-1424180820-project] Empty body provided in request {{(pid=110838) get_body /opt/stack/cinder/cinder/api/openstack/wsgi.py:715}}
May 27 15:17:04.634560 dv-cinder-842541-3-smb devstack@c-api.service[110838]: DEBUG cinder.api.openstack.wsgi [None req-4114f950-a22c-40fe-9eab-0d155baf1c45 tempest-GroupSnapshotsV319Test-1424180820 tempest-GroupSnapshotsV319Test-1424180820-project] Calling method 'detail' {{(pid=110838) _process_stack /opt/stack/cinder/cinder/api/openstack/wsgi.py:868}}
May 27 15:17:04.635352 dv-cinder-842541-3-smb devstack@c-api.service[110838]: DEBUG cinder.api.api_utils [None req-4114f950-a22c-40fe-9eab-0d155baf1c45 tempest-GroupSnapshotsV319Test-1424180820 tempest-GroupSnapshotsV319Test-1424180820-project] Removing options '' from query. {{(pid=110838) remove_invalid_filter_options /opt/stack/cinder/cinder/api/api_utils.py:73}}
May 27 15:17:04.636282 dv-cinder-842541-3-smb devstack@c-api.service[110838]: /usr/local/lib/python3.8/dist-packages/oslo_context/context.py:100: DeprecationWarning: Policy enforcement is depending on the value of is_admin. This key is deprecated. Please update your policy file to use the standard policy values.
May 27 15:17:04.636282 dv-cinder-842541-3-smb devstack@c-api.service[110838]: warnings.warn('Policy enforcement is depending on the value of '
May 27 15:17:04.637315 dv-cinder-842541-3-smb devstack@c-api.service[110838]: DEBUG cinder.volume.api [None req-4114f950-a22c-40fe-9eab-0d155baf1c45 tempest-GroupSnapshotsV319Test-1424180820 tempest-GroupSnapshotsV319Test-1424180820-project] Searching by: MultiDict([('no_migration_targets', True)]). {{(pid=110838) get_all /opt/stack/cinder/cinder/volume/api.py:664}}
May 27 15:17:04.748978 dv-cinder-842541-3-smb devstack@c-api.service[110838]: INFO cinder.volume.api [None req-4114f950-a22c-40fe-9eab-0d155baf1c45 tempest-GroupSnapshotsV319Test-1424180820 tempest-GroupSnapshotsV319Test-1424180820-project] Get all volumes completed successfully.
May 27 15:17:04.760500 dv-cinder-842541-3-smb devstack@c-api.service[110838]: WARNING stevedore.named [None req-4114f950-a22c-40fe-9eab-0d155baf1c45 tempest-GroupSnapshotsV319Test-1424180820 tempest-GroupSnapshotsV319Test-1424180820-project] Could not load cinder.keymgr.conf_key_mgr.ConfKeyManager
May 27 15:17:04.760912 dv-cinder-842541-3-smb devstack@c-api.service[110838]: WARNING castellan.key_manager [None req-4114f950-a22c-40fe-9eab-0d155baf1c45 tempest-GroupSnapshotsV319Test-1424180820 tempest-GroupSnapshotsV319Test-1424180820-project] Deprecation Warning : cinder.keymgr.conf_key_mgr.ConfKeyManager is not a stevedore based driver, trying to load it as a class: stevedore.exception.NoMatches: No 'castellan.drivers' driver found, looking for 'cinder.keymgr.conf_key_mgr.ConfKeyManager'
May 27 15:17:04.777731 dv-cinder-842541-3-smb devstack@c-api.service[110838]: DEBUG oslo_db.sqlalchemy.engines [None req-4114f950-a22c-40fe-9eab-0d155baf1c45 tempest-GroupSnapshotsV319Test-1424180820 tempest-GroupSnapshotsV319Test-1424180820-project] MySQL server mode set to STRICT_TRANS_TABLES,STRICT_ALL_TABLES,NO_ZERO_IN_DATE,NO_ZERO_DATE,ERROR_FOR_DIVISION_BY_ZERO,TRADITIONAL,NO_ENGINE_SUBSTITUTION {{(pid=110838) _check_effective_sql_mode /usr/local/lib/python3.8/dist-packages/oslo_db/sqlalchemy/engines.py:314}}
May 27 15:17:04.790475 dv-cinder-842541-3-smb devstack@c-api.service[110838]: /usr/local/lib/python3.8/dist-packages/oslo_context/context.py:100: DeprecationWarning: Policy enforcement is depending on the value of is_admin. This key is deprecated. Please update your policy file to use the standard policy values.
May 27 15:17:04.790475 dv-cinder-842541-3-smb devstack@c-api.service[110838]: warnings.warn('Policy enforcement is depending on the value of '
May 27 15:17:04.847771 dv-cinder-842541-3-smb devstack@c-api.service[110837]: INFO cinder.api.openstack.wsgi [None req-b9fded60-982b-48ba-afc7-acd121483eab tempest-VolumeManageAdminTest-1957536385 tempest-VolumeManageAdminTest-1957536385-project-admin] GET http://10.222.0.71/volume/v3/6df0ce2056d241849048d5f6a27639c9/volumes/9ee42905-3240-45cb-aea0-3825c8348288
May 27 15:17:04.848424 dv-cinder-842541-3-smb devstack@c-api.service[110837]: DEBUG cinder.api.openstack.wsgi [None req-b9fded60-982b-48ba-afc7-acd121483eab tempest-VolumeManageAdminTest-1957536385 tempest-VolumeManageAdminTest-1957536385-project-admin] Empty body provided in request {{(pid=110837) get_body /opt/stack/cinder/cinder/api/openstack/wsgi.py:715}}
May 27 15:17:04.850586 dv-cinder-842541-3-smb devstack@c-api.service[110837]: DEBUG cinder.api.openstack.wsgi [None req-b9fded60-982b-48ba-afc7-acd121483eab tempest-VolumeManageAdminTest-1957536385 tempest-VolumeManageAdminTest-1957536385-project-admin] Calling method 'show' {{(pid=110837) _process_stack /opt/stack/cinder/cinder/api/openstack/wsgi.py:868}}
May 27 15:17:04.870993 dv-cinder-842541-3-smb devstack@c-api.service[110838]: INFO cinder.api.openstack.wsgi [None req-4114f950-a22c-40fe-9eab-0d155baf1c45 tempest-GroupSnapshotsV319Test-1424180820 tempest-GroupSnapshotsV319Test-1424180820-project] http://10.222.0.71/volume/v3/7de3a5850dd6451b93e05fe3d0db1d2a/volumes/detail returned with HTTP 200
May 27 15:17:04.884592 dv-cinder-842541-3-smb devstack@c-api.service[110838]: [pid: 110838|app: 0|req: 75/125] 10.222.0.71 () {60 vars in 1275 bytes} [Fri May 27 15:17:04 2022] GET /volume/v3/7de3a5850dd6451b93e05fe3d0db1d2a/volumes/detail => generated 1012 bytes in 262 msecs (HTTP/1.1 200) 7 headers in 287 bytes (1 switches on core 0)
May 27 15:17:04.891276 dv-cinder-842541-3-smb devstack@c-api.service[110838]: DEBUG cinder.api.middleware.request_id [None req-c7b2cf9d-d265-4099-bcd4-ec3a0435739c None None] RequestId filter calling following filter/app {{(pid=110838) _context_setter /opt/stack/cinder/cinder/api/middleware/request_id.py:62}}
May 27 15:17:04.912531 dv-cinder-842541-3-smb devstack@c-api.service[110838]: INFO cinder.api.openstack.wsgi [None req-c7b2cf9d-d265-4099-bcd4-ec3a0435739c tempest-GroupSnapshotsV319Test-1424180820 tempest-GroupSnapshotsV319Test-1424180820-project] GET http://10.222.0.71/volume/v3/7de3a5850dd6451b93e05fe3d0db1d2a/snapshots/detail
May 27 15:17:04.913319 dv-cinder-842541-3-smb devstack@c-api.service[110838]: DEBUG cinder.api.openstack.wsgi [None req-c7b2cf9d-d265-4099-bcd4-ec3a0435739c tempest-GroupSnapshotsV319Test-1424180820 tempest-GroupSnapshotsV319Test-1424180820-project] Empty body provided in request {{(pid=110838) get_body /opt/stack/cinder/cinder/api/openstack/wsgi.py:715}}
May 27 15:17:04.914410 dv-cinder-842541-3-smb devstack@c-api.service[110838]: DEBUG cinder.api.openstack.wsgi [None req-c7b2cf9d-d265-4099-bcd4-ec3a0435739c tempest-GroupSnapshotsV319Test-1424180820 tempest-GroupSnapshotsV319Test-1424180820-project] Calling method 'detail' {{(pid=110838) _process_stack /opt/stack/cinder/cinder/api/openstack/wsgi.py:868}}
May 27 15:17:04.914932 dv-cinder-842541-3-smb devstack@c-api.service[110838]: DEBUG cinder.api.api_utils [None req-c7b2cf9d-d265-4099-bcd4-ec3a0435739c tempest-GroupSnapshotsV319Test-1424180820 tempest-GroupSnapshotsV319Test-1424180820-project] Removing options '' from query. {{(pid=110838) remove_invalid_filter_options /opt/stack/cinder/cinder/api/api_utils.py:73}}
May 27 15:17:04.920247 dv-cinder-842541-3-smb devstack@c-api.service[110838]: DEBUG cinder.db.sqlalchemy.api [None req-c7b2cf9d-d265-4099-bcd4-ec3a0435739c tempest-GroupSnapshotsV319Test-1424180820 tempest-GroupSnapshotsV319Test-1424180820-project] Building query based on filter {{(pid=110838) _process_snaps_filters /opt/stack/cinder/cinder/db/sqlalchemy/api.py:3846}}
May 27 15:17:04.971775 dv-cinder-842541-3-smb devstack@c-api.service[110838]: INFO cinder.volume.api [None req-c7b2cf9d-d265-4099-bcd4-ec3a0435739c tempest-GroupSnapshotsV319Test-1424180820 tempest-GroupSnapshotsV319Test-1424180820-project] Get all snapshots completed successfully.
May 27 15:17:04.972717 dv-cinder-842541-3-smb devstack@c-api.service[110838]: /usr/local/lib/python3.8/dist-packages/oslo_context/context.py:100: DeprecationWarning: Policy enforcement is depending on the value of is_admin. This key is deprecated. Please update your policy file to use the standard policy values.
May 27 15:17:04.972717 dv-cinder-842541-3-smb devstack@c-api.service[110838]: warnings.warn('Policy enforcement is depending on the value of '
May 27 15:17:04.974248 dv-cinder-842541-3-smb devstack@c-api.service[110838]: INFO cinder.api.openstack.wsgi [None req-c7b2cf9d-d265-4099-bcd4-ec3a0435739c tempest-GroupSnapshotsV319Test-1424180820 tempest-GroupSnapshotsV319Test-1424180820-project] http://10.222.0.71/volume/v3/7de3a5850dd6451b93e05fe3d0db1d2a/snapshots/detail returned with HTTP 200
May 27 15:17:04.979082 dv-cinder-842541-3-smb devstack@c-api.service[110838]: [pid: 110838|app: 0|req: 76/126] 10.222.0.71 () {58 vars in 1240 bytes} [Fri May 27 15:17:04 2022] GET /volume/v3/7de3a5850dd6451b93e05fe3d0db1d2a/snapshots/detail => generated 542 bytes in 91 msecs (HTTP/1.1 200) 7 headers in 285 bytes (1 switches on core 0)
May 27 15:17:04.988073 dv-cinder-842541-3-smb devstack@c-api.service[110838]: DEBUG cinder.api.middleware.request_id [None req-f79113a0-15ec-4405-95d7-7414f23af46a None None] RequestId filter calling following filter/app {{(pid=110838) _context_setter /opt/stack/cinder/cinder/api/middleware/request_id.py:62}}
May 27 15:17:04.992392 dv-cinder-842541-3-smb devstack@c-api.service[110838]: INFO cinder.api.openstack.wsgi [None req-f79113a0-15ec-4405-95d7-7414f23af46a tempest-GroupSnapshotsV319Test-1424180820 tempest-GroupSnapshotsV319Test-1424180820-project] GET http://10.222.0.71/volume/v3/7de3a5850dd6451b93e05fe3d0db1d2a/snapshots/c5b9f426-5346-4a95-b947-a792eb3f728b
May 27 15:17:04.992836 dv-cinder-842541-3-smb devstack@c-api.service[110838]: DEBUG cinder.api.openstack.wsgi [None req-f79113a0-15ec-4405-95d7-7414f23af46a tempest-GroupSnapshotsV319Test-1424180820 tempest-GroupSnapshotsV319Test-1424180820-project] Empty body provided in request {{(pid=110838) get_body /opt/stack/cinder/cinder/api/openstack/wsgi.py:715}}
May 27 15:17:04.993294 dv-cinder-842541-3-smb devstack@c-api.service[110838]: DEBUG cinder.api.openstack.wsgi [None req-f79113a0-15ec-4405-95d7-7414f23af46a tempest-GroupSnapshotsV319Test-1424180820 tempest-GroupSnapshotsV319Test-1424180820-project] Calling method 'show' {{(pid=110838) _process_stack /opt/stack/cinder/cinder/api/openstack/wsgi.py:868}}
May 27 15:17:05.001950 dv-cinder-842541-3-smb devstack@c-api.service[110837]: /usr/local/lib/python3.8/dist-packages/oslo_context/context.py:100: DeprecationWarning: Policy enforcement is depending on the value of is_admin. This key is deprecated. Please update your policy file to use the standard policy values.
May 27 15:17:05.001950 dv-cinder-842541-3-smb devstack@c-api.service[110837]: warnings.warn('Policy enforcement is depending on the value of '
May 27 15:17:05.017687 dv-cinder-842541-3-smb devstack@c-api.service[110838]: /usr/local/lib/python3.8/dist-packages/oslo_context/context.py:100: DeprecationWarning: Policy enforcement is depending on the value of is_admin. This key is deprecated. Please update your policy file to use the standard policy values.
May 27 15:17:05.017687 dv-cinder-842541-3-smb devstack@c-api.service[110838]: warnings.warn('Policy enforcement is depending on the value of '
May 27 15:17:05.022801 dv-cinder-842541-3-smb devstack@c-api.service[110838]: INFO cinder.volume.api [None req-f79113a0-15ec-4405-95d7-7414f23af46a tempest-GroupSnapshotsV319Test-1424180820 tempest-GroupSnapshotsV319Test-1424180820-project] Snapshot retrieved successfully.
May 27 15:17:05.028419 dv-cinder-842541-3-smb devstack@c-api.service[110838]: INFO cinder.api.openstack.wsgi [None req-f79113a0-15ec-4405-95d7-7414f23af46a tempest-GroupSnapshotsV319Test-1424180820 tempest-GroupSnapshotsV319Test-1424180820-project] http://10.222.0.71/volume/v3/7de3a5850dd6451b93e05fe3d0db1d2a/snapshots/c5b9f426-5346-4a95-b947-a792eb3f728b returned with HTTP 200
May 27 15:17:05.031775 dv-cinder-842541-3-smb devstack@c-api.service[110837]: INFO cinder.volume.api [None req-b9fded60-982b-48ba-afc7-acd121483eab tempest-VolumeManageAdminTest-1957536385 tempest-VolumeManageAdminTest-1957536385-project-admin] Volume info retrieved successfully.
May 27 15:17:05.039312 dv-cinder-842541-3-smb devstack@c-api.service[110838]: [pid: 110838|app: 0|req: 77/127] 10.222.0.71 () {58 vars in 1330 bytes} [Fri May 27 15:17:04 2022] GET /volume/v3/7de3a5850dd6451b93e05fe3d0db1d2a/snapshots/c5b9f426-5346-4a95-b947-a792eb3f728b => generated 539 bytes in 53 msecs (HTTP/1.1 200) 7 headers in 285 bytes (2 switches on core 0)
May 27 15:17:05.054303 dv-cinder-842541-3-smb devstack@c-api.service[110837]: INFO cinder.api.openstack.wsgi [None req-b9fded60-982b-48ba-afc7-acd121483eab tempest-VolumeManageAdminTest-1957536385 tempest-VolumeManageAdminTest-1957536385-project-admin] http://10.222.0.71/volume/v3/6df0ce2056d241849048d5f6a27639c9/volumes/9ee42905-3240-45cb-aea0-3825c8348288 returned with HTTP 200
May 27 15:17:05.056691 dv-cinder-842541-3-smb devstack@c-api.service[110837]: [pid: 110837|app: 0|req: 51/128] 10.222.0.71 () {58 vars in 1324 bytes} [Fri May 27 15:17:04 2022] GET /volume/v3/6df0ce2056d241849048d5f6a27639c9/volumes/9ee42905-3240-45cb-aea0-3825c8348288 => generated 1079 bytes in 536 msecs (HTTP/1.1 200) 7 headers in 286 bytes (1 switches on core 0)
May 27 15:17:05.069448 dv-cinder-842541-3-smb devstack@c-api.service[110838]: DEBUG cinder.api.middleware.request_id [None req-f46be058-7f45-4a0a-b1d0-0d8bb806737e None None] RequestId filter calling following filter/app {{(pid=110838) _context_setter /opt/stack/cinder/cinder/api/middleware/request_id.py:62}}
May 27 15:17:05.076624 dv-cinder-842541-3-smb devstack@c-api.service[110838]: INFO cinder.api.openstack.wsgi [None req-f46be058-7f45-4a0a-b1d0-0d8bb806737e tempest-VolumeManageAdminTest-1957536385 tempest-VolumeManageAdminTest-1957536385-project-admin] POST http://10.222.0.71/volume/v3/6df0ce2056d241849048d5f6a27639c9/volumes/9ee42905-3240-45cb-aea0-3825c8348288/action
May 27 15:17:05.078300 dv-cinder-842541-3-smb devstack@c-api.service[110838]: DEBUG cinder.api.openstack.wsgi [None req-f46be058-7f45-4a0a-b1d0-0d8bb806737e tempest-VolumeManageAdminTest-1957536385 tempest-VolumeManageAdminTest-1957536385-project-admin] Action body: b'{"os-unmanage": {}}' {{(pid=110838) get_method /opt/stack/cinder/cinder/api/openstack/wsgi.py:983}}
May 27 15:17:05.078859 dv-cinder-842541-3-smb devstack@c-api.service[110838]: DEBUG cinder.api.openstack.wsgi [None req-f46be058-7f45-4a0a-b1d0-0d8bb806737e tempest-VolumeManageAdminTest-1957536385 tempest-VolumeManageAdminTest-1957536385-project-admin] Action: 'action', calling method: unmanage, body: {"os-unmanage": {}} {{(pid=110838) _process_stack /opt/stack/cinder/cinder/api/openstack/wsgi.py:866}}
May 27 15:17:05.079443 dv-cinder-842541-3-smb devstack@c-api.service[110838]: INFO cinder.api.contrib.volume_unmanage [None req-f46be058-7f45-4a0a-b1d0-0d8bb806737e tempest-VolumeManageAdminTest-1957536385 tempest-VolumeManageAdminTest-1957536385-project-admin] Unmanage volume with id: 9ee42905-3240-45cb-aea0-3825c8348288
May 27 15:17:05.179061 dv-cinder-842541-3-smb devstack@c-api.service[110838]: /usr/local/lib/python3.8/dist-packages/oslo_context/context.py:100: DeprecationWarning: Policy enforcement is depending on the value of is_admin. This key is deprecated. Please update your policy file to use the standard policy values.
May 27 15:17:05.179061 dv-cinder-842541-3-smb devstack@c-api.service[110838]: warnings.warn('Policy enforcement is depending on the value of '
May 27 15:17:05.182402 dv-cinder-842541-3-smb devstack@c-api.service[110838]: INFO cinder.volume.api [None req-f46be058-7f45-4a0a-b1d0-0d8bb806737e tempest-VolumeManageAdminTest-1957536385 tempest-VolumeManageAdminTest-1957536385-project-admin] Volume info retrieved successfully.
May 27 15:17:05.219492 dv-cinder-842541-3-smb devstack@c-api.service[110838]: INFO cinder.volume.api [None req-f46be058-7f45-4a0a-b1d0-0d8bb806737e tempest-VolumeManageAdminTest-1957536385 tempest-VolumeManageAdminTest-1957536385-project-admin] Delete volume request issued successfully.
May 27 15:17:05.220274 dv-cinder-842541-3-smb devstack@c-api.service[110838]: INFO cinder.api.openstack.wsgi [None req-f46be058-7f45-4a0a-b1d0-0d8bb806737e tempest-VolumeManageAdminTest-1957536385 tempest-VolumeManageAdminTest-1957536385-project-admin] http://10.222.0.71/volume/v3/6df0ce2056d241849048d5f6a27639c9/volumes/9ee42905-3240-45cb-aea0-3825c8348288/action returned with HTTP 202
May 27 15:17:05.228355 dv-cinder-842541-3-smb devstack@c-api.service[110837]: DEBUG cinder.api.middleware.request_id [None req-45040ce3-bd7c-4d36-90b6-e6b810e9540f None None] RequestId filter calling following filter/app {{(pid=110837) _context_setter /opt/stack/cinder/cinder/api/middleware/request_id.py:62}}
May 27 15:17:05.233834 dv-cinder-842541-3-smb devstack@c-api.service[110837]: INFO cinder.api.openstack.wsgi [None req-45040ce3-bd7c-4d36-90b6-e6b810e9540f tempest-VolumeManageAdminTest-1957536385 tempest-VolumeManageAdminTest-1957536385-project-admin] GET http://10.222.0.71/volume/v3/6df0ce2056d241849048d5f6a27639c9/volumes/9ee42905-3240-45cb-aea0-3825c8348288
May 27 15:17:05.234294 dv-cinder-842541-3-smb devstack@c-api.service[110837]: DEBUG cinder.api.openstack.wsgi [None req-45040ce3-bd7c-4d36-90b6-e6b810e9540f tempest-VolumeManageAdminTest-1957536385 tempest-VolumeManageAdminTest-1957536385-project-admin] Empty body provided in request {{(pid=110837) get_body /opt/stack/cinder/cinder/api/openstack/wsgi.py:715}}
May 27 15:17:05.235401 dv-cinder-842541-3-smb devstack@c-api.service[110837]: DEBUG cinder.api.openstack.wsgi [None req-45040ce3-bd7c-4d36-90b6-e6b810e9540f tempest-VolumeManageAdminTest-1957536385 tempest-VolumeManageAdminTest-1957536385-project-admin] Calling method 'show' {{(pid=110837) _process_stack /opt/stack/cinder/cinder/api/openstack/wsgi.py:868}}
May 27 15:17:05.240629 dv-cinder-842541-3-smb devstack@c-api.service[110838]: [pid: 110838|app: 0|req: 78/129] 10.222.0.71 () {60 vars in 1366 bytes} [Fri May 27 15:17:05 2022] POST /volume/v3/6df0ce2056d241849048d5f6a27639c9/volumes/9ee42905-3240-45cb-aea0-3825c8348288/action => generated 0 bytes in 172 msecs (HTTP/1.1 202) 6 headers in 233 bytes (1 switches on core 0)
May 27 15:17:05.262996 dv-cinder-842541-3-smb devstack@c-api.service[110837]: /usr/local/lib/python3.8/dist-packages/oslo_context/context.py:100: DeprecationWarning: Policy enforcement is depending on the value of is_admin. This key is deprecated. Please update your policy file to use the standard policy values.
May 27 15:17:05.262996 dv-cinder-842541-3-smb devstack@c-api.service[110837]: warnings.warn('Policy enforcement is depending on the value of '
May 27 15:17:05.276234 dv-cinder-842541-3-smb devstack@c-api.service[110837]: INFO cinder.volume.api [None req-45040ce3-bd7c-4d36-90b6-e6b810e9540f tempest-VolumeManageAdminTest-1957536385 tempest-VolumeManageAdminTest-1957536385-project-admin] Volume info retrieved successfully.
May 27 15:17:05.297941 dv-cinder-842541-3-smb devstack@c-api.service[110837]: INFO cinder.api.openstack.wsgi [None req-45040ce3-bd7c-4d36-90b6-e6b810e9540f tempest-VolumeManageAdminTest-1957536385 tempest-VolumeManageAdminTest-1957536385-project-admin] http://10.222.0.71/volume/v3/6df0ce2056d241849048d5f6a27639c9/volumes/9ee42905-3240-45cb-aea0-3825c8348288 returned with HTTP 200
May 27 15:17:05.311779 dv-cinder-842541-3-smb devstack@c-api.service[110837]: [pid: 110837|app: 0|req: 52/130] 10.222.0.71 () {58 vars in 1324 bytes} [Fri May 27 15:17:05 2022] GET /volume/v3/6df0ce2056d241849048d5f6a27639c9/volumes/9ee42905-3240-45cb-aea0-3825c8348288 => generated 1080 bytes in 83 msecs (HTTP/1.1 200) 7 headers in 286 bytes (1 switches on core 0)
