May 19 14:14:01.335244 dv-cinder-842541-1-smb devstack@keystone.service[80296]: ERROR keystone.server.flask.application [None req-0de51fdc-738e-4999-adb8-1b6a4a12dbd7 None admin] Could not find role: member.: keystone.exception.RoleNotFound: Could not find role: member.
May 19 14:14:01.335244 dv-cinder-842541-1-smb devstack@keystone.service[80296]: ERROR keystone.server.flask.application
Traceback (most recent call last):
May 19 14:14:01.335244 dv-cinder-842541-1-smb devstack@keystone.service[80296]: ERROR keystone.server.flask.application
File "/usr/local/lib/python3.8/dist-packages/flask/app.py", line 1523, in full_dispatch_request
May 19 14:14:01.335244 dv-cinder-842541-1-smb devstack@keystone.service[80296]: ERROR keystone.server.flask.application rv = self.dispatch_request()
May 19 14:14:01.335244 dv-cinder-842541-1-smb devstack@keystone.service[80296]: ERROR keystone.server.flask.application
File "/usr/local/lib/python3.8/dist-packages/flask/app.py", line 1509, in dispatch_request
May 19 14:14:01.335244 dv-cinder-842541-1-smb devstack@keystone.service[80296]: ERROR keystone.server.flask.application return self.ensure_sync(self.view_functions[rule.endpoint])(**req.view_args)
May 19 14:14:01.335244 dv-cinder-842541-1-smb devstack@keystone.service[80296]: ERROR keystone.server.flask.application
File "/usr/local/lib/python3.8/dist-packages/flask_restful/__init__.py", line 467, in wrapper
May 19 14:14:01.335244 dv-cinder-842541-1-smb devstack@keystone.service[80296]: ERROR keystone.server.flask.application resp = resource(*args, **kwargs)
May 19 14:14:01.335244 dv-cinder-842541-1-smb devstack@keystone.service[80296]: ERROR keystone.server.flask.application
File "/usr/local/lib/python3.8/dist-packages/flask/views.py", line 84, in view
May 19 14:14:01.335244 dv-cinder-842541-1-smb devstack@keystone.service[80296]: ERROR keystone.server.flask.application return current_app.ensure_sync(self.dispatch_request)(*args, **kwargs)
May 19 14:14:01.335244 dv-cinder-842541-1-smb devstack@keystone.service[80296]: ERROR keystone.server.flask.application
File "/usr/local/lib/python3.8/dist-packages/flask_restful/__init__.py", line 582, in dispatch_request
May 19 14:14:01.335244 dv-cinder-842541-1-smb devstack@keystone.service[80296]: ERROR keystone.server.flask.application resp = meth(*args, **kwargs)
May 19 14:14:01.335244 dv-cinder-842541-1-smb devstack@keystone.service[80296]: ERROR keystone.server.flask.application
File "/opt/stack/keystone/keystone/api/roles.py", line 50, in get
May 19 14:14:01.335244 dv-cinder-842541-1-smb devstack@keystone.service[80296]: ERROR keystone.server.flask.application return self._get_role(role_id)
May 19 14:14:01.335244 dv-cinder-842541-1-smb devstack@keystone.service[80296]: ERROR keystone.server.flask.application
File "/opt/stack/keystone/keystone/api/roles.py", line 70, in _get_role
May 19 14:14:01.335244 dv-cinder-842541-1-smb devstack@keystone.service[80296]: ERROR keystone.server.flask.application ENFORCER.enforce_call(action='identity:get_role')
May 19 14:14:01.336137 dv-cinder-842541-1-smb devstack@keystone.service[80296]: ERROR keystone.server.flask.application
File "/opt/stack/keystone/keystone/common/rbac_enforcer/enforcer.py", line 402, in enforce_call
May 19 14:14:01.336137 dv-cinder-842541-1-smb devstack@keystone.service[80296]: ERROR keystone.server.flask.application policy_dict.update(cls._extract_member_target_data(
May 19 14:14:01.336137 dv-cinder-842541-1-smb devstack@keystone.service[80296]: ERROR keystone.server.flask.application
File "/opt/stack/keystone/keystone/common/rbac_enforcer/enforcer.py", line 234, in _extract_member_target_data
May 19 14:14:01.336137 dv-cinder-842541-1-smb devstack@keystone.service[80296]: ERROR keystone.server.flask.application member_name: func(flask.request.view_args[key])
May 19 14:14:01.336137 dv-cinder-842541-1-smb devstack@keystone.service[80296]: ERROR keystone.server.flask.application
File "/opt/stack/keystone/keystone/common/manager.py", line 115, in wrapped
May 19 14:14:01.336137 dv-cinder-842541-1-smb devstack@keystone.service[80296]: ERROR keystone.server.flask.application __ret_val = __f(*args, **kwargs)
May 19 14:14:01.336137 dv-cinder-842541-1-smb devstack@keystone.service[80296]: ERROR keystone.server.flask.application
File "/usr/local/lib/python3.8/dist-packages/decorator.py", line 232, in fun
May 19 14:14:01.336137 dv-cinder-842541-1-smb devstack@keystone.service[80296]: ERROR keystone.server.flask.application return caller(func, *(extras + args), **kw)
May 19 14:14:01.336137 dv-cinder-842541-1-smb devstack@keystone.service[80296]: ERROR keystone.server.flask.application
File "/usr/local/lib/python3.8/dist-packages/dogpile/cache/region.py", line 1577, in get_or_create_for_user_func
May 19 14:14:01.336137 dv-cinder-842541-1-smb devstack@keystone.service[80296]: ERROR keystone.server.flask.application return self.get_or_create(
May 19 14:14:01.336137 dv-cinder-842541-1-smb devstack@keystone.service[80296]: ERROR keystone.server.flask.application
File "/usr/local/lib/python3.8/dist-packages/dogpile/cache/region.py", line 1042, in get_or_create
May 19 14:14:01.336137 dv-cinder-842541-1-smb devstack@keystone.service[80296]: ERROR keystone.server.flask.application with Lock(
May 19 14:14:01.336137 dv-cinder-842541-1-smb devstack@keystone.service[80296]: ERROR keystone.server.flask.application
File "/usr/local/lib/python3.8/dist-packages/dogpile/lock.py", line 185, in __enter__
May 19 14:14:01.336137 dv-cinder-842541-1-smb devstack@keystone.service[80296]: ERROR keystone.server.flask.application return self._enter()
May 19 14:14:01.336137 dv-cinder-842541-1-smb devstack@keystone.service[80296]: ERROR keystone.server.flask.application
File "/usr/local/lib/python3.8/dist-packages/dogpile/lock.py", line 94, in _enter
May 19 14:14:01.336137 dv-cinder-842541-1-smb devstack@keystone.service[80296]: ERROR keystone.server.flask.application generated = self._enter_create(value, createdtime)
May 19 14:14:01.336966 dv-cinder-842541-1-smb devstack@keystone.service[80296]: ERROR keystone.server.flask.application
File "/usr/local/lib/python3.8/dist-packages/dogpile/lock.py", line 178, in _enter_create
May 19 14:14:01.336966 dv-cinder-842541-1-smb devstack@keystone.service[80296]: ERROR keystone.server.flask.application return self.creator()
May 19 14:14:01.336966 dv-cinder-842541-1-smb devstack@keystone.service[80296]: ERROR keystone.server.flask.application
File "/usr/local/lib/python3.8/dist-packages/dogpile/cache/region.py", line 995, in gen_value
May 19 14:14:01.336966 dv-cinder-842541-1-smb devstack@keystone.service[80296]: ERROR keystone.server.flask.application created_value = creator(
May 19 14:14:01.336966 dv-cinder-842541-1-smb devstack@keystone.service[80296]: ERROR keystone.server.flask.application
File "/opt/stack/keystone/keystone/assignment/core.py", line 1276, in get_role
May 19 14:14:01.336966 dv-cinder-842541-1-smb devstack@keystone.service[80296]: ERROR keystone.server.flask.application return self.driver.get_role(role_id)
May 19 14:14:01.336966 dv-cinder-842541-1-smb devstack@keystone.service[80296]: ERROR keystone.server.flask.application
File "/opt/stack/keystone/keystone/assignment/role_backends/sql.py", line 70, in get_role
May 19 14:14:01.336966 dv-cinder-842541-1-smb devstack@keystone.service[80296]: ERROR keystone.server.flask.application return self._get_role(session, role_id).to_dict()
May 19 14:14:01.336966 dv-cinder-842541-1-smb devstack@keystone.service[80296]: ERROR keystone.server.flask.application
File "/opt/stack/keystone/keystone/assignment/role_backends/sql.py", line 65, in _get_role
May 19 14:14:01.336966 dv-cinder-842541-1-smb devstack@keystone.service[80296]: ERROR keystone.server.flask.application raise exception.RoleNotFound(role_id=role_id)
May 19 14:14:01.336966 dv-cinder-842541-1-smb devstack@keystone.service[80296]: ERROR keystone.server.flask.application keystone.exception.RoleNotFound: Could not find role: member.
May 19 14:14:01.336966 dv-cinder-842541-1-smb devstack@keystone.service[80296]: ERROR keystone.server.flask.application
May 19 14:14:01.336966 dv-cinder-842541-1-smb devstack@keystone.service[80296]: [pid: 80296|app: 0|req: 78/165] 10.222.0.78 () {56 vars in 1099 bytes} [Thu May 19 14:14:01 2022] GET /identity/v3/roles/member => generated 84 bytes in 165 msecs (HTTP/1.1 404) 5 headers in 183 bytes (1 switches on core 0)
May 19 14:14:01.337616 dv-cinder-842541-1-smb devstack@keystone.service[80296]: DEBUG keystone.server.flask.request_processing.middleware.auth_context [None req-0de51fdc-738e-4999-adb8-1b6a4a12dbd7 None admin] Authenticating user token {{(pid=80296) process_request /usr/local/lib/python3.8/dist-packages/keystonemiddleware/auth_token/__init__.py:407}}
May 19 14:14:01.360430 dv-cinder-842541-1-smb devstack@keystone.service[80295]: DEBUG keystone.common.rbac_enforcer.enforcer [None req-b110376b-d395-4f3e-9dcd-76fc1c7bc993 None admin] RBAC: Authorizing `identity:validate_token()` {{(pid=80295) enforce_call /opt/stack/keystone/keystone/common/rbac_enforcer/enforcer.py:449}}
May 19 14:14:01.362118 dv-cinder-842541-1-smb devstack@keystone.service[80295]: DEBUG keystone.common.rbac_enforcer.enforcer [None req-b110376b-d395-4f3e-9dcd-76fc1c7bc993 None admin] RBAC: Authorization granted {{(pid=80295) enforce_call /opt/stack/keystone/keystone/common/rbac_enforcer/enforcer.py:457}}
May 19 14:14:01.413526 dv-cinder-842541-1-smb devstack@keystone.service[80295]: DEBUG dbcounter [-] [80295] Writing DB stats keystone:SELECT=100 {{(pid=80295) stat_writer /usr/local/lib/python3.8/dist-packages/dbcounter.py:114}}
May 19 14:14:01.470135 dv-cinder-842541-1-smb devstack@keystone.service[80295]: [pid: 80295|app: 0|req: 88/166] 10.222.0.78 () {58 vars in 1282 bytes} [Thu May 19 14:14:01 2022] GET /identity/v3/auth/tokens => generated 799 bytes in 347 msecs (HTTP/1.1 200) 6 headers in 358 bytes (1 switches on core 0)
May 19 14:14:01.471436 dv-cinder-842541-1-smb devstack@keystone.service[80295]: DEBUG keystone.server.flask.request_processing.middleware.auth_context [None req-b110376b-d395-4f3e-9dcd-76fc1c7bc993 None admin] Authenticating user token {{(pid=80295) process_request /usr/local/lib/python3.8/dist-packages/keystonemiddleware/auth_token/__init__.py:407}}
May 19 14:14:01.480060 dv-cinder-842541-1-smb devstack@keystone.service[80296]: DEBUG keystone.server.flask.request_processing.middleware.auth_context [None req-0de51fdc-738e-4999-adb8-1b6a4a12dbd7 None admin] Validating token access rules against request {{(pid=80296) validate_allowed_request /usr/local/lib/python3.8/dist-packages/keystonemiddleware/auth_token/__init__.py:545}}
May 19 14:14:01.523428 dv-cinder-842541-1-smb devstack@keystone.service[80296]: DEBUG keystone.server.flask.request_processing.middleware.auth_context [None req-3c076dfa-7cd6-4d70-aa8f-d678ea3e0b00 None admin] RBAC: auth_context: {'token': , 'domain_id': None, 'trust_id': None, 'trustor_id': None, 'trustee_id': None, 'domain_name': None, 'group_ids': [], 'user_id': '834f1c036a084083a1210cb1309734be', 'user_domain_id': 'default', 'system_scope': 'all', 'project_id': None, 'project_domain_id': None, 'roles': ['admin', 'member', 'reader'], 'is_admin_project': True, 'service_user_id': None, 'service_user_domain_id': None, 'service_project_id': None, 'service_project_domain_id': None, 'service_roles': []} {{(pid=80296) fill_context /opt/stack/keystone/keystone/server/flask/request_processing/middleware/auth_context.py:478}}
May 19 14:14:01.524338 dv-cinder-842541-1-smb devstack@keystone.service[80296]: DEBUG keystone.server.flask.request_processing.req_logging [None req-3c076dfa-7cd6-4d70-aa8f-d678ea3e0b00 None admin] REQUEST_METHOD: `GET` {{(pid=80296) log_request_info /opt/stack/keystone/keystone/server/flask/request_processing/req_logging.py:27}}
May 19 14:14:01.524616 dv-cinder-842541-1-smb devstack@keystone.service[80296]: DEBUG keystone.server.flask.request_processing.req_logging [None req-3c076dfa-7cd6-4d70-aa8f-d678ea3e0b00 None admin] SCRIPT_NAME: `/identity` {{(pid=80296) log_request_info /opt/stack/keystone/keystone/server/flask/request_processing/req_logging.py:28}}
May 19 14:14:01.524888 dv-cinder-842541-1-smb devstack@keystone.service[80296]: DEBUG keystone.server.flask.request_processing.req_logging [None req-3c076dfa-7cd6-4d70-aa8f-d678ea3e0b00 None admin] PATH_INFO: `/v3/projects/963dd62b64954fecaad27b84358fa250` {{(pid=80296) log_request_info /opt/stack/keystone/keystone/server/flask/request_processing/req_logging.py:29}}
May 19 14:14:01.526618 dv-cinder-842541-1-smb devstack@keystone.service[80296]: DEBUG keystone.common.rbac_enforcer.enforcer [None req-3c076dfa-7cd6-4d70-aa8f-d678ea3e0b00 None admin] RBAC: Authorizing `identity:get_project(project_id=963dd62b64954fecaad27b84358fa250)` {{(pid=80296) enforce_call /opt/stack/keystone/keystone/common/rbac_enforcer/enforcer.py:449}}
May 19 14:14:01.527921 dv-cinder-842541-1-smb devstack@keystone.service[80296]: DEBUG keystone.common.rbac_enforcer.enforcer [None req-3c076dfa-7cd6-4d70-aa8f-d678ea3e0b00 None admin] RBAC: Authorization granted {{(pid=80296) enforce_call /opt/stack/keystone/keystone/common/rbac_enforcer/enforcer.py:457}}
May 19 14:14:01.534331 dv-cinder-842541-1-smb devstack@keystone.service[80296]: [pid: 80296|app: 0|req: 79/167] 10.222.0.78 () {56 vars in 1186 bytes} [Thu May 19 14:14:01 2022] GET /identity/v3/projects/963dd62b64954fecaad27b84358fa250 => generated 298 bytes in 193 msecs (HTTP/1.1 200) 5 headers in 177 bytes (1 switches on core 0)
May 19 14:14:01.535192 dv-cinder-842541-1-smb devstack@keystone.service[80296]: DEBUG keystone.server.flask.request_processing.middleware.auth_context [None req-3c076dfa-7cd6-4d70-aa8f-d678ea3e0b00 None admin] Authenticating user token {{(pid=80296) process_request /usr/local/lib/python3.8/dist-packages/keystonemiddleware/auth_token/__init__.py:407}}
May 19 14:14:01.580995 dv-cinder-842541-1-smb devstack@keystone.service[80295]: DEBUG keystone.server.flask.request_processing.middleware.auth_context [None req-b110376b-d395-4f3e-9dcd-76fc1c7bc993 None admin] Validating token access rules against request {{(pid=80295) validate_allowed_request /usr/local/lib/python3.8/dist-packages/keystonemiddleware/auth_token/__init__.py:545}}
May 19 14:14:01.597091 dv-cinder-842541-1-smb devstack@keystone.service[80296]: DEBUG dbcounter [-] [80296] Writing DB stats keystone:SELECT=100 {{(pid=80296) stat_writer /usr/local/lib/python3.8/dist-packages/dbcounter.py:114}}
May 19 14:14:01.632466 dv-cinder-842541-1-smb devstack@keystone.service[80295]: DEBUG keystone.server.flask.request_processing.middleware.auth_context [None req-498571a9-0a9e-4da2-abfe-cac7d6cc6737 None admin] RBAC: auth_context: {'token': , 'domain_id': None, 'trust_id': None, 'trustor_id': None, 'trustee_id': None, 'domain_name': None, 'group_ids': [], 'user_id': '834f1c036a084083a1210cb1309734be', 'user_domain_id': 'default', 'system_scope': 'all', 'project_id': None, 'project_domain_id': None, 'roles': ['admin', 'member', 'reader'], 'is_admin_project': True, 'service_user_id': None, 'service_user_domain_id': None, 'service_project_id': None, 'service_project_domain_id': None, 'service_roles': []} {{(pid=80295) fill_context /opt/stack/keystone/keystone/server/flask/request_processing/middleware/auth_context.py:478}}
May 19 14:14:01.633595 dv-cinder-842541-1-smb devstack@keystone.service[80295]: DEBUG keystone.server.flask.request_processing.req_logging [None req-498571a9-0a9e-4da2-abfe-cac7d6cc6737 None admin] REQUEST_METHOD: `GET` {{(pid=80295) log_request_info /opt/stack/keystone/keystone/server/flask/request_processing/req_logging.py:27}}
May 19 14:14:01.634068 dv-cinder-842541-1-smb devstack@keystone.service[80295]: DEBUG keystone.server.flask.request_processing.req_logging [None req-498571a9-0a9e-4da2-abfe-cac7d6cc6737 None admin] SCRIPT_NAME: `/identity` {{(pid=80295) log_request_info /opt/stack/keystone/keystone/server/flask/request_processing/req_logging.py:28}}
May 19 14:14:01.634973 dv-cinder-842541-1-smb devstack@keystone.service[80295]: DEBUG keystone.server.flask.request_processing.req_logging [None req-498571a9-0a9e-4da2-abfe-cac7d6cc6737 None admin] PATH_INFO: `/v3/roles` {{(pid=80295) log_request_info /opt/stack/keystone/keystone/server/flask/request_processing/req_logging.py:29}}
May 19 14:14:01.636590 dv-cinder-842541-1-smb devstack@keystone.service[80295]: DEBUG keystone.common.rbac_enforcer.enforcer [None req-498571a9-0a9e-4da2-abfe-cac7d6cc6737 None admin] RBAC: Adding query filter params (name=member) {{(pid=80295) _extract_filter_values /opt/stack/keystone/keystone/common/rbac_enforcer/enforcer.py:167}}
May 19 14:14:01.637260 dv-cinder-842541-1-smb devstack@keystone.service[80295]: DEBUG keystone.common.rbac_enforcer.enforcer [None req-498571a9-0a9e-4da2-abfe-cac7d6cc6737 None admin] RBAC: Authorizing `identity:list_roles()` {{(pid=80295) enforce_call /opt/stack/keystone/keystone/common/rbac_enforcer/enforcer.py:449}}
May 19 14:14:01.639239 dv-cinder-842541-1-smb devstack@keystone.service[80295]: DEBUG keystone.common.rbac_enforcer.enforcer [None req-498571a9-0a9e-4da2-abfe-cac7d6cc6737 None admin] RBAC: Authorization granted {{(pid=80295) enforce_call /opt/stack/keystone/keystone/common/rbac_enforcer/enforcer.py:457}}
May 19 14:14:01.641495 dv-cinder-842541-1-smb devstack@keystone.service[80296]: DEBUG keystone.server.flask.request_processing.middleware.auth_context [None req-3c076dfa-7cd6-4d70-aa8f-d678ea3e0b00 None admin] Validating token access rules against request {{(pid=80296) validate_allowed_request /usr/local/lib/python3.8/dist-packages/keystonemiddleware/auth_token/__init__.py:545}}
May 19 14:14:01.652388 dv-cinder-842541-1-smb devstack@keystone.service[80295]: [pid: 80295|app: 0|req: 89/168] 10.222.0.78 () {56 vars in 1101 bytes} [Thu May 19 14:14:01 2022] GET /identity/v3/roles?name=member => generated 341 bytes in 181 msecs (HTTP/1.1 200) 5 headers in 177 bytes (1 switches on core 0)
May 19 14:14:01.653568 dv-cinder-842541-1-smb devstack@keystone.service[80295]: DEBUG keystone.server.flask.request_processing.middleware.auth_context [None req-498571a9-0a9e-4da2-abfe-cac7d6cc6737 None admin] Authenticating user token {{(pid=80295) process_request /usr/local/lib/python3.8/dist-packages/keystonemiddleware/auth_token/__init__.py:407}}
May 19 14:14:01.667359 dv-cinder-842541-1-smb devstack@keystone.service[80295]: DEBUG dbcounter [-] [80295] Writing DB stats keystone:SELECT=100 {{(pid=80295) stat_writer /usr/local/lib/python3.8/dist-packages/dbcounter.py:114}}
May 19 14:14:01.683290 dv-cinder-842541-1-smb devstack@keystone.service[80296]: DEBUG keystone.server.flask.request_processing.middleware.auth_context [None req-545b6230-4cc2-4c8b-97f4-14617d1007e1 None admin] RBAC: auth_context: {'token': , 'domain_id': None, 'trust_id': None, 'trustor_id': None, 'trustee_id': None, 'domain_name': None, 'group_ids': [], 'user_id': '834f1c036a084083a1210cb1309734be', 'user_domain_id': 'default', 'system_scope': 'all', 'project_id': None, 'project_domain_id': None, 'roles': ['admin', 'member', 'reader'], 'is_admin_project': True, 'service_user_id': None, 'service_user_domain_id': None, 'service_project_id': None, 'service_project_domain_id': None, 'service_roles': []} {{(pid=80296) fill_context /opt/stack/keystone/keystone/server/flask/request_processing/middleware/auth_context.py:478}}
May 19 14:14:01.684008 dv-cinder-842541-1-smb devstack@keystone.service[80296]: DEBUG keystone.server.flask.request_processing.req_logging [None req-545b6230-4cc2-4c8b-97f4-14617d1007e1 None admin] REQUEST_METHOD: `GET` {{(pid=80296) log_request_info /opt/stack/keystone/keystone/server/flask/request_processing/req_logging.py:27}}
May 19 14:14:01.684295 dv-cinder-842541-1-smb devstack@keystone.service[80296]: DEBUG keystone.server.flask.request_processing.req_logging [None req-545b6230-4cc2-4c8b-97f4-14617d1007e1 None admin] SCRIPT_NAME: `/identity` {{(pid=80296) log_request_info /opt/stack/keystone/keystone/server/flask/request_processing/req_logging.py:28}}
May 19 14:14:01.684812 dv-cinder-842541-1-smb devstack@keystone.service[80296]: DEBUG keystone.server.flask.request_processing.req_logging [None req-545b6230-4cc2-4c8b-97f4-14617d1007e1 None admin] PATH_INFO: `/v3/roles` {{(pid=80296) log_request_info /opt/stack/keystone/keystone/server/flask/request_processing/req_logging.py:29}}
May 19 14:14:01.685322 dv-cinder-842541-1-smb devstack@keystone.service[80296]: DEBUG keystone.common.rbac_enforcer.enforcer [None req-545b6230-4cc2-4c8b-97f4-14617d1007e1 None admin] RBAC: Adding query filter params (name=member) {{(pid=80296) _extract_filter_values /opt/stack/keystone/keystone/common/rbac_enforcer/enforcer.py:167}}
May 19 14:14:01.685629 dv-cinder-842541-1-smb devstack@keystone.service[80296]: DEBUG keystone.common.rbac_enforcer.enforcer [None req-545b6230-4cc2-4c8b-97f4-14617d1007e1 None admin] RBAC: Authorizing `identity:list_roles()` {{(pid=80296) enforce_call /opt/stack/keystone/keystone/common/rbac_enforcer/enforcer.py:449}}
May 19 14:14:01.687193 dv-cinder-842541-1-smb devstack@keystone.service[80296]: DEBUG keystone.common.rbac_enforcer.enforcer [None req-545b6230-4cc2-4c8b-97f4-14617d1007e1 None admin] RBAC: Authorization granted {{(pid=80296) enforce_call /opt/stack/keystone/keystone/common/rbac_enforcer/enforcer.py:457}}
May 19 14:14:01.701347 dv-cinder-842541-1-smb devstack@keystone.service[80296]: [pid: 80296|app: 0|req: 80/169] 10.222.0.78 () {56 vars in 1101 bytes} [Thu May 19 14:14:01 2022] GET /identity/v3/roles?name=member => generated 341 bytes in 162 msecs (HTTP/1.1 200) 5 headers in 177 bytes (1 switches on core 0)
May 19 14:14:01.702260 dv-cinder-842541-1-smb devstack@keystone.service[80296]: DEBUG keystone.server.flask.request_processing.middleware.auth_context [None req-545b6230-4cc2-4c8b-97f4-14617d1007e1 None admin] Authenticating user token {{(pid=80296) process_request /usr/local/lib/python3.8/dist-packages/keystonemiddleware/auth_token/__init__.py:407}}
May 19 14:14:01.767441 dv-cinder-842541-1-smb devstack@keystone.service[80295]: DEBUG keystone.server.flask.request_processing.middleware.auth_context [None req-498571a9-0a9e-4da2-abfe-cac7d6cc6737 None admin] Validating token access rules against request {{(pid=80295) validate_allowed_request /usr/local/lib/python3.8/dist-packages/keystonemiddleware/auth_token/__init__.py:545}}
May 19 14:14:01.804239 dv-cinder-842541-1-smb devstack@keystone.service[80295]: DEBUG keystone.server.flask.request_processing.middleware.auth_context [None req-fd5781f8-f5e6-46a2-b6d1-efd27840d81b None admin] RBAC: auth_context: {'token': , 'domain_id': None, 'trust_id': None, 'trustor_id': None, 'trustee_id': None, 'domain_name': None, 'group_ids': [], 'user_id': '834f1c036a084083a1210cb1309734be', 'user_domain_id': 'default', 'system_scope': 'all', 'project_id': None, 'project_domain_id': None, 'roles': ['admin', 'member', 'reader'], 'is_admin_project': True, 'service_user_id': None, 'service_user_domain_id': None, 'service_project_id': None, 'service_project_domain_id': None, 'service_roles': []} {{(pid=80295) fill_context /opt/stack/keystone/keystone/server/flask/request_processing/middleware/auth_context.py:478}}
May 19 14:14:01.805509 dv-cinder-842541-1-smb devstack@keystone.service[80295]: DEBUG keystone.server.flask.request_processing.req_logging [None req-fd5781f8-f5e6-46a2-b6d1-efd27840d81b None admin] REQUEST_METHOD: `GET` {{(pid=80295) log_request_info /opt/stack/keystone/keystone/server/flask/request_processing/req_logging.py:27}}
May 19 14:14:01.805984 dv-cinder-842541-1-smb devstack@keystone.service[80295]: DEBUG keystone.server.flask.request_processing.req_logging [None req-fd5781f8-f5e6-46a2-b6d1-efd27840d81b None admin] SCRIPT_NAME: `/identity` {{(pid=80295) log_request_info /opt/stack/keystone/keystone/server/flask/request_processing/req_logging.py:28}}
May 19 14:14:01.806449 dv-cinder-842541-1-smb devstack@keystone.service[80295]: DEBUG keystone.server.flask.request_processing.req_logging [None req-fd5781f8-f5e6-46a2-b6d1-efd27840d81b None admin] PATH_INFO: `/v3/projects/963dd62b64954fecaad27b84358fa250` {{(pid=80295) log_request_info /opt/stack/keystone/keystone/server/flask/request_processing/req_logging.py:29}}
May 19 14:14:01.808109 dv-cinder-842541-1-smb devstack@keystone.service[80295]: DEBUG keystone.common.rbac_enforcer.enforcer [None req-fd5781f8-f5e6-46a2-b6d1-efd27840d81b None admin] RBAC: Authorizing `identity:get_project(project_id=963dd62b64954fecaad27b84358fa250)` {{(pid=80295) enforce_call /opt/stack/keystone/keystone/common/rbac_enforcer/enforcer.py:449}}
May 19 14:14:01.809762 dv-cinder-842541-1-smb devstack@keystone.service[80295]: DEBUG keystone.common.rbac_enforcer.enforcer [None req-fd5781f8-f5e6-46a2-b6d1-efd27840d81b None admin] RBAC: Authorization granted {{(pid=80295) enforce_call /opt/stack/keystone/keystone/common/rbac_enforcer/enforcer.py:457}}
May 19 14:14:01.812069 dv-cinder-842541-1-smb devstack@keystone.service[80295]: [pid: 80295|app: 0|req: 90/170] 10.222.0.78 () {56 vars in 1186 bytes} [Thu May 19 14:14:01 2022] GET /identity/v3/projects/963dd62b64954fecaad27b84358fa250 => generated 298 bytes in 159 msecs (HTTP/1.1 200) 5 headers in 177 bytes (1 switches on core 0)
May 19 14:14:01.813178 dv-cinder-842541-1-smb devstack@keystone.service[80295]: DEBUG keystone.server.flask.request_processing.middleware.auth_context [None req-fd5781f8-f5e6-46a2-b6d1-efd27840d81b None admin] Authenticating user token {{(pid=80295) process_request /usr/local/lib/python3.8/dist-packages/keystonemiddleware/auth_token/__init__.py:407}}
May 19 14:14:01.815786 dv-cinder-842541-1-smb devstack@keystone.service[80296]: DEBUG keystone.server.flask.request_processing.middleware.auth_context [None req-545b6230-4cc2-4c8b-97f4-14617d1007e1 None admin] Validating token access rules against request {{(pid=80296) validate_allowed_request /usr/local/lib/python3.8/dist-packages/keystonemiddleware/auth_token/__init__.py:545}}
May 19 14:14:01.850142 dv-cinder-842541-1-smb devstack@keystone.service[80296]: DEBUG dbcounter [-] [80296] Writing DB stats keystone:SELECT=100 {{(pid=80296) stat_writer /usr/local/lib/python3.8/dist-packages/dbcounter.py:114}}
May 19 14:14:01.869963 dv-cinder-842541-1-smb devstack@keystone.service[80296]: DEBUG keystone.server.flask.request_processing.middleware.auth_context [None req-e1ff98ad-ecee-4560-9d17-b2a7ef6f388a None admin] RBAC: auth_context: {'token': , 'domain_id': None, 'trust_id': None, 'trustor_id': None, 'trustee_id': None, 'domain_name': None, 'group_ids': [], 'user_id': '834f1c036a084083a1210cb1309734be', 'user_domain_id': 'default', 'system_scope': 'all', 'project_id': None, 'project_domain_id': None, 'roles': ['admin', 'member', 'reader'], 'is_admin_project': True, 'service_user_id': None, 'service_user_domain_id': None, 'service_project_id': None, 'service_project_domain_id': None, 'service_roles': []} {{(pid=80296) fill_context /opt/stack/keystone/keystone/server/flask/request_processing/middleware/auth_context.py:478}}
May 19 14:14:01.870872 dv-cinder-842541-1-smb devstack@keystone.service[80296]: DEBUG keystone.server.flask.request_processing.req_logging [None req-e1ff98ad-ecee-4560-9d17-b2a7ef6f388a None admin] REQUEST_METHOD: `PUT` {{(pid=80296) log_request_info /opt/stack/keystone/keystone/server/flask/request_processing/req_logging.py:27}}
May 19 14:14:01.871152 dv-cinder-842541-1-smb devstack@keystone.service[80296]: DEBUG keystone.server.flask.request_processing.req_logging [None req-e1ff98ad-ecee-4560-9d17-b2a7ef6f388a None admin] SCRIPT_NAME: `/identity` {{(pid=80296) log_request_info /opt/stack/keystone/keystone/server/flask/request_processing/req_logging.py:28}}
May 19 14:14:01.871427 dv-cinder-842541-1-smb devstack@keystone.service[80296]: DEBUG keystone.server.flask.request_processing.req_logging [None req-e1ff98ad-ecee-4560-9d17-b2a7ef6f388a None admin] PATH_INFO: `/v3/projects/963dd62b64954fecaad27b84358fa250/users/9e545d54ca7f4692a84ccf91bd39f039/roles/f22b83461ce4426a9bce86df6ceae259` {{(pid=80296) log_request_info /opt/stack/keystone/keystone/server/flask/request_processing/req_logging.py:29}}
May 19 14:14:01.877187 dv-cinder-842541-1-smb devstack@keystone.service[80296]: DEBUG keystone.common.rbac_enforcer.enforcer [None req-e1ff98ad-ecee-4560-9d17-b2a7ef6f388a None admin] RBAC: Authorizing `identity:create_grant(project_id=963dd62b64954fecaad27b84358fa250, user_id=9e545d54ca7f4692a84ccf91bd39f039, role_id=f22b83461ce4426a9bce86df6ceae259)` {{(pid=80296) enforce_call /opt/stack/keystone/keystone/common/rbac_enforcer/enforcer.py:449}}
May 19 14:14:01.878566 dv-cinder-842541-1-smb devstack@keystone.service[80296]: DEBUG keystone.common.rbac_enforcer.enforcer [None req-e1ff98ad-ecee-4560-9d17-b2a7ef6f388a None admin] RBAC: Authorization granted {{(pid=80296) enforce_call /opt/stack/keystone/keystone/common/rbac_enforcer/enforcer.py:457}}
May 19 14:14:01.902277 dv-cinder-842541-1-smb devstack@keystone.service[80295]: DEBUG dbcounter [-] [80295] Writing DB stats keystone:SELECT=100 {{(pid=80295) stat_writer /usr/local/lib/python3.8/dist-packages/dbcounter.py:114}}
May 19 14:14:01.911240 dv-cinder-842541-1-smb devstack@keystone.service[80296]: [pid: 80296|app: 0|req: 81/171] 10.222.0.78 () {58 vars in 1439 bytes} [Thu May 19 14:14:01 2022] PUT /identity/v3/projects/963dd62b64954fecaad27b84358fa250/users/9e545d54ca7f4692a84ccf91bd39f039/roles/f22b83461ce4426a9bce86df6ceae259 => generated 0 bytes in 209 msecs (HTTP/1.1 204) 3 headers in 132 bytes (0 switches on core 0)
May 19 14:14:01.912295 dv-cinder-842541-1-smb devstack@keystone.service[80296]: DEBUG keystone.server.flask.request_processing.middleware.auth_context [None req-e1ff98ad-ecee-4560-9d17-b2a7ef6f388a None admin] Authenticating user token {{(pid=80296) process_request /usr/local/lib/python3.8/dist-packages/keystonemiddleware/auth_token/__init__.py:407}}
May 19 14:14:01.939301 dv-cinder-842541-1-smb devstack@keystone.service[80295]: DEBUG keystone.server.flask.request_processing.middleware.auth_context [None req-fd5781f8-f5e6-46a2-b6d1-efd27840d81b None admin] Validating token access rules against request {{(pid=80295) validate_allowed_request /usr/local/lib/python3.8/dist-packages/keystonemiddleware/auth_token/__init__.py:545}}
May 19 14:14:02.003530 dv-cinder-842541-1-smb devstack@keystone.service[80295]: DEBUG keystone.server.flask.request_processing.middleware.auth_context [None req-f4840781-9114-430a-9db3-a3c6981492c4 None admin] RBAC: auth_context: {'token': , 'domain_id': None, 'trust_id': None, 'trustor_id': None, 'trustee_id': None, 'domain_name': None, 'group_ids': [], 'user_id': '834f1c036a084083a1210cb1309734be', 'user_domain_id': 'default', 'system_scope': 'all', 'project_id': None, 'project_domain_id': None, 'roles': ['admin', 'member', 'reader'], 'is_admin_project': True, 'service_user_id': None, 'service_user_domain_id': None, 'service_project_id': None, 'service_project_domain_id': None, 'service_roles': []} {{(pid=80295) fill_context /opt/stack/keystone/keystone/server/flask/request_processing/middleware/auth_context.py:478}}
May 19 14:14:02.005006 dv-cinder-842541-1-smb devstack@keystone.service[80295]: DEBUG keystone.server.flask.request_processing.req_logging [None req-f4840781-9114-430a-9db3-a3c6981492c4 None admin] REQUEST_METHOD: `GET` {{(pid=80295) log_request_info /opt/stack/keystone/keystone/server/flask/request_processing/req_logging.py:27}}
May 19 14:14:02.005529 dv-cinder-842541-1-smb devstack@keystone.service[80295]: DEBUG keystone.server.flask.request_processing.req_logging [None req-f4840781-9114-430a-9db3-a3c6981492c4 None admin] SCRIPT_NAME: `/identity` {{(pid=80295) log_request_info /opt/stack/keystone/keystone/server/flask/request_processing/req_logging.py:28}}
May 19 14:14:02.006094 dv-cinder-842541-1-smb devstack@keystone.service[80295]: DEBUG keystone.server.flask.request_processing.req_logging [None req-f4840781-9114-430a-9db3-a3c6981492c4 None admin] PATH_INFO: `/v3/users/9f2f7f54753a4f31adf0f61e86031380` {{(pid=80295) log_request_info /opt/stack/keystone/keystone/server/flask/request_processing/req_logging.py:29}}
May 19 14:14:02.012802 dv-cinder-842541-1-smb devstack@keystone.service[80295]: DEBUG keystone.common.rbac_enforcer.enforcer [None req-f4840781-9114-430a-9db3-a3c6981492c4 None admin] RBAC: Authorizing `identity:get_user(user_id=9f2f7f54753a4f31adf0f61e86031380)` {{(pid=80295) enforce_call /opt/stack/keystone/keystone/common/rbac_enforcer/enforcer.py:449}}
May 19 14:14:02.015055 dv-cinder-842541-1-smb devstack@keystone.service[80295]: DEBUG keystone.common.rbac_enforcer.enforcer [None req-f4840781-9114-430a-9db3-a3c6981492c4 None admin] RBAC: Authorization granted {{(pid=80295) enforce_call /opt/stack/keystone/keystone/common/rbac_enforcer/enforcer.py:457}}
May 19 14:14:02.018183 dv-cinder-842541-1-smb devstack@keystone.service[80295]: [pid: 80295|app: 0|req: 91/172] 10.222.0.78 () {56 vars in 1177 bytes} [Thu May 19 14:14:01 2022] GET /identity/v3/users/9f2f7f54753a4f31adf0f61e86031380 => generated 275 bytes in 205 msecs (HTTP/1.1 200) 5 headers in 177 bytes (1 switches on core 0)
May 19 14:14:02.019353 dv-cinder-842541-1-smb devstack@keystone.service[80295]: DEBUG keystone.server.flask.request_processing.middleware.auth_context [None req-f4840781-9114-430a-9db3-a3c6981492c4 None admin] Authenticating user token {{(pid=80295) process_request /usr/local/lib/python3.8/dist-packages/keystonemiddleware/auth_token/__init__.py:407}}
May 19 14:14:02.164024 dv-cinder-842541-1-smb devstack@keystone.service[80296]: DEBUG keystone.server.flask.request_processing.middleware.auth_context [None req-e1ff98ad-ecee-4560-9d17-b2a7ef6f388a None admin] Validating token access rules against request {{(pid=80296) validate_allowed_request /usr/local/lib/python3.8/dist-packages/keystonemiddleware/auth_token/__init__.py:545}}
May 19 14:14:02.185163 dv-cinder-842541-1-smb devstack@keystone.service[80295]: DEBUG keystone.server.flask.request_processing.middleware.auth_context [None req-f4840781-9114-430a-9db3-a3c6981492c4 None admin] Validating token access rules against request {{(pid=80295) validate_allowed_request /usr/local/lib/python3.8/dist-packages/keystonemiddleware/auth_token/__init__.py:545}}
May 19 14:14:02.246197 dv-cinder-842541-1-smb devstack@keystone.service[80295]: DEBUG keystone.server.flask.request_processing.middleware.auth_context [None req-09d9249b-0242-4144-bdb3-17ce0af78897 None admin] RBAC: auth_context: {'token': , 'domain_id': None, 'trust_id': None, 'trustor_id': None, 'trustee_id': None, 'domain_name': None, 'group_ids': [], 'user_id': '834f1c036a084083a1210cb1309734be', 'user_domain_id': 'default', 'system_scope': 'all', 'project_id': None, 'project_domain_id': None, 'roles': ['admin', 'member', 'reader'], 'is_admin_project': True, 'service_user_id': None, 'service_user_domain_id': None, 'service_project_id': None, 'service_project_domain_id': None, 'service_roles': []} {{(pid=80295) fill_context /opt/stack/keystone/keystone/server/flask/request_processing/middleware/auth_context.py:478}}
May 19 14:14:02.246872 dv-cinder-842541-1-smb devstack@keystone.service[80295]: DEBUG keystone.server.flask.request_processing.req_logging [None req-09d9249b-0242-4144-bdb3-17ce0af78897 None admin] REQUEST_METHOD: `GET` {{(pid=80295) log_request_info /opt/stack/keystone/keystone/server/flask/request_processing/req_logging.py:27}}
May 19 14:14:02.247161 dv-cinder-842541-1-smb devstack@keystone.service[80295]: DEBUG keystone.server.flask.request_processing.req_logging [None req-09d9249b-0242-4144-bdb3-17ce0af78897 None admin] SCRIPT_NAME: `/identity` {{(pid=80295) log_request_info /opt/stack/keystone/keystone/server/flask/request_processing/req_logging.py:28}}
May 19 14:14:02.247440 dv-cinder-842541-1-smb devstack@keystone.service[80295]: DEBUG keystone.server.flask.request_processing.req_logging [None req-09d9249b-0242-4144-bdb3-17ce0af78897 None admin] PATH_INFO: `/v3/role_assignments` {{(pid=80295) log_request_info /opt/stack/keystone/keystone/server/flask/request_processing/req_logging.py:29}}
May 19 14:14:02.248326 dv-cinder-842541-1-smb devstack@keystone.service[80295]: DEBUG keystone.common.rbac_enforcer.enforcer [None req-09d9249b-0242-4144-bdb3-17ce0af78897 None admin] RBAC: Adding query filter params (role.id=13e45f6604a94e69b30ec4b067cdb0c9, scope.project.id=963dd62b64954fecaad27b84358fa250, user.id=9f2f7f54753a4f31adf0f61e86031380) {{(pid=80295) _extract_filter_values /opt/stack/keystone/keystone/common/rbac_enforcer/enforcer.py:167}}
May 19 14:14:02.248647 dv-cinder-842541-1-smb devstack@keystone.service[80295]: DEBUG keystone.common.rbac_enforcer.enforcer [None req-09d9249b-0242-4144-bdb3-17ce0af78897 None admin] RBAC: Authorizing `identity:list_role_assignments()` {{(pid=80295) enforce_call /opt/stack/keystone/keystone/common/rbac_enforcer/enforcer.py:449}}
May 19 14:14:02.250106 dv-cinder-842541-1-smb devstack@keystone.service[80295]: DEBUG keystone.common.rbac_enforcer.enforcer [None req-09d9249b-0242-4144-bdb3-17ce0af78897 None admin] RBAC: Authorization granted {{(pid=80295) enforce_call /opt/stack/keystone/keystone/common/rbac_enforcer/enforcer.py:457}}
May 19 14:14:02.255130 dv-cinder-842541-1-smb devstack@keystone.service[80296]: DEBUG keystone.server.flask.request_processing.middleware.auth_context [None req-908beeda-d845-409a-8def-5043510f12e8 None admin] RBAC: auth_context: {'token': , 'domain_id': None, 'trust_id': None, 'trustor_id': None, 'trustee_id': None, 'domain_name': None, 'group_ids': [], 'user_id': '834f1c036a084083a1210cb1309734be', 'user_domain_id': 'default', 'system_scope': 'all', 'project_id': None, 'project_domain_id': None, 'roles': ['admin', 'member', 'reader'], 'is_admin_project': True, 'service_user_id': None, 'service_user_domain_id': None, 'service_project_id': None, 'service_project_domain_id': None, 'service_roles': []} {{(pid=80296) fill_context /opt/stack/keystone/keystone/server/flask/request_processing/middleware/auth_context.py:478}}
May 19 14:14:02.256050 dv-cinder-842541-1-smb devstack@keystone.service[80296]: DEBUG keystone.server.flask.request_processing.req_logging [None req-908beeda-d845-409a-8def-5043510f12e8 None admin] REQUEST_METHOD: `GET` {{(pid=80296) log_request_info /opt/stack/keystone/keystone/server/flask/request_processing/req_logging.py:27}}
May 19 14:14:02.256326 dv-cinder-842541-1-smb devstack@keystone.service[80296]: DEBUG keystone.server.flask.request_processing.req_logging [None req-908beeda-d845-409a-8def-5043510f12e8 None admin] SCRIPT_NAME: `/identity` {{(pid=80296) log_request_info /opt/stack/keystone/keystone/server/flask/request_processing/req_logging.py:28}}
May 19 14:14:02.256599 dv-cinder-842541-1-smb devstack@keystone.service[80296]: DEBUG keystone.server.flask.request_processing.req_logging [None req-908beeda-d845-409a-8def-5043510f12e8 None admin] PATH_INFO: `/v3/users/9f2f7f54753a4f31adf0f61e86031380` {{(pid=80296) log_request_info /opt/stack/keystone/keystone/server/flask/request_processing/req_logging.py:29}}
May 19 14:14:02.258691 dv-cinder-842541-1-smb devstack@keystone.service[80296]: DEBUG keystone.common.rbac_enforcer.enforcer [None req-908beeda-d845-409a-8def-5043510f12e8 None admin] RBAC: Authorizing `identity:get_user(user_id=9f2f7f54753a4f31adf0f61e86031380)` {{(pid=80296) enforce_call /opt/stack/keystone/keystone/common/rbac_enforcer/enforcer.py:449}}
May 19 14:14:02.260273 dv-cinder-842541-1-smb devstack@keystone.service[80296]: DEBUG keystone.common.rbac_enforcer.enforcer [None req-908beeda-d845-409a-8def-5043510f12e8 None admin] RBAC: Authorization granted {{(pid=80296) enforce_call /opt/stack/keystone/keystone/common/rbac_enforcer/enforcer.py:457}}
May 19 14:14:02.267674 dv-cinder-842541-1-smb devstack@keystone.service[80296]: [pid: 80296|app: 0|req: 82/173] 10.222.0.78 () {56 vars in 1177 bytes} [Thu May 19 14:14:01 2022] GET /identity/v3/users/9f2f7f54753a4f31adf0f61e86031380 => generated 275 bytes in 351 msecs (HTTP/1.1 200) 5 headers in 177 bytes (1 switches on core 0)
May 19 14:14:02.268562 dv-cinder-842541-1-smb devstack@keystone.service[80296]: DEBUG keystone.server.flask.request_processing.middleware.auth_context [None req-908beeda-d845-409a-8def-5043510f12e8 None admin] Authenticating user token {{(pid=80296) process_request /usr/local/lib/python3.8/dist-packages/keystonemiddleware/auth_token/__init__.py:407}}
May 19 14:14:02.271068 dv-cinder-842541-1-smb devstack@keystone.service[80295]: [pid: 80295|app: 0|req: 92/174] 10.222.0.78 () {56 vars in 1374 bytes} [Thu May 19 14:14:02 2022] GET /identity/v3/role_assignments?user.id=9f2f7f54753a4f31adf0f61e86031380&scope.project.id=963dd62b64954fecaad27b84358fa250&role.id=13e45f6604a94e69b30ec4b067cdb0c9 => generated 608 bytes in 252 msecs (HTTP/1.1 200) 5 headers in 177 bytes (1 switches on core 0)
May 19 14:14:02.273060 dv-cinder-842541-1-smb devstack@keystone.service[80295]: DEBUG keystone.server.flask.request_processing.middleware.auth_context [None req-09d9249b-0242-4144-bdb3-17ce0af78897 None admin] Authenticating user token {{(pid=80295) process_request /usr/local/lib/python3.8/dist-packages/keystonemiddleware/auth_token/__init__.py:407}}
May 19 14:14:02.298997 dv-cinder-842541-1-smb devstack@keystone.service[80295]: DEBUG dbcounter [-] [80295] Writing DB stats keystone:SELECT=100 {{(pid=80295) stat_writer /usr/local/lib/python3.8/dist-packages/dbcounter.py:114}}
May 19 14:14:02.384253 dv-cinder-842541-1-smb devstack@keystone.service[80296]: DEBUG dbcounter [-] [80296] Writing DB stats keystone:SELECT=99,keystone:INSERT=1 {{(pid=80296) stat_writer /usr/local/lib/python3.8/dist-packages/dbcounter.py:114}}
May 19 14:14:02.456754 dv-cinder-842541-1-smb devstack@keystone.service[80295]: DEBUG keystone.server.flask.request_processing.middleware.auth_context [None req-09d9249b-0242-4144-bdb3-17ce0af78897 None admin] Validating token access rules against request {{(pid=80295) validate_allowed_request /usr/local/lib/python3.8/dist-packages/keystonemiddleware/auth_token/__init__.py:545}}
May 19 14:14:02.504615 dv-cinder-842541-1-smb devstack@keystone.service[80295]: DEBUG keystone.server.flask.request_processing.middleware.auth_context [None req-63f55d9f-1f10-4d99-990f-b119bf3f2e68 None admin] RBAC: auth_context: {'token': , 'domain_id': None, 'trust_id': None, 'trustor_id': None, 'trustee_id': None, 'domain_name': None, 'group_ids': [], 'user_id': '834f1c036a084083a1210cb1309734be', 'user_domain_id': 'default', 'system_scope': 'all', 'project_id': None, 'project_domain_id': None, 'roles': ['admin', 'member', 'reader'], 'is_admin_project': True, 'service_user_id': None, 'service_user_domain_id': None, 'service_project_id': None, 'service_project_domain_id': None, 'service_roles': []} {{(pid=80295) fill_context /opt/stack/keystone/keystone/server/flask/request_processing/middleware/auth_context.py:478}}
May 19 14:14:02.505317 dv-cinder-842541-1-smb devstack@keystone.service[80295]: DEBUG keystone.server.flask.request_processing.req_logging [None req-63f55d9f-1f10-4d99-990f-b119bf3f2e68 None admin] REQUEST_METHOD: `GET` {{(pid=80295) log_request_info /opt/stack/keystone/keystone/server/flask/request_processing/req_logging.py:27}}
May 19 14:14:02.505606 dv-cinder-842541-1-smb devstack@keystone.service[80295]: DEBUG keystone.server.flask.request_processing.req_logging [None req-63f55d9f-1f10-4d99-990f-b119bf3f2e68 None admin] SCRIPT_NAME: `/identity` {{(pid=80295) log_request_info /opt/stack/keystone/keystone/server/flask/request_processing/req_logging.py:28}}
May 19 14:14:02.505888 dv-cinder-842541-1-smb devstack@keystone.service[80295]: DEBUG keystone.server.flask.request_processing.req_logging [None req-63f55d9f-1f10-4d99-990f-b119bf3f2e68 None admin] PATH_INFO: `/v3/auth/tokens` {{(pid=80295) log_request_info /opt/stack/keystone/keystone/server/flask/request_processing/req_logging.py:29}}
May 19 14:14:02.513753 dv-cinder-842541-1-smb devstack@keystone.service[80296]: DEBUG keystone.server.flask.request_processing.middleware.auth_context [None req-908beeda-d845-409a-8def-5043510f12e8 None admin] Validating token access rules against request {{(pid=80296) validate_allowed_request /usr/local/lib/python3.8/dist-packages/keystonemiddleware/auth_token/__init__.py:545}}
May 19 14:14:02.592578 dv-cinder-842541-1-smb devstack@keystone.service[80295]: DEBUG keystone.common.rbac_enforcer.enforcer [None req-63f55d9f-1f10-4d99-990f-b119bf3f2e68 None admin] RBAC: Authorizing `identity:validate_token()` {{(pid=80295) enforce_call /opt/stack/keystone/keystone/common/rbac_enforcer/enforcer.py:449}}
May 19 14:14:02.594086 dv-cinder-842541-1-smb devstack@keystone.service[80295]: DEBUG keystone.common.rbac_enforcer.enforcer [None req-63f55d9f-1f10-4d99-990f-b119bf3f2e68 None admin] RBAC: Authorization granted {{(pid=80295) enforce_call /opt/stack/keystone/keystone/common/rbac_enforcer/enforcer.py:457}}
May 19 14:14:02.599782 dv-cinder-842541-1-smb devstack@keystone.service[80296]: DEBUG keystone.server.flask.request_processing.middleware.auth_context [None req-92c12c5b-aef8-4088-b811-d5ed956bf9f4 None admin] RBAC: auth_context: {'token': , 'domain_id': None, 'trust_id': None, 'trustor_id': None, 'trustee_id': None, 'domain_name': None, 'group_ids': [], 'user_id': '834f1c036a084083a1210cb1309734be', 'user_domain_id': 'default', 'system_scope': 'all', 'project_id': None, 'project_domain_id': None, 'roles': ['admin', 'member', 'reader'], 'is_admin_project': True, 'service_user_id': None, 'service_user_domain_id': None, 'service_project_id': None, 'service_project_domain_id': None, 'service_roles': []} {{(pid=80296) fill_context /opt/stack/keystone/keystone/server/flask/request_processing/middleware/auth_context.py:478}}
May 19 14:14:02.600833 dv-cinder-842541-1-smb devstack@keystone.service[80296]: DEBUG keystone.server.flask.request_processing.req_logging [None req-92c12c5b-aef8-4088-b811-d5ed956bf9f4 None admin] REQUEST_METHOD: `GET` {{(pid=80296) log_request_info /opt/stack/keystone/keystone/server/flask/request_processing/req_logging.py:27}}
May 19 14:14:02.601324 dv-cinder-842541-1-smb devstack@keystone.service[80296]: DEBUG keystone.server.flask.request_processing.req_logging [None req-92c12c5b-aef8-4088-b811-d5ed956bf9f4 None admin] SCRIPT_NAME: `/identity` {{(pid=80296) log_request_info /opt/stack/keystone/keystone/server/flask/request_processing/req_logging.py:28}}
May 19 14:14:02.601797 dv-cinder-842541-1-smb devstack@keystone.service[80296]: DEBUG keystone.server.flask.request_processing.req_logging [None req-92c12c5b-aef8-4088-b811-d5ed956bf9f4 None admin] PATH_INFO: `/v3/auth/tokens` {{(pid=80296) log_request_info /opt/stack/keystone/keystone/server/flask/request_processing/req_logging.py:29}}
May 19 14:14:02.612547 dv-cinder-842541-1-smb devstack@keystone.service[80295]: DEBUG dbcounter [-] [80295] Writing DB stats keystone:SELECT=100 {{(pid=80295) stat_writer /usr/local/lib/python3.8/dist-packages/dbcounter.py:114}}
May 19 14:14:02.755817 dv-cinder-842541-1-smb devstack@keystone.service[80295]: [pid: 80295|app: 0|req: 93/175] 10.222.0.78 () {58 vars in 1282 bytes} [Thu May 19 14:14:02 2022] GET /identity/v3/auth/tokens => generated 799 bytes in 483 msecs (HTTP/1.1 200) 6 headers in 358 bytes (1 switches on core 0)
May 19 14:14:02.762059 dv-cinder-842541-1-smb devstack@keystone.service[80295]: DEBUG keystone.server.flask.request_processing.middleware.auth_context [None req-63f55d9f-1f10-4d99-990f-b119bf3f2e68 None admin] Authenticating user token {{(pid=80295) process_request /usr/local/lib/python3.8/dist-packages/keystonemiddleware/auth_token/__init__.py:407}}
May 19 14:14:02.793040 dv-cinder-842541-1-smb devstack@keystone.service[80296]: DEBUG keystone.common.rbac_enforcer.enforcer [None req-92c12c5b-aef8-4088-b811-d5ed956bf9f4 None admin] RBAC: Authorizing `identity:validate_token()` {{(pid=80296) enforce_call /opt/stack/keystone/keystone/common/rbac_enforcer/enforcer.py:449}}
May 19 14:14:02.794885 dv-cinder-842541-1-smb devstack@keystone.service[80296]: DEBUG keystone.common.rbac_enforcer.enforcer [None req-92c12c5b-aef8-4088-b811-d5ed956bf9f4 None admin] RBAC: Authorization granted {{(pid=80296) enforce_call /opt/stack/keystone/keystone/common/rbac_enforcer/enforcer.py:457}}
May 19 14:14:02.919859 dv-cinder-842541-1-smb devstack@keystone.service[80295]: DEBUG keystone.server.flask.request_processing.middleware.auth_context [None req-63f55d9f-1f10-4d99-990f-b119bf3f2e68 None admin] Validating token access rules against request {{(pid=80295) validate_allowed_request /usr/local/lib/python3.8/dist-packages/keystonemiddleware/auth_token/__init__.py:545}}
May 19 14:14:02.929443 dv-cinder-842541-1-smb devstack@keystone.service[80296]: DEBUG dbcounter [-] [80296] Writing DB stats keystone:SELECT=100 {{(pid=80296) stat_writer /usr/local/lib/python3.8/dist-packages/dbcounter.py:114}}
May 19 14:14:02.945065 dv-cinder-842541-1-smb devstack@keystone.service[80295]: DEBUG dbcounter [-] [80295] Writing DB stats keystone:SELECT=100 {{(pid=80295) stat_writer /usr/local/lib/python3.8/dist-packages/dbcounter.py:114}}
May 19 14:14:02.988069 dv-cinder-842541-1-smb devstack@keystone.service[80295]: DEBUG keystone.server.flask.request_processing.middleware.auth_context [None req-cff04c12-9400-4bc5-9c2d-a8362ea66625 None admin] RBAC: auth_context: {'token': , 'domain_id': None, 'trust_id': None, 'trustor_id': None, 'trustee_id': None, 'domain_name': None, 'group_ids': [], 'user_id': '834f1c036a084083a1210cb1309734be', 'user_domain_id': 'default', 'system_scope': 'all', 'project_id': None, 'project_domain_id': None, 'roles': ['admin', 'member', 'reader'], 'is_admin_project': True, 'service_user_id': None, 'service_user_domain_id': None, 'service_project_id': None, 'service_project_domain_id': None, 'service_roles': []} {{(pid=80295) fill_context /opt/stack/keystone/keystone/server/flask/request_processing/middleware/auth_context.py:478}}
